2019-11-11 08:54:07.608 7f82e29de700 4 mds.0.server handle_client_request client_request(client.1794665:16182 lookup #0x10001344421/bookmarks
2019-11-11 07:47:43.992127 RETRY=114 caller_uid=33, caller_gid=33{}) v2 -1614>
2019-11-11 08:54:07.608 7f82e29de700 4 mds.0.server handle_client_request client_request(client.1794665:16183 lookup #0x10001344421/bookmarks
2019-11-11 07:47:43.992127 RETRY=114 caller_uid=33, caller_gid=33{}) v2 -1614>
2019-11-11 08:54:07.608 7f82e29de700 4 mds.0.server handle_client_request client_request(client.1794665:16184 lookup #0x10001344421/bookmarks
2019-11-11 07:47:43.996128 RETRY=114 caller_uid=33, caller_gid=33{}) v2 -1614>
2019-11-11 08:54:07.608 7f82e29de700 4 mds.0.server handle_client_request client_request(client.1794665:16185 lookup #0x10001344421/bookmarks
2019-11-11 07:47:43.996128 RETRY=114 caller_uid=33, caller_gid=33{}) v2 -1614>
2019-11-11 08:54:07.608 7f82e29de700 4 mds.0.server handle_client_request client_request(client.1794665:16186 lookup #0x10001344421/bookmarks
2019-11-11 07:47:43.996128 RETRY=114 caller_uid=33, caller_gid=33{}) v2 -1614>
2019-11-11 08:54:07.608 7f82e29de700 4 mds.0.server handle_client_request client_request(client.1794665:16187 lookup #0x10001344421/bookmarks
2019-11-11 07:47:43.996128 RETRY=114 caller_uid=33, caller_gid=33{}) v2 -1614>
2019-11-11 08:54:07.608 7f82e29de700 4 mds.0.server handle_client_request client_request(client.1794665:16188 lookup #0x10001344421/bookmarks
2019-11-11 07:47:43.996128 RETRY=114 caller_uid=33, caller_gid=33{}) v2 -1614>
2019-11-11 08:54:07.608 7f82e29de700 4 mds.0.server handle_client_request client_request(client.1794665:16189 lookup #0x10001344421/bookmarks
2019-11-11 07:47:43.996128 RETRY=114 caller_uid=33, caller_gid=33{}) v2 -1614>
2019-11-11 08:54:07.608 7f82e29de700 4 mds.0.server handle_client_request client_request(client.1794665:16190 lookup #0x10001344421/bookmarks
2019-11-11 07:47:43.996128 RETRY=114 caller_uid=33, caller_gid=33{}) v2 -1614>
2019-11-11 08:54:07.608 7f82e29de700 4 mds.0.server handle_client_request client_request(client.1794665:16191 lookup #0x10001344421/bookmarks
2019-11-11 07:47:44.000128 RETRY=114 caller_uid=33, caller_gid=33{}) v2 -1614>
2019-11-11 08:54:07.608 7f82e29de700 4 mds.0.server handle_client_request client_request(client.1794662:943820 readdir #0x3000001e549
2019-11-11 06:45:49.892580 RETRY=222 caller_uid=33, caller_gid=33{}) v2 -1614>
2019-11-11 08:54:07.608 7f82e29de700 1 -- 192.168.200.17:6801/3013182350 --> 192.168.200.19:6805/12258 -- osd_op(unknown.0.43683:105 6.3d 6:bfdb3c52:::3000001e549.00000000:head [omap-get-header,omap-get-vals,getxattr parent] snapc 0=[] ondisk+read+known_if_redirected+full_force e24384) v8 -- 0x55c8f3ea2580 con 0 -1614>
2019-11-11 08:54:07.608 7f82e29de700 4 mds.0.server handle_client_request client_request(client.1794665:16192 lookup #0x10001344421/bookmarks
2019-11-11 07:47:44.000128 RETRY=114 caller_uid=33, caller_gid=33{}) v2 -1614>
2019-11-11 08:54:07.608 7f82e29de700 4 mds.0.server handle_client_request client_request(client.1794665:16193 lookup #0x10001344421/bookmarks
2019-11-11 07:47:44.000128 RETRY=114 caller_uid=33, caller_gid=33{}) v2 -1614>
2019-11-11 08:54:07.608 7f82e29de700 4 mds.0.server handle_client_request client_request(client.1794665:16194 lookup #0x10001344421/bookmarks
2019-11-11 07:47:44.000128 RETRY=114 caller_uid=33, caller_gid=33{}) v2 -1614>
2019-11-11 08:54:07.608 7f82e29de700 4 mds.0.server handle_client_request client_request(client.1794665:16195 lookup #0x10001344421/bookmarks
2019-11-11 07:47:44.000128 RETRY=114 caller_uid=33, caller_gid=33{}) v2 -1614>
2019-11-11 08:54:07.608 7f82e29de700 4 mds.0.server handle_client_request client_request(client.1794665:16196 lookup #0x10001344421/bookmarks
2019-11-11 07:47:44.000128 RETRY=114 caller_uid=33, caller_gid=33{}) v2 -1614>
2019-11-11 08:54:07.608 7f82e29de700 4 mds.0.server handle_client_request client_request(client.1794665:16197 lookup #0x10001344421/bookmarks
2019-11-11 07:47:44.004128 RETRY=114 caller_uid=33, caller_gid=33{}) v2 -1614>
2019-11-11 08:54:07.608 7f82e29de700 4 mds.0.server handle_client_request client_request(client.1794665:16198 lookup #0x10001344421/bookmarks
2019-11-11 07:47:44.004128 RETRY=114 caller_uid=33, caller_gid=33{}) v2 -1614>
2019-11-11 08:54:07.608 7f82e29de700 4 mds.0.server handle_client_request client_request(client.1794665:16199 lookup #0x10001344421/bookmarks
2019-11-11 07:47:44.004128 RETRY=114 caller_uid=33, caller_gid=33{}) v2 -1614>
2019-11-11 08:54:07.608 7f82e29de700 4 mds.0.server handle_client_request client_request(client.1794665:16200 lookup #0x10001344421/bookmarks
2019-11-11 07:47:44.004128 RETRY=114 caller_uid=33, caller_gid=33{}) v2 -1614>
2019-11-11 08:54:07.608 7f82e29de700 4 mds.0.server handle_client_request client_request(client.1794665:16201 lookup #0x10001344421/bookmarks
2019-11-11 07:47:44.060129 RETRY=114 caller_uid=33, caller_gid=33{}) v2 -1614>
2019-11-11 08:54:07.608 7f82e29de700 4 mds.0.server handle_client_request client_request(client.1794665:16202 lookup #0x10001344421/bookmarks
2019-11-11 07:47:44.060129 RETRY=114 caller_uid=33, caller_gid=33{}) v2 -1614>
2019-11-11 08:54:07.608 7f82e29de700 4 mds.0.server handle_client_request client_request(client.1794665:16203 lookup #0x10001344421/bookmarks
2019-11-11 07:47:44.060129 RETRY=114 caller_uid=33, caller_gid=33{}) v2 -1614>
2019-11-11 08:54:07.608 7f82e29de700 4 mds.0.server handle_client_request client_request(client.1794665:16204 lookup #0x10001344421/bookmarks
2019-11-11 07:47:44.064129 RETRY=114 caller_uid=33, caller_gid=33{}) v2 -1614>
2019-11-11 08:54:07.608 7f82e29de700 4 mds.0.server handle_client_request client_request(client.1794665:16205 lookup #0x10001344421/bookmarks
2019-11-11 07:47:44.064129 RETRY=114 caller_uid=33, caller_gid=33{}) v2 -1614>
2019-11-11 08:54:07.608 7f82e29de700 4 mds.0.server handle_client_request client_request(client.1794665:16206 lookup #0x10001344421/bookmarks
2019-11-11 07:47:44.064129 RETRY=114 caller_uid=33, caller_gid=33{}) v2 -1614>
2019-11-11 08:54:07.608 7f82e29de700 4 mds.0.server handle_client_request client_request(client.1794665:16207 lookup #0x10001344421/bookmarks
2019-11-11 07:47:44.068129 RETRY=114 caller_uid=33, caller_gid=33{}) v2 -1614>
2019-11-11 08:54:07.608 7f82e29de700 4 mds.0.server handle_client_request client_request(client.1794665:16208 lookup #0x10001344421/bookmarks
2019-11-11 07:47:44.068129 RETRY=114 caller_uid=33, caller_gid=33{}) v2 -1614>
2019-11-11 08:54:07.608 7f82e7471700 1 -- 192.168.200.17:6801/3013182350 <== client.1793737 192.168.200.31:0/2398232289 4 ==== client_caps(update ino 0x100013b15fc 1738 seq 2 caps=pAsxLsXsxFcb dirty=- wanted=pAsxXsxFxwb follows 0 size 22/0 mtime
2019-11-11 06:30:06.468474 tws 5955) v6 ==== 204+0+0 (3455567004 0 0) 0x55c8f17e0480 con 0x55c8f19f9000 -1614>
2019-11-11 08:54:07.608 7f82e9c76700 5 -- 192.168.200.17:6801/3013182350 >> 192.168.200.19:6805/12258 conn(0x55c8f19f6000 :-1 s=STATE_OPEN_MESSAGE_READ_FOOTER_AND_DISPATCH pgs=10212 cs=1 l=1). rx osd.5 seq 39 0x55c8f3ebb8c0 osd_op_reply(100 600.00000000 [omap-get-header,omap-get-vals,getxattr (62)] v0'0 uv93653 ondisk = 0) v8 -1614>
2019-11-11 08:54:07.608 7f82e9c76700 1 -- 192.168.200.17:6801/3013182350 <== osd.5 192.168.200.19:6805/12258 39 ==== osd_op_reply(100 600.00000000 [omap-get-header,omap-get-vals,getxattr (62)] v0'0 uv93653 ondisk = 0) v8 ==== 240+0+44154 (2200036766 0 9667475) 0x55c8f3ebb8c0 con 0x55c8f19f6000 -1614>
2019-11-11 08:54:07.608 7f82e29de700 4 mds.0.server handle_client_request client_request(client.1794665:16209 lookup #0x10001344421/bookmarks
2019-11-11 07:47:44.068129 RETRY=114 caller_uid=33, caller_gid=33{}) v2 -1614>
2019-11-11 08:54:07.608 7f82e29de700 4 mds.0.server handle_client_request client_request(client.1794665:16210 lookup #0x10001344421/bookmarks
2019-11-11 07:47:44.072129 RETRY=114 caller_uid=33, caller_gid=33{}) v2 -1614>
2019-11-11 08:54:07.608 7f82e29de700 4 mds.0.server handle_client_request client_request(client.1794665:16211 open #0x10001346b3e/.htaccess
2019-11-11 07:47:44.084129 RETRY=114 caller_uid=33, caller_gid=33{}) v2 -1614>
2019-11-11 08:54:07.608 7f82e29de700 4 mds.0.server handle_client_request client_request(client.1794665:16212 open #0x10001346b3e/.htaccess
2019-11-11 07:47:44.084129 RETRY=114 caller_uid=33, caller_gid=33{}) v2 -1614>
2019-11-11 08:54:07.608 7f82e29de700 4 mds.0.server handle_client_request client_request(client.1794665:16213 open #0x10001346b3e/.htaccess
2019-11-11 07:47:44.084129 RETRY=114 caller_uid=33, caller_gid=33{}) v2 -1614>
2019-11-11 08:54:07.608 7f82e29de700 4 mds.0.server handle_client_request client_request(client.1794665:16214 open #0x10001346b3e/.htaccess
2019-11-11 07:47:44.084129 RETRY=114 caller_uid=33, caller_gid=33{}) v2 -1614>
2019-11-11 08:54:07.608 7f82e29de700 4 mds.0.server handle_client_request client_request(client.1794665:16215 open #0x10001346b3e/.htaccess
2019-11-11 07:47:44.084129 RETRY=114 caller_uid=33, caller_gid=33{}) v2 -1614>
2019-11-11 08:54:07.608 7f82e29de700 4 mds.0.server handle_client_request client_request(client.1794665:16216 open #0x10001346b3e/.htaccess
2019-11-11 07:47:44.084129 RETRY=114 caller_uid=33, caller_gid=33{}) v2 -1614>
2019-11-11 08:54:07.608 7f82e29de700 4 mds.0.server handle_client_request client_request(client.1794665:16217 open #0x10001346b3e/.htaccess
2019-11-11 07:47:44.084129 RETRY=114 caller_uid=33, caller_gid=33{}) v2 -1614>
2019-11-11 08:54:07.608 7f82e29de700 4 mds.0.server handle_client_request client_request(client.1794665:16218 open #0x10001346b3e/.htaccess
2019-11-11 07:47:44.088129 RETRY=114 caller_uid=33, caller_gid=33{}) v2 -1614>
2019-11-11 08:54:07.608 7f82e29de700 4 mds.0.server handle_client_request client_request(client.1794665:16219 open #0x10001346b3e/.htaccess
2019-11-11 07:47:44.088129 RETRY=114 caller_uid=33, caller_gid=33{}) v2 -1614>
2019-11-11 08:54:07.608 7f82e29de700 4 mds.0.server handle_client_request client_request(client.1794665:16220 open #0x10001346b3e/.htaccess
2019-11-11 07:47:44.088129 RETRY=114 caller_uid=33, caller_gid=33{}) v2 -1614>
2019-11-11 08:54:07.608 7f82e29de700 4 mds.0.server handle_client_request client_request(client.1794665:16221 open #0x10001346b3e/.htaccess
2019-11-11 07:47:44.088129 RETRY=114 caller_uid=33, caller_gid=33{}) v2 -1614>
2019-11-11 08:54:07.608 7f82e29de700 4 mds.0.server handle_client_request client_request(client.1794665:16237 lookup #0x10001344421/bookmarks
2019-11-11 07:54:32.638810 RETRY=102 caller_uid=33, caller_gid=33{}) v2 -1614>
2019-11-11 08:54:07.608 7f82e29de700 4 mds.0.server handle_client_request client_request(client.1794665:16239 open #0x10001346b3e/.htaccess
2019-11-11 07:54:32.638810 RETRY=102 caller_uid=33, caller_gid=33{}) v2 -1614>
2019-11-11 08:54:07.608 7f82e29de700 4 mds.0.server handle_client_request client_request(client.1794665:16485 open #0x10001346b3e/.htaccess
2019-11-11 08:40:08.658837 RETRY=24 caller_uid=33, caller_gid=33{}) v2 -1614>
2019-11-11 08:54:07.608 7f82e29de700 4 mds.0.server handle_client_request client_request(client.1794665:16488 lookup #0x10001344421/bookmarks
2019-11-11 08:42:02.652636 RETRY=21 caller_uid=33, caller_gid=33{}) v2 -1614>
2019-11-11 08:54:07.608 7f82e29de700 4 mds.0.server handle_client_request client_request(client.1794665:16518 lookup #0x10001346679/versioncheck.php
2019-11-11 08:51:52.030021 RETRY=4 caller_uid=33, caller_gid=33{}) v2 -1614>
2019-11-11 08:54:07.608 7f82e29de700 1 -- 192.168.200.17:6801/3013182350 --> 192.168.200.30:0/3506497893 -- client_reply(???:16518 = 0 (0) Success) v1 -- 0x55c8f1a03080 con 0 -1614>
2019-11-11 08:54:07.612 7f82e29de700 4 mds.0.server handle_client_request client_request(client.1794665:16519 lookup #0x1000133e06d/dav
2019-11-11 08:51:52.030021 RETRY=4 caller_uid=33, caller_gid=33{}) v2 -1614>
2019-11-11 08:54:07.612 7f82e29de700 1 -- 192.168.200.17:6801/3013182350 --> 192.168.200.30:0/3506497893 -- client_reply(???:16519 = -2 (2) No such file or directory) v1 -- 0x55c8f3ea3600 con 0 -1614>
2019-11-11 08:54:07.612 7f82e29de700 4 mds.0.server handle_client_request client_request(client.1794665:16520 lookup #0x10001346679/composer
2019-11-11 08:51:52.062021 RETRY=4 caller_uid=33, caller_gid=33{}) v2 -1614>
2019-11-11 08:54:07.612 7f82e29de700 1 -- 192.168.200.17:6801/3013182350 --> 192.168.200.30:0/3506497893 -- client_reply(???:16520 = 0 (0) Success) v1 -- 0x55c8f3ea3340 con 0 -1614>
2019-11-11 08:54:07.612 7f82e29de700 4 mds.0.server handle_client_request client_request(client.1793815:22873 rename #0x30000015ba9/20160904_113956.jpg #0x30000015ba9/.20160904_113956.jpg.NIh764
2019-11-10 15:46:08.760660 RETRY=252 caller_uid=0, caller_gid=0{}) v2 -1614>
2019-11-11 08:54:07.612 7f82e9c76700 5 -- 192.168.200.17:6801/3013182350 >> 192.168.200.19:6805/12258 conn(0x55c8f19f6000 :-1 s=STATE_OPEN_MESSAGE_READ_FOOTER_AND_DISPATCH pgs=10212 cs=1 l=1). rx osd.5 seq 40 0x55c8f3ea2580 osd_op_reply(103 10001346b3e.00000000 [omap-get-header,omap-get-vals,getxattr (124)] v0'0 uv36678 ondisk = 0) v8 -1614>
2019-11-11 08:54:07.612 7f82e9c76700 1 -- 192.168.200.17:6801/3013182350 <== osd.5 192.168.200.19:6805/12258 40 ==== osd_op_reply(103 10001346b3e.00000000 [omap-get-header,omap-get-vals,getxattr (124)] v0'0 uv36678 ondisk = 0) v8 ==== 248+0+1853 (56567881 0 3508024585) 0x55c8f3ea2580 con 0x55c8f19f6000 -1614>
2019-11-11 08:54:07.612 7f82ea477700 5 -- 192.168.200.17:6801/3013182350 >> 192.168.200.30:0/3506497893 conn(0x55c8f23b2c00 :6801 s=STATE_OPEN_MESSAGE_READ_FOOTER_AND_DISPATCH pgs=2413 cs=1 l=0). rx client.1794665 seq 86 0x55c8f3e28c00 client_request(client.1794665:16521 lookup #0x10001346679/base.php
2019-11-11 08:54:07.612191 caller_uid=33, caller_gid=33{}) v2 -1614>
2019-11-11 08:54:07.612 7f82ea477700 5 -- 192.168.200.17:6801/3013182350 >> 192.168.200.30:0/3506497893 conn(0x55c8f23b2c00 :6801 s=STATE_OPEN_MESSAGE_READ_FOOTER_AND_DISPATCH pgs=2413 cs=1 l=0). rx client.1794665 seq 87 0x55c8f3e28f00 client_request(client.1794665:16522 lookup #0x1000134691b/autoload.php
2019-11-11 08:54:07.612191 caller_uid=33, caller_gid=33{}) v2 -1614>
2019-11-11 08:54:07.612 7f82e9c76700 5 -- 192.168.200.17:6801/3013182350 >> 192.168.200.19:6805/12258 conn(0x55c8f19f6000 :-1 s=STATE_OPEN_MESSAGE_READ_FOOTER_AND_DISPATCH pgs=10212 cs=1 l=1). rx osd.5 seq 41 0x55c8f1a03600 osd_op_reply(105 3000001e549.00000000 [omap-get-header,omap-get-vals,getxattr (97)] v0'0 uv88617 ondisk = 0) v8 -1614>
2019-11-11 08:54:07.612 7f82e9c76700 1 -- 192.168.200.17:6801/3013182350 <== osd.5 192.168.200.19:6805/12258 41 ==== osd_op_reply(105 3000001e549.00000000 [omap-get-header,omap-get-vals,getxattr (97)] v0'0 uv88617 ondisk = 0) v8 ==== 248+0+2829 (3320123234 0 2622649345) 0x55c8f1a03600 con 0x55c8f19f6000 -1614>
2019-11-11 08:54:07.612 7f82e9c76700 5 -- 192.168.200.17:6801/3013182350 >> 192.168.200.19:6805/12258 conn(0x55c8f19f6000 :-1 s=STATE_OPEN_MESSAGE_READ_FOOTER_AND_DISPATCH pgs=10212 cs=1 l=1). rx osd.5 seq 42 0x55c8f3ea2580 osd_op_reply(104 10001344421.00000000 [omap-get-header,omap-get-vals,getxattr (125)] v0'0 uv36621 ondisk = 0) v8 -1614>
2019-11-11 08:54:07.612 7f82e9c76700 1 -- 192.168.200.17:6801/3013182350 <== osd.5 192.168.200.19:6805/12258 42 ==== osd_op_reply(104 10001344421.00000000 [omap-get-header,omap-get-vals,getxattr (125)] v0'0 uv36621 ondisk = 0) v8 ==== 248+0+19893 (1465364883 0 1215621712) 0x55c8f3ea2580 con 0x55c8f19f6000 -1614>
2019-11-11 08:54:07.612 7f82e29de700 -1 /home/jenkins-build/build/workspace/ceph-build/ARCH/x86_64/AVAILABLE_ARCH/x86_64/AVAILABLE_DIST/centos7/DIST/centos7/MACHINE_SIZE/huge/release/13.2.6/rpm/el7/BUILD/ceph-13.2.6/src/mds/Server.cc: In function 'void Server::_rename_prepare(MDRequestRef&, EMetaBlob*, ceph::bufferlist*, CDentry*, CDentry*, CDentry*)' thread 7f82e29de700 time
2019-11-11 08:54:07.616188 /home/jenkins-build/build/workspace/ceph-build/ARCH/x86_64/AVAILABLE_ARCH/x86_64/AVAILABLE_DIST/centos7/DIST/centos7/MACHINE_SIZE/huge/release/13.2.6/rpm/el7/BUILD/ceph-13.2.6/src/mds/Server.cc: 8036: FAILED assert(oldin->first <= straydn->first) ceph version 13.2.6 (7b695f835b03642f85998b2ae7b6dd093d9fbce4) mimic (stable) 1: (ceph::__ceph_assert_fail(char const*, char const*, int, char const*)+0x14b) [0x7f82f0abb36b] 2: (()+0x26e4f7) [0x7f82f0abb4f7] 3: (Server::_rename_prepare(boost::intrusive_ptr&, EMetaBlob*, ceph::buffer::list*, CDentry*, CDentry*, CDentry*)+0x276d) [0x55c8efec7c0d] 4: (Server::handle_client_rename(boost::intrusive_ptr&)+0x19bb) [0x55c8efec96cb] 5: (Server::handle_client_request(MClientRequest*)+0x49e) [0x55c8efedcc2e] 6: (Server::dispatch(Message*)+0x2db) [0x55c8efee092b] 7: (MDSRank::handle_deferrable_message(Message*)+0x434) [0x55c8efe53234] 8: (MDSRank::_dispatch(Message*, bool)+0x88b) [0x55c8efe69ffb] 9: (MDSRank::retry_dispatch(Message*)+0x12) [0x55c8efe6a6e2] 10: (MDSInternalContextBase::complete(int)+0x67) [0x55c8f00c34a7] 11: (MDSRank::_advance_queues()+0xd1) [0x55c8efe68fa1] 12: (MDSRank::ProgressThread::entry()+0x43) [0x55c8efe69633] 13: (()+0x7e65) [0x7f82ee6eee65] 14: (clone()+0x6d) [0x7f82ed7c988d] -1614>
2019-11-11 08:54:07.612 7f82ea477700 5 -- 192.168.200.17:6801/3013182350 >> 192.168.200.30:0/3506497893 conn(0x55c8f23b2c00 :6801 s=STATE_OPEN_MESSAGE_READ_FOOTER_AND_DISPATCH pgs=2413 cs=1 l=0). rx client.1794665 seq 88 0x55c8f3e29200 client_request(client.1794665:16523 lookup #0x1000133e06d/remote.php
2019-11-11 08:54:07.616191 caller_uid=33, caller_gid=33{}) v2 -1614>
2019-11-11 08:54:07.616 7f82e29de700 -1 *** Caught signal (Aborted) ** in thread 7f82e29de700 thread_name:mds_rank_progr ceph version 13.2.6 (7b695f835b03642f85998b2ae7b6dd093d9fbce4) mimic (stable) 1: (()+0xf5f0) [0x7f82ee6f65f0] 2: (gsignal()+0x37) [0x7f82ed701337] 3: (abort()+0x148) [0x7f82ed702a28] 4: (ceph::__ceph_assert_fail(char const*, char const*, int, char const*)+0x248) [0x7f82f0abb468] 5: (()+0x26e4f7) [0x7f82f0abb4f7] 6: (Server::_rename_prepare(boost::intrusive_ptr&, EMetaBlob*, ceph::buffer::list*, CDentry*, CDentry*, CDentry*)+0x276d) [0x55c8efec7c0d] 7: (Server::handle_client_rename(boost::intrusive_ptr&)+0x19bb) [0x55c8efec96cb] 8: (Server::handle_client_request(MClientRequest*)+0x49e) [0x55c8efedcc2e] 9: (Server::dispatch(Message*)+0x2db) [0x55c8efee092b] 10: (MDSRank::handle_deferrable_message(Message*)+0x434) [0x55c8efe53234] 11: (MDSRank::_dispatch(Message*, bool)+0x88b) [0x55c8efe69ffb] 12: (MDSRank::retry_dispatch(Message*)+0x12) [0x55c8efe6a6e2] 13: (MDSInternalContextBase::complete(int)+0x67) [0x55c8f00c34a7] 14: (MDSRank::_advance_queues()+0xd1) [0x55c8efe68fa1] 15: (MDSRank::ProgressThread::entry()+0x43) [0x55c8efe69633] 16: (()+0x7e65) [0x7f82ee6eee65] 17: (clone()+0x6d) [0x7f82ed7c988d] NOTE: a copy of the executable, or `objdump -rdS ` is needed to interpret this. --- logging levels --- 0/ 5 none 0/ 1 lockdep 0/ 1 context 1/ 1 crush 1/ 5 mds 1/ 5 mds_balancer 1/ 5 mds_locker 1/ 5 mds_log 1/ 5 mds_log_expire 1/ 5 mds_migrator 0/ 1 buffer 0/ 1 timer 0/ 1 filer 0/ 1 striper 0/ 1 objecter 0/ 5 rados 0/ 5 rbd 0/ 5 rbd_mirror 0/ 5 rbd_replay 0/ 5 journaler 0/ 5 objectcacher 0/ 5 client 1/ 5 osd 0/ 5 optracker 0/ 5 objclass 1/ 3 filestore 1/ 3 journal 0/ 5 ms 1/ 5 mon 0/10 monc 1/ 5 paxos 0/ 5 tp 1/ 5 auth 1/ 5 crypto 1/ 1 finisher 1/ 1 reserver 1/ 5 heartbeatmap 1/ 5 perfcounter 1/ 5 rgw 1/ 5 rgw_sync 1/10 civetweb 1/ 5 javaclient 1/ 5 asok 1/ 1 throttle 0/ 0 refs 1/ 5 xio 1/ 5 compressor 1/ 5 bluestore 1/ 5 bluefs 1/ 3 bdev 1/ 5 kstore 4/ 5 rocksdb 4/ 5 leveldb 4/ 5 memdb 1/ 5 kinetic 1/ 5 fuse 1/ 5 mgr 1/ 5 mgrc 1/ 5 dpdk 1/ 5 eventtrace -2/-2 (syslog threshold) 99/99 (stderr threshold) max_recent 10000 max_new 1000 log_file --- end dump of recent events --- --- begin dump of recent events --- -1616>
2019-11-11 08:53:58.299 7f82f98df000 5 asok(0x55c8f175e5a0) register_command abort hook 0x55c8f17362b0 -1616>
2019-11-11 08:53:58.299 7f82f98df000 5 asok(0x55c8f175e5a0) register_command perfcounters_dump hook 0x55c8f17362b0 -1616>
2019-11-11 08:53:58.299 7f82f98df000 5 asok(0x55c8f175e5a0) register_command 1 hook 0x55c8f17362b0 -1616>
2019-11-11 08:53:58.299 7f82f98df000 5 asok(0x55c8f175e5a0) register_command perf dump hook 0x55c8f17362b0 -1616>
2019-11-11 08:53:58.299 7f82f98df000 5 asok(0x55c8f175e5a0) register_command perfcounters_schema hook 0x55c8f17362b0 -1616>
2019-11-11 08:53:58.299 7f82f98df000 5 asok(0x55c8f175e5a0) register_command perf histogram dump hook 0x55c8f17362b0 -1616>
2019-11-11 08:53:58.299 7f82f98df000 5 asok(0x55c8f175e5a0) register_command 2 hook 0x55c8f17362b0 -1616>
2019-11-11 08:53:58.299 7f82f98df000 5 asok(0x55c8f175e5a0) register_command perf schema hook 0x55c8f17362b0 -1616>
2019-11-11 08:53:58.299 7f82f98df000 5 asok(0x55c8f175e5a0) register_command perf histogram schema hook 0x55c8f17362b0 -1616>
2019-11-11 08:53:58.299 7f82f98df000 5 asok(0x55c8f175e5a0) register_command perf reset hook 0x55c8f17362b0 -1616>
2019-11-11 08:53:58.299 7f82f98df000 5 asok(0x55c8f175e5a0) register_command config show hook 0x55c8f17362b0 -1616>
2019-11-11 08:53:58.299 7f82f98df000 5 asok(0x55c8f175e5a0) register_command config help hook 0x55c8f17362b0 -1616>
2019-11-11 08:53:58.299 7f82f98df000 5 asok(0x55c8f175e5a0) register_command config set hook 0x55c8f17362b0 -1616>
2019-11-11 08:53:58.299 7f82f98df000 5 asok(0x55c8f175e5a0) register_command config unset hook 0x55c8f17362b0 -1616>
2019-11-11 08:53:58.299 7f82f98df000 5 asok(0x55c8f175e5a0) register_command config get hook 0x55c8f17362b0 -1616>
2019-11-11 08:53:58.299 7f82f98df000 5 asok(0x55c8f175e5a0) register_command config diff hook 0x55c8f17362b0 -1616>
2019-11-11 08:53:58.299 7f82f98df000 5 asok(0x55c8f175e5a0) register_command config diff get hook 0x55c8f17362b0 -1616>
2019-11-11 08:53:58.299 7f82f98df000 5 asok(0x55c8f175e5a0) register_command log flush hook 0x55c8f17362b0 -1616>
2019-11-11 08:53:58.299 7f82f98df000 5 asok(0x55c8f175e5a0) register_command log dump hook 0x55c8f17362b0 -1616>
2019-11-11 08:53:58.299 7f82f98df000 5 asok(0x55c8f175e5a0) register_command log reopen hook 0x55c8f17362b0 -1616>
2019-11-11 08:53:58.299 7f82f98df000 5 asok(0x55c8f175e5a0) register_command dump_mempools hook 0x55c8f176c2c8 -1616>
2019-11-11 08:53:58.311 7f82f98df000 10 monclient: get_monmap_and_config -1616>
2019-11-11 08:53:58.391 7f82f98df000 10 monclient: build_initial_monmap -1616>
2019-11-11 08:53:58.391 7f82e9475700 2 Event(0x55c8f18be480 nevent=5000 time_id=1).set_owner idx=2 owner=140200236242688 -1616>
2019-11-11 08:53:58.391 7f82ea477700 2 Event(0x55c8f1749680 nevent=5000 time_id=1).set_owner idx=0 owner=140200253028096 -1616>
2019-11-11 08:53:58.391 7f82e9c76700 2 Event(0x55c8f1749480 nevent=5000 time_id=1).set_owner idx=1 owner=140200244635392 -1616>
2019-11-11 08:53:58.391 7f82f98df000 1 Processor -- start -1616>
2019-11-11 08:53:58.395 7f82f98df000 1 -- - start start -1616>
2019-11-11 08:53:58.395 7f82f98df000 10 monclient: init -1616>
2019-11-11 08:53:58.395 7f82f98df000 5 adding auth protocol: cephx -1616>
2019-11-11 08:53:58.395 7f82f98df000 10 monclient: auth_supported 2 method cephx -1616>
2019-11-11 08:53:58.395 7f82f98df000 2 auth: KeyRing::load: loaded key file /var/lib/ceph/mds/ceph-k8s-node-01/keyring -1616>
2019-11-11 08:53:58.395 7f82f98df000 10 monclient: _reopen_session rank -1 -1616>
2019-11-11 08:53:58.395 7f82f98df000 10 monclient(hunting): picked mon.k8s-node-02 con 0x55c8f1906c00 addr 192.168.200.19:6789/0 -1616>
2019-11-11 08:53:58.395 7f82f98df000 10 monclient(hunting): picked mon.k8s-node-01 con 0x55c8f1907200 addr 192.168.200.17:6789/0 -1616>
2019-11-11 08:53:58.395 7f82f98df000 1 -- - --> 192.168.200.17:6789/0 -- auth(proto 0 36 bytes epoch 0) v1 -- 0x55c8f1730fc0 con 0 -1616>
2019-11-11 08:53:58.395 7f82f98df000 1 -- - --> 192.168.200.19:6789/0 -- auth(proto 0 36 bytes epoch 0) v1 -- 0x55c8f1731200 con 0 -1616>
2019-11-11 08:53:58.395 7f82f98df000 10 monclient(hunting): _renew_subs -1616>
2019-11-11 08:53:58.395 7f82f98df000 10 monclient(hunting): authenticate will time out at
2019-11-11 08:58:58.400428 -1616>
2019-11-11 08:53:58.395 7f82e9475700 1 -- 192.168.200.17:0/4185100738 learned_addr learned my addr 192.168.200.17:0/4185100738 -1616>
2019-11-11 08:53:58.395 7f82e9475700 2 -- 192.168.200.17:0/4185100738 >> 192.168.200.17:6789/0 conn(0x55c8f1907200 :-1 s=STATE_CONNECTING_WAIT_ACK_SEQ pgs=0 cs=0 l=0)._process_connection got newly_acked_seq 0 vs out_seq 0 -1616>
2019-11-11 08:53:58.395 7f82e9c76700 2 -- 192.168.200.17:0/4185100738 >> 192.168.200.19:6789/0 conn(0x55c8f1906c00 :-1 s=STATE_CONNECTING_WAIT_ACK_SEQ pgs=0 cs=0 l=0)._process_connection got newly_acked_seq 0 vs out_seq 0 -1616>
2019-11-11 08:53:58.399 7f82e9475700 5 -- 192.168.200.17:0/4185100738 >> 192.168.200.17:6789/0 conn(0x55c8f1907200 :-1 s=STATE_OPEN_MESSAGE_READ_FOOTER_AND_DISPATCH pgs=23967 cs=1 l=1). rx mon.1 seq 1 0x55c8f1731b00 mon_map magic: 0 v1 -1616>
2019-11-11 08:53:58.399 7f82e8c74700 1 -- 192.168.200.17:0/4185100738 <== mon.1 192.168.200.17:6789/0 1 ==== mon_map magic: 0 v1 ==== 451+0+0 (1031779836 0 0) 0x55c8f1731b00 con 0x55c8f1907200 -1616>
2019-11-11 08:53:58.399 7f82e9475700 5 -- 192.168.200.17:0/4185100738 >> 192.168.200.17:6789/0 conn(0x55c8f1907200 :-1 s=STATE_OPEN_MESSAGE_READ_FOOTER_AND_DISPATCH pgs=23967 cs=1 l=1). rx mon.1 seq 2 0x55c8f1731d40 auth_reply(proto 2 0 (0) Success) v1 -1616>
2019-11-11 08:53:58.399 7f82e8c74700 10 monclient(hunting): handle_monmap mon_map magic: 0 v1 -1616>
2019-11-11 08:53:58.399 7f82e8c74700 10 monclient(hunting): got monmap 323, mon.k8s-node-01 is now rank 1 -1616>
2019-11-11 08:53:58.399 7f82e8c74700 10 monclient(hunting): dump: epoch 323 fsid 571d4bfe-2c5d-45ca-8da1-91dcaf69942c last_changed
2019-10-31 14:07:12.621434 created
2018-04-12 14:27:23.947601 0: 192.168.200.15:6789/0 mon.k8s-node-00 1: 192.168.200.17:6789/0 mon.k8s-node-01 2: 192.168.200.19:6789/0 mon.k8s-node-02 -1616>
2019-11-11 08:53:58.399 7f82e8c74700 1 -- 192.168.200.17:0/4185100738 <== mon.1 192.168.200.17:6789/0 2 ==== auth_reply(proto 2 0 (0) Success) v1 ==== 33+0+0 (573619020 0 0) 0x55c8f1731d40 con 0x55c8f1907200 -1616>
2019-11-11 08:53:58.399 7f82e8c74700 10 monclient(hunting): my global_id is 1822729 -1616>
2019-11-11 08:53:58.399 7f82e8c74700 1 -- 192.168.200.17:0/4185100738 --> 192.168.200.17:6789/0 -- auth(proto 2 32 bytes epoch 0) v1 -- 0x55c8f1730fc0 con 0 -1616>
2019-11-11 08:53:58.399 7f82e9c76700 5 -- 192.168.200.17:0/4185100738 >> 192.168.200.19:6789/0 conn(0x55c8f1906c00 :-1 s=STATE_OPEN_MESSAGE_READ_FOOTER_AND_DISPATCH pgs=26007 cs=1 l=1). rx mon.2 seq 1 0x55c8f19ac6c0 mon_map magic: 0 v1 -1616>
2019-11-11 08:53:58.399 7f82e8c74700 1 -- 192.168.200.17:0/4185100738 <== mon.2 192.168.200.19:6789/0 1 ==== mon_map magic: 0 v1 ==== 451+0+0 (1031779836 0 0) 0x55c8f19ac6c0 con 0x55c8f1906c00 -1616>
2019-11-11 08:53:58.399 7f82e8c74700 10 monclient(hunting): handle_monmap mon_map magic: 0 v1 -1616>
2019-11-11 08:53:58.399 7f82e9475700 5 -- 192.168.200.17:0/4185100738 >> 192.168.200.17:6789/0 conn(0x55c8f1907200 :-1 s=STATE_OPEN_MESSAGE_READ_FOOTER_AND_DISPATCH pgs=23967 cs=1 l=1). rx mon.1 seq 3 0x55c8f1730fc0 auth_reply(proto 2 0 (0) Success) v1 -1616>
2019-11-11 08:53:58.399 7f82e8c74700 10 monclient(hunting): got monmap 323, mon.k8s-node-02 is now rank 2 -1616>
2019-11-11 08:53:58.399 7f82e9c76700 5 -- 192.168.200.17:0/4185100738 >> 192.168.200.19:6789/0 conn(0x55c8f1906c00 :-1 s=STATE_OPEN_MESSAGE_READ_FOOTER_AND_DISPATCH pgs=26007 cs=1 l=1). rx mon.2 seq 2 0x55c8f19ac900 auth_reply(proto 2 0 (0) Success) v1 -1616>
2019-11-11 08:53:58.399 7f82e8c74700 10 monclient(hunting): dump: epoch 323 fsid 571d4bfe-2c5d-45ca-8da1-91dcaf69942c last_changed
2019-10-31 14:07:12.621434 created
2018-04-12 14:27:23.947601 0: 192.168.200.15:6789/0 mon.k8s-node-00 1: 192.168.200.17:6789/0 mon.k8s-node-01 2: 192.168.200.19:6789/0 mon.k8s-node-02 -1616>
2019-11-11 08:53:58.399 7f82e8c74700 1 -- 192.168.200.17:0/4185100738 <== mon.1 192.168.200.17:6789/0 3 ==== auth_reply(proto 2 0 (0) Success) v1 ==== 222+0+0 (2998512091 0 0) 0x55c8f1730fc0 con 0x55c8f1907200 -1616>
2019-11-11 08:53:58.399 7f82e8c74700 1 -- 192.168.200.17:0/4185100738 >> 192.168.200.19:6789/0 conn(0x55c8f1906c00 :-1 s=STATE_OPEN pgs=26007 cs=1 l=1).mark_down -1616>
2019-11-11 08:53:58.399 7f82e8c74700 2 -- 192.168.200.17:0/4185100738 >> 192.168.200.19:6789/0 conn(0x55c8f1906c00 :-1 s=STATE_OPEN pgs=26007 cs=1 l=1)._stop -1616>
2019-11-11 08:53:58.399 7f82e8c74700 1 monclient: found mon.k8s-node-01 -1616>
2019-11-11 08:53:58.399 7f82e8c74700 10 monclient: _send_mon_message to mon.k8s-node-01 at 192.168.200.17:6789/0 -1616>
2019-11-11 08:53:58.399 7f82e8c74700 1 -- 192.168.200.17:0/4185100738 --> 192.168.200.17:6789/0 -- mon_subscribe({config=0+,monmap=0+}) v3 -- 0x55c8f18bf800 con 0 -1616>
2019-11-11 08:53:58.399 7f82e8c74700 10 monclient: _check_auth_rotating renewing rotating keys (they expired before
2019-11-11 08:53:28.406400) -1616>
2019-11-11 08:53:58.399 7f82e8c74700 10 monclient: _send_mon_message to mon.k8s-node-01 at 192.168.200.17:6789/0 -1616>
2019-11-11 08:53:58.399 7f82e8c74700 1 -- 192.168.200.17:0/4185100738 --> 192.168.200.17:6789/0 -- auth(proto 2 2 bytes epoch 0) v1 -- 0x55c8f19ac900 con 0 -1616>
2019-11-11 08:53:58.399 7f82f98df000 5 monclient: authenticate success, global_id 1822729 -1616>
2019-11-11 08:53:58.399 7f82e9475700 5 -- 192.168.200.17:0/4185100738 >> 192.168.200.17:6789/0 conn(0x55c8f1907200 :-1 s=STATE_OPEN_MESSAGE_READ_FOOTER_AND_DISPATCH pgs=23967 cs=1 l=1). rx mon.1 seq 4 0x55c8f18bea00 config(0 keys) v1 -1616>
2019-11-11 08:53:58.399 7f82e9475700 5 -- 192.168.200.17:0/4185100738 >> 192.168.200.17:6789/0 conn(0x55c8f1907200 :-1 s=STATE_OPEN_MESSAGE_READ_FOOTER_AND_DISPATCH pgs=23967 cs=1 l=1). rx mon.1 seq 5 0x55c8f19ac000 mon_map magic: 0 v1 -1616>
2019-11-11 08:53:58.399 7f82e8c74700 1 -- 192.168.200.17:0/4185100738 <== mon.1 192.168.200.17:6789/0 4 ==== config(0 keys) v1 ==== 4+0+0 (0 0 0) 0x55c8f18bea00 con 0x55c8f1907200 -1616>
2019-11-11 08:53:58.403 7f82e8c74700 10 monclient: handle_config config(0 keys) v1 -1616>
2019-11-11 08:53:58.403 7f82e9475700 5 -- 192.168.200.17:0/4185100738 >> 192.168.200.17:6789/0 conn(0x55c8f1907200 :-1 s=STATE_OPEN_MESSAGE_READ_FOOTER_AND_DISPATCH pgs=23967 cs=1 l=1). rx mon.1 seq 6 0x55c8f19ac240 auth_reply(proto 2 0 (0) Success) v1 -1616>
2019-11-11 08:53:58.403 7f82e8c74700 1 -- 192.168.200.17:0/4185100738 <== mon.1 192.168.200.17:6789/0 5 ==== mon_map magic: 0 v1 ==== 451+0+0 (1031779836 0 0) 0x55c8f19ac000 con 0x55c8f1907200 -1616>
2019-11-11 08:53:58.403 7f82e8c74700 10 monclient: handle_monmap mon_map magic: 0 v1 -1616>
2019-11-11 08:53:58.403 7f82e8c74700 10 monclient: got monmap 323, mon.k8s-node-01 is now rank 1 -1616>
2019-11-11 08:53:58.403 7f82e8c74700 10 monclient: dump: epoch 323 fsid 571d4bfe-2c5d-45ca-8da1-91dcaf69942c last_changed
2019-10-31 14:07:12.621434 created
2018-04-12 14:27:23.947601 0: 192.168.200.15:6789/0 mon.k8s-node-00 1: 192.168.200.17:6789/0 mon.k8s-node-01 2: 192.168.200.19:6789/0 mon.k8s-node-02 -1616>
2019-11-11 08:53:58.403 7f82e8c74700 1 -- 192.168.200.17:0/4185100738 <== mon.1 192.168.200.17:6789/0 6 ==== auth_reply(proto 2 0 (0) Success) v1 ==== 194+0+0 (723120225 0 0) 0x55c8f19ac240 con 0x55c8f1907200 -1616>
2019-11-11 08:53:58.403 7f82e7471700 4 set_mon_vals no callback set -1616>
2019-11-11 08:53:58.403 7f82e8c74700 10 monclient: _check_auth_rotating have uptodate secrets (they expire after
2019-11-11 08:53:28.407543) -1616>
2019-11-11 08:53:58.403 7f82f98df000 10 monclient: get_monmap_and_config success -1616>
2019-11-11 08:53:58.403 7f82f98df000 10 monclient: shutdown -1616>
2019-11-11 08:53:58.403 7f82f98df000 1 -- 192.168.200.17:0/4185100738 >> 192.168.200.17:6789/0 conn(0x55c8f1907200 :-1 s=STATE_OPEN pgs=23967 cs=1 l=1).mark_down -1616>
2019-11-11 08:53:58.403 7f82f98df000 2 -- 192.168.200.17:0/4185100738 >> 192.168.200.17:6789/0 conn(0x55c8f1907200 :-1 s=STATE_OPEN pgs=23967 cs=1 l=1)._stop -1616>
2019-11-11 08:53:58.403 7f82f98df000 1 -- 192.168.200.17:0/4185100738 shutdown_connections -1616>
2019-11-11 08:53:58.403 7f82f98df000 5 -- 192.168.200.17:0/4185100738 shutdown_connections mark down 192.168.200.17:6789/0 0x55c8f1907200 -1616>
2019-11-11 08:53:58.403 7f82f98df000 5 -- 192.168.200.17:0/4185100738 shutdown_connections mark down 192.168.200.19:6789/0 0x55c8f1906c00 -1616>
2019-11-11 08:53:58.403 7f82f98df000 5 -- 192.168.200.17:0/4185100738 shutdown_connections delete 0x55c8f1906c00 -1616>
2019-11-11 08:53:58.403 7f82f98df000 5 -- 192.168.200.17:0/4185100738 shutdown_connections delete 0x55c8f1907200 -1616>
2019-11-11 08:53:58.403 7f82f98df000 1 -- 192.168.200.17:0/4185100738 shutdown_connections -1616>
2019-11-11 08:53:58.403 7f82f98df000 1 -- 192.168.200.17:0/4185100738 wait complete. -1616>
2019-11-11 08:53:58.403 7f82f98df000 1 -- 192.168.200.17:0/4185100738 >> 192.168.200.17:0/4185100738 conn(0x55c8f1906600 :-1 s=STATE_NONE pgs=0 cs=0 l=0).mark_down -1616>
2019-11-11 08:53:58.403 7f82f98df000 2 -- 192.168.200.17:0/4185100738 >> 192.168.200.17:0/4185100738 conn(0x55c8f1906600 :-1 s=STATE_NONE pgs=0 cs=0 l=0)._stop -1616>
2019-11-11 08:53:58.407 7f82f98df000 0 set uid:gid to 167:167 (ceph:ceph) -1616>
2019-11-11 08:53:58.407 7f82f98df000 0 ceph version 13.2.6 (7b695f835b03642f85998b2ae7b6dd093d9fbce4) mimic (stable), process ceph-mds, pid 11579 -1616>
2019-11-11 08:53:58.407 7f82f98df000 0 pidfile_write: ignore empty --pid-file -1616>
2019-11-11 08:53:58.487 7f82f98df000 5 asok(0x55c8f175e5a0) init /var/run/ceph/ceph-mds.k8s-node-01.asok -1616>
2019-11-11 08:53:58.487 7f82f98df000 5 asok(0x55c8f175e5a0) bind_and_listen /var/run/ceph/ceph-mds.k8s-node-01.asok -1616>
2019-11-11 08:53:58.491 7f82f98df000 5 asok(0x55c8f175e5a0) register_command 0 hook 0x55c8f17354a0 -1616>
2019-11-11 08:53:58.491 7f82f98df000 5 asok(0x55c8f175e5a0) register_command version hook 0x55c8f17354a0 -1616>
2019-11-11 08:53:58.491 7f82f98df000 5 asok(0x55c8f175e5a0) register_command git_version hook 0x55c8f17354a0 -1616>
2019-11-11 08:53:58.491 7f82f98df000 5 asok(0x55c8f175e5a0) register_command help hook 0x55c8f1736560 -1616>
2019-11-11 08:53:58.491 7f82f98df000 5 asok(0x55c8f175e5a0) register_command get_command_descriptions hook 0x55c8f1736550 -1616>
2019-11-11 08:53:58.491 7f82e8473700 5 asok(0x55c8f175e5a0) entry start -1616>
2019-11-11 08:53:58.491 7f82f98df000 1 -- 0.0.0.0:6801/3013182350 _finish_bind bind my_inst.addr is 0.0.0.0:6801/3013182350 -1616>
2019-11-11 08:53:58.491 7f82f98df000 10 monclient: build_initial_monmap -1616>
2019-11-11 08:53:58.491 7f82f98df000 1 -- 0.0.0.0:6801/3013182350 start start -1616>
2019-11-11 08:53:58.491 7f82f98df000 5 adding auth protocol: cephx -1616>
2019-11-11 08:53:58.491 7f82f98df000 5 adding auth protocol: cephx -1616>
2019-11-11 08:53:58.491 7f82f98df000 1 Processor -- start -1616>
2019-11-11 08:53:58.491 7f82f98df000 10 monclient: init -1616>
2019-11-11 08:53:58.491 7f82f98df000 5 adding auth protocol: cephx -1616>
2019-11-11 08:53:58.491 7f82f98df000 10 monclient: auth_supported 2 method cephx -1616>
2019-11-11 08:53:58.491 7f82f98df000 2 auth: KeyRing::load: loaded key file /var/lib/ceph/mds/ceph-k8s-node-01/keyring -1616>
2019-11-11 08:53:58.491 7f82f98df000 10 monclient: _reopen_session rank -1 -1616>
2019-11-11 08:53:58.491 7f82f98df000 10 monclient(hunting): picked mon.k8s-node-01 con 0x55c8f1906c00 addr 192.168.200.17:6789/0 -1616>
2019-11-11 08:53:58.491 7f82f98df000 10 monclient(hunting): picked mon.k8s-node-00 con 0x55c8f1907200 addr 192.168.200.15:6789/0 -1616>
2019-11-11 08:53:58.491 7f82f98df000 1 -- 0.0.0.0:6801/3013182350 --> 192.168.200.15:6789/0 -- auth(proto 0 36 bytes epoch 0) v1 -- 0x55c8f17318c0 con 0 -1616>
2019-11-11 08:53:58.491 7f82f98df000 1 -- 0.0.0.0:6801/3013182350 --> 192.168.200.17:6789/0 -- auth(proto 0 36 bytes epoch 0) v1 -- 0x55c8f1731680 con 0 -1616>
2019-11-11 08:53:58.491 7f82f98df000 10 monclient(hunting): _renew_subs -1616>
2019-11-11 08:53:58.495 7f82e9475700 1 -- 192.168.200.17:6801/3013182350 learned_addr learned my addr 192.168.200.17:6801/3013182350 -1616>
2019-11-11 08:53:58.495 7f82e9475700 2 -- 192.168.200.17:6801/3013182350 >> 192.168.200.15:6789/0 conn(0x55c8f1907200 :-1 s=STATE_CONNECTING_WAIT_ACK_SEQ pgs=0 cs=0 l=1)._process_connection got newly_acked_seq 0 vs out_seq 0 -1616>
2019-11-11 08:53:58.495 7f82e9c76700 2 -- 192.168.200.17:6801/3013182350 >> 192.168.200.17:6789/0 conn(0x55c8f1906c00 :-1 s=STATE_CONNECTING_WAIT_ACK_SEQ pgs=0 cs=0 l=1)._process_connection got newly_acked_seq 0 vs out_seq 0 -1616>
2019-11-11 08:53:58.495 7f82e9475700 5 -- 192.168.200.17:6801/3013182350 >> 192.168.200.15:6789/0 conn(0x55c8f1907200 :-1 s=STATE_OPEN_MESSAGE_READ_FOOTER_AND_DISPATCH pgs=10089 cs=1 l=1). rx mon.0 seq 1 0x55c8f19ac480 mon_map magic: 0 v1 -1616>
2019-11-11 08:53:58.495 7f82e9475700 5 -- 192.168.200.17:6801/3013182350 >> 192.168.200.15:6789/0 conn(0x55c8f1907200 :-1 s=STATE_OPEN_MESSAGE_READ_FOOTER_AND_DISPATCH pgs=10089 cs=1 l=1). rx mon.0 seq 2 0x55c8f19ac000 auth_reply(proto 2 0 (0) Success) v1 -1616>
2019-11-11 08:53:58.495 7f82e7471700 1 -- 192.168.200.17:6801/3013182350 <== mon.0 192.168.200.15:6789/0 1 ==== mon_map magic: 0 v1 ==== 451+0+0 (1031779836 0 0) 0x55c8f19ac480 con 0x55c8f1907200 -1616>
2019-11-11 08:53:58.495 7f82e7471700 10 monclient(hunting): handle_monmap mon_map magic: 0 v1 -1616>
2019-11-11 08:53:58.495 7f82e7471700 10 monclient(hunting): got monmap 323, mon.k8s-node-00 is now rank 0 -1616>
2019-11-11 08:53:58.495 7f82e7471700 10 monclient(hunting): dump: epoch 323 fsid 571d4bfe-2c5d-45ca-8da1-91dcaf69942c last_changed
2019-10-31 14:07:12.621434 created
2018-04-12 14:27:23.947601 0: 192.168.200.15:6789/0 mon.k8s-node-00 1: 192.168.200.17:6789/0 mon.k8s-node-01 2: 192.168.200.19:6789/0 mon.k8s-node-02 -1616>
2019-11-11 08:53:58.495 7f82e7471700 1 -- 192.168.200.17:6801/3013182350 <== mon.0 192.168.200.15:6789/0 2 ==== auth_reply(proto 2 0 (0) Success) v1 ==== 33+0+0 (1027183105 0 0) 0x55c8f19ac000 con 0x55c8f1907200 -1616>
2019-11-11 08:53:58.495 7f82e7471700 10 monclient(hunting): my global_id is 1832640 -1616>
2019-11-11 08:53:58.495 7f82e7471700 1 -- 192.168.200.17:6801/3013182350 --> 192.168.200.15:6789/0 -- auth(proto 2 32 bytes epoch 0) v1 -- 0x55c8f19ac480 con 0 -1616>
2019-11-11 08:53:58.499 7f82e9c76700 5 -- 192.168.200.17:6801/3013182350 >> 192.168.200.17:6789/0 conn(0x55c8f1906c00 :-1 s=STATE_OPEN_MESSAGE_READ_FOOTER_AND_DISPATCH pgs=23968 cs=1 l=1). rx mon.1 seq 1 0x55c8f19acb40 mon_map magic: 0 v1 -1616>
2019-11-11 08:53:58.499 7f82e7471700 1 -- 192.168.200.17:6801/3013182350 <== mon.1 192.168.200.17:6789/0 1 ==== mon_map magic: 0 v1 ==== 451+0+0 (1031779836 0 0) 0x55c8f19acb40 con 0x55c8f1906c00 -1616>
2019-11-11 08:53:58.499 7f82e7471700 10 monclient(hunting): handle_monmap mon_map magic: 0 v1 -1616>
2019-11-11 08:53:58.499 7f82e9c76700 5 -- 192.168.200.17:6801/3013182350 >> 192.168.200.17:6789/0 conn(0x55c8f1906c00 :-1 s=STATE_OPEN_MESSAGE_READ_FOOTER_AND_DISPATCH pgs=23968 cs=1 l=1). rx mon.1 seq 2 0x55c8f19acd80 auth_reply(proto 2 0 (0) Success) v1 -1616>
2019-11-11 08:53:58.499 7f82e7471700 10 monclient(hunting): got monmap 323, mon.k8s-node-01 is now rank 1 -1616>
2019-11-11 08:53:58.499 7f82e7471700 10 monclient(hunting): dump: epoch 323 fsid 571d4bfe-2c5d-45ca-8da1-91dcaf69942c last_changed
2019-10-31 14:07:12.621434 created
2018-04-12 14:27:23.947601 0: 192.168.200.15:6789/0 mon.k8s-node-00 1: 192.168.200.17:6789/0 mon.k8s-node-01 2: 192.168.200.19:6789/0 mon.k8s-node-02 -1616>
2019-11-11 08:53:58.499 7f82e7471700 1 -- 192.168.200.17:6801/3013182350 <== mon.1 192.168.200.17:6789/0 2 ==== auth_reply(proto 2 0 (0) Success) v1 ==== 33+0+0 (1644780918 0 0) 0x55c8f19acd80 con 0x55c8f1906c00 -1616>
2019-11-11 08:53:58.499 7f82e7471700 10 monclient(hunting): my global_id is 1822732 -1616>
2019-11-11 08:53:58.499 7f82e7471700 1 -- 192.168.200.17:6801/3013182350 --> 192.168.200.17:6789/0 -- auth(proto 2 32 bytes epoch 0) v1 -- 0x55c8f19ac000 con 0 -1616>
2019-11-11 08:53:58.499 7f82e9c76700 5 -- 192.168.200.17:6801/3013182350 >> 192.168.200.17:6789/0 conn(0x55c8f1906c00 :-1 s=STATE_OPEN_MESSAGE_READ_FOOTER_AND_DISPATCH pgs=23968 cs=1 l=1). rx mon.1 seq 3 0x55c8f19ac000 auth_reply(proto 2 0 (0) Success) v1 -1616>
2019-11-11 08:53:58.499 7f82e7471700 1 -- 192.168.200.17:6801/3013182350 <== mon.1 192.168.200.17:6789/0 3 ==== auth_reply(proto 2 0 (0) Success) v1 ==== 222+0+0 (3284413144 0 0) 0x55c8f19ac000 con 0x55c8f1906c00 -1616>
2019-11-11 08:53:58.499 7f82e7471700 1 -- 192.168.200.17:6801/3013182350 --> 192.168.200.17:6789/0 -- auth(proto 2 181 bytes epoch 0) v1 -- 0x55c8f19acd80 con 0 -1616>
2019-11-11 08:53:58.499 7f82e9475700 5 -- 192.168.200.17:6801/3013182350 >> 192.168.200.15:6789/0 conn(0x55c8f1907200 :-1 s=STATE_OPEN_MESSAGE_READ_FOOTER_AND_DISPATCH pgs=10089 cs=1 l=1). rx mon.0 seq 3 0x55c8f19ac480 auth_reply(proto 2 0 (0) Success) v1 -1616>
2019-11-11 08:53:58.499 7f82e7471700 1 -- 192.168.200.17:6801/3013182350 <== mon.0 192.168.200.15:6789/0 3 ==== auth_reply(proto 2 0 (0) Success) v1 ==== 222+0+0 (1296798516 0 0) 0x55c8f19ac480 con 0x55c8f1907200 -1616>
2019-11-11 08:53:58.499 7f82e7471700 1 -- 192.168.200.17:6801/3013182350 --> 192.168.200.15:6789/0 -- auth(proto 2 181 bytes epoch 0) v1 -- 0x55c8f19ac000 con 0 -1616>
2019-11-11 08:53:58.499 7f82e9c76700 5 -- 192.168.200.17:6801/3013182350 >> 192.168.200.17:6789/0 conn(0x55c8f1906c00 :-1 s=STATE_OPEN_MESSAGE_READ_FOOTER_AND_DISPATCH pgs=23968 cs=1 l=1). rx mon.1 seq 4 0x55c8f19acd80 auth_reply(proto 2 0 (0) Success) v1 -1616>
2019-11-11 08:53:58.499 7f82e7471700 1 -- 192.168.200.17:6801/3013182350 <== mon.1 192.168.200.17:6789/0 4 ==== auth_reply(proto 2 0 (0) Success) v1 ==== 799+0+0 (607195576 0 0) 0x55c8f19acd80 con 0x55c8f1906c00 -1616>
2019-11-11 08:53:58.499 7f82e7471700 1 -- 192.168.200.17:6801/3013182350 >> 192.168.200.15:6789/0 conn(0x55c8f1907200 :-1 s=STATE_OPEN pgs=10089 cs=1 l=1).mark_down -1616>
2019-11-11 08:53:58.499 7f82e7471700 2 -- 192.168.200.17:6801/3013182350 >> 192.168.200.15:6789/0 conn(0x55c8f1907200 :-1 s=STATE_OPEN pgs=10089 cs=1 l=1)._stop -1616>
2019-11-11 08:53:58.499 7f82e7471700 1 monclient: found mon.k8s-node-01 -1616>
2019-11-11 08:53:58.499 7f82e7471700 10 monclient: _send_mon_message to mon.k8s-node-01 at 192.168.200.17:6789/0 -1616>
2019-11-11 08:53:58.499 7f82e7471700 1 -- 192.168.200.17:6801/3013182350 --> 192.168.200.17:6789/0 -- mon_subscribe({config=0+,monmap=0+}) v3 -- 0x55c8f18caa00 con 0 -1616>
2019-11-11 08:53:58.499 7f82e7471700 10 monclient: _check_auth_rotating renewing rotating keys (they expired before
2019-11-11 08:53:28.506604) -1616>
2019-11-11 08:53:58.499 7f82e7471700 10 monclient: _send_mon_message to mon.k8s-node-01 at 192.168.200.17:6789/0 -1616>
2019-11-11 08:53:58.499 7f82e7471700 1 -- 192.168.200.17:6801/3013182350 --> 192.168.200.17:6789/0 -- auth(proto 2 2 bytes epoch 0) v1 -- 0x55c8f19ac480 con 0 -1616>
2019-11-11 08:53:58.499 7f82f98df000 5 monclient: authenticate success, global_id 1822732 -1616>
2019-11-11 08:53:58.499 7f82f98df000 10 monclient: wait_auth_rotating waiting (until
2019-11-11 08:54:28.506750) -1616>
2019-11-11 08:53:58.503 7f82e9c76700 5 -- 192.168.200.17:6801/3013182350 >> 192.168.200.17:6789/0 conn(0x55c8f1906c00 :-1 s=STATE_OPEN_MESSAGE_READ_FOOTER_AND_DISPATCH pgs=23968 cs=1 l=1). rx mon.1 seq 5 0x55c8f1748c00 config(0 keys) v1 -1616>
2019-11-11 08:53:58.503 7f82e9c76700 5 -- 192.168.200.17:6801/3013182350 >> 192.168.200.17:6789/0 conn(0x55c8f1906c00 :-1 s=STATE_OPEN_MESSAGE_READ_FOOTER_AND_DISPATCH pgs=23968 cs=1 l=1). rx mon.1 seq 6 0x55c8f19acfc0 mon_map magic: 0 v1 -1616>
2019-11-11 08:53:58.503 7f82e7471700 1 -- 192.168.200.17:6801/3013182350 <== mon.1 192.168.200.17:6789/0 5 ==== config(0 keys) v1 ==== 4+0+0 (0 0 0) 0x55c8f1748c00 con 0x55c8f1906c00 -1616>
2019-11-11 08:53:58.503 7f82e7471700 10 monclient: handle_config config(0 keys) v1 -1616>
2019-11-11 08:53:58.503 7f82e9c76700 5 -- 192.168.200.17:6801/3013182350 >> 192.168.200.17:6789/0 conn(0x55c8f1906c00 :-1 s=STATE_OPEN_MESSAGE_READ_FOOTER_AND_DISPATCH pgs=23968 cs=1 l=1). rx mon.1 seq 7 0x55c8f19ad200 auth_reply(proto 2 0 (0) Success) v1 -1616>
2019-11-11 08:53:58.503 7f82e7471700 1 -- 192.168.200.17:6801/3013182350 <== mon.1 192.168.200.17:6789/0 6 ==== mon_map magic: 0 v1 ==== 451+0+0 (1031779836 0 0) 0x55c8f19acfc0 con 0x55c8f1906c00 -1616>
2019-11-11 08:53:58.503 7f82e7471700 10 monclient: handle_monmap mon_map magic: 0 v1 -1616>
2019-11-11 08:53:58.503 7f82e7471700 10 monclient: got monmap 323, mon.k8s-node-01 is now rank 1 -1616>
2019-11-11 08:53:58.503 7f82e59e4700 4 set_mon_vals no callback set -1616>
2019-11-11 08:53:58.503 7f82e7471700 10 monclient: dump: epoch 323 fsid 571d4bfe-2c5d-45ca-8da1-91dcaf69942c last_changed
2019-10-31 14:07:12.621434 created
2018-04-12 14:27:23.947601 0: 192.168.200.15:6789/0 mon.k8s-node-00 1: 192.168.200.17:6789/0 mon.k8s-node-01 2: 192.168.200.19:6789/0 mon.k8s-node-02 -1616>
2019-11-11 08:53:58.503 7f82e7471700 1 -- 192.168.200.17:6801/3013182350 <== mon.1 192.168.200.17:6789/0 7 ==== auth_reply(proto 2 0 (0) Success) v1 ==== 194+0+0 (3838693139 0 0) 0x55c8f19ad200 con 0x55c8f1906c00 -1616>
2019-11-11 08:53:58.503 7f82e7471700 10 monclient: _check_auth_rotating have uptodate secrets (they expire after
2019-11-11 08:53:28.507947) -1616>
2019-11-11 08:53:58.503 7f82f98df000 10 monclient: wait_auth_rotating done -1616>
2019-11-11 08:53:58.503 7f82f98df000 10 monclient: _renew_subs -1616>
2019-11-11 08:53:58.503 7f82f98df000 10 monclient: _send_mon_message to mon.k8s-node-01 at 192.168.200.17:6789/0 -1616>
2019-11-11 08:53:58.503 7f82f98df000 1 -- 192.168.200.17:6801/3013182350 --> 192.168.200.17:6789/0 -- mon_subscribe({mdsmap=0+,mgrmap=0+}) v3 -- 0x55c8f19a9000 con 0 -1616>
2019-11-11 08:53:58.503 7f82f98df000 5 asok(0x55c8f175e5a0) register_command status hook 0x55c8f17364c0 -1616>
2019-11-11 08:53:58.503 7f82f98df000 5 asok(0x55c8f175e5a0) register_command dump_ops_in_flight hook 0x55c8f17364c0 -1616>
2019-11-11 08:53:58.503 7f82f98df000 5 asok(0x55c8f175e5a0) register_command ops hook 0x55c8f17364c0 -1616>
2019-11-11 08:53:58.503 7f82f98df000 5 asok(0x55c8f175e5a0) register_command dump_blocked_ops hook 0x55c8f17364c0 -1616>
2019-11-11 08:53:58.503 7f82f98df000 5 asok(0x55c8f175e5a0) register_command dump_historic_ops hook 0x55c8f17364c0 -1616>
2019-11-11 08:53:58.503 7f82f98df000 5 asok(0x55c8f175e5a0) register_command dump_historic_ops_by_duration hook 0x55c8f17364c0 -1616>
2019-11-11 08:53:58.503 7f82f98df000 5 asok(0x55c8f175e5a0) register_command scrub_path hook 0x55c8f17364c0 -1616>
2019-11-11 08:53:58.503 7f82f98df000 5 asok(0x55c8f175e5a0) register_command tag path hook 0x55c8f17364c0 -1616>
2019-11-11 08:53:58.503 7f82f98df000 5 asok(0x55c8f175e5a0) register_command flush_path hook 0x55c8f17364c0 -1616>
2019-11-11 08:53:58.503 7f82f98df000 5 asok(0x55c8f175e5a0) register_command export dir hook 0x55c8f17364c0 -1616>
2019-11-11 08:53:58.503 7f82f98df000 5 asok(0x55c8f175e5a0) register_command dump cache hook 0x55c8f17364c0 -1616>
2019-11-11 08:53:58.503 7f82f98df000 5 asok(0x55c8f175e5a0) register_command cache status hook 0x55c8f17364c0 -1616>
2019-11-11 08:53:58.503 7f82f98df000 5 asok(0x55c8f175e5a0) register_command cache drop hook 0x55c8f17364c0 -1616>
2019-11-11 08:53:58.503 7f82f98df000 5 asok(0x55c8f175e5a0) register_command dump tree hook 0x55c8f17364c0 -1616>
2019-11-11 08:53:58.503 7f82f98df000 5 asok(0x55c8f175e5a0) register_command dump loads hook 0x55c8f17364c0 -1616>
2019-11-11 08:53:58.503 7f82f98df000 5 asok(0x55c8f175e5a0) register_command dump snaps hook 0x55c8f17364c0 -1616>
2019-11-11 08:53:58.503 7f82f98df000 5 asok(0x55c8f175e5a0) register_command session evict hook 0x55c8f17364c0 -1616>
2019-11-11 08:53:58.503 7f82f98df000 5 asok(0x55c8f175e5a0) register_command osdmap barrier hook 0x55c8f17364c0 -1616>
2019-11-11 08:53:58.503 7f82f98df000 5 asok(0x55c8f175e5a0) register_command session ls hook 0x55c8f17364c0 -1616>
2019-11-11 08:53:58.503 7f82f98df000 5 asok(0x55c8f175e5a0) register_command flush journal hook 0x55c8f17364c0 -1616>
2019-11-11 08:53:58.503 7f82f98df000 5 asok(0x55c8f175e5a0) register_command force_readonly hook 0x55c8f17364c0 -1616>
2019-11-11 08:53:58.503 7f82f98df000 5 asok(0x55c8f175e5a0) register_command get subtrees hook 0x55c8f17364c0 -1616>
2019-11-11 08:53:58.503 7f82f98df000 5 asok(0x55c8f175e5a0) register_command dirfrag split hook 0x55c8f17364c0 -1616>
2019-11-11 08:53:58.503 7f82f98df000 5 asok(0x55c8f175e5a0) register_command dirfrag merge hook 0x55c8f17364c0 -1616>
2019-11-11 08:53:58.503 7f82f98df000 5 asok(0x55c8f175e5a0) register_command dirfrag ls hook 0x55c8f17364c0 -1616>
2019-11-11 08:53:58.503 7f82f98df000 5 asok(0x55c8f175e5a0) register_command openfiles ls hook 0x55c8f17364c0 -1616>
2019-11-11 08:53:58.503 7f82f98df000 5 asok(0x55c8f175e5a0) register_command dump inode hook 0x55c8f17364c0 -1616>
2019-11-11 08:53:58.503 7f82e9c76700 5 -- 192.168.200.17:6801/3013182350 >> 192.168.200.17:6789/0 conn(0x55c8f1906c00 :-1 s=STATE_OPEN_MESSAGE_READ_FOOTER_AND_DISPATCH pgs=23968 cs=1 l=1). rx mon.1 seq 8 0x55c8f19ad680 mdsmap(e 43681) v1 -1616>
2019-11-11 08:53:58.503 7f82e9c76700 5 -- 192.168.200.17:6801/3013182350 >> 192.168.200.17:6789/0 conn(0x55c8f1906c00 :-1 s=STATE_OPEN_MESSAGE_READ_FOOTER_AND_DISPATCH pgs=23968 cs=1 l=1). rx mon.1 seq 9 0x55c8f1791080 mgrmap(e 3928) v1 -1616>
2019-11-11 08:53:58.503 7f82e7471700 1 -- 192.168.200.17:6801/3013182350 <== mon.1 192.168.200.17:6789/0 8 ==== mdsmap(e 43681) v1 ==== 493+0+0 (2054877721 0 0) 0x55c8f19ad680 con 0x55c8f1906c00 -1616>
2019-11-11 08:53:58.503 7f82e7471700 1 mds.k8s-node-01 Updating MDS map to version 43681 from mon.1 -1616>
2019-11-11 08:53:58.503 7f82e7471700 1 -- 192.168.200.17:6801/3013182350 <== mon.1 192.168.200.17:6789/0 9 ==== mgrmap(e 3928) v1 ==== 1318+0+0 (728182834 0 0) 0x55c8f1791080 con 0x55c8f1906c00 -1616>
