2019-11-11 08:54:05.484 7f82e9c76700 2 -- 192.168.200.17:6801/3013182350 >> 192.168.200.15:0/1656050499 conn(0x55c8f23b3800 :6801 s=STATE_ACCEPTING_WAIT_SEQ pgs=2403 cs=1 l=0).handle_connect_msg accept write reply msg done -1616>
2019-11-11 08:54:05.484 7f82e9475700 2 -- 192.168.200.17:6801/3013182350 >> 192.168.200.15:0/4201708698 conn(0x55c8f23b3e00 :6801 s=STATE_ACCEPTING_WAIT_SEQ pgs=2079 cs=1 l=0).handle_connect_msg accept write reply msg done -1616>
2019-11-11 08:54:05.492 7f82e9475700 2 -- 192.168.200.17:6801/3013182350 >> 192.168.200.15:0/4201708698 conn(0x55c8f23b3e00 :6801 s=STATE_ACCEPTING_WAIT_SEQ pgs=2079 cs=1 l=0)._process_connection accept get newly_acked_seq 0 -1616>
2019-11-11 08:54:05.492 7f82e9475700 5 -- 192.168.200.17:6801/3013182350 >> 192.168.200.15:0/4201708698 conn(0x55c8f23b3e00 :6801 s=STATE_OPEN_MESSAGE_READ_FOOTER_AND_DISPATCH pgs=2079 cs=1 l=0). rx client.1793815 seq 1 0x55c8f1e36300 client_request(client.1793815:22873 rename #0x30000015ba9/20160904_113956.jpg #0x30000015ba9/.20160904_113956.jpg.NIh764
2019-11-10 15:46:08.760660 RETRY=252 caller_uid=0, caller_gid=0{}) v2 -1616>
2019-11-11 08:54:05.492 7f82e9475700 5 -- 192.168.200.17:6801/3013182350 >> 192.168.200.15:0/4201708698 conn(0x55c8f23b3e00 :6801 s=STATE_OPEN_MESSAGE_READ_FOOTER_AND_DISPATCH pgs=2079 cs=1 l=0). rx client.1793815 seq 2 0x55c8f1a20480 client_reconnect(7 caps) v3 -1616>
2019-11-11 08:54:05.492 7f82e9c76700 2 -- 192.168.200.17:6801/3013182350 >> 192.168.200.15:0/1656050499 conn(0x55c8f23b3800 :6801 s=STATE_ACCEPTING_WAIT_SEQ pgs=2403 cs=1 l=0)._process_connection accept get newly_acked_seq 0 -1616>
2019-11-11 08:54:05.492 7f82e7471700 1 -- 192.168.200.17:6801/3013182350 <== client.1793815 192.168.200.15:0/4201708698 1 ==== client_request(client.1793815:22873 rename #0x30000015ba9/20160904_113956.jpg #0x30000015ba9/.20160904_113956.jpg.NIh764
2019-11-10 15:46:08.760660 RETRY=252 caller_uid=0, caller_gid=0{}) v2 ==== 168+0+0 (2279365059 0 0) 0x55c8f1e36300 con 0x55c8f23b3e00 -1616>
2019-11-11 08:54:05.492 7f82e7471700 3 mds.0.server not active yet, waiting -1616>
2019-11-11 08:54:05.492 7f82e9c76700 5 -- 192.168.200.17:6801/3013182350 >> 192.168.200.15:0/1656050499 conn(0x55c8f23b3800 :6801 s=STATE_OPEN_MESSAGE_READ_FOOTER_AND_DISPATCH pgs=2403 cs=1 l=0). rx client.1793728 seq 1 0x55c8f1e6e600 client_request(client.1793728:4835 setattr size=0 #0x100013671aa
2019-11-11 06:29:26.378570 RETRY=251 caller_uid=0, caller_gid=0{}) v2 -1616>
2019-11-11 08:54:05.492 7f82e7471700 1 -- 192.168.200.17:6801/3013182350 <== client.1793815 192.168.200.15:0/4201708698 2 ==== client_reconnect(7 caps) v3 ==== 0+0+660 (0 0 578406871) 0x55c8f1a20480 con 0x55c8f23b3e00 -1616>
2019-11-11 08:54:05.496 7f82e9c76700 5 -- 192.168.200.17:6801/3013182350 >> 192.168.200.15:0/1656050499 conn(0x55c8f23b3800 :6801 s=STATE_OPEN_MESSAGE_READ_FOOTER_AND_DISPATCH pgs=2403 cs=1 l=0). rx client.1793728 seq 2 0x55c8f1e6e900 client_request(client.1793728:5267 lookup #0x1000136753a/dynamic
2019-11-11 08:52:30.853984 RETRY=3 caller_uid=0, caller_gid=0{}) v2 -1616>
2019-11-11 08:54:05.496 7f82e7471700 1 -- 192.168.200.17:6801/3013182350 --> 192.168.200.15:0/4201708698 -- client_session(open) v3 -- 0x55c8f1e5c000 con 0 -1616>
2019-11-11 08:54:05.496 7f82e9c76700 5 -- 192.168.200.17:6801/3013182350 >> 192.168.200.15:0/1656050499 conn(0x55c8f23b3800 :6801 s=STATE_OPEN_MESSAGE_READ_FOOTER_AND_DISPATCH pgs=2403 cs=1 l=0). rx client.1793728 seq 3 0x55c8f1e6ec00 client_request(client.1793728:5268 lookup #0x1000136753a/spf_whitelist.inc.local
2019-11-11 08:52:31.005987 RETRY=3 caller_uid=0, caller_gid=0{}) v2 -1616>
2019-11-11 08:54:05.496 7f82e9c76700 5 -- 192.168.200.17:6801/3013182350 >> 192.168.200.15:0/1656050499 conn(0x55c8f23b3800 :6801 s=STATE_OPEN_MESSAGE_READ_FOOTER_AND_DISPATCH pgs=2403 cs=1 l=0). rx client.1793728 seq 4 0x55c8f1e6ef00 client_request(client.1793728:5269 lookup #0x1000136753a/dmarc_whitelist.inc.local
2019-11-11 08:52:32.542022 RETRY=3 caller_uid=0, caller_gid=0{}) v2 -1616>
2019-11-11 08:54:05.496 7f82e9c76700 5 -- 192.168.200.17:6801/3013182350 >> 192.168.200.15:0/1656050499 conn(0x55c8f23b3800 :6801 s=STATE_OPEN_MESSAGE_READ_FOOTER_AND_DISPATCH pgs=2403 cs=1 l=0). rx client.1793728 seq 5 0x55c8f1e6f200 client_request(client.1793728:5270 lookup #0x1000136753a/spf_dkim_whitelist.inc.local
2019-11-11 08:52:32.542022 RETRY=3 caller_uid=0, caller_gid=0{}) v2 -1616>
2019-11-11 08:54:05.496 7f82e9c76700 5 -- 192.168.200.17:6801/3013182350 >> 192.168.200.15:0/1656050499 conn(0x55c8f23b3800 :6801 s=STATE_OPEN_MESSAGE_READ_FOOTER_AND_DISPATCH pgs=2403 cs=1 l=0). rx client.1793728 seq 6 0x55c8f1e6f500 client_request(client.1793728:5271 lookup #0x1000136753a/2tld.inc.local
2019-11-11 08:52:33.142035 RETRY=3 caller_uid=0, caller_gid=0{}) v2 -1616>
2019-11-11 08:54:05.496 7f82e9c76700 5 -- 192.168.200.17:6801/3013182350 >> 192.168.200.15:0/1656050499 conn(0x55c8f23b3800 :6801 s=STATE_OPEN_MESSAGE_READ_FOOTER_AND_DISPATCH pgs=2403 cs=1 l=0). rx client.1793728 seq 7 0x55c8f1e5cfc0 client_reconnect(9 caps) v3 -1616>
2019-11-11 08:54:05.496 7f82e7471700 0 log_channel(cluster) log [DBG] : reconnect by client.1793815 192.168.200.15:0/4201708698 after 0.0240005 -1616>
2019-11-11 08:54:05.496 7f82e7471700 1 -- 192.168.200.17:6801/3013182350 <== client.1793728 192.168.200.15:0/1656050499 1 ==== client_request(client.1793728:4835 setattr size=0 #0x100013671aa
2019-11-11 06:29:26.378570 RETRY=251 caller_uid=0, caller_gid=0{}) v2 ==== 122+0+0 (4131282130 0 0) 0x55c8f1e6e600 con 0x55c8f23b3800 -1616>
2019-11-11 08:54:05.496 7f82e7471700 3 mds.0.server not active yet, waiting -1616>
2019-11-11 08:54:05.496 7f82e7471700 1 -- 192.168.200.17:6801/3013182350 <== client.1793728 192.168.200.15:0/1656050499 2 ==== client_request(client.1793728:5267 lookup #0x1000136753a/dynamic
2019-11-11 08:52:30.853984 RETRY=3 caller_uid=0, caller_gid=0{}) v2 ==== 129+0+0 (95323197 0 0) 0x55c8f1e6e900 con 0x55c8f23b3800 -1616>
2019-11-11 08:54:05.496 7f82e7471700 3 mds.0.server not active yet, waiting -1616>
2019-11-11 08:54:05.496 7f82e7471700 1 -- 192.168.200.17:6801/3013182350 <== client.1793728 192.168.200.15:0/1656050499 3 ==== client_request(client.1793728:5268 lookup #0x1000136753a/spf_whitelist.inc.local
2019-11-11 08:52:31.005987 RETRY=3 caller_uid=0, caller_gid=0{}) v2 ==== 145+0+0 (1522719924 0 0) 0x55c8f1e6ec00 con 0x55c8f23b3800 -1616>
2019-11-11 08:54:05.496 7f82e7471700 3 mds.0.server not active yet, waiting -1616>
2019-11-11 08:54:05.496 7f82e7471700 1 -- 192.168.200.17:6801/3013182350 <== client.1793728 192.168.200.15:0/1656050499 4 ==== client_request(client.1793728:5269 lookup #0x1000136753a/dmarc_whitelist.inc.local
2019-11-11 08:52:32.542022 RETRY=3 caller_uid=0, caller_gid=0{}) v2 ==== 147+0+0 (1658626902 0 0) 0x55c8f1e6ef00 con 0x55c8f23b3800 -1616>
2019-11-11 08:54:05.496 7f82e7471700 3 mds.0.server not active yet, waiting -1616>
2019-11-11 08:54:05.496 7f82e7471700 1 -- 192.168.200.17:6801/3013182350 <== client.1793728 192.168.200.15:0/1656050499 5 ==== client_request(client.1793728:5270 lookup #0x1000136753a/spf_dkim_whitelist.inc.local
2019-11-11 08:52:32.542022 RETRY=3 caller_uid=0, caller_gid=0{}) v2 ==== 150+0+0 (611044585 0 0) 0x55c8f1e6f200 con 0x55c8f23b3800 -1616>
2019-11-11 08:54:05.496 7f82e7471700 3 mds.0.server not active yet, waiting -1616>
2019-11-11 08:54:05.496 7f82e7471700 1 -- 192.168.200.17:6801/3013182350 <== client.1793728 192.168.200.15:0/1656050499 6 ==== client_request(client.1793728:5271 lookup #0x1000136753a/2tld.inc.local
2019-11-11 08:52:33.142035 RETRY=3 caller_uid=0, caller_gid=0{}) v2 ==== 136+0+0 (305962565 0 0) 0x55c8f1e6f500 con 0x55c8f23b3800 -1616>
2019-11-11 08:54:05.496 7f82e7471700 3 mds.0.server not active yet, waiting -1616>
2019-11-11 08:54:05.496 7f82e7471700 1 -- 192.168.200.17:6801/3013182350 <== client.1793728 192.168.200.15:0/1656050499 7 ==== client_reconnect(9 caps) v3 ==== 0+0+876 (0 0 815424167) 0x55c8f1e5cfc0 con 0x55c8f23b3800 -1616>
2019-11-11 08:54:05.496 7f82e7471700 1 -- 192.168.200.17:6801/3013182350 --> 192.168.200.15:0/1656050499 -- client_session(open) v3 -- 0x55c8f1a20480 con 0 -1616>
2019-11-11 08:54:05.496 7f82e7471700 0 log_channel(cluster) log [DBG] : reconnect by client.1793728 192.168.200.15:0/1656050499 after 0.0240005 -1616>
2019-11-11 08:54:05.496 7f82e7471700 1 mds.0.43683 reconnect_done -1616>
2019-11-11 08:54:05.496 7f82e7471700 3 mds.0.43683 request_state up:rejoin -1616>
2019-11-11 08:54:05.496 7f82e7471700 5 mds.beacon.k8s-node-01 set_want_state: up:reconnect -> up:rejoin -1616>
2019-11-11 08:54:05.496 7f82e7471700 5 mds.beacon.k8s-node-01 Sending beacon up:rejoin seq 4 -1616>
2019-11-11 08:54:05.496 7f82e7471700 10 monclient: _send_mon_message to mon.k8s-node-01 at 192.168.200.17:6789/0 -1616>
2019-11-11 08:54:05.496 7f82e7471700 1 -- 192.168.200.17:6801/3013182350 --> 192.168.200.17:6789/0 -- mdsbeacon(1822732/k8s-node-01 up:rejoin seq 4 v43684) v7 -- 0x55c8f3e4a000 con 0 -1616>
2019-11-11 08:54:05.856 7f82e9475700 5 -- 192.168.200.17:6801/3013182350 >> 192.168.200.15:0/4201708698 conn(0x55c8f23b3e00 :6801 s=STATE_OPEN_MESSAGE_READ_FOOTER_AND_DISPATCH pgs=2079 cs=1 l=0). rx client.1793815 seq 3 0x55c8f1e5c000 client_session(request_renewcaps seq 23674) -1616>
2019-11-11 08:54:05.856 7f82e7471700 1 -- 192.168.200.17:6801/3013182350 <== client.1793815 192.168.200.15:0/4201708698 3 ==== client_session(request_renewcaps seq 23674) ==== 28+0+0 (2232195536 0 0) 0x55c8f1e5c000 con 0x55c8f23b3e00 -1616>
2019-11-11 08:54:05.860 7f82e7471700 3 mds.0.server handle_client_session client_session(request_renewcaps seq 23674) from client.1793815 -1616>
2019-11-11 08:54:05.860 7f82e7471700 1 -- 192.168.200.17:6801/3013182350 --> 192.168.200.15:0/4201708698 -- client_session(renewcaps seq 23674) v3 -- 0x55c8f1e5cfc0 con 0 -1616>
2019-11-11 08:54:06.540 7f82e9c76700 5 -- 192.168.200.17:6801/3013182350 >> 192.168.200.17:6789/0 conn(0x55c8f1906c00 :-1 s=STATE_OPEN_MESSAGE_READ_FOOTER_AND_DISPATCH pgs=23968 cs=1 l=1). rx mon.1 seq 17 0x55c8f1a20480 mdsmap(e 43685) v1 -1616>
2019-11-11 08:54:06.540 7f82e7471700 1 -- 192.168.200.17:6801/3013182350 <== mon.1 192.168.200.17:6789/0 17 ==== mdsmap(e 43685) v1 ==== 655+0+0 (2440539321 0 0) 0x55c8f1a20480 con 0x55c8f1906c00 -1616>
2019-11-11 08:54:06.540 7f82e9c76700 5 -- 192.168.200.17:6801/3013182350 >> 192.168.200.17:6789/0 conn(0x55c8f1906c00 :-1 s=STATE_OPEN_MESSAGE_READ_FOOTER_AND_DISPATCH pgs=23968 cs=1 l=1). rx mon.1 seq 18 0x55c8f3e4a000 mdsbeacon(1822732/k8s-node-01 up:rejoin seq 4 v43685) v7 -1616>
2019-11-11 08:54:06.540 7f82e7471700 1 mds.k8s-node-01 Updating MDS map to version 43685 from mon.1 -1616>
2019-11-11 08:54:06.540 7f82e9c76700 1 -- 192.168.200.17:6801/3013182350 <== mon.1 192.168.200.17:6789/0 18 ==== mdsbeacon(1822732/k8s-node-01 up:rejoin seq 4 v43685) v7 ==== 136+0+0 (2116626301 0 0) 0x55c8f3e4a000 con 0x55c8f1906c00 -1616>
2019-11-11 08:54:06.540 7f82e9c76700 5 mds.beacon.k8s-node-01 received beacon reply up:rejoin seq 4 rtt 1.04402 -1616>
2019-11-11 08:54:06.540 7f82e7471700 1 mds.0.43683 handle_mds_map i am now mds.0.43683 -1616>
2019-11-11 08:54:06.540 7f82e7471700 1 mds.0.43683 handle_mds_map state change up:reconnect --> up:rejoin -1616>
2019-11-11 08:54:06.540 7f82e7471700 1 mds.0.43683 rejoin_start -1616>
2019-11-11 08:54:06.540 7f82e7471700 1 -- 192.168.200.17:6801/3013182350 --> 192.168.200.15:6805/24523 -- osd_op(unknown.0.43683:69 6.3f 6:ff5b34d6:::1.00000000:head [omap-get-header,omap-get-vals,getxattr parent] snapc 0=[] ondisk+read+known_if_redirected+full_force e24384) v8 -- 0x55c8f1a02000 con 0 -1616>
2019-11-11 08:54:06.540 7f82e7471700 1 mds.0.43683 rejoin_joint_start -1616>
2019-11-11 08:54:06.544 7f82e9475700 5 -- 192.168.200.17:6801/3013182350 >> 192.168.200.15:6805/24523 conn(0x55c8f1908a00 :-1 s=STATE_OPEN_MESSAGE_READ_FOOTER_AND_DISPATCH pgs=9585 cs=1 l=1). rx osd.1 seq 18 0x55c8f1a02000 osd_op_reply(69 1.00000000 [omap-get-header,omap-get-vals,getxattr (30)] v0'0 uv79161 ondisk = 0) v8 -1616>
2019-11-11 08:54:06.544 7f82e9475700 1 -- 192.168.200.17:6801/3013182350 <== osd.1 192.168.200.15:6805/24523 18 ==== osd_op_reply(69 1.00000000 [omap-get-header,omap-get-vals,getxattr (30)] v0'0 uv79161 ondisk = 0) v8 ==== 238+0+17357 (349226141 0 3217018796) 0x55c8f1a02000 con 0x55c8f1908a00 -1616>
2019-11-11 08:54:06.544 7f82e29de700 1 -- 192.168.200.17:6801/3013182350 --> 192.168.200.15:6801/24398 -- osd_op(unknown.0.43683:70 6.16 6:68a63a6d:::10000025367.00000000:head [omap-get-header,omap-get-vals,getxattr parent] snapc 0=[] ondisk+read+known_if_redirected+full_force e24384) v8 -- 0x55c8f2ac6b00 con 0 -1616>
2019-11-11 08:54:06.548 7f82e9c76700 2 -- 192.168.200.17:6801/3013182350 >> 192.168.200.15:6801/24398 conn(0x55c8f3e84000 :-1 s=STATE_CONNECTING_WAIT_ACK_SEQ pgs=0 cs=0 l=1)._process_connection got newly_acked_seq 0 vs out_seq 0 -1616>
2019-11-11 08:54:06.548 7f82e9c76700 5 -- 192.168.200.17:6801/3013182350 >> 192.168.200.15:6801/24398 conn(0x55c8f3e84000 :-1 s=STATE_OPEN_MESSAGE_READ_FOOTER_AND_DISPATCH pgs=6236 cs=1 l=1). rx osd.0 seq 1 0x55c8f2ac6b00 osd_op_reply(70 10000025367.00000000 [omap-get-header,omap-get-vals,getxattr (64)] v0'0 uv42840 ondisk = 0) v8 -1616>
2019-11-11 08:54:06.548 7f82e9c76700 1 -- 192.168.200.17:6801/3013182350 <== osd.0 192.168.200.15:6801/24398 1 ==== osd_op_reply(70 10000025367.00000000 [omap-get-header,omap-get-vals,getxattr (64)] v0'0 uv42840 ondisk = 0) v8 ==== 248+0+824 (1325362504 0 934784977) 0x55c8f2ac6b00 con 0x55c8f3e84000 -1616>
2019-11-11 08:54:06.552 7f82e29de700 1 -- 192.168.200.17:6801/3013182350 --> 192.168.200.15:6805/24523 -- osd_op(unknown.0.43683:71 6.3f 6:fe592434:::10000025937.00000000:head [omap-get-header,omap-get-vals,getxattr parent] snapc 0=[] ondisk+read+known_if_redirected+full_force e24384) v8 -- 0x55c8f2ac7340 con 0 -1616>
2019-11-11 08:54:06.552 7f82e9475700 5 -- 192.168.200.17:6801/3013182350 >> 192.168.200.15:6805/24523 conn(0x55c8f1908a00 :-1 s=STATE_OPEN_MESSAGE_READ_FOOTER_AND_DISPATCH pgs=9585 cs=1 l=1). rx osd.1 seq 19 0x55c8f2ac7340 osd_op_reply(71 10000025937.00000000 [omap-get-header,omap-get-vals,getxattr (96)] v0'0 uv78447 ondisk = 0) v8 -1616>
2019-11-11 08:54:06.552 7f82e9475700 1 -- 192.168.200.17:6801/3013182350 <== osd.1 192.168.200.15:6805/24523 19 ==== osd_op_reply(71 10000025937.00000000 [omap-get-header,omap-get-vals,getxattr (96)] v0'0 uv78447 ondisk = 0) v8 ==== 248+0+858 (581501899 0 2522483242) 0x55c8f2ac7340 con 0x55c8f1908a00 -1616>
2019-11-11 08:54:06.552 7f82e29de700 1 -- 192.168.200.17:6801/3013182350 --> 192.168.200.15:6805/24523 -- osd_op(unknown.0.43683:72 6.5e 6:7a303e59:::1000001a3c6.00000000:head [omap-get-header,omap-get-vals,getxattr parent] snapc 0=[] ondisk+read+known_if_redirected+full_force e24384) v8 -- 0x55c8f2ac6580 con 0 -1616>
2019-11-11 08:54:06.552 7f82e29de700 1 -- 192.168.200.17:6801/3013182350 --> 192.168.200.15:6805/24523 -- osd_op(unknown.0.43683:73 6.b 6:d0f90662:::1000001eb17.00000000:head [omap-get-header,omap-get-vals,getxattr parent] snapc 0=[] ondisk+read+known_if_redirected+full_force e24384) v8 -- 0x55c8f36c6580 con 0 -1616>
2019-11-11 08:54:06.552 7f82e29de700 1 -- 192.168.200.17:6801/3013182350 --> 192.168.200.15:6805/24523 -- osd_op(unknown.0.43683:74 6.56 6:6bacae67:::1000001ffea.00000000:head [omap-get-header,omap-get-vals,getxattr parent] snapc 0=[] ondisk+read+known_if_redirected+full_force e24384) v8 -- 0x55c8f19f5340 con 0 -1616>
2019-11-11 08:54:06.552 7f82e29de700 1 -- 192.168.200.17:6801/3013182350 --> 192.168.200.17:6806/20250 -- osd_op(unknown.0.43683:75 6.1e 6:7992850e:::1000133e06d.00000000:head [omap-get-header,omap-get-vals,getxattr parent] snapc 0=[] ondisk+read+known_if_redirected+full_force e24384) v8 -- 0x55c8f36c6840 con 0 -1616>
2019-11-11 08:54:06.552 7f82e29de700 1 -- 192.168.200.17:6801/3013182350 --> 192.168.200.17:6806/20250 -- osd_op(unknown.0.43683:76 6.2a 6:55760958:::10001346679.00000000:head [omap-get-header,omap-get-vals,getxattr parent] snapc 0=[] ondisk+read+known_if_redirected+full_force e24384) v8 -- 0x55c8f36c78c0 con 0 -1616>
2019-11-11 08:54:06.552 7f82e29de700 1 -- 192.168.200.17:6801/3013182350 --> 192.168.200.19:6805/12258 -- osd_op(unknown.0.43683:77 6.f 6:f1d7ef75:::1000134691b.00000000:head [omap-get-header,omap-get-vals,getxattr parent] snapc 0=[] ondisk+read+known_if_redirected+full_force e24384) v8 -- 0x55c8f36c7080 con 0 -1616>
2019-11-11 08:54:06.552 7f82e29de700 1 -- 192.168.200.17:6801/3013182350 --> 192.168.200.17:6802/19981 -- osd_op(unknown.0.43683:78 6.46 6:62644040:::10001366c72.00000000:head [omap-get-header,omap-get-vals,getxattr parent] snapc 0=[] ondisk+read+known_if_redirected+full_force e24384) v8 -- 0x55c8f3ea22c0 con 0 -1616>
2019-11-11 08:54:06.552 7f82e29de700 1 -- 192.168.200.17:6801/3013182350 --> 192.168.200.15:6805/24523 -- osd_op(unknown.0.43683:79 6.5b 6:db1def57:::10001367140.00000000:head [omap-get-header,omap-get-vals,getxattr parent] snapc 0=[] ondisk+read+known_if_redirected+full_force e24384) v8 -- 0x55c8f3ea2840 con 0 -1616>
2019-11-11 08:54:06.552 7f82e29de700 1 -- 192.168.200.17:6801/3013182350 --> 192.168.200.15:6805/24523 -- osd_op(unknown.0.43683:80 6.43 6:c26089c3:::100013671a4.00000000:head [omap-get-header,omap-get-vals,getxattr parent] snapc 0=[] ondisk+read+known_if_redirected+full_force e24384) v8 -- 0x55c8f3ea2dc0 con 0 -1616>
2019-11-11 08:54:06.552 7f82e29de700 1 -- 192.168.200.17:6801/3013182350 --> 192.168.200.19:6801/12021 -- osd_op(unknown.0.43683:81 6.1c 6:38b3e7b3:::1000136753a.00000000:head [omap-get-header,omap-get-vals,getxattr parent] snapc 0=[] ondisk+read+known_if_redirected+full_force e24384) v8 -- 0x55c8f3ea3340 con 0 -1616>
2019-11-11 08:54:06.552 7f82e29de700 1 -- 192.168.200.17:6801/3013182350 --> 192.168.200.19:6805/12258 -- osd_op(unknown.0.43683:82 6.34 6:2c8bdca0:::100013ad077.00000000:head [omap-get-header,omap-get-vals,getxattr parent] snapc 0=[] ondisk+read+known_if_redirected+full_force e24384) v8 -- 0x55c8f3ea38c0 con 0 -1616>
2019-11-11 08:54:06.552 7f82e29de700 1 -- 192.168.200.17:6801/3013182350 --> 192.168.200.19:6801/12021 -- osd_op(unknown.0.43683:83 6.50 6:0a153a6f:::100013ad078.00000000:head [omap-get-header,omap-get-vals,getxattr parent] snapc 0=[] ondisk+read+known_if_redirected+full_force e24384) v8 -- 0x55c8f36c6000 con 0 -1616>
2019-11-11 08:54:06.552 7f82e29de700 1 -- 192.168.200.17:6801/3013182350 --> 192.168.200.17:6806/20250 -- osd_op(unknown.0.43683:84 6.26 6:66061dfa:::100013ad079.00000000:head [omap-get-header,omap-get-vals,getxattr parent] snapc 0=[] ondisk+read+known_if_redirected+full_force e24384) v8 -- 0x55c8f2ac7080 con 0 -1616>
2019-11-11 08:54:06.552 7f82e29de700 1 -- 192.168.200.17:6801/3013182350 --> 192.168.200.19:6805/12258 -- osd_op(unknown.0.43683:85 6.3d 6:bfa6ab4a:::100013b1605.00000000:head [omap-get-header,omap-get-vals,getxattr parent] snapc 0=[] ondisk+read+known_if_redirected+full_force e24384) v8 -- 0x55c8f2ac6840 con 0 -1616>
2019-11-11 08:54:06.552 7f82e29de700 1 -- 192.168.200.17:6801/3013182350 --> 192.168.200.15:6805/24523 -- osd_op(unknown.0.43683:86 6.43 6:c3272da7:::100013b1606.00000000:head [omap-get-header,omap-get-vals,getxattr parent] snapc 0=[] ondisk+read+known_if_redirected+full_force e24384) v8 -- 0x55c8f1a022c0 con 0 -1616>
2019-11-11 08:54:06.552 7f82e29de700 1 -- 192.168.200.17:6801/3013182350 --> 192.168.200.19:6805/12258 -- osd_op(unknown.0.43683:87 6.2c 6:36da4b25:::100013b1607.00000000:head [omap-get-header,omap-get-vals,getxattr parent] snapc 0=[] ondisk+read+known_if_redirected+full_force e24384) v8 -- 0x55c8f36c7340 con 0 -1616>
2019-11-11 08:54:06.552 7f82e29de700 1 -- 192.168.200.17:6801/3013182350 --> 192.168.200.17:6806/20250 -- osd_op(unknown.0.43683:88 6.55 6:abaeca41:::30000015b82.00000000:head [omap-get-header,omap-get-vals,getxattr parent] snapc 0=[] ondisk+read+known_if_redirected+full_force e24384) v8 -- 0x55c8f3eba2c0 con 0 -1616>
2019-11-11 08:54:06.552 7f82e29de700 1 -- 192.168.200.17:6801/3013182350 --> 192.168.200.15:6805/24523 -- osd_op(unknown.0.43683:89 6.4 6:20b05573:::30000015ba9.00000000:head [omap-get-header,omap-get-vals,getxattr parent] snapc 0=[] ondisk+read+known_if_redirected+full_force e24384) v8 -- 0x55c8f3eba840 con 0 -1616>
2019-11-11 08:54:06.556 7f82ea477700 5 -- 192.168.200.17:6801/3013182350 >> 192.168.200.17:6806/20250 conn(0x55c8f1909000 :-1 s=STATE_OPEN_MESSAGE_READ_FOOTER_AND_DISPATCH pgs=13952 cs=1 l=1). rx osd.4 seq 15 0x55c8f36c78c0 osd_op_reply(75 1000133e06d.00000000 [omap-get-header,omap-get-vals,getxattr (95)] v0'0 uv32888 ondisk = 0) v8 -1616>
2019-11-11 08:54:06.556 7f82e9c76700 5 -- 192.168.200.17:6801/3013182350 >> 192.168.200.17:6802/19981 conn(0x55c8f19f6c00 :-1 s=STATE_OPEN_MESSAGE_READ_FOOTER_AND_DISPATCH pgs=3415 cs=1 l=1). rx osd.2 seq 2 0x55c8f3ea22c0 osd_op_reply(78 10001366c72.00000000 [omap-get-header,omap-get-vals,getxattr (135)] v0'0 uv41822 ondisk = 0) v8 -1616>
2019-11-11 08:54:06.556 7f82ea477700 1 -- 192.168.200.17:6801/3013182350 <== osd.4 192.168.200.17:6806/20250 15 ==== osd_op_reply(75 1000133e06d.00000000 [omap-get-header,omap-get-vals,getxattr (95)] v0'0 uv32888 ondisk = 0) v8 ==== 248+0+13413 (1873466580 0 1454472965) 0x55c8f36c78c0 con 0x55c8f1909000 -1616>
2019-11-11 08:54:06.556 7f82e9c76700 1 -- 192.168.200.17:6801/3013182350 <== osd.2 192.168.200.17:6802/19981 2 ==== osd_op_reply(78 10001366c72.00000000 [omap-get-header,omap-get-vals,getxattr (135)] v0'0 uv41822 ondisk = 0) v8 ==== 248+0+6454 (3178741900 0 289533519) 0x55c8f3ea22c0 con 0x55c8f19f6c00 -1616>
2019-11-11 08:54:06.556 7f82e9475700 5 -- 192.168.200.17:6801/3013182350 >> 192.168.200.15:6805/24523 conn(0x55c8f1908a00 :-1 s=STATE_OPEN_MESSAGE_READ_FOOTER_AND_DISPATCH pgs=9585 cs=1 l=1). rx osd.1 seq 20 0x55c8f36c6000 osd_op_reply(72 1000001a3c6.00000000 [omap-get-header,omap-get-vals,getxattr (65)] v0'0 uv46856 ondisk = 0) v8 -1616>
2019-11-11 08:54:06.556 7f82e9475700 1 -- 192.168.200.17:6801/3013182350 <== osd.1 192.168.200.15:6805/24523 20 ==== osd_op_reply(72 1000001a3c6.00000000 [omap-get-header,omap-get-vals,getxattr (65)] v0'0 uv46856 ondisk = 0) v8 ==== 248+0+2748 (1715255516 0 3191672414) 0x55c8f36c6000 con 0x55c8f1908a00 -1616>
2019-11-11 08:54:06.556 7f82e9475700 5 -- 192.168.200.17:6801/3013182350 >> 192.168.200.15:6805/24523 conn(0x55c8f1908a00 :-1 s=STATE_OPEN_MESSAGE_READ_FOOTER_AND_DISPATCH pgs=9585 cs=1 l=1). rx osd.1 seq 21 0x55c8f2ac62c0 osd_op_reply(80 100013671a4.00000000 [omap-get-header,omap-get-vals,getxattr (255)] v0'0 uv40089 ondisk = 0) v8 -1616>
2019-11-11 08:54:06.556 7f82e9475700 1 -- 192.168.200.17:6801/3013182350 <== osd.1 192.168.200.15:6805/24523 21 ==== osd_op_reply(80 100013671a4.00000000 [omap-get-header,omap-get-vals,getxattr (255)] v0'0 uv40089 ondisk = 0) v8 ==== 248+0+4869 (1259416075 0 451091004) 0x55c8f2ac62c0 con 0x55c8f1908a00 -1616>
2019-11-11 08:54:06.556 7f82e9475700 5 -- 192.168.200.17:6801/3013182350 >> 192.168.200.15:6805/24523 conn(0x55c8f1908a00 :-1 s=STATE_OPEN_MESSAGE_READ_FOOTER_AND_DISPATCH pgs=9585 cs=1 l=1). rx osd.1 seq 22 0x55c8f36c6000 osd_op_reply(89 30000015ba9.00000000 [omap-get-header,omap-get-vals,getxattr (150)] v0'0 uv38565 ondisk = 0) v8 -1616>
2019-11-11 08:54:06.556 7f82e9475700 1 -- 192.168.200.17:6801/3013182350 <== osd.1 192.168.200.15:6805/24523 22 ==== osd_op_reply(89 30000015ba9.00000000 [omap-get-header,omap-get-vals,getxattr (150)] v0'0 uv38565 ondisk = 0) v8 ==== 248+0+8319 (704095193 0 2297239757) 0x55c8f36c6000 con 0x55c8f1908a00 -1616>
2019-11-11 08:54:06.556 7f82e9475700 5 -- 192.168.200.17:6801/3013182350 >> 192.168.200.19:6801/12021 conn(0x55c8f19f6600 :-1 s=STATE_OPEN_MESSAGE_READ_FOOTER_AND_DISPATCH pgs=6363 cs=1 l=1). rx osd.3 seq 4 0x55c8f2ac62c0 osd_op_reply(81 1000136753a.00000000 [omap-get-header,omap-get-vals,getxattr (252)] v0'0 uv26176 ondisk = 0) v8 -1616>
2019-11-11 08:54:06.556 7f82e9475700 1 -- 192.168.200.17:6801/3013182350 <== osd.3 192.168.200.19:6801/12021 4 ==== osd_op_reply(81 1000136753a.00000000 [omap-get-header,omap-get-vals,getxattr (252)] v0'0 uv26176 ondisk = 0) v8 ==== 248+0+8987 (1490884707 0 1668207579) 0x55c8f2ac62c0 con 0x55c8f19f6600 -1616>
2019-11-11 08:54:06.556 7f82e9475700 5 -- 192.168.200.17:6801/3013182350 >> 192.168.200.19:6801/12021 conn(0x55c8f19f6600 :-1 s=STATE_OPEN_MESSAGE_READ_FOOTER_AND_DISPATCH pgs=6363 cs=1 l=1). rx osd.3 seq 5 0x55c8f36c6000 osd_op_reply(83 100013ad078.00000000 [omap-get-header,omap-get-vals,getxattr (95)] v0'0 uv23726 ondisk = 0) v8 -1616>
2019-11-11 08:54:06.556 7f82e9475700 1 -- 192.168.200.17:6801/3013182350 <== osd.3 192.168.200.19:6801/12021 5 ==== osd_op_reply(83 100013ad078.00000000 [omap-get-header,omap-get-vals,getxattr (95)] v0'0 uv23726 ondisk = 0) v8 ==== 248+0+11231 (2577304344 0 549299108) 0x55c8f36c6000 con 0x55c8f19f6600 -1616>
2019-11-11 08:54:06.560 7f82e9475700 5 -- 192.168.200.17:6801/3013182350 >> 192.168.200.15:6805/24523 conn(0x55c8f1908a00 :-1 s=STATE_OPEN_MESSAGE_READ_FOOTER_AND_DISPATCH pgs=9585 cs=1 l=1). rx osd.1 seq 23 0x55c8f2ac62c0 osd_op_reply(86 100013b1606.00000000 [omap-get-header,omap-get-vals,getxattr (170)] v0'0 uv40065 ondisk = 0) v8 -1616>
2019-11-11 08:54:06.560 7f82ea477700 5 -- 192.168.200.17:6801/3013182350 >> 192.168.200.17:6806/20250 conn(0x55c8f1909000 :-1 s=STATE_OPEN_MESSAGE_READ_FOOTER_AND_DISPATCH pgs=13952 cs=1 l=1). rx osd.4 seq 16 0x55c8f36c6b00 osd_op_reply(76 10001346679.00000000 [omap-get-header,omap-get-vals,getxattr (124)] v0'0 uv79851 ondisk = 0) v8 -1616>
2019-11-11 08:54:06.560 7f82e9475700 1 -- 192.168.200.17:6801/3013182350 <== osd.1 192.168.200.15:6805/24523 23 ==== osd_op_reply(86 100013b1606.00000000 [omap-get-header,omap-get-vals,getxattr (170)] v0'0 uv40065 ondisk = 0) v8 ==== 248+0+2386 (3386829453 0 3151859934) 0x55c8f2ac62c0 con 0x55c8f1908a00 -1616>
2019-11-11 08:54:06.560 7f82ea477700 1 -- 192.168.200.17:6801/3013182350 <== osd.4 192.168.200.17:6806/20250 16 ==== osd_op_reply(76 10001346679.00000000 [omap-get-header,omap-get-vals,getxattr (124)] v0'0 uv79851 ondisk = 0) v8 ==== 248+0+3791 (1952633946 0 1175082290) 0x55c8f36c6b00 con 0x55c8f1909000 -1616>
2019-11-11 08:54:06.560 7f82e9475700 5 -- 192.168.200.17:6801/3013182350 >> 192.168.200.15:6805/24523 conn(0x55c8f1908a00 :-1 s=STATE_OPEN_MESSAGE_READ_FOOTER_AND_DISPATCH pgs=9585 cs=1 l=1). rx osd.1 seq 24 0x55c8f36c6000 osd_op_reply(73 1000001eb17.00000000 [omap-get-header,omap-get-vals,getxattr (64)] v0'0 uv42866 ondisk = 0) v8 -1616>
2019-11-11 08:54:06.560 7f82e9475700 1 -- 192.168.200.17:6801/3013182350 <== osd.1 192.168.200.15:6805/24523 24 ==== osd_op_reply(73 1000001eb17.00000000 [omap-get-header,omap-get-vals,getxattr (64)] v0'0 uv42866 ondisk = 0) v8 ==== 248+0+10888 (1553042485 0 1783259961) 0x55c8f36c6000 con 0x55c8f1908a00 -1616>
2019-11-11 08:54:06.560 7f82e9475700 5 -- 192.168.200.17:6801/3013182350 >> 192.168.200.15:6805/24523 conn(0x55c8f1908a00 :-1 s=STATE_OPEN_MESSAGE_READ_FOOTER_AND_DISPATCH pgs=9585 cs=1 l=1). rx osd.1 seq 25 0x55c8f2ac62c0 osd_op_reply(74 1000001ffea.00000000 [omap-get-header,omap-get-vals,getxattr (94)] v0'0 uv35408 ondisk = 0) v8 -1616>
2019-11-11 08:54:06.560 7f82e9475700 1 -- 192.168.200.17:6801/3013182350 <== osd.1 192.168.200.15:6805/24523 25 ==== osd_op_reply(74 1000001ffea.00000000 [omap-get-header,omap-get-vals,getxattr (94)] v0'0 uv35408 ondisk = 0) v8 ==== 248+0+6097 (223155813 0 414254997) 0x55c8f2ac62c0 con 0x55c8f1908a00 -1616>
2019-11-11 08:54:06.560 7f82e9475700 5 -- 192.168.200.17:6801/3013182350 >> 192.168.200.15:6805/24523 conn(0x55c8f1908a00 :-1 s=STATE_OPEN_MESSAGE_READ_FOOTER_AND_DISPATCH pgs=9585 cs=1 l=1). rx osd.1 seq 26 0x55c8f36c6000 osd_op_reply(79 10001367140.00000000 [omap-get-header,omap-get-vals,getxattr (220)] v0'0 uv35518 ondisk = 0) v8 -1616>
2019-11-11 08:54:06.560 7f82ea477700 5 -- 192.168.200.17:6801/3013182350 >> 192.168.200.17:6806/20250 conn(0x55c8f1909000 :-1 s=STATE_OPEN_MESSAGE_READ_FOOTER_AND_DISPATCH pgs=13952 cs=1 l=1). rx osd.4 seq 17 0x55c8f3eba2c0 osd_op_reply(84 100013ad079.00000000 [omap-get-header,omap-get-vals,getxattr (65)] v0'0 uv79212 ondisk = 0) v8 -1616>
2019-11-11 08:54:06.560 7f82e9475700 1 -- 192.168.200.17:6801/3013182350 <== osd.1 192.168.200.15:6805/24523 26 ==== osd_op_reply(79 10001367140.00000000 [omap-get-header,omap-get-vals,getxattr (220)] v0'0 uv35518 ondisk = 0) v8 ==== 248+0+3876 (1818122215 0 2568948404) 0x55c8f36c6000 con 0x55c8f1908a00 -1616>
2019-11-11 08:54:06.560 7f82ea477700 1 -- 192.168.200.17:6801/3013182350 <== osd.4 192.168.200.17:6806/20250 17 ==== osd_op_reply(84 100013ad079.00000000 [omap-get-header,omap-get-vals,getxattr (65)] v0'0 uv79212 ondisk = 0) v8 ==== 248+0+823 (3728205076 0 2606661828) 0x55c8f3eba2c0 con 0x55c8f1909000 -1616>
2019-11-11 08:54:06.560 7f82e9c76700 5 -- 192.168.200.17:6801/3013182350 >> 192.168.200.19:6805/12258 conn(0x55c8f19f6000 :-1 s=STATE_OPEN_MESSAGE_READ_FOOTER_AND_DISPATCH pgs=10212 cs=1 l=1). rx osd.5 seq 34 0x55c8f3ea2580 osd_op_reply(77 1000134691b.00000000 [omap-get-header,omap-get-vals,getxattr (158)] v0'0 uv35005 ondisk = 0) v8 -1616>
2019-11-11 08:54:06.560 7f82e9c76700 1 -- 192.168.200.17:6801/3013182350 <== osd.5 192.168.200.19:6805/12258 34 ==== osd_op_reply(77 1000134691b.00000000 [omap-get-header,omap-get-vals,getxattr (158)] v0'0 uv35005 ondisk = 0) v8 ==== 248+0+1407 (1639665338 0 3460999118) 0x55c8f3ea2580 con 0x55c8f19f6000 -1616>
2019-11-11 08:54:06.560 7f82e9c76700 5 -- 192.168.200.17:6801/3013182350 >> 192.168.200.19:6805/12258 conn(0x55c8f19f6000 :-1 s=STATE_OPEN_MESSAGE_READ_FOOTER_AND_DISPATCH pgs=10212 cs=1 l=1). rx osd.5 seq 35 0x55c8f3ea22c0 osd_op_reply(82 100013ad077.00000000 [omap-get-header,omap-get-vals,getxattr (69)] v0'0 uv78120 ondisk = 0) v8 -1616>
2019-11-11 08:54:06.560 7f82e9c76700 1 -- 192.168.200.17:6801/3013182350 <== osd.5 192.168.200.19:6805/12258 35 ==== osd_op_reply(82 100013ad077.00000000 [omap-get-header,omap-get-vals,getxattr (69)] v0'0 uv78120 ondisk = 0) v8 ==== 248+0+827 (2620574141 0 2754020800) 0x55c8f3ea22c0 con 0x55c8f19f6000 -1616>
2019-11-11 08:54:06.560 7f82e9c76700 5 -- 192.168.200.17:6801/3013182350 >> 192.168.200.19:6805/12258 conn(0x55c8f19f6000 :-1 s=STATE_OPEN_MESSAGE_READ_FOOTER_AND_DISPATCH pgs=10212 cs=1 l=1). rx osd.5 seq 36 0x55c8f3ea2580 osd_op_reply(85 100013b1605.00000000 [omap-get-header,omap-get-vals,getxattr (131)] v0'0 uv88597 ondisk = 0) v8 -1616>
2019-11-11 08:54:06.560 7f82e9c76700 1 -- 192.168.200.17:6801/3013182350 <== osd.5 192.168.200.19:6805/12258 36 ==== osd_op_reply(85 100013b1605.00000000 [omap-get-header,omap-get-vals,getxattr (131)] v0'0 uv88597 ondisk = 0) v8 ==== 248+0+898 (3837553604 0 277830296) 0x55c8f3ea2580 con 0x55c8f19f6000 -1616>
2019-11-11 08:54:06.560 7f82e9c76700 5 -- 192.168.200.17:6801/3013182350 >> 192.168.200.19:6805/12258 conn(0x55c8f19f6000 :-1 s=STATE_OPEN_MESSAGE_READ_FOOTER_AND_DISPATCH pgs=10212 cs=1 l=1). rx osd.5 seq 37 0x55c8f3ea22c0 osd_op_reply(87 100013b1607.00000000 [omap-get-header,omap-get-vals,getxattr (198)] v0'0 uv59900 ondisk = 0) v8 -1616>
2019-11-11 08:54:06.560 7f82e9c76700 1 -- 192.168.200.17:6801/3013182350 <== osd.5 192.168.200.19:6805/12258 37 ==== osd_op_reply(87 100013b1607.00000000 [omap-get-header,omap-get-vals,getxattr (198)] v0'0 uv59900 ondisk = 0) v8 ==== 248+0+3465 (2575180185 0 2096249374) 0x55c8f3ea22c0 con 0x55c8f19f6000 -1616>
2019-11-11 08:54:06.560 7f82ea477700 5 -- 192.168.200.17:6801/3013182350 >> 192.168.200.17:6806/20250 conn(0x55c8f1909000 :-1 s=STATE_OPEN_MESSAGE_READ_FOOTER_AND_DISPATCH pgs=13952 cs=1 l=1). rx osd.4 seq 18 0x55c8f3eba580 osd_op_reply(88 30000015b82.00000000 [omap-get-header,omap-get-vals,getxattr (122)] v0'0 uv118734 ondisk = 0) v8 -1616>
2019-11-11 08:54:06.564 7f82ea477700 1 -- 192.168.200.17:6801/3013182350 <== osd.4 192.168.200.17:6806/20250 18 ==== osd_op_reply(88 30000015b82.00000000 [omap-get-header,omap-get-vals,getxattr (122)] v0'0 uv118734 ondisk = 0) v8 ==== 248+0+8987 (3458092425 0 4267468738) 0x55c8f3eba580 con 0x55c8f1909000 -1616>
2019-11-11 08:54:06.564 7f82e29de700 1 -- 192.168.200.17:6801/3013182350 --> 192.168.200.17:6806/20250 -- osd_op(unknown.0.43683:90 2.2f 2:f690bca9:::10000025939.00000000:head [getxattr parent] snapc 0=[] ondisk+read+known_if_redirected+full_force e24384) v8 -- 0x55c8f3ebadc0 con 0 -1616>
2019-11-11 08:54:06.564 7f82e29de700 1 -- 192.168.200.17:6801/3013182350 --> 192.168.200.15:6805/24523 -- osd_op(unknown.0.43683:91 2.17 2:eacd3f0d:::1000002593a.00000000:head [getxattr parent] snapc 0=[] ondisk+read+known_if_redirected+full_force e24384) v8 -- 0x55c8f3ebb080 con 0 -1616>
2019-11-11 08:54:06.564 7f82ea477700 5 -- 192.168.200.17:6801/3013182350 >> 192.168.200.17:6806/20250 conn(0x55c8f1909000 :-1 s=STATE_OPEN_MESSAGE_READ_FOOTER_AND_DISPATCH pgs=13952 cs=1 l=1). rx osd.4 seq 19 0x55c8f3ebadc0 osd_op_reply(90 10000025939.00000000 [getxattr] v0'0 uv0 ondisk = -2 ((2) No such file or directory)) v8 -1616>
2019-11-11 08:54:06.564 7f82ea477700 1 -- 192.168.200.17:6801/3013182350 <== osd.4 192.168.200.17:6806/20250 19 ==== osd_op_reply(90 10000025939.00000000 [getxattr] v0'0 uv0 ondisk = -2 ((2) No such file or directory)) v8 ==== 164+0+0 (864821211 0 0) 0x55c8f3ebadc0 con 0x55c8f1909000 -1616>
2019-11-11 08:54:06.568 7f82e11db700 1 -- 192.168.200.17:6801/3013182350 --> 192.168.200.15:6805/24523 -- osd_op(unknown.0.43683:92 6.2f 6:f690bca9:::10000025939.00000000:head [getxattr parent] snapc 0=[] ondisk+read+known_if_redirected+full_force e24384) v8 -- 0x55c8f1a03340 con 0 -1616>
2019-11-11 08:54:06.568 7f82e9475700 5 -- 192.168.200.17:6801/3013182350 >> 192.168.200.15:6805/24523 conn(0x55c8f1908a00 :-1 s=STATE_OPEN_MESSAGE_READ_FOOTER_AND_DISPATCH pgs=9585 cs=1 l=1). rx osd.1 seq 27 0x55c8f3ebb080 osd_op_reply(91 1000002593a.00000000 [getxattr] v0'0 uv0 ondisk = -2 ((2) No such file or directory)) v8 -1616>
2019-11-11 08:54:06.568 7f82e9475700 1 -- 192.168.200.17:6801/3013182350 <== osd.1 192.168.200.15:6805/24523 27 ==== osd_op_reply(91 1000002593a.00000000 [getxattr] v0'0 uv0 ondisk = -2 ((2) No such file or directory)) v8 ==== 164+0+0 (2816777353 0 0) 0x55c8f3ebb080 con 0x55c8f1908a00 -1616>
2019-11-11 08:54:06.568 7f82e11db700 1 -- 192.168.200.17:6801/3013182350 --> 192.168.200.15:6805/24523 -- osd_op(unknown.0.43683:93 6.57 6:eacd3f0d:::1000002593a.00000000:head [getxattr parent] snapc 0=[] ondisk+read+known_if_redirected+full_force e24384) v8 -- 0x55c8f1a03600 con 0 -1616>
2019-11-11 08:54:06.568 7f82e9475700 5 -- 192.168.200.17:6801/3013182350 >> 192.168.200.15:6805/24523 conn(0x55c8f1908a00 :-1 s=STATE_OPEN_MESSAGE_READ_FOOTER_AND_DISPATCH pgs=9585 cs=1 l=1). rx osd.1 seq 28 0x55c8f3ea3600 osd_op_reply(92 10000025939.00000000 [getxattr (158)] v0'0 uv75903 ondisk = 0) v8 -1616>
2019-11-11 08:54:06.568 7f82e9475700 1 -- 192.168.200.17:6801/3013182350 <== osd.1 192.168.200.15:6805/24523 28 ==== osd_op_reply(92 10000025939.00000000 [getxattr (158)] v0'0 uv75903 ondisk = 0) v8 ==== 164+0+158 (315648684 0 2770754302) 0x55c8f3ea3600 con 0x55c8f1908a00 -1616>
2019-11-11 08:54:06.568 7f82e9475700 5 -- 192.168.200.17:6801/3013182350 >> 192.168.200.15:6805/24523 conn(0x55c8f1908a00 :-1 s=STATE_OPEN_MESSAGE_READ_FOOTER_AND_DISPATCH pgs=9585 cs=1 l=1). rx osd.1 seq 29 0x55c8f3ea3600 osd_op_reply(93 1000002593a.00000000 [getxattr (196)] v0'0 uv29947 ondisk = 0) v8 -1616>
2019-11-11 08:54:06.568 7f82e9475700 1 -- 192.168.200.17:6801/3013182350 <== osd.1 192.168.200.15:6805/24523 29 ==== osd_op_reply(93 1000002593a.00000000 [getxattr (196)] v0'0 uv29947 ondisk = 0) v8 ==== 164+0+196 (195704402 0 1407712290) 0x55c8f3ea3600 con 0x55c8f1908a00 -1616>
2019-11-11 08:54:06.568 7f82e11db700 1 -- 192.168.200.17:6801/3013182350 --> 192.168.200.17:6806/20250 -- osd_op(unknown.0.43683:94 6.25 6:a479b537:::10000025938.00000000:head [omap-get-header,omap-get-vals,getxattr parent] snapc 0=[] ondisk+read+known_if_redirected+full_force e24384) v8 -- 0x55c8f36c6000 con 0 -1616>
2019-11-11 08:54:06.572 7f82ea477700 5 -- 192.168.200.17:6801/3013182350 >> 192.168.200.17:6806/20250 conn(0x55c8f1909000 :-1 s=STATE_OPEN_MESSAGE_READ_FOOTER_AND_DISPATCH pgs=13952 cs=1 l=1). rx osd.4 seq 20 0x55c8f1a022c0 osd_op_reply(94 10000025938.00000000 [omap-get-header,omap-get-vals,getxattr (130)] v0'0 uv71702 ondisk = 0) v8 -1616>
2019-11-11 08:54:06.572 7f82ea477700 1 -- 192.168.200.17:6801/3013182350 <== osd.4 192.168.200.17:6806/20250 20 ==== osd_op_reply(94 10000025938.00000000 [omap-get-header,omap-get-vals,getxattr (130)] v0'0 uv71702 ondisk = 0) v8 ==== 248+0+886 (2503642816 0 79843905) 0x55c8f1a022c0 con 0x55c8f1909000 -1616>
2019-11-11 08:54:06.572 7f82e29de700 1 -- 192.168.200.17:6801/3013182350 --> 192.168.200.15:6805/24523 -- osd_op(unknown.0.43683:95 6.2f 6:f690bca9:::10000025939.00000000:head [omap-get-header,omap-get-vals,getxattr parent] snapc 0=[] ondisk+read+known_if_redirected+full_force e24384) v8 -- 0x55c8f3ebb340 con 0 -1616>
2019-11-11 08:54:06.576 7f82e9475700 5 -- 192.168.200.17:6801/3013182350 >> 192.168.200.15:6805/24523 conn(0x55c8f1908a00 :-1 s=STATE_OPEN_MESSAGE_READ_FOOTER_AND_DISPATCH pgs=9585 cs=1 l=1). rx osd.1 seq 30 0x55c8f1a03600 osd_op_reply(95 10000025939.00000000 [omap-get-header,omap-get-vals,getxattr (158)] v0'0 uv75903 ondisk = 0) v8 -1616>
2019-11-11 08:54:06.576 7f82e9475700 1 -- 192.168.200.17:6801/3013182350 <== osd.1 192.168.200.15:6805/24523 30 ==== osd_op_reply(95 10000025939.00000000 [omap-get-header,omap-get-vals,getxattr (158)] v0'0 uv75903 ondisk = 0) v8 ==== 248+0+1404 (11065462 0 1383210089) 0x55c8f1a03600 con 0x55c8f1908a00 -1616>
2019-11-11 08:54:06.584 7f82e01d9700 5 mds.0.log _submit_thread 33209978317~772 : ESessions 14 opens cmapv 47715 -1616>
2019-11-11 08:54:06.584 7f82e01d9700 1 -- 192.168.200.17:6801/3013182350 --> 192.168.200.19:6805/12258 -- osd_op(unknown.0.43683:96 6.15 6:a8763251:::200.00001eed:head [write 3673549~792] snapc 0=[] ondisk+write+known_if_redirected+full_force e24384) v8 -- 0x55c8f1a02580 con 0 -1616>
2019-11-11 08:54:06.584 7f82e01d9700 1 -- 192.168.200.17:6801/3013182350 --> 192.168.200.15:6805/24523 -- osd_op(unknown.0.43683:97 6.14 6:292cf221:::200.00000000:head [writefull 0~90] snapc 0=[] ondisk+write+known_if_redirected+full_force e24384) v8 -- 0x55c8f1a02000 con 0 -1616>
2019-11-11 08:54:06.608 7f82e9c76700 5 -- 192.168.200.17:6801/3013182350 >> 192.168.200.19:6805/12258 conn(0x55c8f19f6000 :-1 s=STATE_OPEN_MESSAGE_READ_FOOTER_AND_DISPATCH pgs=10212 cs=1 l=1). rx osd.5 seq 38 0x55c8f1a02580 osd_op_reply(96 200.00001eed [write 3673549~792] v24384'36996 uv36996 ondisk = 0) v8 -1616>
2019-11-11 08:54:06.608 7f82e9c76700 1 -- 192.168.200.17:6801/3013182350 <== osd.5 192.168.200.19:6805/12258 38 ==== osd_op_reply(96 200.00001eed [write 3673549~792] v24384'36996 uv36996 ondisk = 0) v8 ==== 156+0+0 (4244305893 0 0) 0x55c8f1a02580 con 0x55c8f19f6000 -1616>
2019-11-11 08:54:06.620 7f82e9475700 5 -- 192.168.200.17:6801/3013182350 >> 192.168.200.15:6805/24523 conn(0x55c8f1908a00 :-1 s=STATE_OPEN_MESSAGE_READ_FOOTER_AND_DISPATCH pgs=9585 cs=1 l=1). rx osd.1 seq 31 0x55c8f1a02000 osd_op_reply(97 200.00000000 [writefull 0~90] v24384'1332129 uv1332129 ondisk = 0) v8 -1616>
2019-11-11 08:54:06.620 7f82e9475700 1 -- 192.168.200.17:6801/3013182350 <== osd.1 192.168.200.15:6805/24523 31 ==== osd_op_reply(97 200.00000000 [writefull 0~90] v24384'1332129 uv1332129 ondisk = 0) v8 ==== 156+0+0 (541732520 0 0) 0x55c8f1a02000 con 0x55c8f1908a00 -1616>
2019-11-11 08:54:06.636 7f82e11db700 1 -- 192.168.200.17:6801/3013182350 --> 192.168.200.32:0/3593333399 -- client_snap(update split=0x3 tracelen=48) v1 -- 0x55c8f176db80 con 0 -1616>
2019-11-11 08:54:06.636 7f82e11db700 1 -- 192.168.200.17:6801/3013182350 --> 192.168.200.15:0/1656050499 -- client_snap(update split=0x3 tracelen=48) v1 -- 0x55c8f3cbbb80 con 0 -1616>
2019-11-11 08:54:06.636 7f82e11db700 1 -- 192.168.200.17:6801/3013182350 --> 192.168.200.31:0/2398232289 -- client_snap(update split=0x3 tracelen=48) v1 -- 0x55c8f3cbb900 con 0 -1616>
2019-11-11 08:54:06.636 7f82e11db700 1 -- 192.168.200.17:6801/3013182350 --> 192.168.200.15:0/4201708698 -- client_snap(update split=0x3 tracelen=48) v1 -- 0x55c8f3f0c000 con 0 -1616>
2019-11-11 08:54:06.636 7f82e11db700 1 -- 192.168.200.17:6801/3013182350 --> 192.168.200.30:0/232332927 -- client_snap(update split=0x3 tracelen=48) v1 -- 0x55c8f3f0c280 con 0 -1616>
2019-11-11 08:54:06.636 7f82e11db700 1 -- 192.168.200.17:6801/3013182350 --> 192.168.200.31:0/1453103486 -- client_snap(update split=0x3 tracelen=48) v1 -- 0x55c8f3f0c500 con 0 -1616>
2019-11-11 08:54:06.636 7f82e11db700 1 -- 192.168.200.17:6801/3013182350 --> 192.168.200.30:0/522103062 -- client_snap(update split=0x3 tracelen=48) v1 -- 0x55c8f3f0c780 con 0 -1616>
2019-11-11 08:54:06.636 7f82e11db700 1 -- 192.168.200.17:6801/3013182350 --> 192.168.200.30:0/3506497893 -- client_snap(update split=0x3 tracelen=48) v1 -- 0x55c8f3f0ca00 con 0 -1616>
2019-11-11 08:54:06.636 7f82e11db700 1 -- 192.168.200.17:6801/3013182350 --> 192.168.200.30:0/2985278080 -- client_snap(update split=0x3 tracelen=48) v1 -- 0x55c8f3f0cc80 con 0 -1616>
2019-11-11 08:54:06.636 7f82e11db700 1 -- 192.168.200.17:6801/3013182350 --> 192.168.200.17:0/3102681411 -- client_snap(update split=0x3 tracelen=48) v1 -- 0x55c8f3f0cf00 con 0 -1616>
2019-11-11 08:54:06.636 7f82e11db700 1 -- 192.168.200.17:6801/3013182350 --> 192.168.200.19:0/2796926812 -- client_snap(update split=0x3 tracelen=48) v1 -- 0x55c8f3f0d180 con 0 -1616>
2019-11-11 08:54:06.636 7f82e11db700 1 -- 192.168.200.17:6801/3013182350 --> 192.168.200.32:0/2855972843 -- client_snap(update split=0x3 tracelen=48) v1 -- 0x55c8f3f0d400 con 0 -1616>
2019-11-11 08:54:06.636 7f82e11db700 1 -- 192.168.200.17:6801/3013182350 --> 192.168.200.31:0/3544368504 -- client_snap(update split=0x3 tracelen=48) v1 -- 0x55c8f3f0d680 con 0 -1616>
2019-11-11 08:54:06.636 7f82e11db700 1 -- 192.168.200.17:6801/3013182350 --> 192.168.200.30:0/979484066 -- client_snap(update split=0x3 tracelen=48) v1 -- 0x55c8f3f0d900 con 0 -1616>
2019-11-11 08:54:06.636 7f82e11db700 1 mds.0.43683 rejoin_done -1616>
2019-11-11 08:54:06.644 7f82e11db700 3 mds.0.43683 request_state up:active -1616>
2019-11-11 08:54:06.644 7f82e11db700 5 mds.beacon.k8s-node-01 set_want_state: up:rejoin -> up:active -1616>
2019-11-11 08:54:06.644 7f82e11db700 5 mds.beacon.k8s-node-01 Sending beacon up:active seq 5 -1616>
2019-11-11 08:54:06.644 7f82e11db700 10 monclient: _send_mon_message to mon.k8s-node-01 at 192.168.200.17:6789/0 -1616>
2019-11-11 08:54:06.644 7f82e11db700 1 -- 192.168.200.17:6801/3013182350 --> 192.168.200.17:6789/0 -- mdsbeacon(1822732/k8s-node-01 up:active seq 5 v43685) v7 -- 0x55c8f1a5f180 con 0 -1616>
2019-11-11 08:54:07.588 7f82e9c76700 5 -- 192.168.200.17:6801/3013182350 >> 192.168.200.15:0/1656050499 conn(0x55c8f23b3800 :6801 s=STATE_OPEN_MESSAGE_READ_FOOTER_AND_DISPATCH pgs=2403 cs=1 l=0). rx client.1793728 seq 8 0x55c8f17e0480 client_caps(flush ino 0x1000136718a 2423 seq 0 tid 12293 caps=pAsxLsXsxFsxcrwb dirty=Fw wanted=pAsxXsxFsxcrwb follows 1 size 797696/0 mtime
2019-11-11 08:48:21.780376 xattrs(v=18446744071802044689 l=0)) v10 -1616>
2019-11-11 08:54:07.588 7f82e7471700 1 -- 192.168.200.17:6801/3013182350 <== client.1793728 192.168.200.15:0/1656050499 8 ==== client_caps(flush ino 0x1000136718a 2423 seq 0 tid 12293 caps=pAsxLsXsxFsxcrwb dirty=Fw wanted=pAsxXsxFsxcrwb follows 1 size 797696/0 mtime
2019-11-11 08:48:21.780376 xattrs(v=18446744071802044689 l=0)) v10 ==== 236+0+0 (1550288308 0 0) 0x55c8f17e0480 con 0x55c8f23b3800 -1616>
2019-11-11 08:54:07.592 7f82e9c76700 5 -- 192.168.200.17:6801/3013182350 >> 192.168.200.17:6789/0 conn(0x55c8f1906c00 :-1 s=STATE_OPEN_MESSAGE_READ_FOOTER_AND_DISPATCH pgs=23968 cs=1 l=1). rx mon.1 seq 19 0x55c8f19acfc0 mdsmap(e 43686) v1 -1616>
2019-11-11 08:54:07.592 7f82e7471700 1 -- 192.168.200.17:6801/3013182350 <== mon.1 192.168.200.17:6789/0 19 ==== mdsmap(e 43686) v1 ==== 655+0+0 (2212528383 0 0) 0x55c8f19acfc0 con 0x55c8f1906c00 -1616>
2019-11-11 08:54:07.592 7f82e7471700 1 mds.k8s-node-01 Updating MDS map to version 43686 from mon.1 -1616>
2019-11-11 08:54:07.592 7f82e9c76700 5 -- 192.168.200.17:6801/3013182350 >> 192.168.200.17:6789/0 conn(0x55c8f1906c00 :-1 s=STATE_OPEN_MESSAGE_READ_FOOTER_AND_DISPATCH pgs=23968 cs=1 l=1). rx mon.1 seq 20 0x55c8f3e4aa80 mdsbeacon(1822732/k8s-node-01 up:active seq 5 v43686) v7 -1616>
2019-11-11 08:54:07.592 7f82e9c76700 1 -- 192.168.200.17:6801/3013182350 <== mon.1 192.168.200.17:6789/0 20 ==== mdsbeacon(1822732/k8s-node-01 up:active seq 5 v43686) v7 ==== 136+0+0 (500179614 0 0) 0x55c8f3e4aa80 con 0x55c8f1906c00 -1616>
2019-11-11 08:54:07.592 7f82e7471700 1 mds.0.43683 handle_mds_map i am now mds.0.43683 -1616>
2019-11-11 08:54:07.592 7f82e7471700 1 mds.0.43683 handle_mds_map state change up:rejoin --> up:active -1616>
2019-11-11 08:54:07.592 7f82e9c76700 5 mds.beacon.k8s-node-01 received beacon reply up:active seq 5 rtt 0.94802 -1616>
2019-11-11 08:54:07.592 7f82e7471700 1 mds.0.43683 recovery_done -- successful recovery! -1616>
2019-11-11 08:54:07.592 7f82e7471700 1 -- 192.168.200.17:6801/3013182350 --> 192.168.200.17:6806/20250 -- osd_op(unknown.0.43683:98 6.33 6:cd5a64a3:::100.00000000:head [omap-get-header,omap-get-vals,getxattr parent] snapc 0=[] ondisk+read+known_if_redirected+full_force e24384) v8 -- 0x55c8f1a03b80 con 0 -1616>
2019-11-11 08:54:07.592 7f82e7471700 1 mds.0.43683 active_start -1616>
2019-11-11 08:54:07.592 7f82e7471700 4 mds.0.43683 set_osd_epoch_barrier: epoch=24381 -1616>
2019-11-11 08:54:07.592 7f82e01d9700 5 mds.0.log _submit_thread 33209979109~5391 : EUpdate cap update [metablob 0x1, 6 dirs] -1616>
2019-11-11 08:54:07.596 7f82ea477700 5 -- 192.168.200.17:6801/3013182350 >> 192.168.200.17:6806/20250 conn(0x55c8f1909000 :-1 s=STATE_OPEN_MESSAGE_READ_FOOTER_AND_DISPATCH pgs=13952 cs=1 l=1). rx osd.4 seq 21 0x55c8f2ac6000 osd_op_reply(98 100.00000000 [omap-get-header,omap-get-vals,getxattr (30)] v0'0 uv82444 ondisk = 0) v8 -1616>
2019-11-11 08:54:07.596 7f82ea477700 1 -- 192.168.200.17:6801/3013182350 <== osd.4 192.168.200.17:6806/20250 21 ==== osd_op_reply(98 100.00000000 [omap-get-header,omap-get-vals,getxattr (30)] v0'0 uv82444 ondisk = 0) v8 ==== 240+0+5119 (1724508217 0 560986315) 0x55c8f2ac6000 con 0x55c8f1909000 -1616>
2019-11-11 08:54:07.600 7f82e01d9700 5 mds.0.log _submit_thread 33209984520~2897 : EUpdate scatter_writebehind [metablob 0x10001366c72, 3 dirs] -1616>
2019-11-11 08:54:07.600 7f82e01d9700 1 -- 192.168.200.17:6801/3013182350 --> 192.168.200.19:6805/12258 -- osd_op(unknown.0.43683:99 6.15 6:a8763251:::200.00001eed:head [write 3674341~8328] snapc 0=[] ondisk+write+known_if_redirected+full_force e24384) v8 -- 0x55c8f36c78c0 con 0 -1616>
2019-11-11 08:54:07.600 7f82e7471700 1 -- 192.168.200.17:6801/3013182350 --> 192.168.200.31:0/2398232289 -- client_caps(grant ino 0x100013b15fc 1738 seq 1 caps=pAsxLsXsxFsxcrwb dirty=- wanted=pAsxXsxFxwb follows 0 size 22/4194304 ts 5953/0 mtime
2019-11-11 06:30:06.468474 tws 5955 xattrs(v=1 l=4)) v11 -- 0x55c8f17e0480 con 0 -1616>
2019-11-11 08:54:07.600 7f82e7471700 4 mds.0.server handle_client_request client_request(client.1792815:77 readdir #0x1000002593a
2019-11-11 06:28:58.728345 RETRY=252 caller_uid=0, caller_gid=0{}) v2 -1616>
2019-11-11 08:54:07.600 7f82e7471700 5 mds.0.server waiting for root -1616>
2019-11-11 08:54:07.600 7f82e7471700 4 mds.0.server handle_client_request client_request(client.1794521:95736 lookup #0x100013ad07a/eula.txt
2019-11-11 06:30:19.044705 RETRY=250 caller_uid=1000, caller_gid=1000{}) v2 -1616>
2019-11-11 08:54:07.600 7f82e7471700 5 mds.0.server waiting for root -1616>
2019-11-11 08:54:07.600 7f82e7471700 4 mds.0.server handle_client_request client_request(client.1794521:95737 lookup #0x100013ad07a/eula.txt
2019-11-11 06:31:34.114081 RETRY=247 caller_uid=1000, caller_gid=1000{}) v2 -1616>
2019-11-11 08:54:07.600 7f82e7471700 5 mds.0.server waiting for root -1616>
2019-11-11 08:54:07.600 7f82e7471700 4 mds.0.server handle_client_request client_request(client.1793737:17794 setattr size=0 #0x100013b15fc
2019-11-11 06:30:06.468474 RETRY=250 caller_uid=1000, caller_gid=1000{}) v2 -1616>
2019-11-11 08:54:07.600 7f82e7471700 5 mds.0.server waiting for root -1616>
2019-11-11 08:54:07.600 7f82e7471700 4 mds.0.server handle_client_request client_request(client.1793737:17986 lookup #0x100013b1607/003996.log
2019-11-11 08:53:41.316508 RETRY=1 caller_uid=1000, caller_gid=1000{}) v2 -1616>
2019-11-11 08:54:07.600 7f82e7471700 5 mds.0.server waiting for root -1616>
2019-11-11 08:54:07.600 7f82e7471700 4 mds.0.server handle_client_request client_request(client.1794521:95738 lookup #0x100013ad07a/eula.txt
2019-11-11 06:37:55.061054 RETRY=236 caller_uid=1000, caller_gid=1000{}) v2 -1616>
2019-11-11 08:54:07.600 7f82e7471700 5 mds.0.server waiting for root -1616>
2019-11-11 08:54:07.600 7f82e7471700 4 mds.0.server handle_client_request client_request(client.1794521:95739 lookup #0x100013ad07a/eula.txt
2019-11-11 06:39:09.102407 RETRY=234 caller_uid=1000, caller_gid=1000{}) v2 -1616>
2019-11-11 08:54:07.600 7f82e7471700 5 mds.0.server waiting for root -1616>
2019-11-11 08:54:07.600 7f82e7471700 4 mds.0.server handle_client_request client_request(client.1794521:95740 lookup #0x100013ad07a/eula.txt
2019-11-11 06:45:29.061467 RETRY=223 caller_uid=1000, caller_gid=1000{}) v2 -1616>
2019-11-11 08:54:07.600 7f82e7471700 5 mds.0.server waiting for root -1616>
2019-11-11 08:54:07.600 7f82e7471700 4 mds.0.server handle_client_request client_request(client.1794521:95741 lookup #0x100013ad07a/eula.txt
2019-11-11 06:46:44.102915 RETRY=220 caller_uid=1000, caller_gid=1000{}) v2 -1616>
2019-11-11 08:54:07.600 7f82e7471700 5 mds.0.server waiting for root -1616>
2019-11-11 08:54:07.600 7f82e7471700 4 mds.0.server handle_client_request client_request(client.1794521:95742 lookup #0x100013ad07a/eula.txt
2019-11-11 06:53:00.210056 RETRY=210 caller_uid=1000, caller_gid=1000{}) v2 -1616>
