2019-11-11 08:53:58.819 7f82e11db700 1 -- 192.168.200.17:6801/3013182350 --> 192.168.200.15:6805/24523 -- osd_op(unknown.0.43683:2 6.b 6:d0630e4c:::mds0_sessionmap:head [omap-get-header,omap-get-vals] snapc 0=[] ondisk+read+known_if_redirected+full_force e24384) v8 -- 0x55c8f19f4b00 con 0 -1614>
2019-11-11 08:53:58.819 7f82e11db700 2 mds.0.43683 boot_start 0: opening mds log -1614>
2019-11-11 08:53:58.819 7f82e11db700 5 mds.0.log open discovering log bounds -1614>
2019-11-11 08:53:58.819 7f82e11db700 2 mds.0.43683 boot_start 0: opening purge queue (async) -1614>
2019-11-11 08:53:58.819 7f82e11db700 4 mds.0.purge_queue open: opening -1614>
2019-11-11 08:53:58.819 7f82e11db700 1 mds.0.journaler.pq(ro) recover start -1614>
2019-11-11 08:53:58.819 7f82e11db700 1 mds.0.journaler.pq(ro) read_head -1614>
2019-11-11 08:53:58.819 7f82e11db700 1 -- 192.168.200.17:6801/3013182350 --> 192.168.200.17:6806/20250 -- osd_op(unknown.0.43683:3 6.55 6:aa448500:::500.00000000:head [read 0~0] snapc 0=[] ondisk+read+known_if_redirected+full_force e24384) v8 -- 0x55c8f19f5340 con 0 -1614>
2019-11-11 08:53:58.819 7f82e11db700 2 mds.0.43683 boot_start 0: loading open file table (async) -1614>
2019-11-11 08:53:58.819 7f82e11db700 1 -- 192.168.200.17:6801/3013182350 --> 192.168.200.17:6806/20250 -- osd_op(unknown.0.43683:4 6.26 6:654134d2:::mds0_openfiles.0:head [omap-get-header,omap-get-vals] snapc 0=[] ondisk+read+known_if_redirected+full_force e24384) v8 -- 0x55c8f19f5600 con 0 -1614>
2019-11-11 08:53:58.819 7f82e11db700 2 mds.0.43683 boot_start 0: opening snap table -1614>
2019-11-11 08:53:58.819 7f82e11db700 1 -- 192.168.200.17:6801/3013182350 --> 192.168.200.15:6805/24523 -- osd_op(unknown.0.43683:5 6.2d 6:b50e409b:::mds_snaptable:head [read 0~0] snapc 0=[] ondisk+read+known_if_redirected+full_force e24384) v8 -- 0x55c8f19f58c0 con 0 -1614>
2019-11-11 08:53:58.819 7f82e09da700 4 mds.0.journalpointer Reading journal pointer '400.00000000' -1614>
2019-11-11 08:53:58.819 7f82e09da700 1 -- 192.168.200.17:6801/3013182350 --> 192.168.200.19:6805/12258 -- osd_op(unknown.0.43683:6 6.f 6:f1f69726:::400.00000000:head [read 0~0] snapc 0=[] ondisk+read+known_if_redirected+full_force e24384) v8 -- 0x55c8f1a02000 con 0 -1614>
2019-11-11 08:53:58.819 7f82ea477700 2 -- 192.168.200.17:6801/3013182350 >> 192.168.200.17:6806/20250 conn(0x55c8f1909000 :-1 s=STATE_CONNECTING_WAIT_ACK_SEQ pgs=0 cs=0 l=1)._process_connection got newly_acked_seq 0 vs out_seq 0 -1614>
2019-11-11 08:53:58.819 7f82e9475700 2 -- 192.168.200.17:6801/3013182350 >> 192.168.200.15:6805/24523 conn(0x55c8f1908a00 :-1 s=STATE_CONNECTING_WAIT_ACK_SEQ pgs=0 cs=0 l=1)._process_connection got newly_acked_seq 0 vs out_seq 0 -1614>
2019-11-11 08:53:58.823 7f82e9475700 5 -- 192.168.200.17:6801/3013182350 >> 192.168.200.15:6805/24523 conn(0x55c8f1908a00 :-1 s=STATE_OPEN_MESSAGE_READ_FOOTER_AND_DISPATCH pgs=9585 cs=1 l=1). rx osd.1 seq 1 0x55c8f19f58c0 osd_op_reply(1 mds0_inotable [read 0~34] v0'0 uv59412 ondisk = 0) v8 -1614>
2019-11-11 08:53:58.823 7f82e9475700 1 -- 192.168.200.17:6801/3013182350 <== osd.1 192.168.200.15:6805/24523 1 ==== osd_op_reply(1 mds0_inotable [read 0~34] v0'0 uv59412 ondisk = 0) v8 ==== 157+0+34 (1308853741 0 2370312161) 0x55c8f19f58c0 con 0x55c8f1908a00 -1614>
2019-11-11 08:53:58.823 7f82e9475700 5 -- 192.168.200.17:6801/3013182350 >> 192.168.200.15:6805/24523 conn(0x55c8f1908a00 :-1 s=STATE_OPEN_MESSAGE_READ_FOOTER_AND_DISPATCH pgs=9585 cs=1 l=1). rx osd.1 seq 2 0x55c8f19f58c0 osd_op_reply(5 mds_snaptable [read 0~70] v0'0 uv68682 ondisk = 0) v8 -1614>
2019-11-11 08:53:58.823 7f82e9475700 1 -- 192.168.200.17:6801/3013182350 <== osd.1 192.168.200.15:6805/24523 2 ==== osd_op_reply(5 mds_snaptable [read 0~70] v0'0 uv68682 ondisk = 0) v8 ==== 157+0+70 (3181080459 0 294686788) 0x55c8f19f58c0 con 0x55c8f1908a00 -1614>
2019-11-11 08:53:58.823 7f82e9475700 5 -- 192.168.200.17:6801/3013182350 >> 192.168.200.15:6805/24523 conn(0x55c8f1908a00 :-1 s=STATE_OPEN_MESSAGE_READ_FOOTER_AND_DISPATCH pgs=9585 cs=1 l=1). rx osd.1 seq 3 0x55c8f19f58c0 osd_op_reply(2 mds0_sessionmap [omap-get-header,omap-get-vals] v0'0 uv43009 ondisk = 0) v8 -1614>
2019-11-11 08:53:58.823 7f82e9475700 1 -- 192.168.200.17:6801/3013182350 <== osd.1 192.168.200.15:6805/24523 3 ==== osd_op_reply(2 mds0_sessionmap [omap-get-header,omap-get-vals] v0'0 uv43009 ondisk = 0) v8 ==== 201+0+15828 (3924143272 0 827455611) 0x55c8f19f58c0 con 0x55c8f1908a00 -1614>
2019-11-11 08:53:58.827 7f82e9c76700 2 -- 192.168.200.17:6801/3013182350 >> 192.168.200.19:6805/12258 conn(0x55c8f19f6000 :-1 s=STATE_CONNECTING_WAIT_ACK_SEQ pgs=0 cs=0 l=1)._process_connection got newly_acked_seq 0 vs out_seq 0 -1614>
2019-11-11 08:53:58.899 7f82ea477700 5 -- 192.168.200.17:6801/3013182350 >> 192.168.200.17:6806/20250 conn(0x55c8f1909000 :-1 s=STATE_OPEN_MESSAGE_READ_FOOTER_AND_DISPATCH pgs=13952 cs=1 l=1). rx osd.4 seq 1 0x55c8f19f4840 osd_op_reply(3 500.00000000 [read 0~90] v0'0 uv121384 ondisk = 0) v8 -1614>
2019-11-11 08:53:58.899 7f82ea477700 1 -- 192.168.200.17:6801/3013182350 <== osd.4 192.168.200.17:6806/20250 1 ==== osd_op_reply(3 500.00000000 [read 0~90] v0'0 uv121384 ondisk = 0) v8 ==== 156+0+90 (1849907782 0 185399287) 0x55c8f19f4840 con 0x55c8f1909000 -1614>
2019-11-11 08:53:58.899 7f82e21dd700 1 mds.0.journaler.pq(ro) _finish_read_head loghead(trim 62914560, expire 64419343, write 64419343, stream_format 1). probing for end of log (from 64419343)... -1614>
2019-11-11 08:53:58.899 7f82e21dd700 1 mds.0.journaler.pq(ro) probing for end of the log -1614>
2019-11-11 08:53:58.899 7f82e21dd700 1 -- 192.168.200.17:6801/3013182350 --> 192.168.200.17:6806/20250 -- osd_op(unknown.0.43683:7 6.25 6:a64c6dbf:::500.0000000f:head [stat] snapc 0=[] ondisk+read+rwordered+known_if_redirected+full_force e24384) v8 -- 0x55c8f19f5340 con 0 -1614>
2019-11-11 08:53:58.899 7f82e21dd700 1 -- 192.168.200.17:6801/3013182350 --> 192.168.200.19:6805/12258 -- osd_op(unknown.0.43683:8 6.51 6:8a60f78d:::500.00000010:head [stat] snapc 0=[] ondisk+read+rwordered+known_if_redirected+full_force e24384) v8 -- 0x55c8f1a022c0 con 0 -1614>
2019-11-11 08:53:58.899 7f82ea477700 5 -- 192.168.200.17:6801/3013182350 >> 192.168.200.17:6806/20250 conn(0x55c8f1909000 :-1 s=STATE_OPEN_MESSAGE_READ_FOOTER_AND_DISPATCH pgs=13952 cs=1 l=1). rx osd.4 seq 2 0x55c8f19f5340 osd_op_reply(7 500.0000000f [stat] v0'0 uv76271 ondisk = 0) v8 -1614>
2019-11-11 08:53:58.899 7f82ea477700 1 -- 192.168.200.17:6801/3013182350 <== osd.4 192.168.200.17:6806/20250 2 ==== osd_op_reply(7 500.0000000f [stat] v0'0 uv76271 ondisk = 0) v8 ==== 156+0+16 (3965773036 0 3512711234) 0x55c8f19f5340 con 0x55c8f1909000 -1614>
2019-11-11 08:53:58.903 7f82e9c76700 5 -- 192.168.200.17:6801/3013182350 >> 192.168.200.19:6805/12258 conn(0x55c8f19f6000 :-1 s=STATE_OPEN_MESSAGE_READ_FOOTER_AND_DISPATCH pgs=10212 cs=1 l=1). rx osd.5 seq 1 0x55c8f1a022c0 osd_op_reply(6 400.00000000 [read 0~22] v0'0 uv974 ondisk = 0) v8 -1614>
2019-11-11 08:53:58.903 7f82e9c76700 1 -- 192.168.200.17:6801/3013182350 <== osd.5 192.168.200.19:6805/12258 1 ==== osd_op_reply(6 400.00000000 [read 0~22] v0'0 uv974 ondisk = 0) v8 ==== 156+0+22 (3147774418 0 3825830296) 0x55c8f1a022c0 con 0x55c8f19f6000 -1614>
2019-11-11 08:53:58.903 7f82e09da700 1 mds.0.journaler.mdlog(ro) recover start -1614>
2019-11-11 08:53:58.903 7f82e09da700 1 mds.0.journaler.mdlog(ro) read_head -1614>
2019-11-11 08:53:58.903 7f82e9c76700 5 -- 192.168.200.17:6801/3013182350 >> 192.168.200.19:6805/12258 conn(0x55c8f19f6000 :-1 s=STATE_OPEN_MESSAGE_READ_FOOTER_AND_DISPATCH pgs=10212 cs=1 l=1). rx osd.5 seq 2 0x55c8f1a022c0 osd_op_reply(8 500.00000010 [stat] v0'0 uv0 ondisk = -2 ((2) No such file or directory)) v8 -1614>
2019-11-11 08:53:58.903 7f82e09da700 1 -- 192.168.200.17:6801/3013182350 --> 192.168.200.15:6805/24523 -- osd_op(unknown.0.43683:9 6.14 6:292cf221:::200.00000000:head [read 0~0] snapc 0=[] ondisk+read+known_if_redirected+full_force e24384) v8 -- 0x55c8f1a02580 con 0 -1614>
2019-11-11 08:53:58.903 7f82e9c76700 1 -- 192.168.200.17:6801/3013182350 <== osd.5 192.168.200.19:6805/12258 2 ==== osd_op_reply(8 500.00000010 [stat] v0'0 uv0 ondisk = -2 ((2) No such file or directory)) v8 ==== 156+0+0 (4139647802 0 0) 0x55c8f1a022c0 con 0x55c8f19f6000 -1614>
2019-11-11 08:53:58.903 7f82e21dd700 1 mds.0.journaler.pq(ro) _finish_probe_end write_pos = 64419343 (header had 64419343). recovered. -1614>
2019-11-11 08:53:58.903 7f82e21dd700 4 mds.0.purge_queue operator(): open complete -1614>
2019-11-11 08:53:58.903 7f82e21dd700 1 mds.0.journaler.pq(ro) set_writeable -1614>
2019-11-11 08:53:58.903 7f82e09da700 4 mds.0.log Waiting for journal 0x200 to recover... -1614>
2019-11-11 08:53:58.907 7f82e9475700 5 -- 192.168.200.17:6801/3013182350 >> 192.168.200.15:6805/24523 conn(0x55c8f1908a00 :-1 s=STATE_OPEN_MESSAGE_READ_FOOTER_AND_DISPATCH pgs=9585 cs=1 l=1). rx osd.1 seq 4 0x55c8f1a02580 osd_op_reply(9 200.00000000 [read 0~90] v0'0 uv1332128 ondisk = 0) v8 -1614>
2019-11-11 08:53:58.907 7f82ea477700 5 -- 192.168.200.17:6801/3013182350 >> 192.168.200.17:6806/20250 conn(0x55c8f1909000 :-1 s=STATE_OPEN_MESSAGE_READ_FOOTER_AND_DISPATCH pgs=13952 cs=1 l=1). rx osd.4 seq 3 0x55c8f19f5340 osd_op_reply(4 mds0_openfiles.0 [omap-get-header,omap-get-vals] v0'0 uv83513 ondisk = 0) v8 -1614>
2019-11-11 08:53:58.907 7f82e9475700 1 -- 192.168.200.17:6801/3013182350 <== osd.1 192.168.200.15:6805/24523 4 ==== osd_op_reply(9 200.00000000 [read 0~90] v0'0 uv1332128 ondisk = 0) v8 ==== 156+0+90 (1785685203 0 2718200648) 0x55c8f1a02580 con 0x55c8f1908a00 -1614>
2019-11-11 08:53:58.907 7f82ea477700 1 -- 192.168.200.17:6801/3013182350 <== osd.4 192.168.200.17:6806/20250 3 ==== osd_op_reply(4 mds0_openfiles.0 [omap-get-header,omap-get-vals] v0'0 uv83513 ondisk = 0) v8 ==== 202+0+2471 (2164782844 0 3112412379) 0x55c8f19f5340 con 0x55c8f1909000 -1614>
2019-11-11 08:53:58.907 7f82e11db700 1 mds.0.journaler.mdlog(ro) _finish_read_head loghead(trim 33013366784, expire 33017558091, write 33209977525, stream_format 1). probing for end of log (from 33209977525)... -1614>
2019-11-11 08:53:58.907 7f82e11db700 1 mds.0.journaler.mdlog(ro) probing for end of the log -1614>
2019-11-11 08:53:58.907 7f82e11db700 1 -- 192.168.200.17:6801/3013182350 --> 192.168.200.19:6805/12258 -- osd_op(unknown.0.43683:10 6.15 6:a8763251:::200.00001eed:head [stat] snapc 0=[] ondisk+read+rwordered+known_if_redirected+full_force e24384) v8 -- 0x55c8f19f5b80 con 0 -1614>
2019-11-11 08:53:58.907 7f82e11db700 1 -- 192.168.200.17:6801/3013182350 --> 192.168.200.19:6805/12258 -- osd_op(unknown.0.43683:11 6.5 6:a03f7ae4:::200.00001eee:head [stat] snapc 0=[] ondisk+read+rwordered+known_if_redirected+full_force e24384) v8 -- 0x55c8f1a02b00 con 0 -1614>
2019-11-11 08:53:58.907 7f82e9c76700 5 -- 192.168.200.17:6801/3013182350 >> 192.168.200.19:6805/12258 conn(0x55c8f19f6000 :-1 s=STATE_OPEN_MESSAGE_READ_FOOTER_AND_DISPATCH pgs=10212 cs=1 l=1). rx osd.5 seq 3 0x55c8f1a02b00 osd_op_reply(10 200.00001eed [stat] v0'0 uv36994 ondisk = 0) v8 -1614>
2019-11-11 08:53:58.907 7f82e9c76700 1 -- 192.168.200.17:6801/3013182350 <== osd.5 192.168.200.19:6805/12258 3 ==== osd_op_reply(10 200.00001eed [stat] v0'0 uv36994 ondisk = 0) v8 ==== 156+0+16 (3648980019 0 1479361206) 0x55c8f1a02b00 con 0x55c8f19f6000 -1614>
2019-11-11 08:53:58.907 7f82e9c76700 5 -- 192.168.200.17:6801/3013182350 >> 192.168.200.19:6805/12258 conn(0x55c8f19f6000 :-1 s=STATE_OPEN_MESSAGE_READ_FOOTER_AND_DISPATCH pgs=10212 cs=1 l=1). rx osd.5 seq 4 0x55c8f1a02b00 osd_op_reply(11 200.00001eee [stat] v0'0 uv0 ondisk = -2 ((2) No such file or directory)) v8 -1614>
2019-11-11 08:53:58.907 7f82e9c76700 1 -- 192.168.200.17:6801/3013182350 <== osd.5 192.168.200.19:6805/12258 4 ==== osd_op_reply(11 200.00001eee [stat] v0'0 uv0 ondisk = -2 ((2) No such file or directory)) v8 ==== 156+0+0 (3517001852 0 0) 0x55c8f1a02b00 con 0x55c8f19f6000 -1614>
2019-11-11 08:53:58.907 7f82e11db700 1 mds.0.journaler.mdlog(ro) _finish_probe_end write_pos = 33209978317 (header had 33209977525). recovered. -1614>
2019-11-11 08:53:58.907 7f82e09da700 4 mds.0.log Journal 0x200 recovered. -1614>
2019-11-11 08:53:58.907 7f82e09da700 4 mds.0.log Recovered journal 0x200 in format 1 -1614>
2019-11-11 08:53:58.907 7f82e09da700 2 mds.0.43683 boot_start 1: loading/discovering base inodes -1614>
2019-11-11 08:53:58.907 7f82e09da700 0 mds.0.cache creating system inode with ino:0x100 -1614>
2019-11-11 08:53:58.911 7f82e09da700 1 -- 192.168.200.17:6801/3013182350 --> 192.168.200.17:6806/20250 -- osd_op(unknown.0.43683:12 6.33 6:cd5a64a3:::100.00000000:head [getxattr inode] snapc 0=[] ondisk+read+known_if_redirected+full_force e24384) v8 -- 0x55c8f1a02840 con 0 -1614>
2019-11-11 08:53:58.911 7f82e09da700 1 -- 192.168.200.17:6801/3013182350 --> 192.168.200.15:6805/24523 -- osd_op(unknown.0.43683:13 6.3f 6:fe07bba1:::100.00000000.inode:head [read 0~0] snapc 0=[] ondisk+read+known_if_redirected+full_force e24384) v8 -- 0x55c8f1a02000 con 0 -1614>
2019-11-11 08:53:58.911 7f82e09da700 0 mds.0.cache creating system inode with ino:0x1 -1614>
2019-11-11 08:53:58.911 7f82e09da700 1 -- 192.168.200.17:6801/3013182350 --> 192.168.200.15:6805/24523 -- osd_op(unknown.0.43683:14 6.3f 6:ff5b34d6:::1.00000000:head [getxattr inode] snapc 0=[] ondisk+read+known_if_redirected+full_force e24384) v8 -- 0x55c8f19f5b80 con 0 -1614>
2019-11-11 08:53:58.911 7f82e09da700 1 -- 192.168.200.17:6801/3013182350 --> 192.168.200.15:6805/24523 -- osd_op(unknown.0.43683:15 6.14 6:287034c4:::1.00000000.inode:head [read 0~0] snapc 0=[] ondisk+read+known_if_redirected+full_force e24384) v8 -- 0x55c8f1791600 con 0 -1614>
2019-11-11 08:53:58.911 7f82ea477700 5 -- 192.168.200.17:6801/3013182350 >> 192.168.200.17:6806/20250 conn(0x55c8f1909000 :-1 s=STATE_OPEN_MESSAGE_READ_FOOTER_AND_DISPATCH pgs=13952 cs=1 l=1). rx osd.4 seq 4 0x55c8f19f4b00 osd_op_reply(12 100.00000000 [getxattr] v0'0 uv0 ondisk = -61 ((61) No data available)) v8 -1614>
2019-11-11 08:53:58.911 7f82ea477700 1 -- 192.168.200.17:6801/3013182350 <== osd.4 192.168.200.17:6806/20250 4 ==== osd_op_reply(12 100.00000000 [getxattr] v0'0 uv0 ondisk = -61 ((61) No data available)) v8 ==== 156+0+0 (933218970 0 0) 0x55c8f19f4b00 con 0x55c8f1909000 -1614>
2019-11-11 08:53:58.915 7f82e9475700 5 -- 192.168.200.17:6801/3013182350 >> 192.168.200.15:6805/24523 conn(0x55c8f1908a00 :-1 s=STATE_OPEN_MESSAGE_READ_FOOTER_AND_DISPATCH pgs=9585 cs=1 l=1). rx osd.1 seq 5 0x55c8f1791600 osd_op_reply(13 100.00000000.inode [read 0~544] v0'0 uv79071 ondisk = 0) v8 -1614>
2019-11-11 08:53:58.915 7f82e9475700 1 -- 192.168.200.17:6801/3013182350 <== osd.1 192.168.200.15:6805/24523 5 ==== osd_op_reply(13 100.00000000.inode [read 0~544] v0'0 uv79071 ondisk = 0) v8 ==== 162+0+544 (3305494768 0 1233160524) 0x55c8f1791600 con 0x55c8f1908a00 -1614>
2019-11-11 08:53:58.915 7f82e9475700 5 -- 192.168.200.17:6801/3013182350 >> 192.168.200.15:6805/24523 conn(0x55c8f1908a00 :-1 s=STATE_OPEN_MESSAGE_READ_FOOTER_AND_DISPATCH pgs=9585 cs=1 l=1). rx osd.1 seq 6 0x55c8f1791600 osd_op_reply(14 1.00000000 [getxattr] v0'0 uv0 ondisk = -61 ((61) No data available)) v8 -1614>
2019-11-11 08:53:58.915 7f82e9475700 1 -- 192.168.200.17:6801/3013182350 <== osd.1 192.168.200.15:6805/24523 6 ==== osd_op_reply(14 1.00000000 [getxattr] v0'0 uv0 ondisk = -61 ((61) No data available)) v8 ==== 154+0+0 (2348194018 0 0) 0x55c8f1791600 con 0x55c8f1908a00 -1614>
2019-11-11 08:53:58.915 7f82e9475700 5 -- 192.168.200.17:6801/3013182350 >> 192.168.200.15:6805/24523 conn(0x55c8f1908a00 :-1 s=STATE_OPEN_MESSAGE_READ_FOOTER_AND_DISPATCH pgs=9585 cs=1 l=1). rx osd.1 seq 7 0x55c8f1791600 osd_op_reply(15 1.00000000.inode [read 0~544] v0'0 uv1322881 ondisk = 0) v8 -1614>
2019-11-11 08:53:58.915 7f82e9475700 1 -- 192.168.200.17:6801/3013182350 <== osd.1 192.168.200.15:6805/24523 7 ==== osd_op_reply(15 1.00000000.inode [read 0~544] v0'0 uv1322881 ondisk = 0) v8 ==== 160+0+544 (678765850 0 667298071) 0x55c8f1791600 con 0x55c8f1908a00 -1614>
2019-11-11 08:53:58.915 7f82e11db700 2 mds.0.43683 boot_start 2: replaying mds log -1614>
2019-11-11 08:53:58.915 7f82e11db700 2 mds.0.43683 boot_start 2: waiting for purge queue recovered -1614>
2019-11-11 08:53:58.915 7f82df9d8700 1 -- 192.168.200.17:6801/3013182350 --> 192.168.200.19:6805/12258 -- osd_op(unknown.0.43683:16 6.39 6:9c96ae36:::200.00001ebf:head [read 4191307~2997 [fadvise_dontneed]] snapc 0=[] ondisk+read+known_if_redirected+full_force e24384) v8 -- 0x55c8f1a02840 con 0 -1614>
2019-11-11 08:53:58.915 7f82df9d8700 1 -- 192.168.200.17:6801/3013182350 --> 192.168.200.19:6805/12258 -- osd_op(unknown.0.43683:17 6.2c 6:35a3b230:::200.00001ec0:head [read 0~4194304 [fadvise_dontneed]] snapc 0=[] ondisk+read+known_if_redirected+full_force e24384) v8 -- 0x55c8f1a02580 con 0 -1614>
2019-11-11 08:53:58.915 7f82df9d8700 1 -- 192.168.200.17:6801/3013182350 --> 192.168.200.17:6806/20250 -- osd_op(unknown.0.43683:18 6.47 6:e250aaa0:::200.00001ec1:head [read 0~4194304 [fadvise_dontneed]] snapc 0=[] ondisk+read+known_if_redirected+full_force e24384) v8 -- 0x55c8f1a02000 con 0 -1614>
2019-11-11 08:53:58.915 7f82df9d8700 1 -- 192.168.200.17:6801/3013182350 --> 192.168.200.17:6806/20250 -- osd_op(unknown.0.43683:19 6.17 6:e9c7ff81:::200.00001ec2:head [read 0~4194304 [fadvise_dontneed]] snapc 0=[] ondisk+read+known_if_redirected+full_force e24384) v8 -- 0x55c8f1a022c0 con 0 -1614>
2019-11-11 08:53:58.915 7f82df9d8700 1 -- 192.168.200.17:6801/3013182350 --> 192.168.200.15:6805/24523 -- osd_op(unknown.0.43683:20 6.42 6:424fe295:::200.00001ec3:head [read 0~4194304 [fadvise_dontneed]] snapc 0=[] ondisk+read+known_if_redirected+full_force e24384) v8 -- 0x55c8f1a038c0 con 0 -1614>
2019-11-11 08:53:58.915 7f82df9d8700 1 -- 192.168.200.17:6801/3013182350 --> 192.168.200.19:6805/12258 -- osd_op(unknown.0.43683:21 6.54 6:2be44c64:::200.00001ec4:head [read 0~4194304 [fadvise_dontneed]] snapc 0=[] ondisk+read+known_if_redirected+full_force e24384) v8 -- 0x55c8f1a03b80 con 0 -1614>
2019-11-11 08:53:58.915 7f82df9d8700 1 -- 192.168.200.17:6801/3013182350 --> 192.168.200.17:6806/20250 -- osd_op(unknown.0.43683:22 6.25 6:a7e44d1f:::200.00001ec5:head [read 0~4194304 [fadvise_dontneed]] snapc 0=[] ondisk+read+known_if_redirected+full_force e24384) v8 -- 0x55c8f19f58c0 con 0 -1614>
2019-11-11 08:53:58.915 7f82df9d8700 1 -- 192.168.200.17:6801/3013182350 --> 192.168.200.19:6805/12258 -- osd_op(unknown.0.43683:23 6.2c 6:34509b9d:::200.00001ec6:head [read 0~4194304 [fadvise_dontneed]] snapc 0=[] ondisk+read+known_if_redirected+full_force e24384) v8 -- 0x55c8f19f5340 con 0 -1614>
2019-11-11 08:53:58.915 7f82df9d8700 1 -- 192.168.200.17:6801/3013182350 --> 192.168.200.19:6801/12021 -- osd_op(unknown.0.43683:24 6.63 6:c60e2601:::200.00001ec7:head [read 0~4194304 [fadvise_dontneed]] snapc 0=[] ondisk+read+known_if_redirected+full_force e24384) v8 -- 0x55c8f19f4840 con 0 -1614>
2019-11-11 08:53:58.915 7f82df9d8700 1 -- 192.168.200.17:6801/3013182350 --> 192.168.200.19:6805/12258 -- osd_op(unknown.0.43683:25 6.7 6:e1750875:::200.00001ec8:head [read 0~4194304 [fadvise_dontneed]] snapc 0=[] ondisk+read+known_if_redirected+full_force e24384) v8 -- 0x55c8f19f4b00 con 0 -1614>
2019-11-11 08:53:58.915 7f82df9d8700 1 -- 192.168.200.17:6801/3013182350 --> 192.168.200.19:6805/12258 -- osd_op(unknown.0.43683:26 6.34 6:2f48296a:::200.00001ec9:head [read 0~4194304 [fadvise_dontneed]] snapc 0=[] ondisk+read+known_if_redirected+full_force e24384) v8 -- 0x55c8f1a02000 con 0 -1614>
2019-11-11 08:53:58.919 7f82e9475700 2 -- 192.168.200.17:6801/3013182350 >> 192.168.200.19:6801/12021 conn(0x55c8f19f6600 :-1 s=STATE_CONNECTING_WAIT_ACK_SEQ pgs=0 cs=0 l=1)._process_connection got newly_acked_seq 0 vs out_seq 0 -1614>
2019-11-11 08:53:58.935 7f82e9c76700 5 -- 192.168.200.17:6801/3013182350 >> 192.168.200.19:6805/12258 conn(0x55c8f19f6000 :-1 s=STATE_OPEN_MESSAGE_READ_FOOTER_AND_DISPATCH pgs=10212 cs=1 l=1). rx osd.5 seq 5 0x55c8f1a02000 osd_op_reply(16 200.00001ebf [read 4191307~2997 [fadvise_dontneed]] v0'0 uv88964 ondisk = 0) v8 -1614>
2019-11-11 08:53:58.935 7f82e9c76700 1 -- 192.168.200.17:6801/3013182350 <== osd.5 192.168.200.19:6805/12258 5 ==== osd_op_reply(16 200.00001ebf [read 4191307~2997 [fadvise_dontneed]] v0'0 uv88964 ondisk = 0) v8 ==== 156+0+2997 (3892246809 0 2635463391) 0x55c8f1a02000 con 0x55c8f19f6000 -1614>
2019-11-11 08:53:58.999 7f82e9475700 5 -- 192.168.200.17:6801/3013182350 >> 192.168.200.19:6801/12021 conn(0x55c8f19f6600 :-1 s=STATE_OPEN_MESSAGE_READ_FOOTER_AND_DISPATCH pgs=6363 cs=1 l=1). rx osd.3 seq 1 0x55c8f1a038c0 osd_op_reply(24 200.00001ec7 [read 0~4194304 [fadvise_dontneed]] v0'0 uv32228 ondisk = 0) v8 -1614>
2019-11-11 08:53:58.999 7f82e9475700 1 -- 192.168.200.17:6801/3013182350 <== osd.3 192.168.200.19:6801/12021 1 ==== osd_op_reply(24 200.00001ec7 [read 0~4194304 [fadvise_dontneed]] v0'0 uv32228 ondisk = 0) v8 ==== 156+0+4194304 (2264154767 0 3389336695) 0x55c8f1a038c0 con 0x55c8f19f6600 -1614>
2019-11-11 08:53:59.095 7f82e9475700 5 -- 192.168.200.17:6801/3013182350 >> 192.168.200.15:6805/24523 conn(0x55c8f1908a00 :-1 s=STATE_OPEN_MESSAGE_READ_FOOTER_AND_DISPATCH pgs=9585 cs=1 l=1). rx osd.1 seq 8 0x55c8f1a038c0 osd_op_reply(20 200.00001ec3 [read 0~4194304 [fadvise_dontneed]] v0'0 uv35538 ondisk = 0) v8 -1614>
2019-11-11 08:53:59.095 7f82e9475700 1 -- 192.168.200.17:6801/3013182350 <== osd.1 192.168.200.15:6805/24523 8 ==== osd_op_reply(20 200.00001ec3 [read 0~4194304 [fadvise_dontneed]] v0'0 uv35538 ondisk = 0) v8 ==== 156+0+4194304 (2427424887 0 583360852) 0x55c8f1a038c0 con 0x55c8f1908a00 -1614>
2019-11-11 08:53:59.247 7f82e9c76700 5 -- 192.168.200.17:6801/3013182350 >> 192.168.200.19:6805/12258 conn(0x55c8f19f6000 :-1 s=STATE_OPEN_MESSAGE_READ_FOOTER_AND_DISPATCH pgs=10212 cs=1 l=1). rx osd.5 seq 6 0x55c8f1a02000 osd_op_reply(17 200.00001ec0 [read 0~4194304 [fadvise_dontneed]] v0'0 uv59898 ondisk = 0) v8 -1614>
2019-11-11 08:53:59.247 7f82e9c76700 1 -- 192.168.200.17:6801/3013182350 <== osd.5 192.168.200.19:6805/12258 6 ==== osd_op_reply(17 200.00001ec0 [read 0~4194304 [fadvise_dontneed]] v0'0 uv59898 ondisk = 0) v8 ==== 156+0+4194304 (235830388 0 121573961) 0x55c8f1a02000 con 0x55c8f19f6000 -1614>
2019-11-11 08:53:59.247 7f82df9d8700 1 -- 192.168.200.17:6801/3013182350 --> 192.168.200.17:6806/20250 -- osd_op(unknown.0.43683:27 6.35 6:ad314bae:::200.00001eca:head [read 0~4194304 [fadvise_dontneed]] snapc 0=[] ondisk+read+known_if_redirected+full_force e24384) v8 -- 0x55c8f1a022c0 con 0 -1614>
2019-11-11 08:53:59.287 7f82e9c76700 5 -- 192.168.200.17:6801/3013182350 >> 192.168.200.19:6805/12258 conn(0x55c8f19f6000 :-1 s=STATE_OPEN_MESSAGE_READ_FOOTER_AND_DISPATCH pgs=10212 cs=1 l=1). rx osd.5 seq 7 0x55c8f1a02000 osd_op_reply(25 200.00001ec8 [read 0~4194304 [fadvise_dontneed]] v0'0 uv33049 ondisk = 0) v8 -1614>
2019-11-11 08:53:59.287 7f82e9c76700 1 -- 192.168.200.17:6801/3013182350 <== osd.5 192.168.200.19:6805/12258 7 ==== osd_op_reply(25 200.00001ec8 [read 0~4194304 [fadvise_dontneed]] v0'0 uv33049 ondisk = 0) v8 ==== 156+0+4194304 (1454208517 0 3671309179) 0x55c8f1a02000 con 0x55c8f19f6000 -1614>
2019-11-11 08:53:59.491 7f82ea477700 5 -- 192.168.200.17:6801/3013182350 >> 192.168.200.17:6806/20250 conn(0x55c8f1909000 :-1 s=STATE_OPEN_MESSAGE_READ_FOOTER_AND_DISPATCH pgs=13952 cs=1 l=1). rx osd.4 seq 5 0x55c8f1a022c0 osd_op_reply(18 200.00001ec1 [read 0~4194304 [fadvise_dontneed]] v0'0 uv30031 ondisk = 0) v8 -1614>
2019-11-11 08:53:59.491 7f82ea477700 1 -- 192.168.200.17:6801/3013182350 <== osd.4 192.168.200.17:6806/20250 5 ==== osd_op_reply(18 200.00001ec1 [read 0~4194304 [fadvise_dontneed]] v0'0 uv30031 ondisk = 0) v8 ==== 156+0+4194304 (3234537959 0 1395302834) 0x55c8f1a022c0 con 0x55c8f1909000 -1614>
2019-11-11 08:53:59.491 7f82df9d8700 1 -- 192.168.200.17:6801/3013182350 --> 192.168.200.15:6805/24523 -- osd_op(unknown.0.43683:28 6.56 6:6b0e3b9d:::200.00001ecb:head [read 0~4194304 [fadvise_dontneed]] snapc 0=[] ondisk+read+known_if_redirected+full_force e24384) v8 -- 0x55c8f19f4840 con 0 -1614>
2019-11-11 08:53:59.503 7f82e9c76700 5 -- 192.168.200.17:6801/3013182350 >> 192.168.200.19:6805/12258 conn(0x55c8f19f6000 :-1 s=STATE_OPEN_MESSAGE_READ_FOOTER_AND_DISPATCH pgs=10212 cs=1 l=1). rx osd.5 seq 8 0x55c8f1a02000 osd_op_reply(21 200.00001ec4 [read 0~4194304 [fadvise_dontneed]] v0'0 uv32403 ondisk = 0) v8 -1614>
2019-11-11 08:53:59.503 7f82e9c76700 1 -- 192.168.200.17:6801/3013182350 <== osd.5 192.168.200.19:6805/12258 8 ==== osd_op_reply(21 200.00001ec4 [read 0~4194304 [fadvise_dontneed]] v0'0 uv32403 ondisk = 0) v8 ==== 156+0+4194304 (4013279901 0 128011910) 0x55c8f1a02000 con 0x55c8f19f6000 -1614>
2019-11-11 08:53:59.503 7f82e51e3700 4 mgrc reconnect Starting new session with 192.168.200.17:6800/91 -1614>
2019-11-11 08:53:59.503 7f82e51e3700 1 -- 192.168.200.17:6801/3013182350 --> 192.168.200.17:6800/91 -- mgropen(unknown.k8s-node-01) v3 -- 0x55c8f176b500 con 0 -1614>
2019-11-11 08:53:59.507 7f82ea477700 2 -- 192.168.200.17:6801/3013182350 >> 192.168.200.17:6800/91 conn(0x55c8f1908400 :-1 s=STATE_CONNECTING_WAIT_ACK_SEQ pgs=0 cs=0 l=1)._process_connection got newly_acked_seq 0 vs out_seq 0 -1614>
2019-11-11 08:53:59.511 7f82ea477700 5 -- 192.168.200.17:6801/3013182350 >> 192.168.200.17:6806/20250 conn(0x55c8f1909000 :-1 s=STATE_OPEN_MESSAGE_READ_FOOTER_AND_DISPATCH pgs=13952 cs=1 l=1). rx osd.4 seq 6 0x55c8f1a022c0 osd_op_reply(19 200.00001ec2 [read 0~4194304 [fadvise_dontneed]] v0'0 uv35802 ondisk = 0) v8 -1614>
2019-11-11 08:53:59.515 7f82ea477700 1 -- 192.168.200.17:6801/3013182350 <== osd.4 192.168.200.17:6806/20250 6 ==== osd_op_reply(19 200.00001ec2 [read 0~4194304 [fadvise_dontneed]] v0'0 uv35802 ondisk = 0) v8 ==== 156+0+4194304 (2803010705 0 3271073317) 0x55c8f1a022c0 con 0x55c8f1909000 -1614>
2019-11-11 08:53:59.515 7f82ea477700 5 -- 192.168.200.17:6801/3013182350 >> 192.168.200.17:6800/91 conn(0x55c8f1908400 :-1 s=STATE_OPEN_MESSAGE_READ_FOOTER_AND_DISPATCH pgs=444822 cs=1 l=1). rx mgr.1754125 seq 1 0x55c8f35a0000 mgrconfigure(period=5, threshold=5) v2 -1614>
2019-11-11 08:53:59.515 7f82e7471700 1 -- 192.168.200.17:6801/3013182350 <== mgr.1754125 192.168.200.17:6800/91 1 ==== mgrconfigure(period=5, threshold=5) v2 ==== 8+0+0 (3460719617 0 0) 0x55c8f35a0000 con 0x55c8f1908400 -1614>
2019-11-11 08:53:59.515 7f82e7471700 4 mgrc handle_mgr_configure stats_period=5 -1614>
2019-11-11 08:53:59.515 7f82e7471700 1 -- 192.168.200.17:6801/3013182350 --> 192.168.200.17:6800/91 -- mgrreport(unknown.k8s-node-01 +111-0 packed 1374) v6 -- 0x55c8f176b200 con 0 -1614>
2019-11-11 08:53:59.539 7f82ea477700 5 -- 192.168.200.17:6801/3013182350 >> 192.168.200.17:6806/20250 conn(0x55c8f1909000 :-1 s=STATE_OPEN_MESSAGE_READ_FOOTER_AND_DISPATCH pgs=13952 cs=1 l=1). rx osd.4 seq 7 0x55c8f1a022c0 osd_op_reply(22 200.00001ec5 [read 0~4194304 [fadvise_dontneed]] v0'0 uv74584 ondisk = 0) v8 -1614>
2019-11-11 08:53:59.539 7f82ea477700 1 -- 192.168.200.17:6801/3013182350 <== osd.4 192.168.200.17:6806/20250 7 ==== osd_op_reply(22 200.00001ec5 [read 0~4194304 [fadvise_dontneed]] v0'0 uv74584 ondisk = 0) v8 ==== 156+0+4194304 (3529182964 0 4020157265) 0x55c8f1a022c0 con 0x55c8f1909000 -1614>
2019-11-11 08:53:59.591 7f82df9d8700 1 -- 192.168.200.17:6801/3013182350 --> 192.168.200.19:6805/12258 -- osd_op(unknown.0.43683:29 6.3d 6:bed7c08e:::200.00001ecc:head [read 0~4194304 [fadvise_dontneed]] snapc 0=[] ondisk+read+known_if_redirected+full_force e24384) v8 -- 0x55c8f2ac6840 con 0 -1614>
2019-11-11 08:53:59.595 7f82e9c76700 5 -- 192.168.200.17:6801/3013182350 >> 192.168.200.19:6805/12258 conn(0x55c8f19f6000 :-1 s=STATE_OPEN_MESSAGE_READ_FOOTER_AND_DISPATCH pgs=10212 cs=1 l=1). rx osd.5 seq 9 0x55c8f2ac6840 osd_op_reply(26 200.00001ec9 [read 0~4194304 [fadvise_dontneed]] v0'0 uv76305 ondisk = 0) v8 -1614>
2019-11-11 08:53:59.595 7f82e9c76700 1 -- 192.168.200.17:6801/3013182350 <== osd.5 192.168.200.19:6805/12258 9 ==== osd_op_reply(26 200.00001ec9 [read 0~4194304 [fadvise_dontneed]] v0'0 uv76305 ondisk = 0) v8 ==== 156+0+4194304 (2038780945 0 4277249194) 0x55c8f2ac6840 con 0x55c8f19f6000 -1614>
2019-11-11 08:53:59.659 7f82ea477700 5 -- 192.168.200.17:6801/3013182350 >> 192.168.200.17:6806/20250 conn(0x55c8f1909000 :-1 s=STATE_OPEN_MESSAGE_READ_FOOTER_AND_DISPATCH pgs=13952 cs=1 l=1). rx osd.4 seq 8 0x55c8f1a022c0 osd_op_reply(27 200.00001eca [read 0~4194304 [fadvise_dontneed]] v0'0 uv58091 ondisk = 0) v8 -1614>
2019-11-11 08:53:59.659 7f82ea477700 1 -- 192.168.200.17:6801/3013182350 <== osd.4 192.168.200.17:6806/20250 8 ==== osd_op_reply(27 200.00001eca [read 0~4194304 [fadvise_dontneed]] v0'0 uv58091 ondisk = 0) v8 ==== 156+0+4194304 (3529593770 0 1563593434) 0x55c8f1a022c0 con 0x55c8f1909000 -1614>
2019-11-11 08:53:59.683 7f82df9d8700 1 -- 192.168.200.17:6801/3013182350 --> 192.168.200.15:6805/24523 -- osd_op(unknown.0.43683:30 6.5b 6:dab203d3:::200.00001ecd:head [read 0~4194304 [fadvise_dontneed]] snapc 0=[] ondisk+read+known_if_redirected+full_force e24384) v8 -- 0x55c8f2ac7080 con 0 -1614>
2019-11-11 08:53:59.747 7f82e9c76700 5 -- 192.168.200.17:6801/3013182350 >> 192.168.200.19:6805/12258 conn(0x55c8f19f6000 :-1 s=STATE_OPEN_MESSAGE_READ_FOOTER_AND_DISPATCH pgs=10212 cs=1 l=1). rx osd.5 seq 10 0x55c8f2ac6840 osd_op_reply(23 200.00001ec6 [read 0~4194304 [fadvise_dontneed]] v0'0 uv59925 ondisk = 0) v8 -1614>
2019-11-11 08:53:59.747 7f82e9c76700 1 -- 192.168.200.17:6801/3013182350 <== osd.5 192.168.200.19:6805/12258 10 ==== osd_op_reply(23 200.00001ec6 [read 0~4194304 [fadvise_dontneed]] v0'0 uv59925 ondisk = 0) v8 ==== 156+0+4194304 (1422154373 0 915352419) 0x55c8f2ac6840 con 0x55c8f19f6000 -1614>
2019-11-11 08:53:59.783 7f82df9d8700 1 -- 192.168.200.17:6801/3013182350 --> 192.168.200.15:6805/24523 -- osd_op(unknown.0.43683:31 6.1f 6:f94beeba:::200.00001ece:head [read 0~4194304 [fadvise_dontneed]] snapc 0=[] ondisk+read+known_if_redirected+full_force e24384) v8 -- 0x55c8f2ac6580 con 0 -1614>
2019-11-11 08:53:59.811 7f82e9475700 5 -- 192.168.200.17:6801/3013182350 >> 192.168.200.15:6805/24523 conn(0x55c8f1908a00 :-1 s=STATE_OPEN_MESSAGE_READ_FOOTER_AND_DISPATCH pgs=9585 cs=1 l=1). rx osd.1 seq 9 0x55c8f2ac6580 osd_op_reply(28 200.00001ecb [read 0~4194304 [fadvise_dontneed]] v0'0 uv36300 ondisk = 0) v8 -1614>
2019-11-11 08:53:59.811 7f82e9475700 1 -- 192.168.200.17:6801/3013182350 <== osd.1 192.168.200.15:6805/24523 9 ==== osd_op_reply(28 200.00001ecb [read 0~4194304 [fadvise_dontneed]] v0'0 uv36300 ondisk = 0) v8 ==== 156+0+4194304 (1017715875 0 150218771) 0x55c8f2ac6580 con 0x55c8f1908a00 -1614>
2019-11-11 08:53:59.879 7f82e9c76700 5 -- 192.168.200.17:6801/3013182350 >> 192.168.200.19:6805/12258 conn(0x55c8f19f6000 :-1 s=STATE_OPEN_MESSAGE_READ_FOOTER_AND_DISPATCH pgs=10212 cs=1 l=1). rx osd.5 seq 11 0x55c8f2ac6840 osd_op_reply(29 200.00001ecc [read 0~4194304 [fadvise_dontneed]] v0'0 uv88595 ondisk = 0) v8 -1614>
2019-11-11 08:53:59.879 7f82e9c76700 1 -- 192.168.200.17:6801/3013182350 <== osd.5 192.168.200.19:6805/12258 11 ==== osd_op_reply(29 200.00001ecc [read 0~4194304 [fadvise_dontneed]] v0'0 uv88595 ondisk = 0) v8 ==== 156+0+4194304 (3801606987 0 3873878317) 0x55c8f2ac6840 con 0x55c8f19f6000 -1614>
2019-11-11 08:53:59.883 7f82df9d8700 1 -- 192.168.200.17:6801/3013182350 --> 192.168.200.17:6806/20250 -- osd_op(unknown.0.43683:32 6.5d 6:ba600e0b:::200.00001ecf:head [read 0~4194304 [fadvise_dontneed]] snapc 0=[] ondisk+read+known_if_redirected+full_force e24384) v8 -- 0x55c8f2ac6000 con 0 -1614>
2019-11-11 08:53:59.959 7f82df9d8700 1 -- 192.168.200.17:6801/3013182350 --> 192.168.200.19:6805/12258 -- osd_op(unknown.0.43683:33 6.5c 6:3ae49781:::200.00001ed0:head [read 0~4194304 [fadvise_dontneed]] snapc 0=[] ondisk+read+known_if_redirected+full_force e24384) v8 -- 0x55c8f19f5b80 con 0 -1614>
2019-11-11 08:54:00.039 7f82df9d8700 1 -- 192.168.200.17:6801/3013182350 --> 192.168.200.19:6805/12258 -- osd_op(unknown.0.43683:34 6.2c 6:35096768:::200.00001ed1:head [read 0~4194304 [fadvise_dontneed]] snapc 0=[] ondisk+read+known_if_redirected+full_force e24384) v8 -- 0x55c8f19f5340 con 0 -1614>
2019-11-11 08:54:00.115 7f82df9d8700 1 -- 192.168.200.17:6801/3013182350 --> 192.168.200.19:6805/12258 -- osd_op(unknown.0.43683:35 6.39 6:9cc82f3f:::200.00001ed2:head [read 0~4194304 [fadvise_dontneed]] snapc 0=[] ondisk+read+known_if_redirected+full_force e24384) v8 -- 0x55c8f2ac7340 con 0 -1614>
2019-11-11 08:54:00.187 7f82df9d8700 1 -- 192.168.200.17:6801/3013182350 --> 192.168.200.19:6805/12258 -- osd_op(unknown.0.43683:36 6.a 6:50660169:::200.00001ed3:head [read 0~4194304 [fadvise_dontneed]] snapc 0=[] ondisk+read+known_if_redirected+full_force e24384) v8 -- 0x55c8f2ac6b00 con 0 -1614>
2019-11-11 08:54:00.259 7f82e9c76700 5 -- 192.168.200.17:6801/3013182350 >> 192.168.200.19:6805/12258 conn(0x55c8f19f6000 :-1 s=STATE_OPEN_MESSAGE_READ_FOOTER_AND_DISPATCH pgs=10212 cs=1 l=1). rx osd.5 seq 12 0x55c8f2ac6b00 osd_op_reply(33 200.00001ed0 [read 0~4194304 [fadvise_dontneed]] v0'0 uv40793 ondisk = 0) v8 -1614>
2019-11-11 08:54:00.263 7f82e9c76700 1 -- 192.168.200.17:6801/3013182350 <== osd.5 192.168.200.19:6805/12258 12 ==== osd_op_reply(33 200.00001ed0 [read 0~4194304 [fadvise_dontneed]] v0'0 uv40793 ondisk = 0) v8 ==== 156+0+4194304 (1904389926 0 2205248570) 0x55c8f2ac6b00 con 0x55c8f19f6000 -1614>
2019-11-11 08:54:00.263 7f82df9d8700 1 -- 192.168.200.17:6801/3013182350 --> 192.168.200.17:6806/20250 -- osd_op(unknown.0.43683:37 6.26 6:642c7156:::200.00001ed4:head [read 0~4194304 [fadvise_dontneed]] snapc 0=[] ondisk+read+known_if_redirected+full_force e24384) v8 -- 0x55c8f2ac7080 con 0 -1614>
2019-11-11 08:54:00.335 7f82df9d8700 1 -- 192.168.200.17:6801/3013182350 --> 192.168.200.19:6805/12258 -- osd_op(unknown.0.43683:38 6.24 6:26ed0d4a:::200.00001ed5:head [read 0~4194304 [fadvise_dontneed]] snapc 0=[] ondisk+read+known_if_redirected+full_force e24384) v8 -- 0x55c8f19f4840 con 0 -1614>
2019-11-11 08:54:00.343 7f82ea477700 5 -- 192.168.200.17:6801/3013182350 >> 192.168.200.17:6806/20250 conn(0x55c8f1909000 :-1 s=STATE_OPEN_MESSAGE_READ_FOOTER_AND_DISPATCH pgs=13952 cs=1 l=1). rx osd.4 seq 9 0x55c8f2ac7080 osd_op_reply(32 200.00001ecf [read 0~4194304 [fadvise_dontneed]] v0'0 uv42371 ondisk = 0) v8 -1614>
2019-11-11 08:54:00.343 7f82ea477700 1 -- 192.168.200.17:6801/3013182350 <== osd.4 192.168.200.17:6806/20250 9 ==== osd_op_reply(32 200.00001ecf [read 0~4194304 [fadvise_dontneed]] v0'0 uv42371 ondisk = 0) v8 ==== 156+0+4194304 (3719737783 0 937541238) 0x55c8f2ac7080 con 0x55c8f1909000 -1614>
2019-11-11 08:54:00.411 7f82df9d8700 1 -- 192.168.200.17:6801/3013182350 --> 192.168.200.19:6805/12258 -- osd_op(unknown.0.43683:39 6.32 6:4fa4d314:::200.00001ed6:head [read 0~4194304 [fadvise_dontneed]] snapc 0=[] ondisk+read+known_if_redirected+full_force e24384) v8 -- 0x55c8f2ac62c0 con 0 -1614>
2019-11-11 08:54:00.431 7f82e9475700 5 -- 192.168.200.17:6801/3013182350 >> 192.168.200.15:6805/24523 conn(0x55c8f1908a00 :-1 s=STATE_OPEN_MESSAGE_READ_FOOTER_AND_DISPATCH pgs=9585 cs=1 l=1). rx osd.1 seq 10 0x55c8f2ac6580 osd_op_reply(30 200.00001ecd [read 0~4194304 [fadvise_dontneed]] v0'0 uv35517 ondisk = 0) v8 -1614>
2019-11-11 08:54:00.431 7f82e9475700 1 -- 192.168.200.17:6801/3013182350 <== osd.1 192.168.200.15:6805/24523 10 ==== osd_op_reply(30 200.00001ecd [read 0~4194304 [fadvise_dontneed]] v0'0 uv35517 ondisk = 0) v8 ==== 156+0+4194304 (3298834018 0 1145050672) 0x55c8f2ac6580 con 0x55c8f1908a00 -1614>
2019-11-11 08:54:00.483 7f82df9d8700 1 -- 192.168.200.17:6801/3013182350 --> 192.168.200.19:6805/12258 -- osd_op(unknown.0.43683:40 6.34 6:2da236a2:::200.00001ed7:head [read 0~4194304 [fadvise_dontneed]] snapc 0=[] ondisk+read+known_if_redirected+full_force e24384) v8 -- 0x55c8f2ac6dc0 con 0 -1614>
2019-11-11 08:54:00.539 7f82e9c76700 5 -- 192.168.200.17:6801/3013182350 >> 192.168.200.19:6805/12258 conn(0x55c8f19f6000 :-1 s=STATE_OPEN_MESSAGE_READ_FOOTER_AND_DISPATCH pgs=10212 cs=1 l=1). rx osd.5 seq 13 0x55c8f2ac6dc0 osd_op_reply(34 200.00001ed1 [read 0~4194304 [fadvise_dontneed]] v0'0 uv61317 ondisk = 0) v8 -1614>
2019-11-11 08:54:00.539 7f82e9c76700 1 -- 192.168.200.17:6801/3013182350 <== osd.5 192.168.200.19:6805/12258 13 ==== osd_op_reply(34 200.00001ed1 [read 0~4194304 [fadvise_dontneed]] v0'0 uv61317 ondisk = 0) v8 ==== 156+0+4194304 (4035352023 0 1620268375) 0x55c8f2ac6dc0 con 0x55c8f19f6000 -1614>
2019-11-11 08:54:00.803 7f82ea477700 5 -- 192.168.200.17:6801/3013182350 >> 192.168.200.17:6806/20250 conn(0x55c8f1909000 :-1 s=STATE_OPEN_MESSAGE_READ_FOOTER_AND_DISPATCH pgs=13952 cs=1 l=1). rx osd.4 seq 10 0x55c8f2ac7080 osd_op_reply(37 200.00001ed4 [read 0~4194304 [fadvise_dontneed]] v0'0 uv80695 ondisk = 0) v8 -1614>
2019-11-11 08:54:00.803 7f82ea477700 1 -- 192.168.200.17:6801/3013182350 <== osd.4 192.168.200.17:6806/20250 10 ==== osd_op_reply(37 200.00001ed4 [read 0~4194304 [fadvise_dontneed]] v0'0 uv80695 ondisk = 0) v8 ==== 156+0+4194304 (4139690563 0 3530924944) 0x55c8f2ac7080 con 0x55c8f1909000 -1614>
2019-11-11 08:54:00.807 7f82e9c76700 5 -- 192.168.200.17:6801/3013182350 >> 192.168.200.19:6805/12258 conn(0x55c8f19f6000 :-1 s=STATE_OPEN_MESSAGE_READ_FOOTER_AND_DISPATCH pgs=10212 cs=1 l=1). rx osd.5 seq 14 0x55c8f2ac6dc0 osd_op_reply(36 200.00001ed3 [read 0~4194304 [fadvise_dontneed]] v0'0 uv34980 ondisk = 0) v8 -1614>
2019-11-11 08:54:00.807 7f82e9c76700 1 -- 192.168.200.17:6801/3013182350 <== osd.5 192.168.200.19:6805/12258 14 ==== osd_op_reply(36 200.00001ed3 [read 0~4194304 [fadvise_dontneed]] v0'0 uv34980 ondisk = 0) v8 ==== 156+0+4194304 (3681396445 0 3820517588) 0x55c8f2ac6dc0 con 0x55c8f19f6000 -1614>
2019-11-11 08:54:00.847 7f82e9c76700 5 -- 192.168.200.17:6801/3013182350 >> 192.168.200.19:6805/12258 conn(0x55c8f19f6000 :-1 s=STATE_OPEN_MESSAGE_READ_FOOTER_AND_DISPATCH pgs=10212 cs=1 l=1). rx osd.5 seq 15 0x55c8f2ac6dc0 osd_op_reply(35 200.00001ed2 [read 0~4194304 [fadvise_dontneed]] v0'0 uv90380 ondisk = 0) v8 -1614>
2019-11-11 08:54:00.847 7f82e9c76700 1 -- 192.168.200.17:6801/3013182350 <== osd.5 192.168.200.19:6805/12258 15 ==== osd_op_reply(35 200.00001ed2 [read 0~4194304 [fadvise_dontneed]] v0'0 uv90380 ondisk = 0) v8 ==== 156+0+4194304 (2591936585 0 2656011774) 0x55c8f2ac6dc0 con 0x55c8f19f6000 -1614>
2019-11-11 08:54:00.943 7f82e9c76700 5 -- 192.168.200.17:6801/3013182350 >> 192.168.200.19:6805/12258 conn(0x55c8f19f6000 :-1 s=STATE_OPEN_MESSAGE_READ_FOOTER_AND_DISPATCH pgs=10212 cs=1 l=1). rx osd.5 seq 16 0x55c8f2ac6dc0 osd_op_reply(38 200.00001ed5 [read 0~4194304 [fadvise_dontneed]] v0'0 uv68742 ondisk = 0) v8 -1614>
2019-11-11 08:54:00.943 7f82e9c76700 1 -- 192.168.200.17:6801/3013182350 <== osd.5 192.168.200.19:6805/12258 16 ==== osd_op_reply(38 200.00001ed5 [read 0~4194304 [fadvise_dontneed]] v0'0 uv68742 ondisk = 0) v8 ==== 156+0+4194304 (2143810637 0 1631669900) 0x55c8f2ac6dc0 con 0x55c8f19f6000 -1614>
2019-11-11 08:54:00.947 7f82e9475700 5 -- 192.168.200.17:6801/3013182350 >> 192.168.200.15:6805/24523 conn(0x55c8f1908a00 :-1 s=STATE_OPEN_MESSAGE_READ_FOOTER_AND_DISPATCH pgs=9585 cs=1 l=1). rx osd.1 seq 11 0x55c8f2ac6580 osd_op_reply(31 200.00001ece [read 0~4194304 [fadvise_dontneed]] v0'0 uv45520 ondisk = 0) v8 -1614>
2019-11-11 08:54:00.947 7f82e9475700 1 -- 192.168.200.17:6801/3013182350 <== osd.1 192.168.200.15:6805/24523 11 ==== osd_op_reply(31 200.00001ece [read 0~4194304 [fadvise_dontneed]] v0'0 uv45520 ondisk = 0) v8 ==== 156+0+4194304 (3789725794 0 852305962) 0x55c8f2ac6580 con 0x55c8f1908a00 -1614>
2019-11-11 08:54:00.951 7f82df9d8700 1 -- 192.168.200.17:6801/3013182350 --> 192.168.200.19:6805/12258 -- osd_op(unknown.0.43683:41 6.32 6:4da6cd2c:::200.00001ed8:head [read 0~4194304 [fadvise_dontneed]] snapc 0=[] ondisk+read+known_if_redirected+full_force e24384) v8 -- 0x55c8f2ac6840 con 0 -1614>
2019-11-11 08:54:01.035 7f82df9d8700 1 -- 192.168.200.17:6801/3013182350 --> 192.168.200.19:6805/12258 -- osd_op(unknown.0.43683:42 6.54 6:2ada770a:::200.00001ed9:head [read 0~4194304 [fadvise_dontneed]] snapc 0=[] ondisk+read+known_if_redirected+full_force e24384) v8 -- 0x55c8f1a02580 con 0 -1614>
2019-11-11 08:54:01.119 7f82df9d8700 1 -- 192.168.200.17:6801/3013182350 --> 192.168.200.15:6805/24523 -- osd_op(unknown.0.43683:43 6.4c 6:33fe30a9:::200.00001eda:head [read 0~4194304 [fadvise_dontneed]] snapc 0=[] ondisk+read+known_if_redirected+full_force e24384) v8 -- 0x55c8f1a03b80 con 0 -1614>
2019-11-11 08:54:01.187 7f82e9c76700 5 -- 192.168.200.17:6801/3013182350 >> 192.168.200.19:6805/12258 conn(0x55c8f19f6000 :-1 s=STATE_OPEN_MESSAGE_READ_FOOTER_AND_DISPATCH pgs=10212 cs=1 l=1). rx osd.5 seq 17 0x55c8f1a02580 osd_op_reply(39 200.00001ed6 [read 0~4194304 [fadvise_dontneed]] v0'0 uv73340 ondisk = 0) v8 -1614>
2019-11-11 08:54:01.187 7f82e9c76700 1 -- 192.168.200.17:6801/3013182350 <== osd.5 192.168.200.19:6805/12258 17 ==== osd_op_reply(39 200.00001ed6 [read 0~4194304 [fadvise_dontneed]] v0'0 uv73340 ondisk = 0) v8 ==== 156+0+4194304 (1692889271 0 3536306776) 0x55c8f1a02580 con 0x55c8f19f6000 -1614>
2019-11-11 08:54:01.203 7f82df9d8700 1 -- 192.168.200.17:6801/3013182350 --> 192.168.200.15:6805/24523 -- osd_op(unknown.0.43683:44 6.2f 6:f40177de:::200.00001edb:head [read 0~4194304 [fadvise_dontneed]] snapc 0=[] ondisk+read+known_if_redirected+full_force e24384) v8 -- 0x55c8f1a02b00 con 0 -1614>
2019-11-11 08:54:01.263 7f82e9c76700 5 -- 192.168.200.17:6801/3013182350 >> 192.168.200.19:6805/12258 conn(0x55c8f19f6000 :-1 s=STATE_OPEN_MESSAGE_READ_FOOTER_AND_DISPATCH pgs=10212 cs=1 l=1). rx osd.5 seq 18 0x55c8f1a02580 osd_op_reply(40 200.00001ed7 [read 0~4194304 [fadvise_dontneed]] v0'0 uv78116 ondisk = 0) v8 -1614>
2019-11-11 08:54:01.263 7f82e9c76700 1 -- 192.168.200.17:6801/3013182350 <== osd.5 192.168.200.19:6805/12258 18 ==== osd_op_reply(40 200.00001ed7 [read 0~4194304 [fadvise_dontneed]] v0'0 uv78116 ondisk = 0) v8 ==== 156+0+4194304 (3170585643 0 742479174) 0x55c8f1a02580 con 0x55c8f19f6000 -1614>
2019-11-11 08:54:01.279 7f82df9d8700 1 -- 192.168.200.17:6801/3013182350 --> 192.168.200.15:6805/24523 -- osd_op(unknown.0.43683:45 6.6 6:601443b2:::200.00001edc:head [read 0~4194304 [fadvise_dontneed]] snapc 0=[] ondisk+read+known_if_redirected+full_force e24384) v8 -- 0x55c8f2ac7600 con 0 -1614>
2019-11-11 08:54:01.351 7f82df9d8700 1 -- 192.168.200.17:6801/3013182350 --> 192.168.200.19:6805/12258 -- osd_op(unknown.0.43683:46 6.3d 6:bc1d2bb0:::200.00001edd:head [read 0~4194304 [fadvise_dontneed]] snapc 0=[] ondisk+read+known_if_redirected+full_force e24384) v8 -- 0x55c8f2ac7b80 con 0 -1614>
2019-11-11 08:54:01.427 7f82df9d8700 1 -- 192.168.200.17:6801/3013182350 --> 192.168.200.19:6805/12258 -- osd_op(unknown.0.43683:47 6.3d 6:bdbfd417:::200.00001ede:head [read 0~4194304 [fadvise_dontneed]] snapc 0=[] ondisk+read+known_if_redirected+full_force e24384) v8 -- 0x55c8f2ac7340 con 0 -1614>
2019-11-11 08:54:01.495 7f82e9c76700 5 -- 192.168.200.17:6801/3013182350 >> 192.168.200.19:6805/12258 conn(0x55c8f19f6000 :-1 s=STATE_OPEN_MESSAGE_READ_FOOTER_AND_DISPATCH pgs=10212 cs=1 l=1). rx osd.5 seq 19 0x55c8f2ac7340 osd_op_reply(42 200.00001ed9 [read 0~4194304 [fadvise_dontneed]] v0'0 uv33829 ondisk = 0) v8 -1614>
2019-11-11 08:54:01.495 7f82e9c76700 1 -- 192.168.200.17:6801/3013182350 <== osd.5 192.168.200.19:6805/12258 19 ==== osd_op_reply(42 200.00001ed9 [read 0~4194304 [fadvise_dontneed]] v0'0 uv33829 ondisk = 0) v8 ==== 156+0+4194304 (833156239 0 342787056) 0x55c8f2ac7340 con 0x55c8f19f6000 -1614>
2019-11-11 08:54:01.499 7f82df9d8700 1 -- 192.168.200.17:6801/3013182350 --> 192.168.200.19:6805/12258 -- osd_op(unknown.0.43683:48 6.3b 6:de40b110:::200.00001edf:head [read 0~4194304 [fadvise_dontneed]] snapc 0=[] ondisk+read+known_if_redirected+full_force e24384) v8 -- 0x55c8f1a02000 con 0 -1614>
2019-11-11 08:54:01.575 7f82df9d8700 1 -- 192.168.200.17:6801/3013182350 --> 192.168.200.19:6801/12021 -- osd_op(unknown.0.43683:49 6.1c 6:39989f6c:::200.00001ee0:head [read 0~4194304 [fadvise_dontneed]] snapc 0=[] ondisk+read+known_if_redirected+full_force e24384) v8 -- 0x55c8f19f4b00 con 0 -1614>
2019-11-11 08:54:01.627 7f82e9c76700 5 -- 192.168.200.17:6801/3013182350 >> 192.168.200.19:6805/12258 conn(0x55c8f19f6000 :-1 s=STATE_OPEN_MESSAGE_READ_FOOTER_AND_DISPATCH pgs=10212 cs=1 l=1). rx osd.5 seq 20 0x55c8f1a02000 osd_op_reply(41 200.00001ed8 [read 0~4194304 [fadvise_dontneed]] v0'0 uv74659 ondisk = 0) v8 -1614>
2019-11-11 08:54:01.627 7f82e9c76700 1 -- 192.168.200.17:6801/3013182350 <== osd.5 192.168.200.19:6805/12258 20 ==== osd_op_reply(41 200.00001ed8 [read 0~4194304 [fadvise_dontneed]] v0'0 uv74659 ondisk = 0) v8 ==== 156+0+4194304 (433630383 0 23600393) 0x55c8f1a02000 con 0x55c8f19f6000 -1614>
2019-11-11 08:54:01.651 7f82df9d8700 1 -- 192.168.200.17:6801/3013182350 --> 192.168.200.19:6805/12258 -- osd_op(unknown.0.43683:50 6.39 6:9f1e4369:::200.00001ee1:head [read 0~4194304 [fadvise_dontneed]] snapc 0=[] ondisk+read+known_if_redirected+full_force e24384) v8 -- 0x55c8f2ac78c0 con 0 -1614>
2019-11-11 08:54:01.655 7f82e9475700 5 -- 192.168.200.17:6801/3013182350 >> 192.168.200.19:6801/12021 conn(0x55c8f19f6600 :-1 s=STATE_OPEN_MESSAGE_READ_FOOTER_AND_DISPATCH pgs=6363 cs=1 l=1). rx osd.3 seq 2 0x55c8f19f4b00 osd_op_reply(49 200.00001ee0 [read 0~4194304 [fadvise_dontneed]] v0'0 uv27219 ondisk = 0) v8 -1614>
2019-11-11 08:54:01.655 7f82e9475700 1 -- 192.168.200.17:6801/3013182350 <== osd.3 192.168.200.19:6801/12021 2 ==== osd_op_reply(49 200.00001ee0 [read 0~4194304 [fadvise_dontneed]] v0'0 uv27219 ondisk = 0) v8 ==== 156+0+4194304 (292948708 0 1712739379) 0x55c8f19f4b00 con 0x55c8f19f6600 -1614>
2019-11-11 08:54:01.727 7f82df9d8700 1 -- 192.168.200.17:6801/3013182350 --> 192.168.200.19:6805/12258 -- osd_op(unknown.0.43683:51 6.2b 6:d75ef202:::200.00001ee2:head [read 0~4194304 [fadvise_dontneed]] snapc 0=[] ondisk+read+known_if_redirected+full_force e24384) v8 -- 0x55c8f2ac6b00 con 0 -1614>
2019-11-11 08:54:01.799 7f82df9d8700 1 -- 192.168.200.17:6801/3013182350 --> 192.168.200.19:6805/12258 -- osd_op(unknown.0.43683:52 6.37 6:ee598252:::200.00001ee3:head [read 0~4194304 [fadvise_dontneed]] snapc 0=[] ondisk+read+known_if_redirected+full_force e24384) v8 -- 0x55c8f19f5340 con 0 -1614>
2019-11-11 08:54:01.867 7f82e9c76700 5 -- 192.168.200.17:6801/3013182350 >> 192.168.200.19:6805/12258 conn(0x55c8f19f6000 :-1 s=STATE_OPEN_MESSAGE_READ_FOOTER_AND_DISPATCH pgs=10212 cs=1 l=1). rx osd.5 seq 21 0x55c8f19f5340 osd_op_reply(46 200.00001edd [read 0~4194304 [fadvise_dontneed]] v0'0 uv89661 ondisk = 0) v8 -1614>
2019-11-11 08:54:01.867 7f82e9c76700 1 -- 192.168.200.17:6801/3013182350 <== osd.5 192.168.200.19:6805/12258 21 ==== osd_op_reply(46 200.00001edd [read 0~4194304 [fadvise_dontneed]] v0'0 uv89661 ondisk = 0) v8 ==== 156+0+4194304 (2103612218 0 1352966362) 0x55c8f19f5340 con 0x55c8f19f6000 -1614>
2019-11-11 08:54:02.159 7f82e9c76700 5 -- 192.168.200.17:6801/3013182350 >> 192.168.200.19:6805/12258 conn(0x55c8f19f6000 :-1 s=STATE_OPEN_MESSAGE_READ_FOOTER_AND_DISPATCH pgs=10212 cs=1 l=1). rx osd.5 seq 22 0x55c8f19f5340 osd_op_reply(48 200.00001edf [read 0~4194304 [fadvise_dontneed]] v0'0 uv71835 ondisk = 0) v8 -1614>
2019-11-11 08:54:02.159 7f82e9c76700 1 -- 192.168.200.17:6801/3013182350 <== osd.5 192.168.200.19:6805/12258 22 ==== osd_op_reply(48 200.00001edf [read 0~4194304 [fadvise_dontneed]] v0'0 uv71835 ondisk = 0) v8 ==== 156+0+4194304 (3042292197 0 408330945) 0x55c8f19f5340 con 0x55c8f19f6000 -1614>
2019-11-11 08:54:02.260 7f82e9475700 5 -- 192.168.200.17:6801/3013182350 >> 192.168.200.15:6805/24523 conn(0x55c8f1908a00 :-1 s=STATE_OPEN_MESSAGE_READ_FOOTER_AND_DISPATCH pgs=9585 cs=1 l=1). rx osd.1 seq 12 0x55c8f19f4b00 osd_op_reply(44 200.00001edb [read 0~4194304 [fadvise_dontneed]] v0'0 uv78368 ondisk = 0) v8 -1614>
2019-11-11 08:54:02.260 7f82e9475700 1 -- 192.168.200.17:6801/3013182350 <== osd.1 192.168.200.15:6805/24523 12 ==== osd_op_reply(44 200.00001edb [read 0~4194304 [fadvise_dontneed]] v0'0 uv78368 ondisk = 0) v8 ==== 156+0+4194304 (3097216392 0 133231095) 0x55c8f19f4b00 con 0x55c8f1908a00 -1614>
2019-11-11 08:54:02.380 7f82e9c76700 5 -- 192.168.200.17:6801/3013182350 >> 192.168.200.19:6805/12258 conn(0x55c8f19f6000 :-1 s=STATE_OPEN_MESSAGE_READ_FOOTER_AND_DISPATCH pgs=10212 cs=1 l=1). rx osd.5 seq 23 0x55c8f19f5340 osd_op_reply(50 200.00001ee1 [read 0~4194304 [fadvise_dontneed]] v0'0 uv91372 ondisk = 0) v8 -1614>
2019-11-11 08:54:02.380 7f82e9c76700 1 -- 192.168.200.17:6801/3013182350 <== osd.5 192.168.200.19:6805/12258 23 ==== osd_op_reply(50 200.00001ee1 [read 0~4194304 [fadvise_dontneed]] v0'0 uv91372 ondisk = 0) v8 ==== 156+0+4194304 (337049758 0 2448890689) 0x55c8f19f5340 con 0x55c8f19f6000 -1614>
2019-11-11 08:54:02.424 7f82e9475700 5 -- 192.168.200.17:6801/3013182350 >> 192.168.200.15:6805/24523 conn(0x55c8f1908a00 :-1 s=STATE_OPEN_MESSAGE_READ_FOOTER_AND_DISPATCH pgs=9585 cs=1 l=1). rx osd.1 seq 13 0x55c8f19f4b00 osd_op_reply(43 200.00001eda [read 0~4194304 [fadvise_dontneed]] v0'0 uv31579 ondisk = 0) v8 -1614>
2019-11-11 08:54:02.424 7f82e9475700 1 -- 192.168.200.17:6801/3013182350 <== osd.1 192.168.200.15:6805/24523 13 ==== osd_op_reply(43 200.00001eda [read 0~4194304 [fadvise_dontneed]] v0'0 uv31579 ondisk = 0) v8 ==== 156+0+4194304 (3428439313 0 1245400058) 0x55c8f19f4b00 con 0x55c8f1908a00 -1614>
2019-11-11 08:54:02.424 7f82df9d8700 1 -- 192.168.200.17:6801/3013182350 --> 192.168.200.17:6806/20250 -- osd_op(unknown.0.43683:53 6.38 6:1f27801f:::200.00001ee4:head [read 0~4194304 [fadvise_dontneed]] snapc 0=[] ondisk+read+known_if_redirected+full_force e24384) v8 -- 0x55c8f36c6000 con 0 -1614>
2019-11-11 08:54:02.448 7f82e9c76700 5 -- 192.168.200.17:6801/3013182350 >> 192.168.200.19:6805/12258 conn(0x55c8f19f6000 :-1 s=STATE_OPEN_MESSAGE_READ_FOOTER_AND_DISPATCH pgs=10212 cs=1 l=1). rx osd.5 seq 24 0x55c8f19f5340 osd_op_reply(51 200.00001ee2 [read 0~4194304 [fadvise_dontneed]] v0'0 uv90768 ondisk = 0) v8 -1614>
