2019-11-11 08:54:01.263 7f82e9c76700 1 -- 192.168.200.17:6801/3013182350 <== osd.5 192.168.200.19:6805/12258 18 ==== osd_op_reply(40 200.00001ed7 [read 0~4194304 [fadvise_dontneed]] v0'0 uv78116 ondisk = 0) v8 ==== 156+0+4194304 (3170585643 0 742479174) 0x55c8f1a02580 con 0x55c8f19f6000 -1616>
2019-11-11 08:54:01.279 7f82df9d8700 1 -- 192.168.200.17:6801/3013182350 --> 192.168.200.15:6805/24523 -- osd_op(unknown.0.43683:45 6.6 6:601443b2:::200.00001edc:head [read 0~4194304 [fadvise_dontneed]] snapc 0=[] ondisk+read+known_if_redirected+full_force e24384) v8 -- 0x55c8f2ac7600 con 0 -1616>
2019-11-11 08:54:01.351 7f82df9d8700 1 -- 192.168.200.17:6801/3013182350 --> 192.168.200.19:6805/12258 -- osd_op(unknown.0.43683:46 6.3d 6:bc1d2bb0:::200.00001edd:head [read 0~4194304 [fadvise_dontneed]] snapc 0=[] ondisk+read+known_if_redirected+full_force e24384) v8 -- 0x55c8f2ac7b80 con 0 -1616>
2019-11-11 08:54:01.427 7f82df9d8700 1 -- 192.168.200.17:6801/3013182350 --> 192.168.200.19:6805/12258 -- osd_op(unknown.0.43683:47 6.3d 6:bdbfd417:::200.00001ede:head [read 0~4194304 [fadvise_dontneed]] snapc 0=[] ondisk+read+known_if_redirected+full_force e24384) v8 -- 0x55c8f2ac7340 con 0 -1616>
2019-11-11 08:54:01.495 7f82e9c76700 5 -- 192.168.200.17:6801/3013182350 >> 192.168.200.19:6805/12258 conn(0x55c8f19f6000 :-1 s=STATE_OPEN_MESSAGE_READ_FOOTER_AND_DISPATCH pgs=10212 cs=1 l=1). rx osd.5 seq 19 0x55c8f2ac7340 osd_op_reply(42 200.00001ed9 [read 0~4194304 [fadvise_dontneed]] v0'0 uv33829 ondisk = 0) v8 -1616>
2019-11-11 08:54:01.495 7f82e9c76700 1 -- 192.168.200.17:6801/3013182350 <== osd.5 192.168.200.19:6805/12258 19 ==== osd_op_reply(42 200.00001ed9 [read 0~4194304 [fadvise_dontneed]] v0'0 uv33829 ondisk = 0) v8 ==== 156+0+4194304 (833156239 0 342787056) 0x55c8f2ac7340 con 0x55c8f19f6000 -1616>
2019-11-11 08:54:01.499 7f82df9d8700 1 -- 192.168.200.17:6801/3013182350 --> 192.168.200.19:6805/12258 -- osd_op(unknown.0.43683:48 6.3b 6:de40b110:::200.00001edf:head [read 0~4194304 [fadvise_dontneed]] snapc 0=[] ondisk+read+known_if_redirected+full_force e24384) v8 -- 0x55c8f1a02000 con 0 -1616>
2019-11-11 08:54:01.575 7f82df9d8700 1 -- 192.168.200.17:6801/3013182350 --> 192.168.200.19:6801/12021 -- osd_op(unknown.0.43683:49 6.1c 6:39989f6c:::200.00001ee0:head [read 0~4194304 [fadvise_dontneed]] snapc 0=[] ondisk+read+known_if_redirected+full_force e24384) v8 -- 0x55c8f19f4b00 con 0 -1616>
2019-11-11 08:54:01.627 7f82e9c76700 5 -- 192.168.200.17:6801/3013182350 >> 192.168.200.19:6805/12258 conn(0x55c8f19f6000 :-1 s=STATE_OPEN_MESSAGE_READ_FOOTER_AND_DISPATCH pgs=10212 cs=1 l=1). rx osd.5 seq 20 0x55c8f1a02000 osd_op_reply(41 200.00001ed8 [read 0~4194304 [fadvise_dontneed]] v0'0 uv74659 ondisk = 0) v8 -1616>
2019-11-11 08:54:01.627 7f82e9c76700 1 -- 192.168.200.17:6801/3013182350 <== osd.5 192.168.200.19:6805/12258 20 ==== osd_op_reply(41 200.00001ed8 [read 0~4194304 [fadvise_dontneed]] v0'0 uv74659 ondisk = 0) v8 ==== 156+0+4194304 (433630383 0 23600393) 0x55c8f1a02000 con 0x55c8f19f6000 -1616>
2019-11-11 08:54:01.651 7f82df9d8700 1 -- 192.168.200.17:6801/3013182350 --> 192.168.200.19:6805/12258 -- osd_op(unknown.0.43683:50 6.39 6:9f1e4369:::200.00001ee1:head [read 0~4194304 [fadvise_dontneed]] snapc 0=[] ondisk+read+known_if_redirected+full_force e24384) v8 -- 0x55c8f2ac78c0 con 0 -1616>
2019-11-11 08:54:01.655 7f82e9475700 5 -- 192.168.200.17:6801/3013182350 >> 192.168.200.19:6801/12021 conn(0x55c8f19f6600 :-1 s=STATE_OPEN_MESSAGE_READ_FOOTER_AND_DISPATCH pgs=6363 cs=1 l=1). rx osd.3 seq 2 0x55c8f19f4b00 osd_op_reply(49 200.00001ee0 [read 0~4194304 [fadvise_dontneed]] v0'0 uv27219 ondisk = 0) v8 -1616>
2019-11-11 08:54:01.655 7f82e9475700 1 -- 192.168.200.17:6801/3013182350 <== osd.3 192.168.200.19:6801/12021 2 ==== osd_op_reply(49 200.00001ee0 [read 0~4194304 [fadvise_dontneed]] v0'0 uv27219 ondisk = 0) v8 ==== 156+0+4194304 (292948708 0 1712739379) 0x55c8f19f4b00 con 0x55c8f19f6600 -1616>
2019-11-11 08:54:01.727 7f82df9d8700 1 -- 192.168.200.17:6801/3013182350 --> 192.168.200.19:6805/12258 -- osd_op(unknown.0.43683:51 6.2b 6:d75ef202:::200.00001ee2:head [read 0~4194304 [fadvise_dontneed]] snapc 0=[] ondisk+read+known_if_redirected+full_force e24384) v8 -- 0x55c8f2ac6b00 con 0 -1616>
2019-11-11 08:54:01.799 7f82df9d8700 1 -- 192.168.200.17:6801/3013182350 --> 192.168.200.19:6805/12258 -- osd_op(unknown.0.43683:52 6.37 6:ee598252:::200.00001ee3:head [read 0~4194304 [fadvise_dontneed]] snapc 0=[] ondisk+read+known_if_redirected+full_force e24384) v8 -- 0x55c8f19f5340 con 0 -1616>
2019-11-11 08:54:01.867 7f82e9c76700 5 -- 192.168.200.17:6801/3013182350 >> 192.168.200.19:6805/12258 conn(0x55c8f19f6000 :-1 s=STATE_OPEN_MESSAGE_READ_FOOTER_AND_DISPATCH pgs=10212 cs=1 l=1). rx osd.5 seq 21 0x55c8f19f5340 osd_op_reply(46 200.00001edd [read 0~4194304 [fadvise_dontneed]] v0'0 uv89661 ondisk = 0) v8 -1616>
2019-11-11 08:54:01.867 7f82e9c76700 1 -- 192.168.200.17:6801/3013182350 <== osd.5 192.168.200.19:6805/12258 21 ==== osd_op_reply(46 200.00001edd [read 0~4194304 [fadvise_dontneed]] v0'0 uv89661 ondisk = 0) v8 ==== 156+0+4194304 (2103612218 0 1352966362) 0x55c8f19f5340 con 0x55c8f19f6000 -1616>
2019-11-11 08:54:02.159 7f82e9c76700 5 -- 192.168.200.17:6801/3013182350 >> 192.168.200.19:6805/12258 conn(0x55c8f19f6000 :-1 s=STATE_OPEN_MESSAGE_READ_FOOTER_AND_DISPATCH pgs=10212 cs=1 l=1). rx osd.5 seq 22 0x55c8f19f5340 osd_op_reply(48 200.00001edf [read 0~4194304 [fadvise_dontneed]] v0'0 uv71835 ondisk = 0) v8 -1616>
2019-11-11 08:54:02.159 7f82e9c76700 1 -- 192.168.200.17:6801/3013182350 <== osd.5 192.168.200.19:6805/12258 22 ==== osd_op_reply(48 200.00001edf [read 0~4194304 [fadvise_dontneed]] v0'0 uv71835 ondisk = 0) v8 ==== 156+0+4194304 (3042292197 0 408330945) 0x55c8f19f5340 con 0x55c8f19f6000 -1616>
2019-11-11 08:54:02.260 7f82e9475700 5 -- 192.168.200.17:6801/3013182350 >> 192.168.200.15:6805/24523 conn(0x55c8f1908a00 :-1 s=STATE_OPEN_MESSAGE_READ_FOOTER_AND_DISPATCH pgs=9585 cs=1 l=1). rx osd.1 seq 12 0x55c8f19f4b00 osd_op_reply(44 200.00001edb [read 0~4194304 [fadvise_dontneed]] v0'0 uv78368 ondisk = 0) v8 -1616>
2019-11-11 08:54:02.260 7f82e9475700 1 -- 192.168.200.17:6801/3013182350 <== osd.1 192.168.200.15:6805/24523 12 ==== osd_op_reply(44 200.00001edb [read 0~4194304 [fadvise_dontneed]] v0'0 uv78368 ondisk = 0) v8 ==== 156+0+4194304 (3097216392 0 133231095) 0x55c8f19f4b00 con 0x55c8f1908a00 -1616>
2019-11-11 08:54:02.380 7f82e9c76700 5 -- 192.168.200.17:6801/3013182350 >> 192.168.200.19:6805/12258 conn(0x55c8f19f6000 :-1 s=STATE_OPEN_MESSAGE_READ_FOOTER_AND_DISPATCH pgs=10212 cs=1 l=1). rx osd.5 seq 23 0x55c8f19f5340 osd_op_reply(50 200.00001ee1 [read 0~4194304 [fadvise_dontneed]] v0'0 uv91372 ondisk = 0) v8 -1616>
2019-11-11 08:54:02.380 7f82e9c76700 1 -- 192.168.200.17:6801/3013182350 <== osd.5 192.168.200.19:6805/12258 23 ==== osd_op_reply(50 200.00001ee1 [read 0~4194304 [fadvise_dontneed]] v0'0 uv91372 ondisk = 0) v8 ==== 156+0+4194304 (337049758 0 2448890689) 0x55c8f19f5340 con 0x55c8f19f6000 -1616>
2019-11-11 08:54:02.424 7f82e9475700 5 -- 192.168.200.17:6801/3013182350 >> 192.168.200.15:6805/24523 conn(0x55c8f1908a00 :-1 s=STATE_OPEN_MESSAGE_READ_FOOTER_AND_DISPATCH pgs=9585 cs=1 l=1). rx osd.1 seq 13 0x55c8f19f4b00 osd_op_reply(43 200.00001eda [read 0~4194304 [fadvise_dontneed]] v0'0 uv31579 ondisk = 0) v8 -1616>
2019-11-11 08:54:02.424 7f82e9475700 1 -- 192.168.200.17:6801/3013182350 <== osd.1 192.168.200.15:6805/24523 13 ==== osd_op_reply(43 200.00001eda [read 0~4194304 [fadvise_dontneed]] v0'0 uv31579 ondisk = 0) v8 ==== 156+0+4194304 (3428439313 0 1245400058) 0x55c8f19f4b00 con 0x55c8f1908a00 -1616>
2019-11-11 08:54:02.424 7f82df9d8700 1 -- 192.168.200.17:6801/3013182350 --> 192.168.200.17:6806/20250 -- osd_op(unknown.0.43683:53 6.38 6:1f27801f:::200.00001ee4:head [read 0~4194304 [fadvise_dontneed]] snapc 0=[] ondisk+read+known_if_redirected+full_force e24384) v8 -- 0x55c8f36c6000 con 0 -1616>
2019-11-11 08:54:02.448 7f82e9c76700 5 -- 192.168.200.17:6801/3013182350 >> 192.168.200.19:6805/12258 conn(0x55c8f19f6000 :-1 s=STATE_OPEN_MESSAGE_READ_FOOTER_AND_DISPATCH pgs=10212 cs=1 l=1). rx osd.5 seq 24 0x55c8f19f5340 osd_op_reply(51 200.00001ee2 [read 0~4194304 [fadvise_dontneed]] v0'0 uv90768 ondisk = 0) v8 -1616>
2019-11-11 08:54:02.448 7f82e9c76700 1 -- 192.168.200.17:6801/3013182350 <== osd.5 192.168.200.19:6805/12258 24 ==== osd_op_reply(51 200.00001ee2 [read 0~4194304 [fadvise_dontneed]] v0'0 uv90768 ondisk = 0) v8 ==== 156+0+4194304 (3951202026 0 600344932) 0x55c8f19f5340 con 0x55c8f19f6000 -1616>
2019-11-11 08:54:02.484 7f82e9c76700 5 -- 192.168.200.17:6801/3013182350 >> 192.168.200.19:6805/12258 conn(0x55c8f19f6000 :-1 s=STATE_OPEN_MESSAGE_READ_FOOTER_AND_DISPATCH pgs=10212 cs=1 l=1). rx osd.5 seq 25 0x55c8f19f5340 osd_op_reply(52 200.00001ee3 [read 0~4194304 [fadvise_dontneed]] v0'0 uv70914 ondisk = 0) v8 -1616>
2019-11-11 08:54:02.484 7f82e9c76700 1 -- 192.168.200.17:6801/3013182350 <== osd.5 192.168.200.19:6805/12258 25 ==== osd_op_reply(52 200.00001ee3 [read 0~4194304 [fadvise_dontneed]] v0'0 uv70914 ondisk = 0) v8 ==== 156+0+4194304 (1887266294 0 3128680832) 0x55c8f19f5340 con 0x55c8f19f6000 -1616>
2019-11-11 08:54:02.508 7f82e41e1700 5 mds.beacon.k8s-node-01 Sending beacon up:replay seq 2 -1616>
2019-11-11 08:54:02.508 7f82e41e1700 10 monclient: _send_mon_message to mon.k8s-node-01 at 192.168.200.17:6789/0 -1616>
2019-11-11 08:54:02.508 7f82e41e1700 1 -- 192.168.200.17:6801/3013182350 --> 192.168.200.17:6789/0 -- mdsbeacon(1822732/k8s-node-01 up:replay seq 2 v43683) v7 -- 0x55c8f1a5f500 con 0 -1616>
2019-11-11 08:54:02.508 7f82df9d8700 1 -- 192.168.200.17:6801/3013182350 --> 192.168.200.17:6806/20250 -- osd_op(unknown.0.43683:54 6.26 6:669afea4:::200.00001ee5:head [read 0~4194304 [fadvise_dontneed]] snapc 0=[] ondisk+read+known_if_redirected+full_force e24384) v8 -- 0x55c8f1a038c0 con 0 -1616>
2019-11-11 08:54:02.512 7f82e9c76700 5 -- 192.168.200.17:6801/3013182350 >> 192.168.200.17:6789/0 conn(0x55c8f1906c00 :-1 s=STATE_OPEN_MESSAGE_READ_FOOTER_AND_DISPATCH pgs=23968 cs=1 l=1). rx mon.1 seq 14 0x55c8f1a5f500 mdsbeacon(1822732/k8s-node-01 up:replay seq 2 v43683) v7 -1616>
2019-11-11 08:54:02.512 7f82e9c76700 1 -- 192.168.200.17:6801/3013182350 <== mon.1 192.168.200.17:6789/0 14 ==== mdsbeacon(1822732/k8s-node-01 up:replay seq 2 v43683) v7 ==== 136+0+0 (3340722988 0 0) 0x55c8f1a5f500 con 0x55c8f1906c00 -1616>
2019-11-11 08:54:02.512 7f82e9c76700 5 mds.beacon.k8s-node-01 received beacon reply up:replay seq 2 rtt 0.00400008 -1616>
2019-11-11 08:54:02.520 7f82e9c76700 5 -- 192.168.200.17:6801/3013182350 >> 192.168.200.19:6805/12258 conn(0x55c8f19f6000 :-1 s=STATE_OPEN_MESSAGE_READ_FOOTER_AND_DISPATCH pgs=10212 cs=1 l=1). rx osd.5 seq 26 0x55c8f19f5340 osd_op_reply(47 200.00001ede [read 0~4194304 [fadvise_dontneed]] v0'0 uv90707 ondisk = 0) v8 -1616>
2019-11-11 08:54:02.520 7f82e9c76700 1 -- 192.168.200.17:6801/3013182350 <== osd.5 192.168.200.19:6805/12258 26 ==== osd_op_reply(47 200.00001ede [read 0~4194304 [fadvise_dontneed]] v0'0 uv90707 ondisk = 0) v8 ==== 156+0+4194304 (3320859177 0 4166000365) 0x55c8f19f5340 con 0x55c8f19f6000 -1616>
2019-11-11 08:54:02.604 7f82ea477700 5 -- 192.168.200.17:6801/3013182350 >> 192.168.200.17:6806/20250 conn(0x55c8f1909000 :-1 s=STATE_OPEN_MESSAGE_READ_FOOTER_AND_DISPATCH pgs=13952 cs=1 l=1). rx osd.4 seq 11 0x55c8f1a038c0 osd_op_reply(53 200.00001ee4 [read 0~4194304 [fadvise_dontneed]] v0'0 uv87902 ondisk = 0) v8 -1616>
2019-11-11 08:54:02.604 7f82ea477700 1 -- 192.168.200.17:6801/3013182350 <== osd.4 192.168.200.17:6806/20250 11 ==== osd_op_reply(53 200.00001ee4 [read 0~4194304 [fadvise_dontneed]] v0'0 uv87902 ondisk = 0) v8 ==== 156+0+4194304 (3963162732 0 2550500820) 0x55c8f1a038c0 con 0x55c8f1909000 -1616>
2019-11-11 08:54:02.632 7f82ea477700 5 -- 192.168.200.17:6801/3013182350 >> 192.168.200.17:6806/20250 conn(0x55c8f1909000 :-1 s=STATE_OPEN_MESSAGE_READ_FOOTER_AND_DISPATCH pgs=13952 cs=1 l=1). rx osd.4 seq 12 0x55c8f1a038c0 osd_op_reply(54 200.00001ee5 [read 0~4194304 [fadvise_dontneed]] v0'0 uv82944 ondisk = 0) v8 -1616>
2019-11-11 08:54:02.632 7f82ea477700 1 -- 192.168.200.17:6801/3013182350 <== osd.4 192.168.200.17:6806/20250 12 ==== osd_op_reply(54 200.00001ee5 [read 0~4194304 [fadvise_dontneed]] v0'0 uv82944 ondisk = 0) v8 ==== 156+0+4194304 (661634096 0 737151539) 0x55c8f1a038c0 con 0x55c8f1909000 -1616>
2019-11-11 08:54:02.824 7f82e9475700 5 -- 192.168.200.17:6801/3013182350 >> 192.168.200.15:6805/24523 conn(0x55c8f1908a00 :-1 s=STATE_OPEN_MESSAGE_READ_FOOTER_AND_DISPATCH pgs=9585 cs=1 l=1). rx osd.1 seq 14 0x55c8f19f4b00 osd_op_reply(45 200.00001edc [read 0~4194304 [fadvise_dontneed]] v0'0 uv31386 ondisk = 0) v8 -1616>
2019-11-11 08:54:02.824 7f82e9475700 1 -- 192.168.200.17:6801/3013182350 <== osd.1 192.168.200.15:6805/24523 14 ==== osd_op_reply(45 200.00001edc [read 0~4194304 [fadvise_dontneed]] v0'0 uv31386 ondisk = 0) v8 ==== 156+0+4194304 (3253157491 0 614261651) 0x55c8f19f4b00 con 0x55c8f1908a00 -1616>
2019-11-11 08:54:02.824 7f82df9d8700 1 -- 192.168.200.17:6801/3013182350 --> 192.168.200.17:6806/20250 -- osd_op(unknown.0.43683:55 6.25 6:a74123a6:::200.00001ee6:head [read 0~4194304 [fadvise_dontneed]] snapc 0=[] ondisk+read+known_if_redirected+full_force e24384) v8 -- 0x55c8f2ac62c0 con 0 -1616>
2019-11-11 08:54:02.904 7f82df9d8700 1 -- 192.168.200.17:6801/3013182350 --> 192.168.200.19:6805/12258 -- osd_op(unknown.0.43683:56 6.27 6:e7e71572:::200.00001ee7:head [read 0~4194304 [fadvise_dontneed]] snapc 0=[] ondisk+read+known_if_redirected+full_force e24384) v8 -- 0x55c8f36c6840 con 0 -1616>
2019-11-11 08:54:02.936 7f82ea477700 5 -- 192.168.200.17:6801/3013182350 >> 192.168.200.17:6806/20250 conn(0x55c8f1909000 :-1 s=STATE_OPEN_MESSAGE_READ_FOOTER_AND_DISPATCH pgs=13952 cs=1 l=1). rx osd.4 seq 13 0x55c8f2ac6000 osd_op_reply(55 200.00001ee6 [read 0~4194304 [fadvise_dontneed]] v0'0 uv76122 ondisk = 0) v8 -1616>
2019-11-11 08:54:02.936 7f82ea477700 1 -- 192.168.200.17:6801/3013182350 <== osd.4 192.168.200.17:6806/20250 13 ==== osd_op_reply(55 200.00001ee6 [read 0~4194304 [fadvise_dontneed]] v0'0 uv76122 ondisk = 0) v8 ==== 156+0+4194304 (1718371437 0 1562818712) 0x55c8f2ac6000 con 0x55c8f1909000 -1616>
2019-11-11 08:54:02.968 7f82df9d8700 1 -- 192.168.200.17:6801/3013182350 --> 192.168.200.15:6805/24523 -- osd_op(unknown.0.43683:57 6.3c 6:3e39cde3:::200.00001ee8:head [read 0~4194304 [fadvise_dontneed]] snapc 0=[] ondisk+read+known_if_redirected+full_force e24384) v8 -- 0x55c8f36c6b00 con 0 -1616>
2019-11-11 08:54:03.032 7f82df9d8700 1 -- 192.168.200.17:6801/3013182350 --> 192.168.200.17:6806/20250 -- osd_op(unknown.0.43683:58 6.8 6:101387a1:::200.00001ee9:head [read 0~4194304 [fadvise_dontneed]] snapc 0=[] ondisk+read+known_if_redirected+full_force e24384) v8 -- 0x55c8f2ac6840 con 0 -1616>
2019-11-11 08:54:03.100 7f82df9d8700 1 -- 192.168.200.17:6801/3013182350 --> 192.168.200.17:6802/19981 -- osd_op(unknown.0.43683:59 6.46 6:631b0aa0:::200.00001eea:head [read 0~4194304 [fadvise_dontneed]] snapc 0=[] ondisk+read+known_if_redirected+full_force e24384) v8 -- 0x55c8f36c6580 con 0 -1616>
2019-11-11 08:54:03.100 7f82e9c76700 2 -- 192.168.200.17:6801/3013182350 >> 192.168.200.17:6802/19981 conn(0x55c8f19f6c00 :-1 s=STATE_CONNECTING_WAIT_ACK_SEQ pgs=0 cs=0 l=1)._process_connection got newly_acked_seq 0 vs out_seq 0 -1616>
2019-11-11 08:54:03.140 7f82e9c76700 5 -- 192.168.200.17:6801/3013182350 >> 192.168.200.17:6802/19981 conn(0x55c8f19f6c00 :-1 s=STATE_OPEN_MESSAGE_READ_FOOTER_AND_DISPATCH pgs=3415 cs=1 l=1). rx osd.2 seq 1 0x55c8f36c6580 osd_op_reply(59 200.00001eea [read 0~4194304 [fadvise_dontneed]] v0'0 uv43008 ondisk = 0) v8 -1616>
2019-11-11 08:54:03.140 7f82e9c76700 1 -- 192.168.200.17:6801/3013182350 <== osd.2 192.168.200.17:6802/19981 1 ==== osd_op_reply(59 200.00001eea [read 0~4194304 [fadvise_dontneed]] v0'0 uv43008 ondisk = 0) v8 ==== 156+0+4194304 (3452760980 0 1871802516) 0x55c8f36c6580 con 0x55c8f19f6c00 -1616>
2019-11-11 08:54:03.148 7f82e9c76700 5 -- 192.168.200.17:6801/3013182350 >> 192.168.200.19:6805/12258 conn(0x55c8f19f6000 :-1 s=STATE_OPEN_MESSAGE_READ_FOOTER_AND_DISPATCH pgs=10212 cs=1 l=1). rx osd.5 seq 27 0x55c8f36c6580 osd_op_reply(56 200.00001ee7 [read 0~4194304 [fadvise_dontneed]] v0'0 uv76537 ondisk = 0) v8 -1616>
2019-11-11 08:54:03.148 7f82e9c76700 1 -- 192.168.200.17:6801/3013182350 <== osd.5 192.168.200.19:6805/12258 27 ==== osd_op_reply(56 200.00001ee7 [read 0~4194304 [fadvise_dontneed]] v0'0 uv76537 ondisk = 0) v8 ==== 156+0+4194304 (45660010 0 2022356555) 0x55c8f36c6580 con 0x55c8f19f6000 -1616>
2019-11-11 08:54:03.164 7f82df9d8700 1 -- 192.168.200.17:6801/3013182350 --> 192.168.200.19:6805/12258 -- osd_op(unknown.0.43683:60 6.23 6:c571b352:::200.00001eeb:head [read 0~4194304 [fadvise_dontneed]] snapc 0=[] ondisk+read+known_if_redirected+full_force e24384) v8 -- 0x55c8f19f5b80 con 0 -1616>
2019-11-11 08:54:03.228 7f82df9d8700 1 -- 192.168.200.17:6801/3013182350 --> 192.168.200.19:6805/12258 -- osd_op(unknown.0.43683:61 6.3d 6:be55f99a:::200.00001eec:head [read 0~4194304 [fadvise_dontneed]] snapc 0=[] ondisk+read+known_if_redirected+full_force e24384) v8 -- 0x55c8f19f4840 con 0 -1616>
2019-11-11 08:54:03.292 7f82df9d8700 1 -- 192.168.200.17:6801/3013182350 --> 192.168.200.19:6805/12258 -- osd_op(unknown.0.43683:62 6.15 6:a8763251:::200.00001eed:head [read 0~3673549 [fadvise_dontneed]] snapc 0=[] ondisk+read+known_if_redirected+full_force e24384) v8 -- 0x55c8f36c62c0 con 0 -1616>
2019-11-11 08:54:03.420 7f82ea477700 5 -- 192.168.200.17:6801/3013182350 >> 192.168.200.17:6806/20250 conn(0x55c8f1909000 :-1 s=STATE_OPEN_MESSAGE_READ_FOOTER_AND_DISPATCH pgs=13952 cs=1 l=1). rx osd.4 seq 14 0x55c8f2ac6840 osd_op_reply(58 200.00001ee9 [read 0~4194304 [fadvise_dontneed]] v0'0 uv37098 ondisk = 0) v8 -1616>
2019-11-11 08:54:03.420 7f82ea477700 1 -- 192.168.200.17:6801/3013182350 <== osd.4 192.168.200.17:6806/20250 14 ==== osd_op_reply(58 200.00001ee9 [read 0~4194304 [fadvise_dontneed]] v0'0 uv37098 ondisk = 0) v8 ==== 156+0+4194304 (1030192338 0 2756808336) 0x55c8f2ac6840 con 0x55c8f1909000 -1616>
2019-11-11 08:54:03.444 7f82e9475700 5 -- 192.168.200.17:6801/3013182350 >> 192.168.200.15:6805/24523 conn(0x55c8f1908a00 :-1 s=STATE_OPEN_MESSAGE_READ_FOOTER_AND_DISPATCH pgs=9585 cs=1 l=1). rx osd.1 seq 15 0x55c8f36c6b00 osd_op_reply(57 200.00001ee8 [read 0~4194304 [fadvise_dontneed]] v0'0 uv75454 ondisk = 0) v8 -1616>
2019-11-11 08:54:03.444 7f82e9475700 1 -- 192.168.200.17:6801/3013182350 <== osd.1 192.168.200.15:6805/24523 15 ==== osd_op_reply(57 200.00001ee8 [read 0~4194304 [fadvise_dontneed]] v0'0 uv75454 ondisk = 0) v8 ==== 156+0+4194304 (3323237876 0 2582243991) 0x55c8f36c6b00 con 0x55c8f1908a00 -1616>
2019-11-11 08:54:03.984 7f82e9c76700 5 -- 192.168.200.17:6801/3013182350 >> 192.168.200.19:6805/12258 conn(0x55c8f19f6000 :-1 s=STATE_OPEN_MESSAGE_READ_FOOTER_AND_DISPATCH pgs=10212 cs=1 l=1). rx osd.5 seq 28 0x55c8f36c62c0 osd_op_reply(60 200.00001eeb [read 0~4194304 [fadvise_dontneed]] v0'0 uv35600 ondisk = 0) v8 -1616>
2019-11-11 08:54:03.984 7f82e9c76700 1 -- 192.168.200.17:6801/3013182350 <== osd.5 192.168.200.19:6805/12258 28 ==== osd_op_reply(60 200.00001eeb [read 0~4194304 [fadvise_dontneed]] v0'0 uv35600 ondisk = 0) v8 ==== 156+0+4194304 (1627652959 0 2657527065) 0x55c8f36c62c0 con 0x55c8f19f6000 -1616>
2019-11-11 08:54:04.060 7f82e9c76700 5 -- 192.168.200.17:6801/3013182350 >> 192.168.200.19:6805/12258 conn(0x55c8f19f6000 :-1 s=STATE_OPEN_MESSAGE_READ_FOOTER_AND_DISPATCH pgs=10212 cs=1 l=1). rx osd.5 seq 29 0x55c8f36c62c0 osd_op_reply(61 200.00001eec [read 0~4194304 [fadvise_dontneed]] v0'0 uv93869 ondisk = 0) v8 -1616>
2019-11-11 08:54:04.060 7f82e9c76700 1 -- 192.168.200.17:6801/3013182350 <== osd.5 192.168.200.19:6805/12258 29 ==== osd_op_reply(61 200.00001eec [read 0~4194304 [fadvise_dontneed]] v0'0 uv93869 ondisk = 0) v8 ==== 156+0+4194304 (2337584086 0 2499621118) 0x55c8f36c62c0 con 0x55c8f19f6000 -1616>
2019-11-11 08:54:04.516 7f82e51e3700 1 -- 192.168.200.17:6801/3013182350 --> 192.168.200.17:6800/91 -- mgrreport(unknown.k8s-node-01 +0-0 packed 1374) v6 -- 0x55c8f176b500 con 0 -1616>
2019-11-11 08:54:04.524 7f82e9c76700 5 -- 192.168.200.17:6801/3013182350 >> 192.168.200.19:6805/12258 conn(0x55c8f19f6000 :-1 s=STATE_OPEN_MESSAGE_READ_FOOTER_AND_DISPATCH pgs=10212 cs=1 l=1). rx osd.5 seq 30 0x55c8f36c62c0 osd_op_reply(62 200.00001eed [read 0~3673549 [fadvise_dontneed]] v0'0 uv36994 ondisk = 0) v8 -1616>
2019-11-11 08:54:04.524 7f82e9c76700 1 -- 192.168.200.17:6801/3013182350 <== osd.5 192.168.200.19:6805/12258 30 ==== osd_op_reply(62 200.00001eed [read 0~3673549 [fadvise_dontneed]] v0'0 uv36994 ondisk = 0) v8 ==== 156+0+3673549 (3263971344 0 2759747693) 0x55c8f36c62c0 con 0x55c8f19f6000 -1616>
2019-11-11 08:54:04.588 7f82df9d8700 1 mds.0.43683 Finished replaying journal -1616>
2019-11-11 08:54:04.588 7f82df9d8700 1 mds.0.43683 making mds journal writeable -1616>
2019-11-11 08:54:04.588 7f82df9d8700 1 mds.0.journaler.mdlog(ro) set_writeable -1616>
2019-11-11 08:54:04.588 7f82df9d8700 1 -- 192.168.200.17:6801/3013182350 --> 192.168.200.19:6805/12258 -- osd_op(unknown.0.43683:63 6.15 6:a8763251:::200.00001eed:head [zero 3673549~520755] snapc 0=[] ondisk+write+known_if_redirected+full_force e24384) v8 -- 0x55c8f36c7b80 con 0 -1616>
2019-11-11 08:54:04.592 7f82df9d8700 1 -- 192.168.200.17:6801/3013182350 --> 192.168.200.19:6805/12258 -- osd_op(unknown.0.43683:64 6.5 6:a03f7ae4:::200.00001eee:head [delete] snapc 0=[] ondisk+write+known_if_redirected+full_force e24384) v8 -- 0x55c8f36c7600 con 0 -1616>
2019-11-11 08:54:04.592 7f82df9d8700 1 -- 192.168.200.17:6801/3013182350 --> 192.168.200.19:6805/12258 -- osd_op(unknown.0.43683:65 6.27 6:e42c9344:::200.00001eef:head [delete] snapc 0=[] ondisk+write+known_if_redirected+full_force e24384) v8 -- 0x55c8f2ac6dc0 con 0 -1616>
2019-11-11 08:54:04.592 7f82df9d8700 1 -- 192.168.200.17:6801/3013182350 --> 192.168.200.15:6805/24523 -- osd_op(unknown.0.43683:66 6.3e 6:7d6c9823:::200.00001ef0:head [delete] snapc 0=[] ondisk+write+known_if_redirected+full_force e24384) v8 -- 0x55c8f36c7080 con 0 -1616>
2019-11-11 08:54:04.592 7f82df9d8700 1 -- 192.168.200.17:6801/3013182350 --> 192.168.200.15:6805/24523 -- osd_op(unknown.0.43683:67 6.45 6:a3b8f91c:::200.00001ef1:head [delete] snapc 0=[] ondisk+write+known_if_redirected+full_force e24384) v8 -- 0x55c8f1a02580 con 0 -1616>
2019-11-11 08:54:04.592 7f82df9d8700 1 -- 192.168.200.17:6801/3013182350 --> 192.168.200.19:6801/12021 -- osd_op(unknown.0.43683:68 6.50 6:0af53e21:::200.00001ef2:head [delete] snapc 0=[] ondisk+write+known_if_redirected+full_force e24384) v8 -- 0x55c8f36c6dc0 con 0 -1616>
2019-11-11 08:54:04.592 7f82df9d8700 2 mds.0.43683 i am alone, moving to state reconnect -1616>
2019-11-11 08:54:04.592 7f82df9d8700 3 mds.0.43683 request_state up:reconnect -1616>
2019-11-11 08:54:04.592 7f82df9d8700 5 mds.beacon.k8s-node-01 set_want_state: up:replay -> up:reconnect -1616>
2019-11-11 08:54:04.592 7f82df9d8700 5 mds.beacon.k8s-node-01 Sending beacon up:reconnect seq 3 -1616>
2019-11-11 08:54:04.592 7f82df9d8700 10 monclient: _send_mon_message to mon.k8s-node-01 at 192.168.200.17:6789/0 -1616>
2019-11-11 08:54:04.592 7f82df9d8700 1 -- 192.168.200.17:6801/3013182350 --> 192.168.200.17:6789/0 -- mdsbeacon(1822732/k8s-node-01 up:reconnect seq 3 v43683) v7 -- 0x55c8f1a5fc00 con 0 -1616>
2019-11-11 08:54:04.624 7f82e9475700 5 -- 192.168.200.17:6801/3013182350 >> 192.168.200.19:6801/12021 conn(0x55c8f19f6600 :-1 s=STATE_OPEN_MESSAGE_READ_FOOTER_AND_DISPATCH pgs=6363 cs=1 l=1). rx osd.3 seq 3 0x55c8f36c6dc0 osd_op_reply(68 200.00001ef2 [delete] v24384'24429 uv24043 ondisk = -2 ((2) No such file or directory)) v8 -1616>
2019-11-11 08:54:04.624 7f82e9475700 1 -- 192.168.200.17:6801/3013182350 <== osd.3 192.168.200.19:6801/12021 3 ==== osd_op_reply(68 200.00001ef2 [delete] v24384'24429 uv24043 ondisk = -2 ((2) No such file or directory)) v8 ==== 156+0+0 (3061775170 0 0) 0x55c8f36c6dc0 con 0x55c8f19f6600 -1616>
2019-11-11 08:54:04.624 7f82e9c76700 5 -- 192.168.200.17:6801/3013182350 >> 192.168.200.19:6805/12258 conn(0x55c8f19f6000 :-1 s=STATE_OPEN_MESSAGE_READ_FOOTER_AND_DISPATCH pgs=10212 cs=1 l=1). rx osd.5 seq 31 0x55c8f2ac6dc0 osd_op_reply(64 200.00001eee [delete] v24384'39915 uv37749 ondisk = -2 ((2) No such file or directory)) v8 -1616>
2019-11-11 08:54:04.624 7f82e9c76700 1 -- 192.168.200.17:6801/3013182350 <== osd.5 192.168.200.19:6805/12258 31 ==== osd_op_reply(64 200.00001eee [delete] v24384'39915 uv37749 ondisk = -2 ((2) No such file or directory)) v8 ==== 156+0+0 (2173526732 0 0) 0x55c8f2ac6dc0 con 0x55c8f19f6000 -1616>
2019-11-11 08:54:04.632 7f82e9475700 5 -- 192.168.200.17:6801/3013182350 >> 192.168.200.15:6805/24523 conn(0x55c8f1908a00 :-1 s=STATE_OPEN_MESSAGE_READ_FOOTER_AND_DISPATCH pgs=9585 cs=1 l=1). rx osd.1 seq 16 0x55c8f36c6dc0 osd_op_reply(67 200.00001ef1 [delete] v24384'56474 uv54932 ondisk = -2 ((2) No such file or directory)) v8 -1616>
2019-11-11 08:54:04.632 7f82e9475700 1 -- 192.168.200.17:6801/3013182350 <== osd.1 192.168.200.15:6805/24523 16 ==== osd_op_reply(67 200.00001ef1 [delete] v24384'56474 uv54932 ondisk = -2 ((2) No such file or directory)) v8 ==== 156+0+0 (2202621487 0 0) 0x55c8f36c6dc0 con 0x55c8f1908a00 -1616>
2019-11-11 08:54:04.632 7f82e9475700 5 -- 192.168.200.17:6801/3013182350 >> 192.168.200.15:6805/24523 conn(0x55c8f1908a00 :-1 s=STATE_OPEN_MESSAGE_READ_FOOTER_AND_DISPATCH pgs=9585 cs=1 l=1). rx osd.1 seq 17 0x55c8f36c6dc0 osd_op_reply(66 200.00001ef0 [delete] v24384'68518 uv66316 ondisk = -2 ((2) No such file or directory)) v8 -1616>
2019-11-11 08:54:04.632 7f82e9475700 1 -- 192.168.200.17:6801/3013182350 <== osd.1 192.168.200.15:6805/24523 17 ==== osd_op_reply(66 200.00001ef0 [delete] v24384'68518 uv66316 ondisk = -2 ((2) No such file or directory)) v8 ==== 156+0+0 (3992831985 0 0) 0x55c8f36c6dc0 con 0x55c8f1908a00 -1616>
2019-11-11 08:54:04.632 7f82e9c76700 5 -- 192.168.200.17:6801/3013182350 >> 192.168.200.19:6805/12258 conn(0x55c8f19f6000 :-1 s=STATE_OPEN_MESSAGE_READ_FOOTER_AND_DISPATCH pgs=10212 cs=1 l=1). rx osd.5 seq 32 0x55c8f2ac6dc0 osd_op_reply(65 200.00001eef [delete] v24384'78584 uv76537 ondisk = -2 ((2) No such file or directory)) v8 -1616>
2019-11-11 08:54:04.636 7f82e9c76700 1 -- 192.168.200.17:6801/3013182350 <== osd.5 192.168.200.19:6805/12258 32 ==== osd_op_reply(65 200.00001eef [delete] v24384'78584 uv76537 ondisk = -2 ((2) No such file or directory)) v8 ==== 156+0+0 (694185161 0 0) 0x55c8f2ac6dc0 con 0x55c8f19f6000 -1616>
2019-11-11 08:54:04.636 7f82e9c76700 5 -- 192.168.200.17:6801/3013182350 >> 192.168.200.19:6805/12258 conn(0x55c8f19f6000 :-1 s=STATE_OPEN_MESSAGE_READ_FOOTER_AND_DISPATCH pgs=10212 cs=1 l=1). rx osd.5 seq 33 0x55c8f2ac6dc0 osd_op_reply(63 200.00001eed [zero 3673549~520755] v24384'36995 uv36994 ondisk = 0) v8 -1616>
2019-11-11 08:54:04.636 7f82e9c76700 1 -- 192.168.200.17:6801/3013182350 <== osd.5 192.168.200.19:6805/12258 33 ==== osd_op_reply(63 200.00001eed [zero 3673549~520755] v24384'36995 uv36994 ondisk = 0) v8 ==== 156+0+0 (1293924696 0 0) 0x55c8f2ac6dc0 con 0x55c8f19f6000 -1616>
2019-11-11 08:54:05.468 7f82ea477700 1 -- 192.168.200.17:6801/3013182350 >> - conn(0x55c8f19f7200 :6801 s=STATE_ACCEPTING pgs=0 cs=0 l=0)._process_connection sd=33 - -1616>
2019-11-11 08:54:05.468 7f82ea477700 1 -- 192.168.200.17:6801/3013182350 >> - conn(0x55c8f19f8400 :6801 s=STATE_ACCEPTING pgs=0 cs=0 l=0)._process_connection sd=36 - -1616>
2019-11-11 08:54:05.468 7f82e9475700 1 -- 192.168.200.17:6801/3013182350 >> - conn(0x55c8f1906600 :6801 s=STATE_ACCEPTING pgs=0 cs=0 l=0)._process_connection sd=32 - -1616>
2019-11-11 08:54:05.468 7f82e9475700 1 -- 192.168.200.17:6801/3013182350 >> - conn(0x55c8f19f7e00 :6801 s=STATE_ACCEPTING pgs=0 cs=0 l=0)._process_connection sd=35 - -1616>
2019-11-11 08:54:05.468 7f82e9c76700 1 -- 192.168.200.17:6801/3013182350 >> - conn(0x55c8f19f7800 :6801 s=STATE_ACCEPTING pgs=0 cs=0 l=0)._process_connection sd=34 - -1616>
2019-11-11 08:54:05.472 7f82e9c76700 1 -- 192.168.200.17:6801/3013182350 >> - conn(0x55c8f19f8a00 :6801 s=STATE_ACCEPTING pgs=0 cs=0 l=0)._process_connection sd=37 - -1616>
2019-11-11 08:54:05.472 7f82ea477700 2 -- 192.168.200.17:6801/3013182350 >> 192.168.200.30:0/979484066 conn(0x55c8f19f7200 :6801 s=STATE_ACCEPTING_WAIT_SEQ pgs=2679 cs=1 l=0).handle_connect_msg accept write reply msg done -1616>
2019-11-11 08:54:05.472 7f82ea477700 2 -- 192.168.200.17:6801/3013182350 >> 192.168.200.32:0/2855972843 conn(0x55c8f19f8400 :6801 s=STATE_ACCEPTING_WAIT_SEQ pgs=2047 cs=1 l=0).handle_connect_msg accept write reply msg done -1616>
2019-11-11 08:54:05.472 7f82e9475700 2 -- 192.168.200.17:6801/3013182350 >> 192.168.200.19:0/2796926812 conn(0x55c8f19f7e00 :6801 s=STATE_ACCEPTING_WAIT_SEQ pgs=2047 cs=1 l=0).handle_connect_msg accept write reply msg done -1616>
2019-11-11 08:54:05.472 7f82e9c76700 5 -- 192.168.200.17:6801/3013182350 >> 192.168.200.17:6789/0 conn(0x55c8f1906c00 :-1 s=STATE_OPEN_MESSAGE_READ_FOOTER_AND_DISPATCH pgs=23968 cs=1 l=1). rx mon.1 seq 15 0x55c8f1a21440 mdsmap(e 43684) v1 -1616>
2019-11-11 08:54:05.472 7f82e9c76700 5 -- 192.168.200.17:6801/3013182350 >> 192.168.200.17:6789/0 conn(0x55c8f1906c00 :-1 s=STATE_OPEN_MESSAGE_READ_FOOTER_AND_DISPATCH pgs=23968 cs=1 l=1). rx mon.1 seq 16 0x55c8f1a5f500 mdsbeacon(1822732/k8s-node-01 up:reconnect seq 3 v43684) v7 -1616>
2019-11-11 08:54:05.472 7f82e9c76700 1 -- 192.168.200.17:6801/3013182350 <== mon.1 192.168.200.17:6789/0 16 ==== mdsbeacon(1822732/k8s-node-01 up:reconnect seq 3 v43684) v7 ==== 136+0+0 (3078979491 0 0) 0x55c8f1a5f500 con 0x55c8f1906c00 -1616>
2019-11-11 08:54:05.472 7f82ea477700 1 -- 192.168.200.17:6801/3013182350 >> - conn(0x55c8f19f9000 :6801 s=STATE_ACCEPTING pgs=0 cs=0 l=0)._process_connection sd=38 - -1616>
2019-11-11 08:54:05.472 7f82e9c76700 5 mds.beacon.k8s-node-01 received beacon reply up:reconnect seq 3 rtt 0.880019 -1616>
2019-11-11 08:54:05.472 7f82e9475700 1 -- 192.168.200.17:6801/3013182350 >> - conn(0x55c8f19f9600 :6801 s=STATE_ACCEPTING pgs=0 cs=0 l=0)._process_connection sd=39 - -1616>
2019-11-11 08:54:05.472 7f82e9c76700 2 -- 192.168.200.17:6801/3013182350 >> 192.168.200.31:0/3544368504 conn(0x55c8f19f7800 :6801 s=STATE_ACCEPTING_WAIT_SEQ pgs=2047 cs=1 l=0).handle_connect_msg accept write reply msg done -1616>
2019-11-11 08:54:05.472 7f82e9c76700 2 -- 192.168.200.17:6801/3013182350 >> 192.168.200.31:0/1453103486 conn(0x55c8f19f8a00 :6801 s=STATE_ACCEPTING_WAIT_SEQ pgs=5365 cs=1 l=0).handle_connect_msg accept write reply msg done -1616>
2019-11-11 08:54:05.472 7f82ea477700 2 -- 192.168.200.17:6801/3013182350 >> 192.168.200.30:0/979484066 conn(0x55c8f19f7200 :6801 s=STATE_ACCEPTING_WAIT_SEQ pgs=2679 cs=1 l=0)._process_connection accept get newly_acked_seq 0 -1616>
2019-11-11 08:54:05.472 7f82ea477700 5 -- 192.168.200.17:6801/3013182350 >> 192.168.200.30:0/979484066 conn(0x55c8f19f7200 :6801 s=STATE_OPEN_MESSAGE_READ_FOOTER_AND_DISPATCH pgs=2679 cs=1 l=0). rx client.1804200 seq 1 0x55c8f1a218c0 client_reconnect(1 caps) v3 -1616>
2019-11-11 08:54:05.472 7f82e9475700 2 -- 192.168.200.17:6801/3013182350 >> 192.168.200.32:0/3593333399 conn(0x55c8f19f9600 :6801 s=STATE_ACCEPTING_WAIT_SEQ pgs=2054 cs=1 l=0).handle_connect_msg accept write reply msg done -1616>
2019-11-11 08:54:05.472 7f82e7471700 1 -- 192.168.200.17:6801/3013182350 <== mon.1 192.168.200.17:6789/0 15 ==== mdsmap(e 43684) v1 ==== 655+0+0 (1705400293 0 0) 0x55c8f1a21440 con 0x55c8f1906c00 -1616>
2019-11-11 08:54:05.472 7f82e7471700 1 mds.k8s-node-01 Updating MDS map to version 43684 from mon.1 -1616>
2019-11-11 08:54:05.472 7f82e7471700 1 mds.0.43683 handle_mds_map i am now mds.0.43683 -1616>
2019-11-11 08:54:05.472 7f82e7471700 1 mds.0.43683 handle_mds_map state change up:replay --> up:reconnect -1616>
2019-11-11 08:54:05.472 7f82e7471700 1 mds.0.43683 reconnect_start -1616>
2019-11-11 08:54:05.472 7f82e7471700 1 mds.0.43683 reopen_log -1616>
2019-11-11 08:54:05.472 7f82ea477700 2 -- 192.168.200.17:6801/3013182350 >> 192.168.200.32:0/2855972843 conn(0x55c8f19f8400 :6801 s=STATE_ACCEPTING_WAIT_SEQ pgs=2047 cs=1 l=0)._process_connection accept get newly_acked_seq 0 -1616>
2019-11-11 08:54:05.472 7f82ea477700 5 -- 192.168.200.17:6801/3013182350 >> 192.168.200.32:0/2855972843 conn(0x55c8f19f8400 :6801 s=STATE_OPEN_MESSAGE_READ_FOOTER_AND_DISPATCH pgs=2047 cs=1 l=0). rx client.1804140 seq 1 0x55c8f1a21680 client_reconnect(1 caps) v3 -1616>
2019-11-11 08:54:05.472 7f82e9475700 2 -- 192.168.200.17:6801/3013182350 >> 192.168.200.32:0/3593333399 conn(0x55c8f19f9600 :6801 s=STATE_ACCEPTING_WAIT_SEQ pgs=2054 cs=1 l=0)._process_connection accept get newly_acked_seq 0 -1616>
2019-11-11 08:54:05.472 7f82e9475700 5 -- 192.168.200.17:6801/3013182350 >> 192.168.200.32:0/3593333399 conn(0x55c8f19f9600 :6801 s=STATE_OPEN_MESSAGE_READ_FOOTER_AND_DISPATCH pgs=2054 cs=1 l=0). rx client.1792815 seq 1 0x55c8f1e36000 client_request(client.1792815:77 readdir #0x1000002593a
2019-11-11 06:28:58.728345 RETRY=252 caller_uid=0, caller_gid=0{}) v2 -1616>
2019-11-11 08:54:05.472 7f82e9475700 5 -- 192.168.200.17:6801/3013182350 >> 192.168.200.32:0/3593333399 conn(0x55c8f19f9600 :6801 s=STATE_OPEN_MESSAGE_READ_FOOTER_AND_DISPATCH pgs=2054 cs=1 l=0). rx client.1792815 seq 2 0x55c8f1a21d40 client_reconnect(5 caps) v3 -1616>
2019-11-11 08:54:05.472 7f82e9475700 1 -- 192.168.200.17:6801/3013182350 >> - conn(0x55c8f23b2600 :6801 s=STATE_ACCEPTING pgs=0 cs=0 l=0)._process_connection sd=41 - -1616>
2019-11-11 08:54:05.472 7f82e7471700 4 mds.0.43683 reconnect_start: killed 0 blacklisted sessions (2044 blacklist entries, 14) -1616>
2019-11-11 08:54:05.472 7f82e7471700 1 mds.0.server reconnect_clients -- 14 sessions -1616>
2019-11-11 08:54:05.472 7f82e7471700 1 -- 192.168.200.17:6801/3013182350 _send_message--> mds.0 192.168.200.17:6801/3013182350 -- mds_table_request(snaptable server_ready) v1 -- ?+0 0x55c8f19acd80 -1616>
2019-11-11 08:54:05.472 7f82e7471700 1 -- 192.168.200.17:6801/3013182350 --> 192.168.200.17:6801/3013182350 -- mds_table_request(snaptable server_ready) v1 -- 0x55c8f19acd80 con 0 -1616>
2019-11-11 08:54:05.472 7f82e7471700 1 -- 192.168.200.17:6801/3013182350 <== client.1804200 192.168.200.30:0/979484066 1 ==== client_reconnect(1 caps) v3 ==== 0+0+98 (0 0 1014479821) 0x55c8f1a218c0 con 0x55c8f19f7200 -1616>
2019-11-11 08:54:05.472 7f82e7471700 1 -- 192.168.200.17:6801/3013182350 --> 192.168.200.30:0/979484066 -- client_session(open) v3 -- 0x55c8f1a21440 con 0 -1616>
2019-11-11 08:54:05.472 7f82e7471700 0 log_channel(cluster) log [DBG] : reconnect by client.1804200 192.168.200.30:0/979484066 after 0 -1616>
2019-11-11 08:54:05.472 7f82e9c76700 2 -- 192.168.200.17:6801/3013182350 >> 192.168.200.31:0/3544368504 conn(0x55c8f19f7800 :6801 s=STATE_ACCEPTING_WAIT_SEQ pgs=2047 cs=1 l=0)._process_connection accept get newly_acked_seq 0 -1616>
2019-11-11 08:54:05.472 7f82e7471700 1 -- 192.168.200.17:6801/3013182350 <== client.1804140 192.168.200.32:0/2855972843 1 ==== client_reconnect(1 caps) v3 ==== 0+0+98 (0 0 3745454508) 0x55c8f1a21680 con 0x55c8f19f8400 -1616>
2019-11-11 08:54:05.472 7f82e7471700 1 -- 192.168.200.17:6801/3013182350 --> 192.168.200.32:0/2855972843 -- client_session(open) v3 -- 0x55c8f1a218c0 con 0 -1616>
2019-11-11 08:54:05.472 7f82e9c76700 5 -- 192.168.200.17:6801/3013182350 >> 192.168.200.31:0/3544368504 conn(0x55c8f19f7800 :6801 s=STATE_OPEN_MESSAGE_READ_FOOTER_AND_DISPATCH pgs=2047 cs=1 l=0). rx client.1804143 seq 1 0x55c8f19ac900 client_reconnect(1 caps) v3 -1616>
2019-11-11 08:54:05.472 7f82e9c76700 2 -- 192.168.200.17:6801/3013182350 >> 192.168.200.31:0/1453103486 conn(0x55c8f19f8a00 :6801 s=STATE_ACCEPTING_WAIT_SEQ pgs=5365 cs=1 l=0)._process_connection accept get newly_acked_seq 0 -1616>
2019-11-11 08:54:05.472 7f82e9c76700 5 -- 192.168.200.17:6801/3013182350 >> 192.168.200.31:0/1453103486 conn(0x55c8f19f8a00 :6801 s=STATE_OPEN_MESSAGE_READ_FOOTER_AND_DISPATCH pgs=5365 cs=1 l=0). rx client.1794521 seq 1 0x55c8f176bb00 client_request(client.1794521:95736 lookup #0x100013ad07a/eula.txt
2019-11-11 06:30:19.044705 RETRY=250 caller_uid=1000, caller_gid=1000{}) v2 -1616>
2019-11-11 08:54:05.472 7f82e7471700 0 log_channel(cluster) log [DBG] : reconnect by client.1804140 192.168.200.32:0/2855972843 after 0 -1616>
2019-11-11 08:54:05.472 7f82e9c76700 5 -- 192.168.200.17:6801/3013182350 >> 192.168.200.31:0/1453103486 conn(0x55c8f19f8a00 :6801 s=STATE_OPEN_MESSAGE_READ_FOOTER_AND_DISPATCH pgs=5365 cs=1 l=0). rx client.1794521 seq 2 0x55c8f1e36600 client_request(client.1794521:95737 lookup #0x100013ad07a/eula.txt
2019-11-11 06:31:34.114081 RETRY=247 caller_uid=1000, caller_gid=1000{}) v2 -1616>
2019-11-11 08:54:05.472 7f82e7471700 1 -- 192.168.200.17:6801/3013182350 <== client.1792815 192.168.200.32:0/3593333399 1 ==== client_request(client.1792815:77 readdir #0x1000002593a
2019-11-11 06:28:58.728345 RETRY=252 caller_uid=0, caller_gid=0{}) v2 ==== 122+0+0 (1779822075 0 0) 0x55c8f1e36000 con 0x55c8f19f9600 -1616>
2019-11-11 08:54:05.472 7f82e7471700 3 mds.0.server not active yet, waiting -1616>
2019-11-11 08:54:05.472 7f82e7471700 1 -- 192.168.200.17:6801/3013182350 <== client.1804143 192.168.200.31:0/3544368504 1 ==== client_reconnect(1 caps) v3 ==== 0+0+98 (0 0 2998347668) 0x55c8f19ac900 con 0x55c8f19f7800 -1616>
2019-11-11 08:54:05.472 7f82e7471700 1 -- 192.168.200.17:6801/3013182350 --> 192.168.200.31:0/3544368504 -- client_session(open) v3 -- 0x55c8f19acb40 con 0 -1616>
2019-11-11 08:54:05.472 7f82e7471700 0 log_channel(cluster) log [DBG] : reconnect by client.1804143 192.168.200.31:0/3544368504 after 0 -1616>
2019-11-11 08:54:05.472 7f82e7471700 1 -- 192.168.200.17:6801/3013182350 <== client.1794521 192.168.200.31:0/1453103486 1 ==== client_request(client.1794521:95736 lookup #0x100013ad07a/eula.txt
2019-11-11 06:30:19.044705 RETRY=250 caller_uid=1000, caller_gid=1000{}) v2 ==== 130+0+0 (2017757546 0 0) 0x55c8f176bb00 con 0x55c8f19f8a00 -1616>
2019-11-11 08:54:05.472 7f82e7471700 3 mds.0.server not active yet, waiting -1616>
2019-11-11 08:54:05.472 7f82e7471700 1 -- 192.168.200.17:6801/3013182350 <== client.1792815 192.168.200.32:0/3593333399 2 ==== client_reconnect(5 caps) v3 ==== 0+0+448 (0 0 1515115676) 0x55c8f1a21d40 con 0x55c8f19f9600 -1616>
2019-11-11 08:54:05.472 7f82e7471700 1 -- 192.168.200.17:6801/3013182350 --> 192.168.200.32:0/3593333399 -- client_session(open) v3 -- 0x55c8f19ac900 con 0 -1616>
2019-11-11 08:54:05.472 7f82e7471700 0 log_channel(cluster) log [DBG] : reconnect by client.1792815 192.168.200.32:0/3593333399 after 0 -1616>
2019-11-11 08:54:05.472 7f82e7471700 1 -- 192.168.200.17:6801/3013182350 <== client.1794521 192.168.200.31:0/1453103486 2 ==== client_request(client.1794521:95737 lookup #0x100013ad07a/eula.txt
2019-11-11 06:31:34.114081 RETRY=247 caller_uid=1000, caller_gid=1000{}) v2 ==== 130+0+0 (311655835 0 0) 0x55c8f1e36600 con 0x55c8f19f8a00 -1616>
2019-11-11 08:54:05.472 7f82e7471700 3 mds.0.server not active yet, waiting -1616>
2019-11-11 08:54:05.476 7f82ea477700 2 -- 192.168.200.17:6801/3013182350 >> 192.168.200.31:0/2398232289 conn(0x55c8f19f9000 :6801 s=STATE_ACCEPTING_WAIT_SEQ pgs=3078 cs=1 l=0).handle_connect_msg accept write reply msg done -1616>
2019-11-11 08:54:05.476 7f82ea477700 1 -- 192.168.200.17:6801/3013182350 >> - conn(0x55c8f23b2c00 :6801 s=STATE_ACCEPTING pgs=0 cs=0 l=0)._process_connection sd=42 - -1616>
2019-11-11 08:54:05.476 7f82e7471700 1 -- 192.168.200.17:6801/3013182350 <== mds.0 192.168.200.17:6801/3013182350 0 ==== mds_table_request(snaptable server_ready) v1 ==== 0+0+0 (0 0 0) 0x55c8f19acd80 con 0x55c8f1907800 -1616>
2019-11-11 08:54:05.476 7f82e9475700 2 -- 192.168.200.17:6801/3013182350 >> 192.168.200.17:0/3102681411 conn(0x55c8f1906600 :6801 s=STATE_ACCEPTING_WAIT_SEQ pgs=2047 cs=1 l=0).handle_connect_msg accept write reply msg done -1616>
2019-11-11 08:54:05.476 7f82e7471700 1 -- 192.168.200.17:6801/3013182350 _send_message--> mds.0 192.168.200.17:6801/3013182350 -- mds_table_request(snaptable query 1 9 bytes) v1 -- ?+0 0x55c8f1a21d40 -1616>
2019-11-11 08:54:05.476 7f82e7471700 1 -- 192.168.200.17:6801/3013182350 --> 192.168.200.17:6801/3013182350 -- mds_table_request(snaptable query 1 9 bytes) v1 -- 0x55c8f1a21d40 con 0 -1616>
2019-11-11 08:54:05.476 7f82e9475700 2 -- 192.168.200.17:6801/3013182350 >> 192.168.200.17:0/3102681411 conn(0x55c8f1906600 :6801 s=STATE_ACCEPTING_WAIT_SEQ pgs=2047 cs=1 l=0)._process_connection accept get newly_acked_seq 0 -1616>
2019-11-11 08:54:05.476 7f82e7471700 1 -- 192.168.200.17:6801/3013182350 <== mds.0 192.168.200.17:6801/3013182350 0 ==== mds_table_request(snaptable query 1 9 bytes) v1 ==== 0+0+0 (0 0 0) 0x55c8f1a21d40 con 0x55c8f1907800 -1616>
2019-11-11 08:54:05.476 7f82e7471700 1 -- 192.168.200.17:6801/3013182350 --> 192.168.200.17:6801/3013182350 -- mds_table_request(snaptable query_reply 1 tid 1 29 bytes) v1 -- 0x55c8f19acd80 con 0 -1616>
2019-11-11 08:54:05.476 7f82e9475700 5 -- 192.168.200.17:6801/3013182350 >> 192.168.200.17:0/3102681411 conn(0x55c8f1906600 :6801 s=STATE_OPEN_MESSAGE_READ_FOOTER_AND_DISPATCH pgs=2047 cs=1 l=0). rx client.1804134 seq 1 0x55c8f1a21200 client_reconnect(1 caps) v3 -1616>
2019-11-11 08:54:05.476 7f82e7471700 1 -- 192.168.200.17:6801/3013182350 <== mds.0 192.168.200.17:6801/3013182350 0 ==== mds_table_request(snaptable query_reply 1 tid 1 29 bytes) v1 ==== 0+0+0 (0 0 0) 0x55c8f19acd80 con 0x55c8f1907800 -1616>
2019-11-11 08:54:05.476 7f82e7471700 1 -- 192.168.200.17:6801/3013182350 <== client.1804134 192.168.200.17:0/3102681411 1 ==== client_reconnect(1 caps) v3 ==== 0+0+98 (0 0 3890766099) 0x55c8f1a21200 con 0x55c8f1906600 -1616>
2019-11-11 08:54:05.476 7f82e7471700 1 -- 192.168.200.17:6801/3013182350 --> 192.168.200.17:0/3102681411 -- client_session(open) v3 -- 0x55c8f19acd80 con 0 -1616>
2019-11-11 08:54:05.476 7f82e7471700 0 log_channel(cluster) log [DBG] : reconnect by client.1804134 192.168.200.17:0/3102681411 after 0.00400009 -1616>
2019-11-11 08:54:05.476 7f82ea477700 2 -- 192.168.200.17:6801/3013182350 >> 192.168.200.31:0/2398232289 conn(0x55c8f19f9000 :6801 s=STATE_ACCEPTING_WAIT_SEQ pgs=3078 cs=1 l=0)._process_connection accept get newly_acked_seq 0 -1616>
2019-11-11 08:54:05.476 7f82ea477700 5 -- 192.168.200.17:6801/3013182350 >> 192.168.200.31:0/2398232289 conn(0x55c8f19f9000 :6801 s=STATE_OPEN_MESSAGE_READ_FOOTER_AND_DISPATCH pgs=3078 cs=1 l=0). rx client.1793737 seq 1 0x55c8f176b500 client_request(client.1793737:17794 setattr size=0 #0x100013b15fc
2019-11-11 06:30:06.468474 RETRY=250 caller_uid=1000, caller_gid=1000{}) v2 -1616>
2019-11-11 08:54:05.476 7f82ea477700 5 -- 192.168.200.17:6801/3013182350 >> 192.168.200.31:0/2398232289 conn(0x55c8f19f9000 :6801 s=STATE_OPEN_MESSAGE_READ_FOOTER_AND_DISPATCH pgs=3078 cs=1 l=0). rx client.1793737 seq 2 0x55c8f1e36f00 client_request(client.1793737:17986 lookup #0x100013b1607/003996.log
2019-11-11 08:53:41.316508 RETRY=1 caller_uid=1000, caller_gid=1000{}) v2 -1616>
2019-11-11 08:54:05.476 7f82e7471700 1 -- 192.168.200.17:6801/3013182350 <== client.1793737 192.168.200.31:0/2398232289 1 ==== client_request(client.1793737:17794 setattr size=0 #0x100013b15fc
2019-11-11 06:30:06.468474 RETRY=250 caller_uid=1000, caller_gid=1000{}) v2 ==== 122+0+0 (335245936 0 0) 0x55c8f176b500 con 0x55c8f19f9000 -1616>
2019-11-11 08:54:05.476 7f82e7471700 3 mds.0.server not active yet, waiting -1616>
2019-11-11 08:54:05.476 7f82e7471700 1 -- 192.168.200.17:6801/3013182350 <== client.1793737 192.168.200.31:0/2398232289 2 ==== client_request(client.1793737:17986 lookup #0x100013b1607/003996.log
2019-11-11 08:53:41.316508 RETRY=1 caller_uid=1000, caller_gid=1000{}) v2 ==== 132+0+0 (2627784100 0 0) 0x55c8f1e36f00 con 0x55c8f19f9000 -1616>
2019-11-11 08:54:05.476 7f82e7471700 3 mds.0.server not active yet, waiting -1616>
2019-11-11 08:54:05.476 7f82e9475700 2 -- 192.168.200.17:6801/3013182350 >> 192.168.200.19:0/2796926812 conn(0x55c8f19f7e00 :6801 s=STATE_ACCEPTING_WAIT_SEQ pgs=2047 cs=1 l=0)._process_connection accept get newly_acked_seq 0 -1616>
2019-11-11 08:54:05.476 7f82ea477700 5 -- 192.168.200.17:6801/3013182350 >> 192.168.200.31:0/2398232289 conn(0x55c8f19f9000 :6801 s=STATE_OPEN_MESSAGE_READ_FOOTER_AND_DISPATCH pgs=3078 cs=1 l=0). rx client.1793737 seq 3 0x55c8f1a21680 client_reconnect(10 caps) v3 -1616>
2019-11-11 08:54:05.472 7f82e9c76700 5 -- 192.168.200.17:6801/3013182350 >> 192.168.200.31:0/1453103486 conn(0x55c8f19f8a00 :6801 s=STATE_OPEN_MESSAGE_READ_FOOTER_AND_DISPATCH pgs=5365 cs=1 l=0). rx client.1794521 seq 3 0x55c8f1e36900 client_request(client.1794521:95738 lookup #0x100013ad07a/eula.txt
2019-11-11 06:37:55.061054 RETRY=236 caller_uid=1000, caller_gid=1000{}) v2 -1616>
2019-11-11 08:54:05.476 7f82e9475700 5 -- 192.168.200.17:6801/3013182350 >> 192.168.200.19:0/2796926812 conn(0x55c8f19f7e00 :6801 s=STATE_OPEN_MESSAGE_READ_FOOTER_AND_DISPATCH pgs=2047 cs=1 l=0). rx client.1804137 seq 1 0x55c8f1a20d80 client_reconnect(1 caps) v3 -1616>
2019-11-11 08:54:05.476 7f82e7471700 1 -- 192.168.200.17:6801/3013182350 <== client.1793737 192.168.200.31:0/2398232289 3 ==== client_reconnect(10 caps) v3 ==== 0+0+972 (0 0 95529239) 0x55c8f1a21680 con 0x55c8f19f9000 -1616>
2019-11-11 08:54:05.476 7f82e9475700 1 -- 192.168.200.17:6801/3013182350 >> - conn(0x55c8f23b3200 :6801 s=STATE_ACCEPTING pgs=0 cs=0 l=0)._process_connection sd=43 - -1616>
2019-11-11 08:54:05.476 7f82e7471700 1 -- 192.168.200.17:6801/3013182350 --> 192.168.200.31:0/2398232289 -- client_session(open) v3 -- 0x55c8f1a21200 con 0 -1616>
2019-11-11 08:54:05.476 7f82e9c76700 5 -- 192.168.200.17:6801/3013182350 >> 192.168.200.31:0/1453103486 conn(0x55c8f19f8a00 :6801 s=STATE_OPEN_MESSAGE_READ_FOOTER_AND_DISPATCH pgs=5365 cs=1 l=0). rx client.1794521 seq 4 0x55c8f1e36c00 client_request(client.1794521:95739 lookup #0x100013ad07a/eula.txt
2019-11-11 06:39:09.102407 RETRY=234 caller_uid=1000, caller_gid=1000{}) v2 -1616>
2019-11-11 08:54:05.476 7f82e7471700 0 log_channel(cluster) log [DBG] : reconnect by client.1793737 192.168.200.31:0/2398232289 after 0.00400009 -1616>
2019-11-11 08:54:05.476 7f82e9c76700 5 -- 192.168.200.17:6801/3013182350 >> 192.168.200.31:0/1453103486 conn(0x55c8f19f8a00 :6801 s=STATE_OPEN_MESSAGE_READ_FOOTER_AND_DISPATCH pgs=5365 cs=1 l=0). rx client.1794521 seq 5 0x55c8f1e37500 client_request(client.1794521:95740 lookup #0x100013ad07a/eula.txt
2019-11-11 06:45:29.061467 RETRY=223 caller_uid=1000, caller_gid=1000{}) v2 -1616>
2019-11-11 08:54:05.476 7f82e9c76700 5 -- 192.168.200.17:6801/3013182350 >> 192.168.200.31:0/1453103486 conn(0x55c8f19f8a00 :6801 s=STATE_OPEN_MESSAGE_READ_FOOTER_AND_DISPATCH pgs=5365 cs=1 l=0). rx client.1794521 seq 6 0x55c8f1e37800 client_request(client.1794521:95741 lookup #0x100013ad07a/eula.txt
2019-11-11 06:46:44.102915 RETRY=220 caller_uid=1000, caller_gid=1000{}) v2 -1616>
2019-11-11 08:54:05.476 7f82e7471700 1 -- 192.168.200.17:6801/3013182350 <== client.1804137 192.168.200.19:0/2796926812 1 ==== client_reconnect(1 caps) v3 ==== 0+0+98 (0 0 3583410462) 0x55c8f1a20d80 con 0x55c8f19f7e00 -1616>
2019-11-11 08:54:05.476 7f82e9475700 2 -- 192.168.200.17:6801/3013182350 >> 192.168.200.30:0/232332927 conn(0x55c8f23b2600 :6801 s=STATE_ACCEPTING_WAIT_SEQ pgs=2047 cs=1 l=0).handle_connect_msg accept write reply msg done -1616>
2019-11-11 08:54:05.476 7f82e9c76700 5 -- 192.168.200.17:6801/3013182350 >> 192.168.200.31:0/1453103486 conn(0x55c8f19f8a00 :6801 s=STATE_OPEN_MESSAGE_READ_FOOTER_AND_DISPATCH pgs=5365 cs=1 l=0). rx client.1794521 seq 7 0x55c8f1e37b00 client_request(client.1794521:95742 lookup #0x100013ad07a/eula.txt
2019-11-11 06:53:00.210056 RETRY=210 caller_uid=1000, caller_gid=1000{}) v2 -1616>
2019-11-11 08:54:05.476 7f82e7471700 1 -- 192.168.200.17:6801/3013182350 --> 192.168.200.19:0/2796926812 -- client_session(open) v3 -- 0x55c8f1a21680 con 0 -1616>
2019-11-11 08:54:05.476 7f82e9c76700 5 -- 192.168.200.17:6801/3013182350 >> 192.168.200.31:0/1453103486 conn(0x55c8f19f8a00 :6801 s=STATE_OPEN_MESSAGE_READ_FOOTER_AND_DISPATCH pgs=5365 cs=1 l=0). rx client.1794521 seq 8 0x55c8f1e5e000 client_request(client.1794521:95743 lookup #0x100013ad07a/eula.txt
2019-11-11 06:54:14.099443 RETRY=208 caller_uid=1000, caller_gid=1000{}) v2 -1616>
2019-11-11 08:54:05.476 7f82e7471700 0 log_channel(cluster) log [DBG] : reconnect by client.1804137 192.168.200.19:0/2796926812 after 0.00400009 -1616>
2019-11-11 08:54:05.476 7f82e9c76700 5 -- 192.168.200.17:6801/3013182350 >> 192.168.200.31:0/1453103486 conn(0x55c8f19f8a00 :6801 s=STATE_OPEN_MESSAGE_READ_FOOTER_AND_DISPATCH pgs=5365 cs=1 l=0). rx client.1794521 seq 9 0x55c8f1e5e300 client_request(client.1794521:95744 lookup #0x100013ad07a/eula.txt
2019-11-11 07:00:30.126453 RETRY=196 caller_uid=1000, caller_gid=1000{}) v2 -1616>
2019-11-11 08:54:05.476 7f82e7471700 1 -- 192.168.200.17:6801/3013182350 <== client.1794521 192.168.200.31:0/1453103486 3 ==== client_request(client.1794521:95738 lookup #0x100013ad07a/eula.txt
2019-11-11 06:37:55.061054 RETRY=236 caller_uid=1000, caller_gid=1000{}) v2 ==== 130+0+0 (1853166123 0 0) 0x55c8f1e36900 con 0x55c8f19f8a00 -1616>
2019-11-11 08:54:05.476 7f82e7471700 3 mds.0.server not active yet, waiting -1616>
2019-11-11 08:54:05.476 7f82e9c76700 5 -- 192.168.200.17:6801/3013182350 >> 192.168.200.31:0/1453103486 conn(0x55c8f19f8a00 :6801 s=STATE_OPEN_MESSAGE_READ_FOOTER_AND_DISPATCH pgs=5365 cs=1 l=0). rx client.1794521 seq 10 0x55c8f1e5e600 client_request(client.1794521:95745 lookup #0x100013ad07a/eula.txt
2019-11-11 07:01:44.075825 RETRY=194 caller_uid=1000, caller_gid=1000{}) v2 -1616>
2019-11-11 08:54:05.476 7f82e7471700 1 -- 192.168.200.17:6801/3013182350 <== client.1794521 192.168.200.31:0/1453103486 4 ==== client_request(client.1794521:95739 lookup #0x100013ad07a/eula.txt
2019-11-11 06:39:09.102407 RETRY=234 caller_uid=1000, caller_gid=1000{}) v2 ==== 130+0+0 (3090681800 0 0) 0x55c8f1e36c00 con 0x55c8f19f8a00 -1616>
