2019-11-11 08:54:05.480 7f82e7471700 1 -- 192.168.200.17:6801/3013182350 <== client.1794665 192.168.200.30:0/3506497893 33 ==== client_request(client.1794665:16177 lookup #0x10001344421/bookmarks
2019-11-11 07:47:43.992127 RETRY=114 caller_uid=33, caller_gid=33{}) v2 ==== 131+0+0 (2541169593 0 0) 0x55c8f3e08300 con 0x55c8f23b2c00 -1614>
2019-11-11 08:54:05.480 7f82e7471700 3 mds.0.server not active yet, waiting -1614>
2019-11-11 08:54:05.480 7f82ea477700 5 -- 192.168.200.17:6801/3013182350 >> 192.168.200.30:0/3506497893 conn(0x55c8f23b2c00 :6801 s=STATE_OPEN_MESSAGE_READ_FOOTER_AND_DISPATCH pgs=2413 cs=1 l=0). rx client.1794665 seq 42 0x55c8f3e12000 client_request(client.1794665:16186 lookup #0x10001344421/bookmarks
2019-11-11 07:47:43.996128 RETRY=114 caller_uid=33, caller_gid=33{}) v2 -1614>
2019-11-11 08:54:05.480 7f82e7471700 1 -- 192.168.200.17:6801/3013182350 <== client.1794665 192.168.200.30:0/3506497893 34 ==== client_request(client.1794665:16178 lookup #0x10001344421/bookmarks
2019-11-11 07:47:43.992127 RETRY=114 caller_uid=33, caller_gid=33{}) v2 ==== 131+0+0 (2541169593 0 0) 0x55c8f3e08600 con 0x55c8f23b2c00 -1614>
2019-11-11 08:54:05.480 7f82ea477700 5 -- 192.168.200.17:6801/3013182350 >> 192.168.200.30:0/3506497893 conn(0x55c8f23b2c00 :6801 s=STATE_OPEN_MESSAGE_READ_FOOTER_AND_DISPATCH pgs=2413 cs=1 l=0). rx client.1794665 seq 43 0x55c8f3e12300 client_request(client.1794665:16187 lookup #0x10001344421/bookmarks
2019-11-11 07:47:43.996128 RETRY=114 caller_uid=33, caller_gid=33{}) v2 -1614>
2019-11-11 08:54:05.480 7f82e7471700 3 mds.0.server not active yet, waiting -1614>
2019-11-11 08:54:05.480 7f82e9c76700 2 -- 192.168.200.17:6801/3013182350 >> 192.168.200.30:0/522103062 conn(0x55c8f23b2000 :6801 s=STATE_ACCEPTING_WAIT_SEQ pgs=2105 cs=1 l=0).handle_connect_msg accept write reply msg done -1614>
2019-11-11 08:54:05.480 7f82e7471700 1 -- 192.168.200.17:6801/3013182350 <== client.1794665 192.168.200.30:0/3506497893 35 ==== client_request(client.1794665:16179 lookup #0x10001344421/bookmarks
2019-11-11 07:47:43.992127 RETRY=114 caller_uid=33, caller_gid=33{}) v2 ==== 131+0+0 (2541169593 0 0) 0x55c8f3e08900 con 0x55c8f23b2c00 -1614>
2019-11-11 08:54:05.480 7f82e7471700 3 mds.0.server not active yet, waiting -1614>
2019-11-11 08:54:05.480 7f82e7471700 1 -- 192.168.200.17:6801/3013182350 <== client.1794665 192.168.200.30:0/3506497893 36 ==== client_request(client.1794665:16180 lookup #0x10001344421/bookmarks
2019-11-11 07:47:43.992127 RETRY=114 caller_uid=33, caller_gid=33{}) v2 ==== 131+0+0 (2541169593 0 0) 0x55c8f3e08c00 con 0x55c8f23b2c00 -1614>
2019-11-11 08:54:05.480 7f82e7471700 3 mds.0.server not active yet, waiting -1614>
2019-11-11 08:54:05.480 7f82e7471700 1 -- 192.168.200.17:6801/3013182350 <== client.1794665 192.168.200.30:0/3506497893 37 ==== client_request(client.1794665:16181 lookup #0x10001344421/bookmarks
2019-11-11 07:47:43.992127 RETRY=114 caller_uid=33, caller_gid=33{}) v2 ==== 131+0+0 (2541169593 0 0) 0x55c8f3e08f00 con 0x55c8f23b2c00 -1614>
2019-11-11 08:54:05.480 7f82e7471700 3 mds.0.server not active yet, waiting -1614>
2019-11-11 08:54:05.480 7f82e7471700 1 -- 192.168.200.17:6801/3013182350 <== client.1794665 192.168.200.30:0/3506497893 38 ==== client_request(client.1794665:16182 lookup #0x10001344421/bookmarks
2019-11-11 07:47:43.992127 RETRY=114 caller_uid=33, caller_gid=33{}) v2 ==== 131+0+0 (2541169593 0 0) 0x55c8f3e09200 con 0x55c8f23b2c00 -1614>
2019-11-11 08:54:05.480 7f82e7471700 3 mds.0.server not active yet, waiting -1614>
2019-11-11 08:54:05.480 7f82e7471700 1 -- 192.168.200.17:6801/3013182350 <== client.1794665 192.168.200.30:0/3506497893 39 ==== client_request(client.1794665:16183 lookup #0x10001344421/bookmarks
2019-11-11 07:47:43.992127 RETRY=114 caller_uid=33, caller_gid=33{}) v2 ==== 131+0+0 (2541169593 0 0) 0x55c8f3e09500 con 0x55c8f23b2c00 -1614>
2019-11-11 08:54:05.480 7f82e7471700 3 mds.0.server not active yet, waiting -1614>
2019-11-11 08:54:05.480 7f82e7471700 1 -- 192.168.200.17:6801/3013182350 <== client.1794665 192.168.200.30:0/3506497893 40 ==== client_request(client.1794665:16184 lookup #0x10001344421/bookmarks
2019-11-11 07:47:43.996128 RETRY=114 caller_uid=33, caller_gid=33{}) v2 ==== 131+0+0 (2220778205 0 0) 0x55c8f3e09800 con 0x55c8f23b2c00 -1614>
2019-11-11 08:54:05.480 7f82e7471700 3 mds.0.server not active yet, waiting -1614>
2019-11-11 08:54:05.480 7f82ea477700 5 -- 192.168.200.17:6801/3013182350 >> 192.168.200.30:0/3506497893 conn(0x55c8f23b2c00 :6801 s=STATE_OPEN_MESSAGE_READ_FOOTER_AND_DISPATCH pgs=2413 cs=1 l=0). rx client.1794665 seq 44 0x55c8f3e12600 client_request(client.1794665:16188 lookup #0x10001344421/bookmarks
2019-11-11 07:47:43.996128 RETRY=114 caller_uid=33, caller_gid=33{}) v2 -1614>
2019-11-11 08:54:05.480 7f82e7471700 1 -- 192.168.200.17:6801/3013182350 <== client.1794665 192.168.200.30:0/3506497893 41 ==== client_request(client.1794665:16185 lookup #0x10001344421/bookmarks
2019-11-11 07:47:43.996128 RETRY=114 caller_uid=33, caller_gid=33{}) v2 ==== 131+0+0 (2220778205 0 0) 0x55c8f3e09b00 con 0x55c8f23b2c00 -1614>
2019-11-11 08:54:05.480 7f82e7471700 3 mds.0.server not active yet, waiting -1614>
2019-11-11 08:54:05.480 7f82ea477700 5 -- 192.168.200.17:6801/3013182350 >> 192.168.200.30:0/3506497893 conn(0x55c8f23b2c00 :6801 s=STATE_OPEN_MESSAGE_READ_FOOTER_AND_DISPATCH pgs=2413 cs=1 l=0). rx client.1794665 seq 45 0x55c8f3e12900 client_request(client.1794665:16189 lookup #0x10001344421/bookmarks
2019-11-11 07:47:43.996128 RETRY=114 caller_uid=33, caller_gid=33{}) v2 -1614>
2019-11-11 08:54:05.480 7f82e9c76700 2 -- 192.168.200.17:6801/3013182350 >> 192.168.200.30:0/522103062 conn(0x55c8f23b2000 :6801 s=STATE_ACCEPTING_WAIT_SEQ pgs=2105 cs=1 l=0)._process_connection accept get newly_acked_seq 0 -1614>
2019-11-11 08:54:05.480 7f82ea477700 5 -- 192.168.200.17:6801/3013182350 >> 192.168.200.30:0/3506497893 conn(0x55c8f23b2c00 :6801 s=STATE_OPEN_MESSAGE_READ_FOOTER_AND_DISPATCH pgs=2413 cs=1 l=0). rx client.1794665 seq 46 0x55c8f3e12c00 client_request(client.1794665:16190 lookup #0x10001344421/bookmarks
2019-11-11 07:47:43.996128 RETRY=114 caller_uid=33, caller_gid=33{}) v2 -1614>
2019-11-11 08:54:05.480 7f82e7471700 1 -- 192.168.200.17:6801/3013182350 <== client.1794665 192.168.200.30:0/3506497893 42 ==== client_request(client.1794665:16186 lookup #0x10001344421/bookmarks
2019-11-11 07:47:43.996128 RETRY=114 caller_uid=33, caller_gid=33{}) v2 ==== 131+0+0 (2220778205 0 0) 0x55c8f3e12000 con 0x55c8f23b2c00 -1614>
2019-11-11 08:54:05.480 7f82e7471700 3 mds.0.server not active yet, waiting -1614>
2019-11-11 08:54:05.480 7f82ea477700 5 -- 192.168.200.17:6801/3013182350 >> 192.168.200.30:0/3506497893 conn(0x55c8f23b2c00 :6801 s=STATE_OPEN_MESSAGE_READ_FOOTER_AND_DISPATCH pgs=2413 cs=1 l=0). rx client.1794665 seq 47 0x55c8f3e12f00 client_request(client.1794665:16191 lookup #0x10001344421/bookmarks
2019-11-11 07:47:44.000128 RETRY=114 caller_uid=33, caller_gid=33{}) v2 -1614>
2019-11-11 08:54:05.480 7f82e7471700 1 -- 192.168.200.17:6801/3013182350 <== client.1794665 192.168.200.30:0/3506497893 43 ==== client_request(client.1794665:16187 lookup #0x10001344421/bookmarks
2019-11-11 07:47:43.996128 RETRY=114 caller_uid=33, caller_gid=33{}) v2 ==== 131+0+0 (2220778205 0 0) 0x55c8f3e12300 con 0x55c8f23b2c00 -1614>
2019-11-11 08:54:05.480 7f82ea477700 5 -- 192.168.200.17:6801/3013182350 >> 192.168.200.30:0/3506497893 conn(0x55c8f23b2c00 :6801 s=STATE_OPEN_MESSAGE_READ_FOOTER_AND_DISPATCH pgs=2413 cs=1 l=0). rx client.1794665 seq 48 0x55c8f3e13200 client_request(client.1794665:16192 lookup #0x10001344421/bookmarks
2019-11-11 07:47:44.000128 RETRY=114 caller_uid=33, caller_gid=33{}) v2 -1614>
2019-11-11 08:54:05.480 7f82e7471700 3 mds.0.server not active yet, waiting -1614>
2019-11-11 08:54:05.480 7f82ea477700 5 -- 192.168.200.17:6801/3013182350 >> 192.168.200.30:0/3506497893 conn(0x55c8f23b2c00 :6801 s=STATE_OPEN_MESSAGE_READ_FOOTER_AND_DISPATCH pgs=2413 cs=1 l=0). rx client.1794665 seq 49 0x55c8f3e13500 client_request(client.1794665:16193 lookup #0x10001344421/bookmarks
2019-11-11 07:47:44.000128 RETRY=114 caller_uid=33, caller_gid=33{}) v2 -1614>
2019-11-11 08:54:05.480 7f82e7471700 1 -- 192.168.200.17:6801/3013182350 <== client.1794665 192.168.200.30:0/3506497893 44 ==== client_request(client.1794665:16188 lookup #0x10001344421/bookmarks
2019-11-11 07:47:43.996128 RETRY=114 caller_uid=33, caller_gid=33{}) v2 ==== 131+0+0 (2220778205 0 0) 0x55c8f3e12600 con 0x55c8f23b2c00 -1614>
2019-11-11 08:54:05.480 7f82e7471700 3 mds.0.server not active yet, waiting -1614>
2019-11-11 08:54:05.480 7f82ea477700 5 -- 192.168.200.17:6801/3013182350 >> 192.168.200.30:0/3506497893 conn(0x55c8f23b2c00 :6801 s=STATE_OPEN_MESSAGE_READ_FOOTER_AND_DISPATCH pgs=2413 cs=1 l=0). rx client.1794665 seq 50 0x55c8f3e13800 client_request(client.1794665:16194 lookup #0x10001344421/bookmarks
2019-11-11 07:47:44.000128 RETRY=114 caller_uid=33, caller_gid=33{}) v2 -1614>
2019-11-11 08:54:05.480 7f82ea477700 5 -- 192.168.200.17:6801/3013182350 >> 192.168.200.30:0/3506497893 conn(0x55c8f23b2c00 :6801 s=STATE_OPEN_MESSAGE_READ_FOOTER_AND_DISPATCH pgs=2413 cs=1 l=0). rx client.1794665 seq 51 0x55c8f3e13b00 client_request(client.1794665:16195 lookup #0x10001344421/bookmarks
2019-11-11 07:47:44.000128 RETRY=114 caller_uid=33, caller_gid=33{}) v2 -1614>
2019-11-11 08:54:05.480 7f82e7471700 1 -- 192.168.200.17:6801/3013182350 <== client.1794665 192.168.200.30:0/3506497893 45 ==== client_request(client.1794665:16189 lookup #0x10001344421/bookmarks
2019-11-11 07:47:43.996128 RETRY=114 caller_uid=33, caller_gid=33{}) v2 ==== 131+0+0 (2220778205 0 0) 0x55c8f3e12900 con 0x55c8f23b2c00 -1614>
2019-11-11 08:54:05.480 7f82ea477700 5 -- 192.168.200.17:6801/3013182350 >> 192.168.200.30:0/3506497893 conn(0x55c8f23b2c00 :6801 s=STATE_OPEN_MESSAGE_READ_FOOTER_AND_DISPATCH pgs=2413 cs=1 l=0). rx client.1794665 seq 52 0x55c8f3e18000 client_request(client.1794665:16196 lookup #0x10001344421/bookmarks
2019-11-11 07:47:44.000128 RETRY=114 caller_uid=33, caller_gid=33{}) v2 -1614>
2019-11-11 08:54:05.480 7f82e7471700 3 mds.0.server not active yet, waiting -1614>
2019-11-11 08:54:05.480 7f82ea477700 5 -- 192.168.200.17:6801/3013182350 >> 192.168.200.30:0/3506497893 conn(0x55c8f23b2c00 :6801 s=STATE_OPEN_MESSAGE_READ_FOOTER_AND_DISPATCH pgs=2413 cs=1 l=0). rx client.1794665 seq 53 0x55c8f3e18300 client_request(client.1794665:16197 lookup #0x10001344421/bookmarks
2019-11-11 07:47:44.004128 RETRY=114 caller_uid=33, caller_gid=33{}) v2 -1614>
2019-11-11 08:54:05.480 7f82e7471700 1 -- 192.168.200.17:6801/3013182350 <== client.1794665 192.168.200.30:0/3506497893 46 ==== client_request(client.1794665:16190 lookup #0x10001344421/bookmarks
2019-11-11 07:47:43.996128 RETRY=114 caller_uid=33, caller_gid=33{}) v2 ==== 131+0+0 (2220778205 0 0) 0x55c8f3e12c00 con 0x55c8f23b2c00 -1614>
2019-11-11 08:54:05.480 7f82e9c76700 5 -- 192.168.200.17:6801/3013182350 >> 192.168.200.30:0/522103062 conn(0x55c8f23b2000 :6801 s=STATE_OPEN_MESSAGE_READ_FOOTER_AND_DISPATCH pgs=2105 cs=1 l=0). rx client.1794662 seq 1 0x55c8f1e6e300 client_request(client.1794662:943820 readdir #0x3000001e549
2019-11-11 06:45:49.892580 RETRY=222 caller_uid=33, caller_gid=33{}) v2 -1614>
2019-11-11 08:54:05.480 7f82e7471700 3 mds.0.server not active yet, waiting -1614>
2019-11-11 08:54:05.480 7f82ea477700 5 -- 192.168.200.17:6801/3013182350 >> 192.168.200.30:0/3506497893 conn(0x55c8f23b2c00 :6801 s=STATE_OPEN_MESSAGE_READ_FOOTER_AND_DISPATCH pgs=2413 cs=1 l=0). rx client.1794665 seq 54 0x55c8f3e18600 client_request(client.1794665:16198 lookup #0x10001344421/bookmarks
2019-11-11 07:47:44.004128 RETRY=114 caller_uid=33, caller_gid=33{}) v2 -1614>
2019-11-11 08:54:05.480 7f82e7471700 1 -- 192.168.200.17:6801/3013182350 <== client.1794665 192.168.200.30:0/3506497893 47 ==== client_request(client.1794665:16191 lookup #0x10001344421/bookmarks
2019-11-11 07:47:44.000128 RETRY=114 caller_uid=33, caller_gid=33{}) v2 ==== 131+0+0 (1242389004 0 0) 0x55c8f3e12f00 con 0x55c8f23b2c00 -1614>
2019-11-11 08:54:05.480 7f82e9c76700 5 -- 192.168.200.17:6801/3013182350 >> 192.168.200.30:0/522103062 conn(0x55c8f23b2000 :6801 s=STATE_OPEN_MESSAGE_READ_FOOTER_AND_DISPATCH pgs=2105 cs=1 l=0). rx client.1794662 seq 2 0x55c8f1a20240 client_reconnect(1 caps) v3 -1614>
2019-11-11 08:54:05.480 7f82e7471700 3 mds.0.server not active yet, waiting -1614>
2019-11-11 08:54:05.480 7f82ea477700 5 -- 192.168.200.17:6801/3013182350 >> 192.168.200.30:0/3506497893 conn(0x55c8f23b2c00 :6801 s=STATE_OPEN_MESSAGE_READ_FOOTER_AND_DISPATCH pgs=2413 cs=1 l=0). rx client.1794665 seq 55 0x55c8f3e18900 client_request(client.1794665:16199 lookup #0x10001344421/bookmarks
2019-11-11 07:47:44.004128 RETRY=114 caller_uid=33, caller_gid=33{}) v2 -1614>
2019-11-11 08:54:05.480 7f82e7471700 1 -- 192.168.200.17:6801/3013182350 <== client.1794662 192.168.200.30:0/522103062 1 ==== client_request(client.1794662:943820 readdir #0x3000001e549
2019-11-11 06:45:49.892580 RETRY=222 caller_uid=33, caller_gid=33{}) v2 ==== 122+0+0 (1927008575 0 0) 0x55c8f1e6e300 con 0x55c8f23b2000 -1614>
2019-11-11 08:54:05.480 7f82e7471700 3 mds.0.server not active yet, waiting -1614>
2019-11-11 08:54:05.480 7f82ea477700 5 -- 192.168.200.17:6801/3013182350 >> 192.168.200.30:0/3506497893 conn(0x55c8f23b2c00 :6801 s=STATE_OPEN_MESSAGE_READ_FOOTER_AND_DISPATCH pgs=2413 cs=1 l=0). rx client.1794665 seq 56 0x55c8f3e18c00 client_request(client.1794665:16200 lookup #0x10001344421/bookmarks
2019-11-11 07:47:44.004128 RETRY=114 caller_uid=33, caller_gid=33{}) v2 -1614>
2019-11-11 08:54:05.480 7f82e7471700 1 -- 192.168.200.17:6801/3013182350 <== client.1794665 192.168.200.30:0/3506497893 48 ==== client_request(client.1794665:16192 lookup #0x10001344421/bookmarks
2019-11-11 07:47:44.000128 RETRY=114 caller_uid=33, caller_gid=33{}) v2 ==== 131+0+0 (1242389004 0 0) 0x55c8f3e13200 con 0x55c8f23b2c00 -1614>
2019-11-11 08:54:05.480 7f82ea477700 5 -- 192.168.200.17:6801/3013182350 >> 192.168.200.30:0/3506497893 conn(0x55c8f23b2c00 :6801 s=STATE_OPEN_MESSAGE_READ_FOOTER_AND_DISPATCH pgs=2413 cs=1 l=0). rx client.1794665 seq 57 0x55c8f3e18f00 client_request(client.1794665:16201 lookup #0x10001344421/bookmarks
2019-11-11 07:47:44.060129 RETRY=114 caller_uid=33, caller_gid=33{}) v2 -1614>
2019-11-11 08:54:05.480 7f82e7471700 3 mds.0.server not active yet, waiting -1614>
2019-11-11 08:54:05.480 7f82ea477700 5 -- 192.168.200.17:6801/3013182350 >> 192.168.200.30:0/3506497893 conn(0x55c8f23b2c00 :6801 s=STATE_OPEN_MESSAGE_READ_FOOTER_AND_DISPATCH pgs=2413 cs=1 l=0). rx client.1794665 seq 58 0x55c8f3e19200 client_request(client.1794665:16202 lookup #0x10001344421/bookmarks
2019-11-11 07:47:44.060129 RETRY=114 caller_uid=33, caller_gid=33{}) v2 -1614>
2019-11-11 08:54:05.480 7f82e7471700 1 -- 192.168.200.17:6801/3013182350 <== client.1794662 192.168.200.30:0/522103062 2 ==== client_reconnect(1 caps) v3 ==== 0+0+98 (0 0 2460232887) 0x55c8f1a20240 con 0x55c8f23b2000 -1614>
2019-11-11 08:54:05.480 7f82e7471700 1 -- 192.168.200.17:6801/3013182350 --> 192.168.200.30:0/522103062 -- client_session(open) v3 -- 0x55c8f1a21b00 con 0 -1614>
2019-11-11 08:54:05.480 7f82ea477700 5 -- 192.168.200.17:6801/3013182350 >> 192.168.200.30:0/3506497893 conn(0x55c8f23b2c00 :6801 s=STATE_OPEN_MESSAGE_READ_FOOTER_AND_DISPATCH pgs=2413 cs=1 l=0). rx client.1794665 seq 59 0x55c8f3e19500 client_request(client.1794665:16203 lookup #0x10001344421/bookmarks
2019-11-11 07:47:44.060129 RETRY=114 caller_uid=33, caller_gid=33{}) v2 -1614>
2019-11-11 08:54:05.480 7f82ea477700 5 -- 192.168.200.17:6801/3013182350 >> 192.168.200.30:0/3506497893 conn(0x55c8f23b2c00 :6801 s=STATE_OPEN_MESSAGE_READ_FOOTER_AND_DISPATCH pgs=2413 cs=1 l=0). rx client.1794665 seq 60 0x55c8f3e19800 client_request(client.1794665:16204 lookup #0x10001344421/bookmarks
2019-11-11 07:47:44.064129 RETRY=114 caller_uid=33, caller_gid=33{}) v2 -1614>
2019-11-11 08:54:05.480 7f82e7471700 0 log_channel(cluster) log [DBG] : reconnect by client.1794662 192.168.200.30:0/522103062 after 0.00800017 -1614>
2019-11-11 08:54:05.480 7f82ea477700 5 -- 192.168.200.17:6801/3013182350 >> 192.168.200.30:0/3506497893 conn(0x55c8f23b2c00 :6801 s=STATE_OPEN_MESSAGE_READ_FOOTER_AND_DISPATCH pgs=2413 cs=1 l=0). rx client.1794665 seq 61 0x55c8f3e19b00 client_request(client.1794665:16205 lookup #0x10001344421/bookmarks
2019-11-11 07:47:44.064129 RETRY=114 caller_uid=33, caller_gid=33{}) v2 -1614>
2019-11-11 08:54:05.480 7f82ea477700 5 -- 192.168.200.17:6801/3013182350 >> 192.168.200.30:0/3506497893 conn(0x55c8f23b2c00 :6801 s=STATE_OPEN_MESSAGE_READ_FOOTER_AND_DISPATCH pgs=2413 cs=1 l=0). rx client.1794665 seq 62 0x55c8f3e1c000 client_request(client.1794665:16206 lookup #0x10001344421/bookmarks
2019-11-11 07:47:44.064129 RETRY=114 caller_uid=33, caller_gid=33{}) v2 -1614>
2019-11-11 08:54:05.480 7f82ea477700 5 -- 192.168.200.17:6801/3013182350 >> 192.168.200.30:0/3506497893 conn(0x55c8f23b2c00 :6801 s=STATE_OPEN_MESSAGE_READ_FOOTER_AND_DISPATCH pgs=2413 cs=1 l=0). rx client.1794665 seq 63 0x55c8f3e1c300 client_request(client.1794665:16207 lookup #0x10001344421/bookmarks
2019-11-11 07:47:44.068129 RETRY=114 caller_uid=33, caller_gid=33{}) v2 -1614>
2019-11-11 08:54:05.480 7f82ea477700 5 -- 192.168.200.17:6801/3013182350 >> 192.168.200.30:0/3506497893 conn(0x55c8f23b2c00 :6801 s=STATE_OPEN_MESSAGE_READ_FOOTER_AND_DISPATCH pgs=2413 cs=1 l=0). rx client.1794665 seq 64 0x55c8f3e1c600 client_request(client.1794665:16208 lookup #0x10001344421/bookmarks
2019-11-11 07:47:44.068129 RETRY=114 caller_uid=33, caller_gid=33{}) v2 -1614>
2019-11-11 08:54:05.480 7f82e7471700 1 -- 192.168.200.17:6801/3013182350 <== client.1794665 192.168.200.30:0/3506497893 49 ==== client_request(client.1794665:16193 lookup #0x10001344421/bookmarks
2019-11-11 07:47:44.000128 RETRY=114 caller_uid=33, caller_gid=33{}) v2 ==== 131+0+0 (1242389004 0 0) 0x55c8f3e13500 con 0x55c8f23b2c00 -1614>
2019-11-11 08:54:05.480 7f82e7471700 3 mds.0.server not active yet, waiting -1614>
2019-11-11 08:54:05.484 7f82e7471700 1 -- 192.168.200.17:6801/3013182350 <== client.1794665 192.168.200.30:0/3506497893 50 ==== client_request(client.1794665:16194 lookup #0x10001344421/bookmarks
2019-11-11 07:47:44.000128 RETRY=114 caller_uid=33, caller_gid=33{}) v2 ==== 131+0+0 (1242389004 0 0) 0x55c8f3e13800 con 0x55c8f23b2c00 -1614>
2019-11-11 08:54:05.484 7f82e7471700 3 mds.0.server not active yet, waiting -1614>
2019-11-11 08:54:05.484 7f82e7471700 1 -- 192.168.200.17:6801/3013182350 <== client.1794665 192.168.200.30:0/3506497893 51 ==== client_request(client.1794665:16195 lookup #0x10001344421/bookmarks
2019-11-11 07:47:44.000128 RETRY=114 caller_uid=33, caller_gid=33{}) v2 ==== 131+0+0 (1242389004 0 0) 0x55c8f3e13b00 con 0x55c8f23b2c00 -1614>
2019-11-11 08:54:05.484 7f82e7471700 3 mds.0.server not active yet, waiting -1614>
2019-11-11 08:54:05.484 7f82e7471700 1 -- 192.168.200.17:6801/3013182350 <== client.1794665 192.168.200.30:0/3506497893 52 ==== client_request(client.1794665:16196 lookup #0x10001344421/bookmarks
2019-11-11 07:47:44.000128 RETRY=114 caller_uid=33, caller_gid=33{}) v2 ==== 131+0+0 (1242389004 0 0) 0x55c8f3e18000 con 0x55c8f23b2c00 -1614>
2019-11-11 08:54:05.484 7f82e7471700 3 mds.0.server not active yet, waiting -1614>
2019-11-11 08:54:05.484 7f82e7471700 1 -- 192.168.200.17:6801/3013182350 <== client.1794665 192.168.200.30:0/3506497893 53 ==== client_request(client.1794665:16197 lookup #0x10001344421/bookmarks
2019-11-11 07:47:44.004128 RETRY=114 caller_uid=33, caller_gid=33{}) v2 ==== 131+0+0 (1881861833 0 0) 0x55c8f3e18300 con 0x55c8f23b2c00 -1614>
2019-11-11 08:54:05.480 7f82ea477700 5 -- 192.168.200.17:6801/3013182350 >> 192.168.200.30:0/3506497893 conn(0x55c8f23b2c00 :6801 s=STATE_OPEN_MESSAGE_READ_FOOTER_AND_DISPATCH pgs=2413 cs=1 l=0). rx client.1794665 seq 65 0x55c8f3e1c900 client_request(client.1794665:16209 lookup #0x10001344421/bookmarks
2019-11-11 07:47:44.068129 RETRY=114 caller_uid=33, caller_gid=33{}) v2 -1614>
2019-11-11 08:54:05.484 7f82e7471700 3 mds.0.server not active yet, waiting -1614>
2019-11-11 08:54:05.484 7f82e7471700 1 -- 192.168.200.17:6801/3013182350 <== client.1794665 192.168.200.30:0/3506497893 54 ==== client_request(client.1794665:16198 lookup #0x10001344421/bookmarks
2019-11-11 07:47:44.004128 RETRY=114 caller_uid=33, caller_gid=33{}) v2 ==== 131+0+0 (1881861833 0 0) 0x55c8f3e18600 con 0x55c8f23b2c00 -1614>
2019-11-11 08:54:05.484 7f82ea477700 5 -- 192.168.200.17:6801/3013182350 >> 192.168.200.30:0/3506497893 conn(0x55c8f23b2c00 :6801 s=STATE_OPEN_MESSAGE_READ_FOOTER_AND_DISPATCH pgs=2413 cs=1 l=0). rx client.1794665 seq 66 0x55c8f3e1cc00 client_request(client.1794665:16210 lookup #0x10001344421/bookmarks
2019-11-11 07:47:44.072129 RETRY=114 caller_uid=33, caller_gid=33{}) v2 -1614>
2019-11-11 08:54:05.484 7f82e7471700 3 mds.0.server not active yet, waiting -1614>
2019-11-11 08:54:05.484 7f82ea477700 5 -- 192.168.200.17:6801/3013182350 >> 192.168.200.30:0/3506497893 conn(0x55c8f23b2c00 :6801 s=STATE_OPEN_MESSAGE_READ_FOOTER_AND_DISPATCH pgs=2413 cs=1 l=0). rx client.1794665 seq 67 0x55c8f3e1cf00 client_request(client.1794665:16211 open #0x10001346b3e/.htaccess
2019-11-11 07:47:44.084129 RETRY=114 caller_uid=33, caller_gid=33{}) v2 -1614>
2019-11-11 08:54:05.484 7f82e7471700 1 -- 192.168.200.17:6801/3013182350 <== client.1794665 192.168.200.30:0/3506497893 55 ==== client_request(client.1794665:16199 lookup #0x10001344421/bookmarks
2019-11-11 07:47:44.004128 RETRY=114 caller_uid=33, caller_gid=33{}) v2 ==== 131+0+0 (1881861833 0 0) 0x55c8f3e18900 con 0x55c8f23b2c00 -1614>
2019-11-11 08:54:05.484 7f82e7471700 3 mds.0.server not active yet, waiting -1614>
2019-11-11 08:54:05.484 7f82ea477700 5 -- 192.168.200.17:6801/3013182350 >> 192.168.200.30:0/3506497893 conn(0x55c8f23b2c00 :6801 s=STATE_OPEN_MESSAGE_READ_FOOTER_AND_DISPATCH pgs=2413 cs=1 l=0). rx client.1794665 seq 68 0x55c8f3e1d200 client_request(client.1794665:16212 open #0x10001346b3e/.htaccess
2019-11-11 07:47:44.084129 RETRY=114 caller_uid=33, caller_gid=33{}) v2 -1614>
2019-11-11 08:54:05.484 7f82e7471700 1 -- 192.168.200.17:6801/3013182350 <== client.1794665 192.168.200.30:0/3506497893 56 ==== client_request(client.1794665:16200 lookup #0x10001344421/bookmarks
2019-11-11 07:47:44.004128 RETRY=114 caller_uid=33, caller_gid=33{}) v2 ==== 131+0+0 (1881861833 0 0) 0x55c8f3e18c00 con 0x55c8f23b2c00 -1614>
2019-11-11 08:54:05.484 7f82ea477700 5 -- 192.168.200.17:6801/3013182350 >> 192.168.200.30:0/3506497893 conn(0x55c8f23b2c00 :6801 s=STATE_OPEN_MESSAGE_READ_FOOTER_AND_DISPATCH pgs=2413 cs=1 l=0). rx client.1794665 seq 69 0x55c8f3e1d500 client_request(client.1794665:16213 open #0x10001346b3e/.htaccess
2019-11-11 07:47:44.084129 RETRY=114 caller_uid=33, caller_gid=33{}) v2 -1614>
2019-11-11 08:54:05.484 7f82e7471700 3 mds.0.server not active yet, waiting -1614>
2019-11-11 08:54:05.484 7f82ea477700 5 -- 192.168.200.17:6801/3013182350 >> 192.168.200.30:0/3506497893 conn(0x55c8f23b2c00 :6801 s=STATE_OPEN_MESSAGE_READ_FOOTER_AND_DISPATCH pgs=2413 cs=1 l=0). rx client.1794665 seq 70 0x55c8f3e1d800 client_request(client.1794665:16214 open #0x10001346b3e/.htaccess
2019-11-11 07:47:44.084129 RETRY=114 caller_uid=33, caller_gid=33{}) v2 -1614>
2019-11-11 08:54:05.484 7f82e7471700 1 -- 192.168.200.17:6801/3013182350 <== client.1794665 192.168.200.30:0/3506497893 57 ==== client_request(client.1794665:16201 lookup #0x10001344421/bookmarks
2019-11-11 07:47:44.060129 RETRY=114 caller_uid=33, caller_gid=33{}) v2 ==== 131+0+0 (4155455842 0 0) 0x55c8f3e18f00 con 0x55c8f23b2c00 -1614>
2019-11-11 08:54:05.484 7f82e7471700 3 mds.0.server not active yet, waiting -1614>
2019-11-11 08:54:05.484 7f82ea477700 5 -- 192.168.200.17:6801/3013182350 >> 192.168.200.30:0/3506497893 conn(0x55c8f23b2c00 :6801 s=STATE_OPEN_MESSAGE_READ_FOOTER_AND_DISPATCH pgs=2413 cs=1 l=0). rx client.1794665 seq 71 0x55c8f3e1db00 client_request(client.1794665:16215 open #0x10001346b3e/.htaccess
2019-11-11 07:47:44.084129 RETRY=114 caller_uid=33, caller_gid=33{}) v2 -1614>
2019-11-11 08:54:05.484 7f82e7471700 1 -- 192.168.200.17:6801/3013182350 <== client.1794665 192.168.200.30:0/3506497893 58 ==== client_request(client.1794665:16202 lookup #0x10001344421/bookmarks
2019-11-11 07:47:44.060129 RETRY=114 caller_uid=33, caller_gid=33{}) v2 ==== 131+0+0 (4155455842 0 0) 0x55c8f3e19200 con 0x55c8f23b2c00 -1614>
2019-11-11 08:54:05.484 7f82ea477700 5 -- 192.168.200.17:6801/3013182350 >> 192.168.200.30:0/3506497893 conn(0x55c8f23b2c00 :6801 s=STATE_OPEN_MESSAGE_READ_FOOTER_AND_DISPATCH pgs=2413 cs=1 l=0). rx client.1794665 seq 72 0x55c8f3e20000 client_request(client.1794665:16216 open #0x10001346b3e/.htaccess
2019-11-11 07:47:44.084129 RETRY=114 caller_uid=33, caller_gid=33{}) v2 -1614>
2019-11-11 08:54:05.484 7f82e7471700 3 mds.0.server not active yet, waiting -1614>
2019-11-11 08:54:05.484 7f82e7471700 1 -- 192.168.200.17:6801/3013182350 <== client.1794665 192.168.200.30:0/3506497893 59 ==== client_request(client.1794665:16203 lookup #0x10001344421/bookmarks
2019-11-11 07:47:44.060129 RETRY=114 caller_uid=33, caller_gid=33{}) v2 ==== 131+0+0 (4155455842 0 0) 0x55c8f3e19500 con 0x55c8f23b2c00 -1614>
2019-11-11 08:54:05.484 7f82ea477700 5 -- 192.168.200.17:6801/3013182350 >> 192.168.200.30:0/3506497893 conn(0x55c8f23b2c00 :6801 s=STATE_OPEN_MESSAGE_READ_FOOTER_AND_DISPATCH pgs=2413 cs=1 l=0). rx client.1794665 seq 73 0x55c8f3e20300 client_request(client.1794665:16217 open #0x10001346b3e/.htaccess
2019-11-11 07:47:44.084129 RETRY=114 caller_uid=33, caller_gid=33{}) v2 -1614>
2019-11-11 08:54:05.484 7f82e7471700 3 mds.0.server not active yet, waiting -1614>
2019-11-11 08:54:05.484 7f82ea477700 5 -- 192.168.200.17:6801/3013182350 >> 192.168.200.30:0/3506497893 conn(0x55c8f23b2c00 :6801 s=STATE_OPEN_MESSAGE_READ_FOOTER_AND_DISPATCH pgs=2413 cs=1 l=0). rx client.1794665 seq 74 0x55c8f3e20600 client_request(client.1794665:16218 open #0x10001346b3e/.htaccess
2019-11-11 07:47:44.088129 RETRY=114 caller_uid=33, caller_gid=33{}) v2 -1614>
2019-11-11 08:54:05.484 7f82e7471700 1 -- 192.168.200.17:6801/3013182350 <== client.1794665 192.168.200.30:0/3506497893 60 ==== client_request(client.1794665:16204 lookup #0x10001344421/bookmarks
2019-11-11 07:47:44.064129 RETRY=114 caller_uid=33, caller_gid=33{}) v2 ==== 131+0+0 (845278108 0 0) 0x55c8f3e19800 con 0x55c8f23b2c00 -1614>
2019-11-11 08:54:05.484 7f82e7471700 3 mds.0.server not active yet, waiting -1614>
2019-11-11 08:54:05.484 7f82ea477700 5 -- 192.168.200.17:6801/3013182350 >> 192.168.200.30:0/3506497893 conn(0x55c8f23b2c00 :6801 s=STATE_OPEN_MESSAGE_READ_FOOTER_AND_DISPATCH pgs=2413 cs=1 l=0). rx client.1794665 seq 75 0x55c8f3e20900 client_request(client.1794665:16219 open #0x10001346b3e/.htaccess
2019-11-11 07:47:44.088129 RETRY=114 caller_uid=33, caller_gid=33{}) v2 -1614>
2019-11-11 08:54:05.484 7f82e7471700 1 -- 192.168.200.17:6801/3013182350 <== client.1794665 192.168.200.30:0/3506497893 61 ==== client_request(client.1794665:16205 lookup #0x10001344421/bookmarks
2019-11-11 07:47:44.064129 RETRY=114 caller_uid=33, caller_gid=33{}) v2 ==== 131+0+0 (845278108 0 0) 0x55c8f3e19b00 con 0x55c8f23b2c00 -1614>
2019-11-11 08:54:05.484 7f82e7471700 3 mds.0.server not active yet, waiting -1614>
2019-11-11 08:54:05.484 7f82ea477700 5 -- 192.168.200.17:6801/3013182350 >> 192.168.200.30:0/3506497893 conn(0x55c8f23b2c00 :6801 s=STATE_OPEN_MESSAGE_READ_FOOTER_AND_DISPATCH pgs=2413 cs=1 l=0). rx client.1794665 seq 76 0x55c8f3e20c00 client_request(client.1794665:16220 open #0x10001346b3e/.htaccess
2019-11-11 07:47:44.088129 RETRY=114 caller_uid=33, caller_gid=33{}) v2 -1614>
2019-11-11 08:54:05.484 7f82e7471700 1 -- 192.168.200.17:6801/3013182350 <== client.1794665 192.168.200.30:0/3506497893 62 ==== client_request(client.1794665:16206 lookup #0x10001344421/bookmarks
2019-11-11 07:47:44.064129 RETRY=114 caller_uid=33, caller_gid=33{}) v2 ==== 131+0+0 (845278108 0 0) 0x55c8f3e1c000 con 0x55c8f23b2c00 -1614>
2019-11-11 08:54:05.484 7f82ea477700 5 -- 192.168.200.17:6801/3013182350 >> 192.168.200.30:0/3506497893 conn(0x55c8f23b2c00 :6801 s=STATE_OPEN_MESSAGE_READ_FOOTER_AND_DISPATCH pgs=2413 cs=1 l=0). rx client.1794665 seq 77 0x55c8f3e20f00 client_request(client.1794665:16221 open #0x10001346b3e/.htaccess
2019-11-11 07:47:44.088129 RETRY=114 caller_uid=33, caller_gid=33{}) v2 -1614>
2019-11-11 08:54:05.484 7f82e7471700 3 mds.0.server not active yet, waiting -1614>
2019-11-11 08:54:05.484 7f82ea477700 5 -- 192.168.200.17:6801/3013182350 >> 192.168.200.30:0/3506497893 conn(0x55c8f23b2c00 :6801 s=STATE_OPEN_MESSAGE_READ_FOOTER_AND_DISPATCH pgs=2413 cs=1 l=0). rx client.1794665 seq 78 0x55c8f3e21200 client_request(client.1794665:16237 lookup #0x10001344421/bookmarks
2019-11-11 07:54:32.638810 RETRY=102 caller_uid=33, caller_gid=33{}) v2 -1614>
2019-11-11 08:54:05.484 7f82e7471700 1 -- 192.168.200.17:6801/3013182350 <== client.1794665 192.168.200.30:0/3506497893 63 ==== client_request(client.1794665:16207 lookup #0x10001344421/bookmarks
2019-11-11 07:47:44.068129 RETRY=114 caller_uid=33, caller_gid=33{}) v2 ==== 131+0+0 (433349115 0 0) 0x55c8f3e1c300 con 0x55c8f23b2c00 -1614>
2019-11-11 08:54:05.484 7f82e7471700 3 mds.0.server not active yet, waiting -1614>
2019-11-11 08:54:05.484 7f82ea477700 5 -- 192.168.200.17:6801/3013182350 >> 192.168.200.30:0/3506497893 conn(0x55c8f23b2c00 :6801 s=STATE_OPEN_MESSAGE_READ_FOOTER_AND_DISPATCH pgs=2413 cs=1 l=0). rx client.1794665 seq 79 0x55c8f3e21500 client_request(client.1794665:16239 open #0x10001346b3e/.htaccess
2019-11-11 07:54:32.638810 RETRY=102 caller_uid=33, caller_gid=33{}) v2 -1614>
2019-11-11 08:54:05.484 7f82e7471700 1 -- 192.168.200.17:6801/3013182350 <== client.1794665 192.168.200.30:0/3506497893 64 ==== client_request(client.1794665:16208 lookup #0x10001344421/bookmarks
2019-11-11 07:47:44.068129 RETRY=114 caller_uid=33, caller_gid=33{}) v2 ==== 131+0+0 (433349115 0 0) 0x55c8f3e1c600 con 0x55c8f23b2c00 -1614>
2019-11-11 08:54:05.484 7f82e7471700 3 mds.0.server not active yet, waiting -1614>
2019-11-11 08:54:05.484 7f82ea477700 5 -- 192.168.200.17:6801/3013182350 >> 192.168.200.30:0/3506497893 conn(0x55c8f23b2c00 :6801 s=STATE_OPEN_MESSAGE_READ_FOOTER_AND_DISPATCH pgs=2413 cs=1 l=0). rx client.1794665 seq 80 0x55c8f3e21800 client_request(client.1794665:16485 open #0x10001346b3e/.htaccess
2019-11-11 08:40:08.658837 RETRY=24 caller_uid=33, caller_gid=33{}) v2 -1614>
2019-11-11 08:54:05.484 7f82e7471700 1 -- 192.168.200.17:6801/3013182350 <== client.1794665 192.168.200.30:0/3506497893 65 ==== client_request(client.1794665:16209 lookup #0x10001344421/bookmarks
2019-11-11 07:47:44.068129 RETRY=114 caller_uid=33, caller_gid=33{}) v2 ==== 131+0+0 (433349115 0 0) 0x55c8f3e1c900 con 0x55c8f23b2c00 -1614>
2019-11-11 08:54:05.484 7f82e7471700 3 mds.0.server not active yet, waiting -1614>
2019-11-11 08:54:05.484 7f82ea477700 5 -- 192.168.200.17:6801/3013182350 >> 192.168.200.30:0/3506497893 conn(0x55c8f23b2c00 :6801 s=STATE_OPEN_MESSAGE_READ_FOOTER_AND_DISPATCH pgs=2413 cs=1 l=0). rx client.1794665 seq 81 0x55c8f3e21b00 client_request(client.1794665:16488 lookup #0x10001344421/bookmarks
2019-11-11 08:42:02.652636 RETRY=21 caller_uid=33, caller_gid=33{}) v2 -1614>
2019-11-11 08:54:05.484 7f82e7471700 1 -- 192.168.200.17:6801/3013182350 <== client.1794665 192.168.200.30:0/3506497893 66 ==== client_request(client.1794665:16210 lookup #0x10001344421/bookmarks
2019-11-11 07:47:44.072129 RETRY=114 caller_uid=33, caller_gid=33{}) v2 ==== 131+0+0 (1328849885 0 0) 0x55c8f3e1cc00 con 0x55c8f23b2c00 -1614>
2019-11-11 08:54:05.484 7f82e7471700 3 mds.0.server not active yet, waiting -1614>
2019-11-11 08:54:05.484 7f82ea477700 5 -- 192.168.200.17:6801/3013182350 >> 192.168.200.30:0/3506497893 conn(0x55c8f23b2c00 :6801 s=STATE_OPEN_MESSAGE_READ_FOOTER_AND_DISPATCH pgs=2413 cs=1 l=0). rx client.1794665 seq 82 0x55c8f3e28000 client_request(client.1794665:16518 lookup #0x10001346679/versioncheck.php
2019-11-11 08:51:52.030021 RETRY=4 caller_uid=33, caller_gid=33{}) v2 -1614>
2019-11-11 08:54:05.484 7f82e7471700 1 -- 192.168.200.17:6801/3013182350 <== client.1794665 192.168.200.30:0/3506497893 67 ==== client_request(client.1794665:16211 open #0x10001346b3e/.htaccess
2019-11-11 07:47:44.084129 RETRY=114 caller_uid=33, caller_gid=33{}) v2 ==== 131+0+0 (1310355508 0 0) 0x55c8f3e1cf00 con 0x55c8f23b2c00 -1614>
2019-11-11 08:54:05.484 7f82ea477700 5 -- 192.168.200.17:6801/3013182350 >> 192.168.200.30:0/3506497893 conn(0x55c8f23b2c00 :6801 s=STATE_OPEN_MESSAGE_READ_FOOTER_AND_DISPATCH pgs=2413 cs=1 l=0). rx client.1794665 seq 83 0x55c8f3e28300 client_request(client.1794665:16519 lookup #0x1000133e06d/dav
2019-11-11 08:51:52.030021 RETRY=4 caller_uid=33, caller_gid=33{}) v2 -1614>
2019-11-11 08:54:05.484 7f82e7471700 3 mds.0.server not active yet, waiting -1614>
2019-11-11 08:54:05.484 7f82ea477700 5 -- 192.168.200.17:6801/3013182350 >> 192.168.200.30:0/3506497893 conn(0x55c8f23b2c00 :6801 s=STATE_OPEN_MESSAGE_READ_FOOTER_AND_DISPATCH pgs=2413 cs=1 l=0). rx client.1794665 seq 84 0x55c8f3e28600 client_request(client.1794665:16520 lookup #0x10001346679/composer
2019-11-11 08:51:52.062021 RETRY=4 caller_uid=33, caller_gid=33{}) v2 -1614>
2019-11-11 08:54:05.484 7f82e7471700 1 -- 192.168.200.17:6801/3013182350 <== client.1794665 192.168.200.30:0/3506497893 68 ==== client_request(client.1794665:16212 open #0x10001346b3e/.htaccess
2019-11-11 07:47:44.084129 RETRY=114 caller_uid=33, caller_gid=33{}) v2 ==== 131+0+0 (1310355508 0 0) 0x55c8f3e1d200 con 0x55c8f23b2c00 -1614>
2019-11-11 08:54:05.484 7f82e7471700 3 mds.0.server not active yet, waiting -1614>
2019-11-11 08:54:05.484 7f82ea477700 5 -- 192.168.200.17:6801/3013182350 >> 192.168.200.30:0/3506497893 conn(0x55c8f23b2c00 :6801 s=STATE_OPEN_MESSAGE_READ_FOOTER_AND_DISPATCH pgs=2413 cs=1 l=0). rx client.1794665 seq 85 0x55c8f1e5c000 client_reconnect(7 caps) v3 -1614>
2019-11-11 08:54:05.484 7f82e7471700 1 -- 192.168.200.17:6801/3013182350 <== client.1794665 192.168.200.30:0/3506497893 69 ==== client_request(client.1794665:16213 open #0x10001346b3e/.htaccess
2019-11-11 07:47:44.084129 RETRY=114 caller_uid=33, caller_gid=33{}) v2 ==== 131+0+0 (1310355508 0 0) 0x55c8f3e1d500 con 0x55c8f23b2c00 -1614>
2019-11-11 08:54:05.484 7f82e7471700 3 mds.0.server not active yet, waiting -1614>
2019-11-11 08:54:05.484 7f82e7471700 1 -- 192.168.200.17:6801/3013182350 <== client.1794665 192.168.200.30:0/3506497893 70 ==== client_request(client.1794665:16214 open #0x10001346b3e/.htaccess
2019-11-11 07:47:44.084129 RETRY=114 caller_uid=33, caller_gid=33{}) v2 ==== 131+0+0 (1310355508 0 0) 0x55c8f3e1d800 con 0x55c8f23b2c00 -1614>
2019-11-11 08:54:05.484 7f82e7471700 3 mds.0.server not active yet, waiting -1614>
2019-11-11 08:54:05.484 7f82e7471700 1 -- 192.168.200.17:6801/3013182350 <== client.1794665 192.168.200.30:0/3506497893 71 ==== client_request(client.1794665:16215 open #0x10001346b3e/.htaccess
2019-11-11 07:47:44.084129 RETRY=114 caller_uid=33, caller_gid=33{}) v2 ==== 131+0+0 (1310355508 0 0) 0x55c8f3e1db00 con 0x55c8f23b2c00 -1614>
2019-11-11 08:54:05.484 7f82e7471700 3 mds.0.server not active yet, waiting -1614>
2019-11-11 08:54:05.484 7f82e7471700 1 -- 192.168.200.17:6801/3013182350 <== client.1794665 192.168.200.30:0/3506497893 72 ==== client_request(client.1794665:16216 open #0x10001346b3e/.htaccess
2019-11-11 07:47:44.084129 RETRY=114 caller_uid=33, caller_gid=33{}) v2 ==== 131+0+0 (1310355508 0 0) 0x55c8f3e20000 con 0x55c8f23b2c00 -1614>
2019-11-11 08:54:05.484 7f82e7471700 3 mds.0.server not active yet, waiting -1614>
2019-11-11 08:54:05.484 7f82e7471700 1 -- 192.168.200.17:6801/3013182350 <== client.1794665 192.168.200.30:0/3506497893 73 ==== client_request(client.1794665:16217 open #0x10001346b3e/.htaccess
2019-11-11 07:47:44.084129 RETRY=114 caller_uid=33, caller_gid=33{}) v2 ==== 131+0+0 (1310355508 0 0) 0x55c8f3e20300 con 0x55c8f23b2c00 -1614>
2019-11-11 08:54:05.484 7f82e7471700 3 mds.0.server not active yet, waiting -1614>
2019-11-11 08:54:05.484 7f82e7471700 1 -- 192.168.200.17:6801/3013182350 <== client.1794665 192.168.200.30:0/3506497893 74 ==== client_request(client.1794665:16218 open #0x10001346b3e/.htaccess
2019-11-11 07:47:44.088129 RETRY=114 caller_uid=33, caller_gid=33{}) v2 ==== 131+0+0 (419082770 0 0) 0x55c8f3e20600 con 0x55c8f23b2c00 -1614>
2019-11-11 08:54:05.484 7f82e7471700 3 mds.0.server not active yet, waiting -1614>
2019-11-11 08:54:05.484 7f82e7471700 1 -- 192.168.200.17:6801/3013182350 <== client.1794665 192.168.200.30:0/3506497893 75 ==== client_request(client.1794665:16219 open #0x10001346b3e/.htaccess
2019-11-11 07:47:44.088129 RETRY=114 caller_uid=33, caller_gid=33{}) v2 ==== 131+0+0 (419082770 0 0) 0x55c8f3e20900 con 0x55c8f23b2c00 -1614>
2019-11-11 08:54:05.484 7f82e7471700 3 mds.0.server not active yet, waiting -1614>
2019-11-11 08:54:05.484 7f82e9c76700 1 -- 192.168.200.17:6801/3013182350 >> - conn(0x55c8f23b3800 :6801 s=STATE_ACCEPTING pgs=0 cs=0 l=0)._process_connection sd=44 - -1614>
2019-11-11 08:54:05.484 7f82e7471700 1 -- 192.168.200.17:6801/3013182350 <== client.1794665 192.168.200.30:0/3506497893 76 ==== client_request(client.1794665:16220 open #0x10001346b3e/.htaccess
2019-11-11 07:47:44.088129 RETRY=114 caller_uid=33, caller_gid=33{}) v2 ==== 131+0+0 (419082770 0 0) 0x55c8f3e20c00 con 0x55c8f23b2c00 -1614>
2019-11-11 08:54:05.484 7f82e7471700 3 mds.0.server not active yet, waiting -1614>
2019-11-11 08:54:05.484 7f82e9475700 1 -- 192.168.200.17:6801/3013182350 >> - conn(0x55c8f23b3e00 :6801 s=STATE_ACCEPTING pgs=0 cs=0 l=0)._process_connection sd=45 - -1614>
2019-11-11 08:54:05.484 7f82e7471700 1 -- 192.168.200.17:6801/3013182350 <== client.1794665 192.168.200.30:0/3506497893 77 ==== client_request(client.1794665:16221 open #0x10001346b3e/.htaccess
2019-11-11 07:47:44.088129 RETRY=114 caller_uid=33, caller_gid=33{}) v2 ==== 131+0+0 (419082770 0 0) 0x55c8f3e20f00 con 0x55c8f23b2c00 -1614>
2019-11-11 08:54:05.484 7f82e7471700 3 mds.0.server not active yet, waiting -1614>
2019-11-11 08:54:05.484 7f82e7471700 1 -- 192.168.200.17:6801/3013182350 <== client.1794665 192.168.200.30:0/3506497893 78 ==== client_request(client.1794665:16237 lookup #0x10001344421/bookmarks
2019-11-11 07:54:32.638810 RETRY=102 caller_uid=33, caller_gid=33{}) v2 ==== 131+0+0 (295978163 0 0) 0x55c8f3e21200 con 0x55c8f23b2c00 -1614>
2019-11-11 08:54:05.484 7f82e7471700 3 mds.0.server not active yet, waiting -1614>
2019-11-11 08:54:05.484 7f82e7471700 1 -- 192.168.200.17:6801/3013182350 <== client.1794665 192.168.200.30:0/3506497893 79 ==== client_request(client.1794665:16239 open #0x10001346b3e/.htaccess
2019-11-11 07:54:32.638810 RETRY=102 caller_uid=33, caller_gid=33{}) v2 ==== 131+0+0 (402991893 0 0) 0x55c8f3e21500 con 0x55c8f23b2c00 -1614>
2019-11-11 08:54:05.484 7f82e7471700 3 mds.0.server not active yet, waiting -1614>
2019-11-11 08:54:05.484 7f82e7471700 1 -- 192.168.200.17:6801/3013182350 <== client.1794665 192.168.200.30:0/3506497893 80 ==== client_request(client.1794665:16485 open #0x10001346b3e/.htaccess
2019-11-11 08:40:08.658837 RETRY=24 caller_uid=33, caller_gid=33{}) v2 ==== 131+0+0 (209392691 0 0) 0x55c8f3e21800 con 0x55c8f23b2c00 -1614>
2019-11-11 08:54:05.484 7f82e7471700 3 mds.0.server not active yet, waiting -1614>
2019-11-11 08:54:05.484 7f82e7471700 1 -- 192.168.200.17:6801/3013182350 <== client.1794665 192.168.200.30:0/3506497893 81 ==== client_request(client.1794665:16488 lookup #0x10001344421/bookmarks
2019-11-11 08:42:02.652636 RETRY=21 caller_uid=33, caller_gid=33{}) v2 ==== 131+0+0 (1218645921 0 0) 0x55c8f3e21b00 con 0x55c8f23b2c00 -1614>
2019-11-11 08:54:05.484 7f82e7471700 3 mds.0.server not active yet, waiting -1614>
2019-11-11 08:54:05.484 7f82e7471700 1 -- 192.168.200.17:6801/3013182350 <== client.1794665 192.168.200.30:0/3506497893 82 ==== client_request(client.1794665:16518 lookup #0x10001346679/versioncheck.php
2019-11-11 08:51:52.030021 RETRY=4 caller_uid=33, caller_gid=33{}) v2 ==== 138+0+0 (2300433608 0 0) 0x55c8f3e28000 con 0x55c8f23b2c00 -1614>
2019-11-11 08:54:05.484 7f82e7471700 3 mds.0.server not active yet, waiting -1614>
2019-11-11 08:54:05.484 7f82e7471700 1 -- 192.168.200.17:6801/3013182350 <== client.1794665 192.168.200.30:0/3506497893 83 ==== client_request(client.1794665:16519 lookup #0x1000133e06d/dav
2019-11-11 08:51:52.030021 RETRY=4 caller_uid=33, caller_gid=33{}) v2 ==== 125+0+0 (811788707 0 0) 0x55c8f3e28300 con 0x55c8f23b2c00 -1614>
2019-11-11 08:54:05.484 7f82e7471700 3 mds.0.server not active yet, waiting -1614>
2019-11-11 08:54:05.484 7f82e7471700 1 -- 192.168.200.17:6801/3013182350 <== client.1794665 192.168.200.30:0/3506497893 84 ==== client_request(client.1794665:16520 lookup #0x10001346679/composer
2019-11-11 08:51:52.062021 RETRY=4 caller_uid=33, caller_gid=33{}) v2 ==== 130+0+0 (349161559 0 0) 0x55c8f3e28600 con 0x55c8f23b2c00 -1614>
2019-11-11 08:54:05.484 7f82e7471700 3 mds.0.server not active yet, waiting -1614>
2019-11-11 08:54:05.484 7f82e7471700 1 -- 192.168.200.17:6801/3013182350 <== client.1794665 192.168.200.30:0/3506497893 85 ==== client_reconnect(7 caps) v3 ==== 0+0+549 (0 0 827746341) 0x55c8f1e5c000 con 0x55c8f23b2c00 -1614>
2019-11-11 08:54:05.484 7f82e7471700 1 -- 192.168.200.17:6801/3013182350 --> 192.168.200.30:0/3506497893 -- client_session(open) v3 -- 0x55c8f1a20240 con 0 -1614>
2019-11-11 08:54:05.484 7f82e7471700 0 log_channel(cluster) log [DBG] : reconnect by client.1794665 192.168.200.30:0/3506497893 after 0.0120003 -1614>
2019-11-11 08:54:05.484 7f82e9c76700 2 -- 192.168.200.17:6801/3013182350 >> 192.168.200.15:0/1656050499 conn(0x55c8f23b3800 :6801 s=STATE_ACCEPTING_WAIT_SEQ pgs=2403 cs=1 l=0).handle_connect_msg accept write reply msg done -1614>
2019-11-11 08:54:05.484 7f82e9475700 2 -- 192.168.200.17:6801/3013182350 >> 192.168.200.15:0/4201708698 conn(0x55c8f23b3e00 :6801 s=STATE_ACCEPTING_WAIT_SEQ pgs=2079 cs=1 l=0).handle_connect_msg accept write reply msg done -1614>
2019-11-11 08:54:05.492 7f82e9475700 2 -- 192.168.200.17:6801/3013182350 >> 192.168.200.15:0/4201708698 conn(0x55c8f23b3e00 :6801 s=STATE_ACCEPTING_WAIT_SEQ pgs=2079 cs=1 l=0)._process_connection accept get newly_acked_seq 0 -1614>
2019-11-11 08:54:05.492 7f82e9475700 5 -- 192.168.200.17:6801/3013182350 >> 192.168.200.15:0/4201708698 conn(0x55c8f23b3e00 :6801 s=STATE_OPEN_MESSAGE_READ_FOOTER_AND_DISPATCH pgs=2079 cs=1 l=0). rx client.1793815 seq 1 0x55c8f1e36300 client_request(client.1793815:22873 rename #0x30000015ba9/20160904_113956.jpg #0x30000015ba9/.20160904_113956.jpg.NIh764
2019-11-10 15:46:08.760660 RETRY=252 caller_uid=0, caller_gid=0{}) v2 -1614>
2019-11-11 08:54:05.492 7f82e9475700 5 -- 192.168.200.17:6801/3013182350 >> 192.168.200.15:0/4201708698 conn(0x55c8f23b3e00 :6801 s=STATE_OPEN_MESSAGE_READ_FOOTER_AND_DISPATCH pgs=2079 cs=1 l=0). rx client.1793815 seq 2 0x55c8f1a20480 client_reconnect(7 caps) v3 -1614>
2019-11-11 08:54:05.492 7f82e9c76700 2 -- 192.168.200.17:6801/3013182350 >> 192.168.200.15:0/1656050499 conn(0x55c8f23b3800 :6801 s=STATE_ACCEPTING_WAIT_SEQ pgs=2403 cs=1 l=0)._process_connection accept get newly_acked_seq 0 -1614>
2019-11-11 08:54:05.492 7f82e7471700 1 -- 192.168.200.17:6801/3013182350 <== client.1793815 192.168.200.15:0/4201708698 1 ==== client_request(client.1793815:22873 rename #0x30000015ba9/20160904_113956.jpg #0x30000015ba9/.20160904_113956.jpg.NIh764
2019-11-10 15:46:08.760660 RETRY=252 caller_uid=0, caller_gid=0{}) v2 ==== 168+0+0 (2279365059 0 0) 0x55c8f1e36300 con 0x55c8f23b3e00 -1614>
2019-11-11 08:54:05.492 7f82e7471700 3 mds.0.server not active yet, waiting -1614>
2019-11-11 08:54:05.492 7f82e9c76700 5 -- 192.168.200.17:6801/3013182350 >> 192.168.200.15:0/1656050499 conn(0x55c8f23b3800 :6801 s=STATE_OPEN_MESSAGE_READ_FOOTER_AND_DISPATCH pgs=2403 cs=1 l=0). rx client.1793728 seq 1 0x55c8f1e6e600 client_request(client.1793728:4835 setattr size=0 #0x100013671aa
2019-11-11 06:29:26.378570 RETRY=251 caller_uid=0, caller_gid=0{}) v2 -1614>
2019-11-11 08:54:05.492 7f82e7471700 1 -- 192.168.200.17:6801/3013182350 <== client.1793815 192.168.200.15:0/4201708698 2 ==== client_reconnect(7 caps) v3 ==== 0+0+660 (0 0 578406871) 0x55c8f1a20480 con 0x55c8f23b3e00 -1614>
2019-11-11 08:54:05.496 7f82e9c76700 5 -- 192.168.200.17:6801/3013182350 >> 192.168.200.15:0/1656050499 conn(0x55c8f23b3800 :6801 s=STATE_OPEN_MESSAGE_READ_FOOTER_AND_DISPATCH pgs=2403 cs=1 l=0). rx client.1793728 seq 2 0x55c8f1e6e900 client_request(client.1793728:5267 lookup #0x1000136753a/dynamic
2019-11-11 08:52:30.853984 RETRY=3 caller_uid=0, caller_gid=0{}) v2 -1614>
2019-11-11 08:54:05.496 7f82e7471700 1 -- 192.168.200.17:6801/3013182350 --> 192.168.200.15:0/4201708698 -- client_session(open) v3 -- 0x55c8f1e5c000 con 0 -1614>
2019-11-11 08:54:05.496 7f82e9c76700 5 -- 192.168.200.17:6801/3013182350 >> 192.168.200.15:0/1656050499 conn(0x55c8f23b3800 :6801 s=STATE_OPEN_MESSAGE_READ_FOOTER_AND_DISPATCH pgs=2403 cs=1 l=0). rx client.1793728 seq 3 0x55c8f1e6ec00 client_request(client.1793728:5268 lookup #0x1000136753a/spf_whitelist.inc.local
2019-11-11 08:52:31.005987 RETRY=3 caller_uid=0, caller_gid=0{}) v2 -1614>
2019-11-11 08:54:05.496 7f82e9c76700 5 -- 192.168.200.17:6801/3013182350 >> 192.168.200.15:0/1656050499 conn(0x55c8f23b3800 :6801 s=STATE_OPEN_MESSAGE_READ_FOOTER_AND_DISPATCH pgs=2403 cs=1 l=0). rx client.1793728 seq 4 0x55c8f1e6ef00 client_request(client.1793728:5269 lookup #0x1000136753a/dmarc_whitelist.inc.local
2019-11-11 08:52:32.542022 RETRY=3 caller_uid=0, caller_gid=0{}) v2 -1614>
2019-11-11 08:54:05.496 7f82e9c76700 5 -- 192.168.200.17:6801/3013182350 >> 192.168.200.15:0/1656050499 conn(0x55c8f23b3800 :6801 s=STATE_OPEN_MESSAGE_READ_FOOTER_AND_DISPATCH pgs=2403 cs=1 l=0). rx client.1793728 seq 5 0x55c8f1e6f200 client_request(client.1793728:5270 lookup #0x1000136753a/spf_dkim_whitelist.inc.local
2019-11-11 08:52:32.542022 RETRY=3 caller_uid=0, caller_gid=0{}) v2 -1614>
2019-11-11 08:54:05.496 7f82e9c76700 5 -- 192.168.200.17:6801/3013182350 >> 192.168.200.15:0/1656050499 conn(0x55c8f23b3800 :6801 s=STATE_OPEN_MESSAGE_READ_FOOTER_AND_DISPATCH pgs=2403 cs=1 l=0). rx client.1793728 seq 6 0x55c8f1e6f500 client_request(client.1793728:5271 lookup #0x1000136753a/2tld.inc.local
2019-11-11 08:52:33.142035 RETRY=3 caller_uid=0, caller_gid=0{}) v2 -1614>
2019-11-11 08:54:05.496 7f82e9c76700 5 -- 192.168.200.17:6801/3013182350 >> 192.168.200.15:0/1656050499 conn(0x55c8f23b3800 :6801 s=STATE_OPEN_MESSAGE_READ_FOOTER_AND_DISPATCH pgs=2403 cs=1 l=0). rx client.1793728 seq 7 0x55c8f1e5cfc0 client_reconnect(9 caps) v3 -1614>
2019-11-11 08:54:05.496 7f82e7471700 0 log_channel(cluster) log [DBG] : reconnect by client.1793815 192.168.200.15:0/4201708698 after 0.0240005 -1614>
2019-11-11 08:54:05.496 7f82e7471700 1 -- 192.168.200.17:6801/3013182350 <== client.1793728 192.168.200.15:0/1656050499 1 ==== client_request(client.1793728:4835 setattr size=0 #0x100013671aa
2019-11-11 06:29:26.378570 RETRY=251 caller_uid=0, caller_gid=0{}) v2 ==== 122+0+0 (4131282130 0 0) 0x55c8f1e6e600 con 0x55c8f23b3800 -1614>
2019-11-11 08:54:05.496 7f82e7471700 3 mds.0.server not active yet, waiting -1614>
2019-11-11 08:54:05.496 7f82e7471700 1 -- 192.168.200.17:6801/3013182350 <== client.1793728 192.168.200.15:0/1656050499 2 ==== client_request(client.1793728:5267 lookup #0x1000136753a/dynamic
2019-11-11 08:52:30.853984 RETRY=3 caller_uid=0, caller_gid=0{}) v2 ==== 129+0+0 (95323197 0 0) 0x55c8f1e6e900 con 0x55c8f23b3800 -1614>
2019-11-11 08:54:05.496 7f82e7471700 3 mds.0.server not active yet, waiting -1614>
2019-11-11 08:54:05.496 7f82e7471700 1 -- 192.168.200.17:6801/3013182350 <== client.1793728 192.168.200.15:0/1656050499 3 ==== client_request(client.1793728:5268 lookup #0x1000136753a/spf_whitelist.inc.local
2019-11-11 08:52:31.005987 RETRY=3 caller_uid=0, caller_gid=0{}) v2 ==== 145+0+0 (1522719924 0 0) 0x55c8f1e6ec00 con 0x55c8f23b3800 -1614>
2019-11-11 08:54:05.496 7f82e7471700 3 mds.0.server not active yet, waiting -1614>
2019-11-11 08:54:05.496 7f82e7471700 1 -- 192.168.200.17:6801/3013182350 <== client.1793728 192.168.200.15:0/1656050499 4 ==== client_request(client.1793728:5269 lookup #0x1000136753a/dmarc_whitelist.inc.local
2019-11-11 08:52:32.542022 RETRY=3 caller_uid=0, caller_gid=0{}) v2 ==== 147+0+0 (1658626902 0 0) 0x55c8f1e6ef00 con 0x55c8f23b3800 -1614>
2019-11-11 08:54:05.496 7f82e7471700 3 mds.0.server not active yet, waiting -1614>
2019-11-11 08:54:05.496 7f82e7471700 1 -- 192.168.200.17:6801/3013182350 <== client.1793728 192.168.200.15:0/1656050499 5 ==== client_request(client.1793728:5270 lookup #0x1000136753a/spf_dkim_whitelist.inc.local
2019-11-11 08:52:32.542022 RETRY=3 caller_uid=0, caller_gid=0{}) v2 ==== 150+0+0 (611044585 0 0) 0x55c8f1e6f200 con 0x55c8f23b3800 -1614>
2019-11-11 08:54:05.496 7f82e7471700 3 mds.0.server not active yet, waiting -1614>
2019-11-11 08:54:05.496 7f82e7471700 1 -- 192.168.200.17:6801/3013182350 <== client.1793728 192.168.200.15:0/1656050499 6 ==== client_request(client.1793728:5271 lookup #0x1000136753a/2tld.inc.local
2019-11-11 08:52:33.142035 RETRY=3 caller_uid=0, caller_gid=0{}) v2 ==== 136+0+0 (305962565 0 0) 0x55c8f1e6f500 con 0x55c8f23b3800 -1614>
2019-11-11 08:54:05.496 7f82e7471700 3 mds.0.server not active yet, waiting -1614>
2019-11-11 08:54:05.496 7f82e7471700 1 -- 192.168.200.17:6801/3013182350 <== client.1793728 192.168.200.15:0/1656050499 7 ==== client_reconnect(9 caps) v3 ==== 0+0+876 (0 0 815424167) 0x55c8f1e5cfc0 con 0x55c8f23b3800 -1614>
2019-11-11 08:54:05.496 7f82e7471700 1 -- 192.168.200.17:6801/3013182350 --> 192.168.200.15:0/1656050499 -- client_session(open) v3 -- 0x55c8f1a20480 con 0 -1614>
2019-11-11 08:54:05.496 7f82e7471700 0 log_channel(cluster) log [DBG] : reconnect by client.1793728 192.168.200.15:0/1656050499 after 0.0240005 -1614>
2019-11-11 08:54:05.496 7f82e7471700 1 mds.0.43683 reconnect_done -1614>
2019-11-11 08:54:05.496 7f82e7471700 3 mds.0.43683 request_state up:rejoin -1614>
