2019-11-11T08:53:54Z k8s-node-01 /tmp/tmp.oEhA5u6uVp/confd[11413]: INFO Backend set to etcd
2019-11-11T08:53:54Z k8s-node-01 /tmp/tmp.oEhA5u6uVp/confd[11413]: INFO Starting confd
2019-11-11T08:53:54Z k8s-node-01 /tmp/tmp.oEhA5u6uVp/confd[11413]: INFO Backend source(s) set to http://192.168.200.10:2379
2019-11-11 08:53:54 /entrypoint.sh: Adding bootstrap keyrings.
2019-11-11 08:53:56 /entrypoint.sh: Retrieving the admin key.
2019-11-11 08:53:58 /entrypoint.sh: SUCCESS
2019-11-11 08:53:58.407 7f82f98df000 0 set uid:gid to 167:167 (ceph:ceph)
2019-11-11 08:53:58.407 7f82f98df000 0 ceph version 13.2.6 (7b695f835b03642f85998b2ae7b6dd093d9fbce4) mimic (stable), process ceph-mds, pid 11579
2019-11-11 08:53:58.407 7f82f98df000 0 pidfile_write: ignore empty --pid-file starting mds.k8s-node-01 at -
2019-11-11 08:53:58.503 7f82e7471700 1 mds.k8s-node-01 Updating MDS map to version 43681 from mon.1
2019-11-11 08:53:58.719 7f82e7471700 1 mds.k8s-node-01 Updating MDS map to version 43682 from mon.1
2019-11-11 08:53:58.719 7f82e7471700 1 mds.k8s-node-01 Map has assigned me to become a standby
2019-11-11 08:53:58.811 7f82e7471700 1 mds.k8s-node-01 Updating MDS map to version 43683 from mon.1
2019-11-11 08:53:58.815 7f82e7471700 1 mds.0.43683 handle_mds_map i am now mds.0.43683
2019-11-11 08:53:58.815 7f82e7471700 1 mds.0.43683 handle_mds_map state change up:boot --> up:replay
2019-11-11 08:53:58.815 7f82e7471700 1 mds.0.43683 replay_start
2019-11-11 08:53:58.815 7f82e7471700 1 mds.0.43683 recovery set is
2019-11-11 08:53:58.815 7f82e7471700 1 mds.0.43683 waiting for osdmap 24384 (which blacklists prior instance)
2019-11-11 08:53:58.907 7f82e09da700 0 mds.0.cache creating system inode with ino:0x100
2019-11-11 08:53:58.911 7f82e09da700 0 mds.0.cache creating system inode with ino:0x1
2019-11-11 08:54:04.588 7f82df9d8700 1 mds.0.43683 Finished replaying journal
2019-11-11 08:54:04.588 7f82df9d8700 1 mds.0.43683 making mds journal writeable
2019-11-11 08:54:05.472 7f82e7471700 1 mds.k8s-node-01 Updating MDS map to version 43684 from mon.1
2019-11-11 08:54:05.472 7f82e7471700 1 mds.0.43683 handle_mds_map i am now mds.0.43683
2019-11-11 08:54:05.472 7f82e7471700 1 mds.0.43683 handle_mds_map state change up:replay --> up:reconnect
2019-11-11 08:54:05.472 7f82e7471700 1 mds.0.43683 reconnect_start
2019-11-11 08:54:05.472 7f82e7471700 1 mds.0.43683 reopen_log
2019-11-11 08:54:05.472 7f82e7471700 1 mds.0.server reconnect_clients -- 14 sessions
2019-11-11 08:54:05.472 7f82e7471700 0 log_channel(cluster) log [DBG] : reconnect by client.1804200 192.168.200.30:0/979484066 after 0
2019-11-11 08:54:05.472 7f82e7471700 0 log_channel(cluster) log [DBG] : reconnect by client.1804140 192.168.200.32:0/2855972843 after 0
2019-11-11 08:54:05.472 7f82e7471700 0 log_channel(cluster) log [DBG] : reconnect by client.1804143 192.168.200.31:0/3544368504 after 0
2019-11-11 08:54:05.472 7f82e7471700 0 log_channel(cluster) log [DBG] : reconnect by client.1792815 192.168.200.32:0/3593333399 after 0
2019-11-11 08:54:05.476 7f82e7471700 0 log_channel(cluster) log [DBG] : reconnect by client.1804134 192.168.200.17:0/3102681411 after 0.00400009
2019-11-11 08:54:05.476 7f82e7471700 0 log_channel(cluster) log [DBG] : reconnect by client.1793737 192.168.200.31:0/2398232289 after 0.00400009
2019-11-11 08:54:05.476 7f82e7471700 0 log_channel(cluster) log [DBG] : reconnect by client.1804137 192.168.200.19:0/2796926812 after 0.00400009
2019-11-11 08:54:05.480 7f82e7471700 0 log_channel(cluster) log [DBG] : reconnect by client.1793818 192.168.200.30:0/232332927 after 0.00800017
2019-11-11 08:54:05.480 7f82e7471700 0 log_channel(cluster) log [DBG] : reconnect by client.1794668 192.168.200.30:0/2985278080 after 0.00800017
2019-11-11 08:54:05.480 7f82e7471700 0 log_channel(cluster) log [DBG] : reconnect by client.1794521 192.168.200.31:0/1453103486 after 0.00800017
2019-11-11 08:54:05.480 7f82e7471700 0 log_channel(cluster) log [DBG] : reconnect by client.1794662 192.168.200.30:0/522103062 after 0.00800017
2019-11-11 08:54:05.484 7f82e7471700 0 log_channel(cluster) log [DBG] : reconnect by client.1794665 192.168.200.30:0/3506497893 after 0.0120003
2019-11-11 08:54:05.496 7f82e7471700 0 log_channel(cluster) log [DBG] : reconnect by client.1793815 192.168.200.15:0/4201708698 after 0.0240005
2019-11-11 08:54:05.496 7f82e7471700 0 log_channel(cluster) log [DBG] : reconnect by client.1793728 192.168.200.15:0/1656050499 after 0.0240005
2019-11-11 08:54:05.496 7f82e7471700 1 mds.0.43683 reconnect_done
2019-11-11 08:54:06.540 7f82e7471700 1 mds.k8s-node-01 Updating MDS map to version 43685 from mon.1
2019-11-11 08:54:06.540 7f82e7471700 1 mds.0.43683 handle_mds_map i am now mds.0.43683
2019-11-11 08:54:06.540 7f82e7471700 1 mds.0.43683 handle_mds_map state change up:reconnect --> up:rejoin
2019-11-11 08:54:06.540 7f82e7471700 1 mds.0.43683 rejoin_start
2019-11-11 08:54:06.540 7f82e7471700 1 mds.0.43683 rejoin_joint_start
2019-11-11 08:54:06.636 7f82e11db700 1 mds.0.43683 rejoin_done
2019-11-11 08:54:07.592 7f82e7471700 1 mds.k8s-node-01 Updating MDS map to version 43686 from mon.1
2019-11-11 08:54:07.592 7f82e7471700 1 mds.0.43683 handle_mds_map i am now mds.0.43683
2019-11-11 08:54:07.592 7f82e7471700 1 mds.0.43683 handle_mds_map state change up:rejoin --> up:active
2019-11-11 08:54:07.592 7f82e7471700 1 mds.0.43683 recovery_done -- successful recovery!
2019-11-11 08:54:07.592 7f82e7471700 1 mds.0.43683 active_start
2019-11-11 08:54:07.604 7f82e7471700 1 mds.0.43683 cluster recovered. /home/jenkins-build/build/workspace/ceph-build/ARCH/x86_64/AVAILABLE_ARCH/x86_64/AVAILABLE_DIST/centos7/DIST/centos7/MACHINE_SIZE/huge/release/13.2.6/rpm/el7/BUILD/ceph-13.2.6/src/mds/Server.cc: In function 'void Server::_rename_prepare(MDRequestRef&, EMetaBlob*, ceph::bufferlist*, CDentry*, CDentry*, CDentry*)' thread 7f82e29de700 time
2019-11-11 08:54:07.616188 /home/jenkins-build/build/workspace/ceph-build/ARCH/x86_64/AVAILABLE_ARCH/x86_64/AVAILABLE_DIST/centos7/DIST/centos7/MACHINE_SIZE/huge/release/13.2.6/rpm/el7/BUILD/ceph-13.2.6/src/mds/Server.cc: 8036: FAILED assert(oldin->first <= straydn->first) ceph version 13.2.6 (7b695f835b03642f85998b2ae7b6dd093d9fbce4) mimic (stable) 1: (ceph::__ceph_assert_fail(char const*, char const*, int, char const*)+0x14b) [0x7f82f0abb36b] 2: (()+0x26e4f7) [0x7f82f0abb4f7] 3: (Server::_rename_prepare(boost::intrusive_ptr&, EMetaBlob*, ceph::buffer::list*, CDentry*, CDentry*, CDentry*)+0x276d) [0x55c8efec7c0d] 4: (Server::handle_client_rename(boost::intrusive_ptr&)+0x19bb) [0x55c8efec96cb] 5: (Server::handle_client_request(MClientRequest*)+0x49e) [0x55c8efedcc2e] 6: (Server::dispatch(Message*)+0x2db) [0x55c8efee092b] 7: (MDSRank::handle_deferrable_message(Message*)+0x434) [0x55c8efe53234] 8: (MDSRank::_dispatch(Message*, bool)+0x88b) [0x55c8efe69ffb] 9: (MDSRank::retry_dispatch(Message*)+0x12) [0x55c8efe6a6e2] 10: (MDSInternalContextBase::complete(int)+0x67) [0x55c8f00c34a7] 11: (MDSRank::_advance_queues()+0xd1) [0x55c8efe68fa1] 12: (MDSRank::ProgressThread::entry()+0x43) [0x55c8efe69633] 13: (()+0x7e65) [0x7f82ee6eee65] 14: (clone()+0x6d) [0x7f82ed7c988d] *** Caught signal (Aborted) ** in thread 7f82e29de700 thread_name:mds_rank_progr
2019-11-11 08:54:07.612 7f82e29de700 -1 /home/jenkins-build/build/workspace/ceph-build/ARCH/x86_64/AVAILABLE_ARCH/x86_64/AVAILABLE_DIST/centos7/DIST/centos7/MACHINE_SIZE/huge/release/13.2.6/rpm/el7/BUILD/ceph-13.2.6/src/mds/Server.cc: In function 'void Server::_rename_prepare(MDRequestRef&, EMetaBlob*, ceph::bufferlist*, CDentry*, CDentry*, CDentry*)' thread 7f82e29de700 time
2019-11-11 08:54:07.616188 /home/jenkins-build/build/workspace/ceph-build/ARCH/x86_64/AVAILABLE_ARCH/x86_64/AVAILABLE_DIST/centos7/DIST/centos7/MACHINE_SIZE/huge/release/13.2.6/rpm/el7/BUILD/ceph-13.2.6/src/mds/Server.cc: 8036: FAILED assert(oldin->first <= straydn->first) ceph version 13.2.6 (7b695f835b03642f85998b2ae7b6dd093d9fbce4) mimic (stable) 1: (ceph::__ceph_assert_fail(char const*, char const*, int, char const*)+0x14b) [0x7f82f0abb36b] 2: (()+0x26e4f7) [0x7f82f0abb4f7] 3: (Server::_rename_prepare(boost::intrusive_ptr&, EMetaBlob*, ceph::buffer::list*, CDentry*, CDentry*, CDentry*)+0x276d) [0x55c8efec7c0d] 4: (Server::handle_client_rename(boost::intrusive_ptr&)+0x19bb) [0x55c8efec96cb] 5: (Server::handle_client_request(MClientRequest*)+0x49e) [0x55c8efedcc2e] 6: (Server::dispatch(Message*)+0x2db) [0x55c8efee092b] 7: (MDSRank::handle_deferrable_message(Message*)+0x434) [0x55c8efe53234] 8: (MDSRank::_dispatch(Message*, bool)+0x88b) [0x55c8efe69ffb] 9: (MDSRank::retry_dispatch(Message*)+0x12) [0x55c8efe6a6e2] 10: (MDSInternalContextBase::complete(int)+0x67) [0x55c8f00c34a7] 11: (MDSRank::_advance_queues()+0xd1) [0x55c8efe68fa1] 12: (MDSRank::ProgressThread::entry()+0x43) [0x55c8efe69633] 13: (()+0x7e65) [0x7f82ee6eee65] 14: (clone()+0x6d) [0x7f82ed7c988d] ceph version 13.2.6 (7b695f835b03642f85998b2ae7b6dd093d9fbce4) mimic (stable) 1: (()+0xf5f0) [0x7f82ee6f65f0] 2: (gsignal()+0x37) [0x7f82ed701337] 3: (abort()+0x148) [0x7f82ed702a28] 4: (ceph::__ceph_assert_fail(char const*, char const*, int, char const*)+0x248) [0x7f82f0abb468] 5: (()+0x26e4f7) [0x7f82f0abb4f7] 6: (Server::_rename_prepare(boost::intrusive_ptr&, EMetaBlob*, ceph::buffer::list*, CDentry*, CDentry*, CDentry*)+0x276d) [0x55c8efec7c0d] 7: (Server::handle_client_rename(boost::intrusive_ptr&)+0x19bb) [0x55c8efec96cb] 8: (Server::handle_client_request(MClientRequest*)+0x49e) [0x55c8efedcc2e] 9: (Server::dispatch(Message*)+0x2db) [0x55c8efee092b] 10: (MDSRank::handle_deferrable_message(Message*)+0x434) [0x55c8efe53234] 11: (MDSRank::_dispatch(Message*, bool)+0x88b) [0x55c8efe69ffb] 12: (MDSRank::retry_dispatch(Message*)+0x12) [0x55c8efe6a6e2] 13: (MDSInternalContextBase::complete(int)+0x67) [0x55c8f00c34a7] 14: (MDSRank::_advance_queues()+0xd1) [0x55c8efe68fa1] 15: (MDSRank::ProgressThread::entry()+0x43) [0x55c8efe69633] 16: (()+0x7e65) [0x7f82ee6eee65] 17: (clone()+0x6d) [0x7f82ed7c988d]
2019-11-11 08:54:07.616 7f82e29de700 -1 *** Caught signal (Aborted) ** in thread 7f82e29de700 thread_name:mds_rank_progr ceph version 13.2.6 (7b695f835b03642f85998b2ae7b6dd093d9fbce4) mimic (stable) 1: (()+0xf5f0) [0x7f82ee6f65f0] 2: (gsignal()+0x37) [0x7f82ed701337] 3: (abort()+0x148) [0x7f82ed702a28] 4: (ceph::__ceph_assert_fail(char const*, char const*, int, char const*)+0x248) [0x7f82f0abb468] 5: (()+0x26e4f7) [0x7f82f0abb4f7] 6: (Server::_rename_prepare(boost::intrusive_ptr&, EMetaBlob*, ceph::buffer::list*, CDentry*, CDentry*, CDentry*)+0x276d) [0x55c8efec7c0d] 7: (Server::handle_client_rename(boost::intrusive_ptr&)+0x19bb) [0x55c8efec96cb] 8: (Server::handle_client_request(MClientRequest*)+0x49e) [0x55c8efedcc2e] 9: (Server::dispatch(Message*)+0x2db) [0x55c8efee092b] 10: (MDSRank::handle_deferrable_message(Message*)+0x434) [0x55c8efe53234] 11: (MDSRank::_dispatch(Message*, bool)+0x88b) [0x55c8efe69ffb] 12: (MDSRank::retry_dispatch(Message*)+0x12) [0x55c8efe6a6e2] 13: (MDSInternalContextBase::complete(int)+0x67) [0x55c8f00c34a7] 14: (MDSRank::_advance_queues()+0xd1) [0x55c8efe68fa1] 15: (MDSRank::ProgressThread::entry()+0x43) [0x55c8efe69633] 16: (()+0x7e65) [0x7f82ee6eee65] 17: (clone()+0x6d) [0x7f82ed7c988d] NOTE: a copy of the executable, or `objdump -rdS ` is needed to interpret this. --- begin dump of recent events --- -1614>
2019-11-11 08:53:58.299 7f82f98df000 5 asok(0x55c8f175e5a0) register_command abort hook 0x55c8f17362b0 -1614>
2019-11-11 08:53:58.299 7f82f98df000 5 asok(0x55c8f175e5a0) register_command perfcounters_dump hook 0x55c8f17362b0 -1614>
2019-11-11 08:53:58.299 7f82f98df000 5 asok(0x55c8f175e5a0) register_command 1 hook 0x55c8f17362b0 -1614>
2019-11-11 08:53:58.299 7f82f98df000 5 asok(0x55c8f175e5a0) register_command perf dump hook 0x55c8f17362b0 -1614>
2019-11-11 08:53:58.299 7f82f98df000 5 asok(0x55c8f175e5a0) register_command perfcounters_schema hook 0x55c8f17362b0 -1614>
2019-11-11 08:53:58.299 7f82f98df000 5 asok(0x55c8f175e5a0) register_command perf histogram dump hook 0x55c8f17362b0 -1614>
2019-11-11 08:53:58.299 7f82f98df000 5 asok(0x55c8f175e5a0) register_command 2 hook 0x55c8f17362b0 -1614>
2019-11-11 08:53:58.299 7f82f98df000 5 asok(0x55c8f175e5a0) register_command perf schema hook 0x55c8f17362b0 -1614>
2019-11-11 08:53:58.299 7f82f98df000 5 asok(0x55c8f175e5a0) register_command perf histogram schema hook 0x55c8f17362b0 -1614>
2019-11-11 08:53:58.299 7f82f98df000 5 asok(0x55c8f175e5a0) register_command perf reset hook 0x55c8f17362b0 -1614>
2019-11-11 08:53:58.299 7f82f98df000 5 asok(0x55c8f175e5a0) register_command config show hook 0x55c8f17362b0 -1614>
2019-11-11 08:53:58.299 7f82f98df000 5 asok(0x55c8f175e5a0) register_command config help hook 0x55c8f17362b0 -1614>
2019-11-11 08:53:58.299 7f82f98df000 5 asok(0x55c8f175e5a0) register_command config set hook 0x55c8f17362b0 -1614>
2019-11-11 08:53:58.299 7f82f98df000 5 asok(0x55c8f175e5a0) register_command config unset hook 0x55c8f17362b0 -1614>
2019-11-11 08:53:58.299 7f82f98df000 5 asok(0x55c8f175e5a0) register_command config get hook 0x55c8f17362b0 -1614>
2019-11-11 08:53:58.299 7f82f98df000 5 asok(0x55c8f175e5a0) register_command config diff hook 0x55c8f17362b0 -1614>
2019-11-11 08:53:58.299 7f82f98df000 5 asok(0x55c8f175e5a0) register_command config diff get hook 0x55c8f17362b0 -1614>
2019-11-11 08:53:58.299 7f82f98df000 5 asok(0x55c8f175e5a0) register_command log flush hook 0x55c8f17362b0 -1614>
2019-11-11 08:53:58.299 7f82f98df000 5 asok(0x55c8f175e5a0) register_command log dump hook 0x55c8f17362b0 -1614>
2019-11-11 08:53:58.299 7f82f98df000 5 asok(0x55c8f175e5a0) register_command log reopen hook 0x55c8f17362b0 -1614>
2019-11-11 08:53:58.299 7f82f98df000 5 asok(0x55c8f175e5a0) register_command dump_mempools hook 0x55c8f176c2c8 -1614>
2019-11-11 08:53:58.311 7f82f98df000 10 monclient: get_monmap_and_config -1614>
2019-11-11 08:53:58.391 7f82f98df000 10 monclient: build_initial_monmap -1614>
2019-11-11 08:53:58.391 7f82e9475700 2 Event(0x55c8f18be480 nevent=5000 time_id=1).set_owner idx=2 owner=140200236242688 -1614>
2019-11-11 08:53:58.391 7f82ea477700 2 Event(0x55c8f1749680 nevent=5000 time_id=1).set_owner idx=0 owner=140200253028096 -1614>
2019-11-11 08:53:58.391 7f82e9c76700 2 Event(0x55c8f1749480 nevent=5000 time_id=1).set_owner idx=1 owner=140200244635392 -1614>
2019-11-11 08:53:58.391 7f82f98df000 1 Processor -- start -1614>
2019-11-11 08:53:58.395 7f82f98df000 1 -- - start start -1614>
2019-11-11 08:53:58.395 7f82f98df000 10 monclient: init -1614>
2019-11-11 08:53:58.395 7f82f98df000 5 adding auth protocol: cephx -1614>
2019-11-11 08:53:58.395 7f82f98df000 10 monclient: auth_supported 2 method cephx -1614>
2019-11-11 08:53:58.395 7f82f98df000 2 auth: KeyRing::load: loaded key file /var/lib/ceph/mds/ceph-k8s-node-01/keyring -1614>
2019-11-11 08:53:58.395 7f82f98df000 10 monclient: _reopen_session rank -1 -1614>
2019-11-11 08:53:58.395 7f82f98df000 10 monclient(hunting): picked mon.k8s-node-02 con 0x55c8f1906c00 addr 192.168.200.19:6789/0 -1614>
2019-11-11 08:53:58.395 7f82f98df000 10 monclient(hunting): picked mon.k8s-node-01 con 0x55c8f1907200 addr 192.168.200.17:6789/0 -1614>
2019-11-11 08:53:58.395 7f82f98df000 1 -- - --> 192.168.200.17:6789/0 -- auth(proto 0 36 bytes epoch 0) v1 -- 0x55c8f1730fc0 con 0 -1614>
2019-11-11 08:53:58.395 7f82f98df000 1 -- - --> 192.168.200.19:6789/0 -- auth(proto 0 36 bytes epoch 0) v1 -- 0x55c8f1731200 con 0 -1614>
2019-11-11 08:53:58.395 7f82f98df000 10 monclient(hunting): _renew_subs -1614>
2019-11-11 08:53:58.395 7f82f98df000 10 monclient(hunting): authenticate will time out at
2019-11-11 08:58:58.400428 -1614>
2019-11-11 08:53:58.395 7f82e9475700 1 -- 192.168.200.17:0/4185100738 learned_addr learned my addr 192.168.200.17:0/4185100738 -1614>
2019-11-11 08:53:58.395 7f82e9475700 2 -- 192.168.200.17:0/4185100738 >> 192.168.200.17:6789/0 conn(0x55c8f1907200 :-1 s=STATE_CONNECTING_WAIT_ACK_SEQ pgs=0 cs=0 l=0)._process_connection got newly_acked_seq 0 vs out_seq 0 -1614>
2019-11-11 08:53:58.395 7f82e9c76700 2 -- 192.168.200.17:0/4185100738 >> 192.168.200.19:6789/0 conn(0x55c8f1906c00 :-1 s=STATE_CONNECTING_WAIT_ACK_SEQ pgs=0 cs=0 l=0)._process_connection got newly_acked_seq 0 vs out_seq 0 -1614>
2019-11-11 08:53:58.399 7f82e9475700 5 -- 192.168.200.17:0/4185100738 >> 192.168.200.17:6789/0 conn(0x55c8f1907200 :-1 s=STATE_OPEN_MESSAGE_READ_FOOTER_AND_DISPATCH pgs=23967 cs=1 l=1). rx mon.1 seq 1 0x55c8f1731b00 mon_map magic: 0 v1 -1614>
2019-11-11 08:53:58.399 7f82e8c74700 1 -- 192.168.200.17:0/4185100738 <== mon.1 192.168.200.17:6789/0 1 ==== mon_map magic: 0 v1 ==== 451+0+0 (1031779836 0 0) 0x55c8f1731b00 con 0x55c8f1907200 -1614>
2019-11-11 08:53:58.399 7f82e9475700 5 -- 192.168.200.17:0/4185100738 >> 192.168.200.17:6789/0 conn(0x55c8f1907200 :-1 s=STATE_OPEN_MESSAGE_READ_FOOTER_AND_DISPATCH pgs=23967 cs=1 l=1). rx mon.1 seq 2 0x55c8f1731d40 auth_reply(proto 2 0 (0) Success) v1 -1614>
2019-11-11 08:53:58.399 7f82e8c74700 10 monclient(hunting): handle_monmap mon_map magic: 0 v1 -1614>
2019-11-11 08:53:58.399 7f82e8c74700 10 monclient(hunting): got monmap 323, mon.k8s-node-01 is now rank 1 -1614>
2019-11-11 08:53:58.399 7f82e8c74700 10 monclient(hunting): dump: epoch 323 fsid 571d4bfe-2c5d-45ca-8da1-91dcaf69942c last_changed
2019-10-31 14:07:12.621434 created
2018-04-12 14:27:23.947601 0: 192.168.200.15:6789/0 mon.k8s-node-00 1: 192.168.200.17:6789/0 mon.k8s-node-01 2: 192.168.200.19:6789/0 mon.k8s-node-02 -1614>
2019-11-11 08:53:58.399 7f82e8c74700 1 -- 192.168.200.17:0/4185100738 <== mon.1 192.168.200.17:6789/0 2 ==== auth_reply(proto 2 0 (0) Success) v1 ==== 33+0+0 (573619020 0 0) 0x55c8f1731d40 con 0x55c8f1907200 -1614>
2019-11-11 08:53:58.399 7f82e8c74700 10 monclient(hunting): my global_id is 1822729 -1614>
2019-11-11 08:53:58.399 7f82e8c74700 1 -- 192.168.200.17:0/4185100738 --> 192.168.200.17:6789/0 -- auth(proto 2 32 bytes epoch 0) v1 -- 0x55c8f1730fc0 con 0 -1614>
2019-11-11 08:53:58.399 7f82e9c76700 5 -- 192.168.200.17:0/4185100738 >> 192.168.200.19:6789/0 conn(0x55c8f1906c00 :-1 s=STATE_OPEN_MESSAGE_READ_FOOTER_AND_DISPATCH pgs=26007 cs=1 l=1). rx mon.2 seq 1 0x55c8f19ac6c0 mon_map magic: 0 v1 -1614>
2019-11-11 08:53:58.399 7f82e8c74700 1 -- 192.168.200.17:0/4185100738 <== mon.2 192.168.200.19:6789/0 1 ==== mon_map magic: 0 v1 ==== 451+0+0 (1031779836 0 0) 0x55c8f19ac6c0 con 0x55c8f1906c00 -1614>
2019-11-11 08:53:58.399 7f82e8c74700 10 monclient(hunting): handle_monmap mon_map magic: 0 v1 -1614>
2019-11-11 08:53:58.399 7f82e9475700 5 -- 192.168.200.17:0/4185100738 >> 192.168.200.17:6789/0 conn(0x55c8f1907200 :-1 s=STATE_OPEN_MESSAGE_READ_FOOTER_AND_DISPATCH pgs=23967 cs=1 l=1). rx mon.1 seq 3 0x55c8f1730fc0 auth_reply(proto 2 0 (0) Success) v1 -1614>
2019-11-11 08:53:58.399 7f82e8c74700 10 monclient(hunting): got monmap 323, mon.k8s-node-02 is now rank 2 -1614>
2019-11-11 08:53:58.399 7f82e9c76700 5 -- 192.168.200.17:0/4185100738 >> 192.168.200.19:6789/0 conn(0x55c8f1906c00 :-1 s=STATE_OPEN_MESSAGE_READ_FOOTER_AND_DISPATCH pgs=26007 cs=1 l=1). rx mon.2 seq 2 0x55c8f19ac900 auth_reply(proto 2 0 (0) Success) v1 -1614>
2019-11-11 08:53:58.399 7f82e8c74700 10 monclient(hunting): dump: epoch 323 fsid 571d4bfe-2c5d-45ca-8da1-91dcaf69942c last_changed
2019-10-31 14:07:12.621434 created
2018-04-12 14:27:23.947601 0: 192.168.200.15:6789/0 mon.k8s-node-00 1: 192.168.200.17:6789/0 mon.k8s-node-01 2: 192.168.200.19:6789/0 mon.k8s-node-02 -1614>
2019-11-11 08:53:58.399 7f82e8c74700 1 -- 192.168.200.17:0/4185100738 <== mon.1 192.168.200.17:6789/0 3 ==== auth_reply(proto 2 0 (0) Success) v1 ==== 222+0+0 (2998512091 0 0) 0x55c8f1730fc0 con 0x55c8f1907200 -1614>
2019-11-11 08:53:58.399 7f82e8c74700 1 -- 192.168.200.17:0/4185100738 >> 192.168.200.19:6789/0 conn(0x55c8f1906c00 :-1 s=STATE_OPEN pgs=26007 cs=1 l=1).mark_down -1614>
2019-11-11 08:53:58.399 7f82e8c74700 2 -- 192.168.200.17:0/4185100738 >> 192.168.200.19:6789/0 conn(0x55c8f1906c00 :-1 s=STATE_OPEN pgs=26007 cs=1 l=1)._stop -1614>
2019-11-11 08:53:58.399 7f82e8c74700 1 monclient: found mon.k8s-node-01 -1614>
2019-11-11 08:53:58.399 7f82e8c74700 10 monclient: _send_mon_message to mon.k8s-node-01 at 192.168.200.17:6789/0 -1614>
2019-11-11 08:53:58.399 7f82e8c74700 1 -- 192.168.200.17:0/4185100738 --> 192.168.200.17:6789/0 -- mon_subscribe({config=0+,monmap=0+}) v3 -- 0x55c8f18bf800 con 0 -1614>
2019-11-11 08:53:58.399 7f82e8c74700 10 monclient: _check_auth_rotating renewing rotating keys (they expired before
2019-11-11 08:53:28.406400) -1614>
2019-11-11 08:53:58.399 7f82e8c74700 10 monclient: _send_mon_message to mon.k8s-node-01 at 192.168.200.17:6789/0 -1614>
2019-11-11 08:53:58.399 7f82e8c74700 1 -- 192.168.200.17:0/4185100738 --> 192.168.200.17:6789/0 -- auth(proto 2 2 bytes epoch 0) v1 -- 0x55c8f19ac900 con 0 -1614>
2019-11-11 08:53:58.399 7f82f98df000 5 monclient: authenticate success, global_id 1822729 -1614>
2019-11-11 08:53:58.399 7f82e9475700 5 -- 192.168.200.17:0/4185100738 >> 192.168.200.17:6789/0 conn(0x55c8f1907200 :-1 s=STATE_OPEN_MESSAGE_READ_FOOTER_AND_DISPATCH pgs=23967 cs=1 l=1). rx mon.1 seq 4 0x55c8f18bea00 config(0 keys) v1 -1614>
2019-11-11 08:53:58.399 7f82e9475700 5 -- 192.168.200.17:0/4185100738 >> 192.168.200.17:6789/0 conn(0x55c8f1907200 :-1 s=STATE_OPEN_MESSAGE_READ_FOOTER_AND_DISPATCH pgs=23967 cs=1 l=1). rx mon.1 seq 5 0x55c8f19ac000 mon_map magic: 0 v1 -1614>
2019-11-11 08:53:58.399 7f82e8c74700 1 -- 192.168.200.17:0/4185100738 <== mon.1 192.168.200.17:6789/0 4 ==== config(0 keys) v1 ==== 4+0+0 (0 0 0) 0x55c8f18bea00 con 0x55c8f1907200 -1614>
2019-11-11 08:53:58.403 7f82e8c74700 10 monclient: handle_config config(0 keys) v1 -1614>
2019-11-11 08:53:58.403 7f82e9475700 5 -- 192.168.200.17:0/4185100738 >> 192.168.200.17:6789/0 conn(0x55c8f1907200 :-1 s=STATE_OPEN_MESSAGE_READ_FOOTER_AND_DISPATCH pgs=23967 cs=1 l=1). rx mon.1 seq 6 0x55c8f19ac240 auth_reply(proto 2 0 (0) Success) v1 -1614>
2019-11-11 08:53:58.403 7f82e8c74700 1 -- 192.168.200.17:0/4185100738 <== mon.1 192.168.200.17:6789/0 5 ==== mon_map magic: 0 v1 ==== 451+0+0 (1031779836 0 0) 0x55c8f19ac000 con 0x55c8f1907200 -1614>
2019-11-11 08:53:58.403 7f82e8c74700 10 monclient: handle_monmap mon_map magic: 0 v1 -1614>
2019-11-11 08:53:58.403 7f82e8c74700 10 monclient: got monmap 323, mon.k8s-node-01 is now rank 1 -1614>
2019-11-11 08:53:58.403 7f82e8c74700 10 monclient: dump: epoch 323 fsid 571d4bfe-2c5d-45ca-8da1-91dcaf69942c last_changed
2019-10-31 14:07:12.621434 created
2018-04-12 14:27:23.947601 0: 192.168.200.15:6789/0 mon.k8s-node-00 1: 192.168.200.17:6789/0 mon.k8s-node-01 2: 192.168.200.19:6789/0 mon.k8s-node-02 -1614>
2019-11-11 08:53:58.403 7f82e8c74700 1 -- 192.168.200.17:0/4185100738 <== mon.1 192.168.200.17:6789/0 6 ==== auth_reply(proto 2 0 (0) Success) v1 ==== 194+0+0 (723120225 0 0) 0x55c8f19ac240 con 0x55c8f1907200 -1614>
2019-11-11 08:53:58.403 7f82e7471700 4 set_mon_vals no callback set -1614>
2019-11-11 08:53:58.403 7f82e8c74700 10 monclient: _check_auth_rotating have uptodate secrets (they expire after
2019-11-11 08:53:28.407543) -1614>
2019-11-11 08:53:58.403 7f82f98df000 10 monclient: get_monmap_and_config success -1614>
2019-11-11 08:53:58.403 7f82f98df000 10 monclient: shutdown -1614>
2019-11-11 08:53:58.403 7f82f98df000 1 -- 192.168.200.17:0/4185100738 >> 192.168.200.17:6789/0 conn(0x55c8f1907200 :-1 s=STATE_OPEN pgs=23967 cs=1 l=1).mark_down -1614>
2019-11-11 08:53:58.403 7f82f98df000 2 -- 192.168.200.17:0/4185100738 >> 192.168.200.17:6789/0 conn(0x55c8f1907200 :-1 s=STATE_OPEN pgs=23967 cs=1 l=1)._stop -1614>
2019-11-11 08:53:58.403 7f82f98df000 1 -- 192.168.200.17:0/4185100738 shutdown_connections -1614>
2019-11-11 08:53:58.403 7f82f98df000 5 -- 192.168.200.17:0/4185100738 shutdown_connections mark down 192.168.200.17:6789/0 0x55c8f1907200 -1614>
2019-11-11 08:53:58.403 7f82f98df000 5 -- 192.168.200.17:0/4185100738 shutdown_connections mark down 192.168.200.19:6789/0 0x55c8f1906c00 -1614>
2019-11-11 08:53:58.403 7f82f98df000 5 -- 192.168.200.17:0/4185100738 shutdown_connections delete 0x55c8f1906c00 -1614>
2019-11-11 08:53:58.403 7f82f98df000 5 -- 192.168.200.17:0/4185100738 shutdown_connections delete 0x55c8f1907200 -1614>
2019-11-11 08:53:58.403 7f82f98df000 1 -- 192.168.200.17:0/4185100738 shutdown_connections -1614>
2019-11-11 08:53:58.403 7f82f98df000 1 -- 192.168.200.17:0/4185100738 wait complete. -1614>
2019-11-11 08:53:58.403 7f82f98df000 1 -- 192.168.200.17:0/4185100738 >> 192.168.200.17:0/4185100738 conn(0x55c8f1906600 :-1 s=STATE_NONE pgs=0 cs=0 l=0).mark_down -1614>
2019-11-11 08:53:58.403 7f82f98df000 2 -- 192.168.200.17:0/4185100738 >> 192.168.200.17:0/4185100738 conn(0x55c8f1906600 :-1 s=STATE_NONE pgs=0 cs=0 l=0)._stop -1614>
2019-11-11 08:53:58.407 7f82f98df000 0 set uid:gid to 167:167 (ceph:ceph) -1614>
2019-11-11 08:53:58.407 7f82f98df000 0 ceph version 13.2.6 (7b695f835b03642f85998b2ae7b6dd093d9fbce4) mimic (stable), process ceph-mds, pid 11579 -1614>
2019-11-11 08:53:58.407 7f82f98df000 0 pidfile_write: ignore empty --pid-file -1614>
2019-11-11 08:53:58.487 7f82f98df000 5 asok(0x55c8f175e5a0) init /var/run/ceph/ceph-mds.k8s-node-01.asok -1614>
2019-11-11 08:53:58.487 7f82f98df000 5 asok(0x55c8f175e5a0) bind_and_listen /var/run/ceph/ceph-mds.k8s-node-01.asok -1614>
2019-11-11 08:53:58.491 7f82f98df000 5 asok(0x55c8f175e5a0) register_command 0 hook 0x55c8f17354a0 -1614>
2019-11-11 08:53:58.491 7f82f98df000 5 asok(0x55c8f175e5a0) register_command version hook 0x55c8f17354a0 -1614>
2019-11-11 08:53:58.491 7f82f98df000 5 asok(0x55c8f175e5a0) register_command git_version hook 0x55c8f17354a0 -1614>
2019-11-11 08:53:58.491 7f82f98df000 5 asok(0x55c8f175e5a0) register_command help hook 0x55c8f1736560 -1614>
2019-11-11 08:53:58.491 7f82f98df000 5 asok(0x55c8f175e5a0) register_command get_command_descriptions hook 0x55c8f1736550 -1614>
2019-11-11 08:53:58.491 7f82e8473700 5 asok(0x55c8f175e5a0) entry start -1614>
2019-11-11 08:53:58.491 7f82f98df000 1 -- 0.0.0.0:6801/3013182350 _finish_bind bind my_inst.addr is 0.0.0.0:6801/3013182350 -1614>
2019-11-11 08:53:58.491 7f82f98df000 10 monclient: build_initial_monmap -1614>
2019-11-11 08:53:58.491 7f82f98df000 1 -- 0.0.0.0:6801/3013182350 start start -1614>
2019-11-11 08:53:58.491 7f82f98df000 5 adding auth protocol: cephx -1614>
2019-11-11 08:53:58.491 7f82f98df000 5 adding auth protocol: cephx -1614>
2019-11-11 08:53:58.491 7f82f98df000 1 Processor -- start -1614>
2019-11-11 08:53:58.491 7f82f98df000 10 monclient: init -1614>
2019-11-11 08:53:58.491 7f82f98df000 5 adding auth protocol: cephx -1614>
2019-11-11 08:53:58.491 7f82f98df000 10 monclient: auth_supported 2 method cephx -1614>
2019-11-11 08:53:58.491 7f82f98df000 2 auth: KeyRing::load: loaded key file /var/lib/ceph/mds/ceph-k8s-node-01/keyring -1614>
2019-11-11 08:53:58.491 7f82f98df000 10 monclient: _reopen_session rank -1 -1614>
2019-11-11 08:53:58.491 7f82f98df000 10 monclient(hunting): picked mon.k8s-node-01 con 0x55c8f1906c00 addr 192.168.200.17:6789/0 -1614>
2019-11-11 08:53:58.491 7f82f98df000 10 monclient(hunting): picked mon.k8s-node-00 con 0x55c8f1907200 addr 192.168.200.15:6789/0 -1614>
2019-11-11 08:53:58.491 7f82f98df000 1 -- 0.0.0.0:6801/3013182350 --> 192.168.200.15:6789/0 -- auth(proto 0 36 bytes epoch 0) v1 -- 0x55c8f17318c0 con 0 -1614>
2019-11-11 08:53:58.491 7f82f98df000 1 -- 0.0.0.0:6801/3013182350 --> 192.168.200.17:6789/0 -- auth(proto 0 36 bytes epoch 0) v1 -- 0x55c8f1731680 con 0 -1614>
2019-11-11 08:53:58.491 7f82f98df000 10 monclient(hunting): _renew_subs -1614>
2019-11-11 08:53:58.495 7f82e9475700 1 -- 192.168.200.17:6801/3013182350 learned_addr learned my addr 192.168.200.17:6801/3013182350 -1614>
2019-11-11 08:53:58.495 7f82e9475700 2 -- 192.168.200.17:6801/3013182350 >> 192.168.200.15:6789/0 conn(0x55c8f1907200 :-1 s=STATE_CONNECTING_WAIT_ACK_SEQ pgs=0 cs=0 l=1)._process_connection got newly_acked_seq 0 vs out_seq 0 -1614>
2019-11-11 08:53:58.495 7f82e9c76700 2 -- 192.168.200.17:6801/3013182350 >> 192.168.200.17:6789/0 conn(0x55c8f1906c00 :-1 s=STATE_CONNECTING_WAIT_ACK_SEQ pgs=0 cs=0 l=1)._process_connection got newly_acked_seq 0 vs out_seq 0 -1614>
2019-11-11 08:53:58.495 7f82e9475700 5 -- 192.168.200.17:6801/3013182350 >> 192.168.200.15:6789/0 conn(0x55c8f1907200 :-1 s=STATE_OPEN_MESSAGE_READ_FOOTER_AND_DISPATCH pgs=10089 cs=1 l=1). rx mon.0 seq 1 0x55c8f19ac480 mon_map magic: 0 v1 -1614>
2019-11-11 08:53:58.495 7f82e9475700 5 -- 192.168.200.17:6801/3013182350 >> 192.168.200.15:6789/0 conn(0x55c8f1907200 :-1 s=STATE_OPEN_MESSAGE_READ_FOOTER_AND_DISPATCH pgs=10089 cs=1 l=1). rx mon.0 seq 2 0x55c8f19ac000 auth_reply(proto 2 0 (0) Success) v1 -1614>
2019-11-11 08:53:58.495 7f82e7471700 1 -- 192.168.200.17:6801/3013182350 <== mon.0 192.168.200.15:6789/0 1 ==== mon_map magic: 0 v1 ==== 451+0+0 (1031779836 0 0) 0x55c8f19ac480 con 0x55c8f1907200 -1614>
2019-11-11 08:53:58.495 7f82e7471700 10 monclient(hunting): handle_monmap mon_map magic: 0 v1 -1614>
2019-11-11 08:53:58.495 7f82e7471700 10 monclient(hunting): got monmap 323, mon.k8s-node-00 is now rank 0 -1614>
2019-11-11 08:53:58.495 7f82e7471700 10 monclient(hunting): dump: epoch 323 fsid 571d4bfe-2c5d-45ca-8da1-91dcaf69942c last_changed
2019-10-31 14:07:12.621434 created
2018-04-12 14:27:23.947601 0: 192.168.200.15:6789/0 mon.k8s-node-00 1: 192.168.200.17:6789/0 mon.k8s-node-01 2: 192.168.200.19:6789/0 mon.k8s-node-02 -1614>
2019-11-11 08:53:58.495 7f82e7471700 1 -- 192.168.200.17:6801/3013182350 <== mon.0 192.168.200.15:6789/0 2 ==== auth_reply(proto 2 0 (0) Success) v1 ==== 33+0+0 (1027183105 0 0) 0x55c8f19ac000 con 0x55c8f1907200 -1614>
2019-11-11 08:53:58.495 7f82e7471700 10 monclient(hunting): my global_id is 1832640 -1614>
2019-11-11 08:53:58.495 7f82e7471700 1 -- 192.168.200.17:6801/3013182350 --> 192.168.200.15:6789/0 -- auth(proto 2 32 bytes epoch 0) v1 -- 0x55c8f19ac480 con 0 -1614>
2019-11-11 08:53:58.499 7f82e9c76700 5 -- 192.168.200.17:6801/3013182350 >> 192.168.200.17:6789/0 conn(0x55c8f1906c00 :-1 s=STATE_OPEN_MESSAGE_READ_FOOTER_AND_DISPATCH pgs=23968 cs=1 l=1). rx mon.1 seq 1 0x55c8f19acb40 mon_map magic: 0 v1 -1614>
2019-11-11 08:53:58.499 7f82e7471700 1 -- 192.168.200.17:6801/3013182350 <== mon.1 192.168.200.17:6789/0 1 ==== mon_map magic: 0 v1 ==== 451+0+0 (1031779836 0 0) 0x55c8f19acb40 con 0x55c8f1906c00 -1614>
2019-11-11 08:53:58.499 7f82e7471700 10 monclient(hunting): handle_monmap mon_map magic: 0 v1 -1614>
2019-11-11 08:53:58.499 7f82e9c76700 5 -- 192.168.200.17:6801/3013182350 >> 192.168.200.17:6789/0 conn(0x55c8f1906c00 :-1 s=STATE_OPEN_MESSAGE_READ_FOOTER_AND_DISPATCH pgs=23968 cs=1 l=1). rx mon.1 seq 2 0x55c8f19acd80 auth_reply(proto 2 0 (0) Success) v1 -1614>
2019-11-11 08:53:58.499 7f82e7471700 10 monclient(hunting): got monmap 323, mon.k8s-node-01 is now rank 1 -1614>
2019-11-11 08:53:58.499 7f82e7471700 10 monclient(hunting): dump: epoch 323 fsid 571d4bfe-2c5d-45ca-8da1-91dcaf69942c last_changed
2019-10-31 14:07:12.621434 created
2018-04-12 14:27:23.947601 0: 192.168.200.15:6789/0 mon.k8s-node-00 1: 192.168.200.17:6789/0 mon.k8s-node-01 2: 192.168.200.19:6789/0 mon.k8s-node-02 -1614>
2019-11-11 08:53:58.499 7f82e7471700 1 -- 192.168.200.17:6801/3013182350 <== mon.1 192.168.200.17:6789/0 2 ==== auth_reply(proto 2 0 (0) Success) v1 ==== 33+0+0 (1644780918 0 0) 0x55c8f19acd80 con 0x55c8f1906c00 -1614>
2019-11-11 08:53:58.499 7f82e7471700 10 monclient(hunting): my global_id is 1822732 -1614>
2019-11-11 08:53:58.499 7f82e7471700 1 -- 192.168.200.17:6801/3013182350 --> 192.168.200.17:6789/0 -- auth(proto 2 32 bytes epoch 0) v1 -- 0x55c8f19ac000 con 0 -1614>
2019-11-11 08:53:58.499 7f82e9c76700 5 -- 192.168.200.17:6801/3013182350 >> 192.168.200.17:6789/0 conn(0x55c8f1906c00 :-1 s=STATE_OPEN_MESSAGE_READ_FOOTER_AND_DISPATCH pgs=23968 cs=1 l=1). rx mon.1 seq 3 0x55c8f19ac000 auth_reply(proto 2 0 (0) Success) v1 -1614>
2019-11-11 08:53:58.499 7f82e7471700 1 -- 192.168.200.17:6801/3013182350 <== mon.1 192.168.200.17:6789/0 3 ==== auth_reply(proto 2 0 (0) Success) v1 ==== 222+0+0 (3284413144 0 0) 0x55c8f19ac000 con 0x55c8f1906c00 -1614>
2019-11-11 08:53:58.499 7f82e7471700 1 -- 192.168.200.17:6801/3013182350 --> 192.168.200.17:6789/0 -- auth(proto 2 181 bytes epoch 0) v1 -- 0x55c8f19acd80 con 0 -1614>
2019-11-11 08:53:58.499 7f82e9475700 5 -- 192.168.200.17:6801/3013182350 >> 192.168.200.15:6789/0 conn(0x55c8f1907200 :-1 s=STATE_OPEN_MESSAGE_READ_FOOTER_AND_DISPATCH pgs=10089 cs=1 l=1). rx mon.0 seq 3 0x55c8f19ac480 auth_reply(proto 2 0 (0) Success) v1 -1614>
2019-11-11 08:53:58.499 7f82e7471700 1 -- 192.168.200.17:6801/3013182350 <== mon.0 192.168.200.15:6789/0 3 ==== auth_reply(proto 2 0 (0) Success) v1 ==== 222+0+0 (1296798516 0 0) 0x55c8f19ac480 con 0x55c8f1907200 -1614>
2019-11-11 08:53:58.499 7f82e7471700 1 -- 192.168.200.17:6801/3013182350 --> 192.168.200.15:6789/0 -- auth(proto 2 181 bytes epoch 0) v1 -- 0x55c8f19ac000 con 0 -1614>
2019-11-11 08:53:58.499 7f82e9c76700 5 -- 192.168.200.17:6801/3013182350 >> 192.168.200.17:6789/0 conn(0x55c8f1906c00 :-1 s=STATE_OPEN_MESSAGE_READ_FOOTER_AND_DISPATCH pgs=23968 cs=1 l=1). rx mon.1 seq 4 0x55c8f19acd80 auth_reply(proto 2 0 (0) Success) v1 -1614>
2019-11-11 08:53:58.499 7f82e7471700 1 -- 192.168.200.17:6801/3013182350 <== mon.1 192.168.200.17:6789/0 4 ==== auth_reply(proto 2 0 (0) Success) v1 ==== 799+0+0 (607195576 0 0) 0x55c8f19acd80 con 0x55c8f1906c00 -1614>
2019-11-11 08:53:58.499 7f82e7471700 1 -- 192.168.200.17:6801/3013182350 >> 192.168.200.15:6789/0 conn(0x55c8f1907200 :-1 s=STATE_OPEN pgs=10089 cs=1 l=1).mark_down -1614>
2019-11-11 08:53:58.499 7f82e7471700 2 -- 192.168.200.17:6801/3013182350 >> 192.168.200.15:6789/0 conn(0x55c8f1907200 :-1 s=STATE_OPEN pgs=10089 cs=1 l=1)._stop -1614>
2019-11-11 08:53:58.499 7f82e7471700 1 monclient: found mon.k8s-node-01 -1614>
2019-11-11 08:53:58.499 7f82e7471700 10 monclient: _send_mon_message to mon.k8s-node-01 at 192.168.200.17:6789/0 -1614>
2019-11-11 08:53:58.499 7f82e7471700 1 -- 192.168.200.17:6801/3013182350 --> 192.168.200.17:6789/0 -- mon_subscribe({config=0+,monmap=0+}) v3 -- 0x55c8f18caa00 con 0 -1614>
2019-11-11 08:53:58.499 7f82e7471700 10 monclient: _check_auth_rotating renewing rotating keys (they expired before
2019-11-11 08:53:28.506604) -1614>
2019-11-11 08:53:58.499 7f82e7471700 10 monclient: _send_mon_message to mon.k8s-node-01 at 192.168.200.17:6789/0 -1614>
2019-11-11 08:53:58.499 7f82e7471700 1 -- 192.168.200.17:6801/3013182350 --> 192.168.200.17:6789/0 -- auth(proto 2 2 bytes epoch 0) v1 -- 0x55c8f19ac480 con 0 -1614>
2019-11-11 08:53:58.499 7f82f98df000 5 monclient: authenticate success, global_id 1822732 -1614>
2019-11-11 08:53:58.499 7f82f98df000 10 monclient: wait_auth_rotating waiting (until
2019-11-11 08:54:28.506750) -1614>
2019-11-11 08:53:58.503 7f82e9c76700 5 -- 192.168.200.17:6801/3013182350 >> 192.168.200.17:6789/0 conn(0x55c8f1906c00 :-1 s=STATE_OPEN_MESSAGE_READ_FOOTER_AND_DISPATCH pgs=23968 cs=1 l=1). rx mon.1 seq 5 0x55c8f1748c00 config(0 keys) v1 -1614>
2019-11-11 08:53:58.503 7f82e9c76700 5 -- 192.168.200.17:6801/3013182350 >> 192.168.200.17:6789/0 conn(0x55c8f1906c00 :-1 s=STATE_OPEN_MESSAGE_READ_FOOTER_AND_DISPATCH pgs=23968 cs=1 l=1). rx mon.1 seq 6 0x55c8f19acfc0 mon_map magic: 0 v1 -1614>
2019-11-11 08:53:58.503 7f82e7471700 1 -- 192.168.200.17:6801/3013182350 <== mon.1 192.168.200.17:6789/0 5 ==== config(0 keys) v1 ==== 4+0+0 (0 0 0) 0x55c8f1748c00 con 0x55c8f1906c00 -1614>
2019-11-11 08:53:58.503 7f82e7471700 10 monclient: handle_config config(0 keys) v1 -1614>
2019-11-11 08:53:58.503 7f82e9c76700 5 -- 192.168.200.17:6801/3013182350 >> 192.168.200.17:6789/0 conn(0x55c8f1906c00 :-1 s=STATE_OPEN_MESSAGE_READ_FOOTER_AND_DISPATCH pgs=23968 cs=1 l=1). rx mon.1 seq 7 0x55c8f19ad200 auth_reply(proto 2 0 (0) Success) v1 -1614>
2019-11-11 08:53:58.503 7f82e7471700 1 -- 192.168.200.17:6801/3013182350 <== mon.1 192.168.200.17:6789/0 6 ==== mon_map magic: 0 v1 ==== 451+0+0 (1031779836 0 0) 0x55c8f19acfc0 con 0x55c8f1906c00 -1614>
2019-11-11 08:53:58.503 7f82e7471700 10 monclient: handle_monmap mon_map magic: 0 v1 -1614>
2019-11-11 08:53:58.503 7f82e7471700 10 monclient: got monmap 323, mon.k8s-node-01 is now rank 1 -1614>
2019-11-11 08:53:58.503 7f82e59e4700 4 set_mon_vals no callback set -1614>
2019-11-11 08:53:58.503 7f82e7471700 10 monclient: dump: epoch 323 fsid 571d4bfe-2c5d-45ca-8da1-91dcaf69942c last_changed
2019-10-31 14:07:12.621434 created
2018-04-12 14:27:23.947601 0: 192.168.200.15:6789/0 mon.k8s-node-00 1: 192.168.200.17:6789/0 mon.k8s-node-01 2: 192.168.200.19:6789/0 mon.k8s-node-02 -1614>
2019-11-11 08:53:58.503 7f82e7471700 1 -- 192.168.200.17:6801/3013182350 <== mon.1 192.168.200.17:6789/0 7 ==== auth_reply(proto 2 0 (0) Success) v1 ==== 194+0+0 (3838693139 0 0) 0x55c8f19ad200 con 0x55c8f1906c00 -1614>
2019-11-11 08:53:58.503 7f82e7471700 10 monclient: _check_auth_rotating have uptodate secrets (they expire after
2019-11-11 08:53:28.507947) -1614>
2019-11-11 08:53:58.503 7f82f98df000 10 monclient: wait_auth_rotating done -1614>
2019-11-11 08:53:58.503 7f82f98df000 10 monclient: _renew_subs -1614>
2019-11-11 08:53:58.503 7f82f98df000 10 monclient: _send_mon_message to mon.k8s-node-01 at 192.168.200.17:6789/0 -1614>
2019-11-11 08:53:58.503 7f82f98df000 1 -- 192.168.200.17:6801/3013182350 --> 192.168.200.17:6789/0 -- mon_subscribe({mdsmap=0+,mgrmap=0+}) v3 -- 0x55c8f19a9000 con 0 -1614>
2019-11-11 08:53:58.503 7f82f98df000 5 asok(0x55c8f175e5a0) register_command status hook 0x55c8f17364c0 -1614>
2019-11-11 08:53:58.503 7f82f98df000 5 asok(0x55c8f175e5a0) register_command dump_ops_in_flight hook 0x55c8f17364c0 -1614>
2019-11-11 08:53:58.503 7f82f98df000 5 asok(0x55c8f175e5a0) register_command ops hook 0x55c8f17364c0 -1614>
2019-11-11 08:53:58.503 7f82f98df000 5 asok(0x55c8f175e5a0) register_command dump_blocked_ops hook 0x55c8f17364c0 -1614>
2019-11-11 08:53:58.503 7f82f98df000 5 asok(0x55c8f175e5a0) register_command dump_historic_ops hook 0x55c8f17364c0 -1614>
2019-11-11 08:53:58.503 7f82f98df000 5 asok(0x55c8f175e5a0) register_command dump_historic_ops_by_duration hook 0x55c8f17364c0 -1614>
2019-11-11 08:53:58.503 7f82f98df000 5 asok(0x55c8f175e5a0) register_command scrub_path hook 0x55c8f17364c0 -1614>
2019-11-11 08:53:58.503 7f82f98df000 5 asok(0x55c8f175e5a0) register_command tag path hook 0x55c8f17364c0 -1614>
2019-11-11 08:53:58.503 7f82f98df000 5 asok(0x55c8f175e5a0) register_command flush_path hook 0x55c8f17364c0 -1614>
2019-11-11 08:53:58.503 7f82f98df000 5 asok(0x55c8f175e5a0) register_command export dir hook 0x55c8f17364c0 -1614>
2019-11-11 08:53:58.503 7f82f98df000 5 asok(0x55c8f175e5a0) register_command dump cache hook 0x55c8f17364c0 -1614>
2019-11-11 08:53:58.503 7f82f98df000 5 asok(0x55c8f175e5a0) register_command cache status hook 0x55c8f17364c0 -1614>
2019-11-11 08:53:58.503 7f82f98df000 5 asok(0x55c8f175e5a0) register_command cache drop hook 0x55c8f17364c0 -1614>
2019-11-11 08:53:58.503 7f82f98df000 5 asok(0x55c8f175e5a0) register_command dump tree hook 0x55c8f17364c0 -1614>
2019-11-11 08:53:58.503 7f82f98df000 5 asok(0x55c8f175e5a0) register_command dump loads hook 0x55c8f17364c0 -1614>
2019-11-11 08:53:58.503 7f82f98df000 5 asok(0x55c8f175e5a0) register_command dump snaps hook 0x55c8f17364c0 -1614>
2019-11-11 08:53:58.503 7f82f98df000 5 asok(0x55c8f175e5a0) register_command session evict hook 0x55c8f17364c0 -1614>
2019-11-11 08:53:58.503 7f82f98df000 5 asok(0x55c8f175e5a0) register_command osdmap barrier hook 0x55c8f17364c0 -1614>
2019-11-11 08:53:58.503 7f82f98df000 5 asok(0x55c8f175e5a0) register_command session ls hook 0x55c8f17364c0 -1614>
2019-11-11 08:53:58.503 7f82f98df000 5 asok(0x55c8f175e5a0) register_command flush journal hook 0x55c8f17364c0 -1614>
2019-11-11 08:53:58.503 7f82f98df000 5 asok(0x55c8f175e5a0) register_command force_readonly hook 0x55c8f17364c0 -1614>
2019-11-11 08:53:58.503 7f82f98df000 5 asok(0x55c8f175e5a0) register_command get subtrees hook 0x55c8f17364c0 -1614>
2019-11-11 08:53:58.503 7f82f98df000 5 asok(0x55c8f175e5a0) register_command dirfrag split hook 0x55c8f17364c0 -1614>
2019-11-11 08:53:58.503 7f82f98df000 5 asok(0x55c8f175e5a0) register_command dirfrag merge hook 0x55c8f17364c0 -1614>
2019-11-11 08:53:58.503 7f82f98df000 5 asok(0x55c8f175e5a0) register_command dirfrag ls hook 0x55c8f17364c0 -1614>
2019-11-11 08:53:58.503 7f82f98df000 5 asok(0x55c8f175e5a0) register_command openfiles ls hook 0x55c8f17364c0 -1614>
2019-11-11 08:53:58.503 7f82f98df000 5 asok(0x55c8f175e5a0) register_command dump inode hook 0x55c8f17364c0 -1614>
2019-11-11 08:53:58.503 7f82e9c76700 5 -- 192.168.200.17:6801/3013182350 >> 192.168.200.17:6789/0 conn(0x55c8f1906c00 :-1 s=STATE_OPEN_MESSAGE_READ_FOOTER_AND_DISPATCH pgs=23968 cs=1 l=1). rx mon.1 seq 8 0x55c8f19ad680 mdsmap(e 43681) v1 -1614>
2019-11-11 08:53:58.503 7f82e9c76700 5 -- 192.168.200.17:6801/3013182350 >> 192.168.200.17:6789/0 conn(0x55c8f1906c00 :-1 s=STATE_OPEN_MESSAGE_READ_FOOTER_AND_DISPATCH pgs=23968 cs=1 l=1). rx mon.1 seq 9 0x55c8f1791080 mgrmap(e 3928) v1 -1614>
2019-11-11 08:53:58.503 7f82e7471700 1 -- 192.168.200.17:6801/3013182350 <== mon.1 192.168.200.17:6789/0 8 ==== mdsmap(e 43681) v1 ==== 493+0+0 (2054877721 0 0) 0x55c8f19ad680 con 0x55c8f1906c00 -1614>
2019-11-11 08:53:58.503 7f82e7471700 1 mds.k8s-node-01 Updating MDS map to version 43681 from mon.1 -1614>
2019-11-11 08:53:58.503 7f82e7471700 1 -- 192.168.200.17:6801/3013182350 <== mon.1 192.168.200.17:6789/0 9 ==== mgrmap(e 3928) v1 ==== 1318+0+0 (728182834 0 0) 0x55c8f1791080 con 0x55c8f1906c00 -1614>
2019-11-11 08:53:58.503 7f82e7471700 4 mgrc handle_mgr_map Got map version 3928 -1614>
2019-11-11 08:53:58.503 7f82e7471700 4 mgrc handle_mgr_map Active mgr is now 192.168.200.17:6800/91 -1614>
2019-11-11 08:53:58.503 7f82e7471700 4 mgrc reconnect Starting new session with 192.168.200.17:6800/91 -1614>
2019-11-11 08:53:58.503 7f82e9475700 2 -- 192.168.200.17:6801/3013182350 >> 192.168.200.17:6800/91 conn(0x55c8f1908400 :-1 s=STATE_CONNECTING_WAIT_ACK_SEQ pgs=0 cs=0 l=1)._process_connection got newly_acked_seq 0 vs out_seq 0 -1614>
2019-11-11 08:53:58.507 7f82e41e1700 5 mds.beacon.k8s-node-01 Sending beacon up:boot seq 1 -1614>
2019-11-11 08:53:58.507 7f82e41e1700 10 monclient: _send_mon_message to mon.k8s-node-01 at 192.168.200.17:6789/0 -1614>
2019-11-11 08:53:58.507 7f82e41e1700 1 -- 192.168.200.17:6801/3013182350 --> 192.168.200.17:6789/0 -- mdsbeacon(1822732/k8s-node-01 up:boot seq 1 v43681) v7 -- 0x55c8f1905180 con 0 -1614>
2019-11-11 08:53:58.507 7f82e7471700 1 -- 192.168.200.17:6801/3013182350 --> 192.168.200.17:6800/91 -- mgropen(unknown.k8s-node-01) v3 -- 0x55c8f176a300 con 0 -1614>
2019-11-11 08:53:58.507 7f82e9475700 5 -- 192.168.200.17:6801/3013182350 >> 192.168.200.17:6800/91 conn(0x55c8f1908400 :-1 s=STATE_OPEN_MESSAGE_READ_FOOTER_AND_DISPATCH pgs=444820 cs=1 l=1). rx mgr.1754125 seq 1 0x55c8f175ef00 mgrconfigure(period=5, threshold=5) v2 -1614>
2019-11-11 08:53:58.507 7f82e7471700 1 -- 192.168.200.17:6801/3013182350 <== mgr.1754125 192.168.200.17:6800/91 1 ==== mgrconfigure(period=5, threshold=5) v2 ==== 8+0+0 (3460719617 0 0) 0x55c8f175ef00 con 0x55c8f1908400 -1614>
2019-11-11 08:53:58.507 7f82e7471700 4 mgrc handle_mgr_configure stats_period=5 -1614>
2019-11-11 08:53:58.507 7f82e7471700 4 mgrc handle_mgr_configure updated stats threshold: 5 -1614>
2019-11-11 08:53:58.507 7f82e7471700 1 -- 192.168.200.17:6801/3013182350 --> 192.168.200.17:6800/91 -- mgrreport(unknown.k8s-node-01 +0-0 packed 6) v6 -- 0x55c8f176a900 con 0 -1614>
2019-11-11 08:53:58.511 7f82e9475700 1 -- 192.168.200.17:6801/3013182350 >> 192.168.200.17:6800/91 conn(0x55c8f1908400 :-1 s=STATE_OPEN pgs=444820 cs=1 l=1).read_bulk peer close file descriptor 21 -1614>
2019-11-11 08:53:58.511 7f82e9475700 1 -- 192.168.200.17:6801/3013182350 >> 192.168.200.17:6800/91 conn(0x55c8f1908400 :-1 s=STATE_OPEN pgs=444820 cs=1 l=1).read_until read failed -1614>
2019-11-11 08:53:58.511 7f82e9475700 1 -- 192.168.200.17:6801/3013182350 >> 192.168.200.17:6800/91 conn(0x55c8f1908400 :-1 s=STATE_OPEN pgs=444820 cs=1 l=1).process read tag failed -1614>
2019-11-11 08:53:58.511 7f82e9475700 1 -- 192.168.200.17:6801/3013182350 >> 192.168.200.17:6800/91 conn(0x55c8f1908400 :-1 s=STATE_OPEN pgs=444820 cs=1 l=1).fault on lossy channel, failing -1614>
2019-11-11 08:53:58.511 7f82e9475700 2 -- 192.168.200.17:6801/3013182350 >> 192.168.200.17:6800/91 conn(0x55c8f1908400 :-1 s=STATE_OPEN pgs=444820 cs=1 l=1)._stop -1614>
2019-11-11 08:53:58.511 7f82e7471700 4 mgrc ms_handle_reset ms_handle_reset con 0x55c8f1908400 -1614>
2019-11-11 08:53:58.511 7f82e7471700 4 mgrc reconnect Terminating session with 192.168.200.17:6800/91 -1614>
2019-11-11 08:53:58.511 7f82e7471700 1 -- 192.168.200.17:6801/3013182350 >> 192.168.200.17:6800/91 conn(0x55c8f1908400 :-1 s=STATE_CLOSED pgs=444820 cs=1 l=1).mark_down -1614>
2019-11-11 08:53:58.511 7f82e7471700 4 mgrc reconnect waiting to retry connect until
2019-11-11 08:53:59.509606 -1614>
2019-11-11 08:53:58.719 7f82e9c76700 5 -- 192.168.200.17:6801/3013182350 >> 192.168.200.17:6789/0 conn(0x55c8f1906c00 :-1 s=STATE_OPEN_MESSAGE_READ_FOOTER_AND_DISPATCH pgs=23968 cs=1 l=1). rx mon.1 seq 10 0x55c8f19ad8c0 mdsmap(e 43682) v1 -1614>
2019-11-11 08:53:58.719 7f82e9c76700 5 -- 192.168.200.17:6801/3013182350 >> 192.168.200.17:6789/0 conn(0x55c8f1906c00 :-1 s=STATE_OPEN_MESSAGE_READ_FOOTER_AND_DISPATCH pgs=23968 cs=1 l=1). rx mon.1 seq 11 0x55c8f1905180 mdsbeacon(1822732/k8s-node-01 up:boot seq 1 v43682) v7 -1614>
2019-11-11 08:53:58.719 7f82e7471700 1 -- 192.168.200.17:6801/3013182350 <== mon.1 192.168.200.17:6789/0 10 ==== mdsmap(e 43682) v1 ==== 618+0+0 (187437752 0 0) 0x55c8f19ad8c0 con 0x55c8f1906c00 -1614>
2019-11-11 08:53:58.719 7f82e7471700 1 mds.k8s-node-01 Updating MDS map to version 43682 from mon.1 -1614>
2019-11-11 08:53:58.719 7f82e9c76700 1 -- 192.168.200.17:6801/3013182350 <== mon.1 192.168.200.17:6789/0 11 ==== mdsbeacon(1822732/k8s-node-01 up:boot seq 1 v43682) v7 ==== 140+0+0 (342989897 0 0) 0x55c8f1905180 con 0x55c8f1906c00 -1614>
2019-11-11 08:53:58.719 7f82e9c76700 5 mds.beacon.k8s-node-01 received beacon reply up:boot seq 1 rtt 0.212005 -1614>
2019-11-11 08:53:58.719 7f82e7471700 5 mds.beacon.k8s-node-01 set_want_state: up:boot -> up:standby -1614>
2019-11-11 08:53:58.719 7f82e7471700 1 mds.k8s-node-01 Map has assigned me to become a standby -1614>
2019-11-11 08:53:58.811 7f82e9c76700 5 -- 192.168.200.17:6801/3013182350 >> 192.168.200.17:6789/0 conn(0x55c8f1906c00 :-1 s=STATE_OPEN_MESSAGE_READ_FOOTER_AND_DISPATCH pgs=23968 cs=1 l=1). rx mon.1 seq 12 0x55c8f19adb00 mdsmap(e 43683) v1 -1614>
2019-11-11 08:53:58.811 7f82e7471700 1 -- 192.168.200.17:6801/3013182350 <== mon.1 192.168.200.17:6789/0 12 ==== mdsmap(e 43683) v1 ==== 655+0+0 (624214410 0 0) 0x55c8f19adb00 con 0x55c8f1906c00 -1614>
2019-11-11 08:53:58.811 7f82e7471700 1 mds.k8s-node-01 Updating MDS map to version 43683 from mon.1 -1614>
2019-11-11 08:53:58.811 7f82e7471700 4 mds.0.purge_queue operator(): data pool 2 not found in OSDMap -1614>
2019-11-11 08:53:58.811 7f82e7471700 5 asok(0x55c8f175e5a0) register_command objecter_requests hook 0x55c8f17362a0 -1614>
2019-11-11 08:53:58.811 7f82e7471700 10 monclient: _renew_subs -1614>
2019-11-11 08:53:58.811 7f82e7471700 10 monclient: _send_mon_message to mon.k8s-node-01 at 192.168.200.17:6789/0 -1614>
2019-11-11 08:53:58.811 7f82e7471700 1 -- 192.168.200.17:6801/3013182350 --> 192.168.200.17:6789/0 -- mon_subscribe({osdmap=0}) v3 -- 0x55c8f19b9000 con 0 -1614>
2019-11-11 08:53:58.815 7f82e7471700 10 log_channel(cluster) update_config to_monitors: true to_syslog: false syslog_facility: daemon prio: info to_graylog: false graylog_host: 127.0.0.1 graylog_port: 12201) -1614>
2019-11-11 08:53:58.815 7f82e7471700 4 mds.0.purge_queue operator(): data pool 2 not found in OSDMap -1614>
2019-11-11 08:53:58.815 7f82e7471700 4 mds.0.0 handle_osd_map epoch 0, 0 new blacklist entries -1614>
2019-11-11 08:53:58.815 7f82e7471700 1 mds.0.43683 handle_mds_map i am now mds.0.43683 -1614>
2019-11-11 08:53:58.815 7f82e7471700 1 mds.0.43683 handle_mds_map state change up:boot --> up:replay -1614>
2019-11-11 08:53:58.815 7f82e7471700 5 mds.beacon.k8s-node-01 set_want_state: up:standby -> up:replay -1614>
2019-11-11 08:53:58.815 7f82e7471700 1 mds.0.43683 replay_start -1614>
2019-11-11 08:53:58.815 7f82e7471700 1 mds.0.43683 recovery set is -1614>
2019-11-11 08:53:58.815 7f82e7471700 1 mds.0.43683 waiting for osdmap 24384 (which blacklists prior instance) -1614>
2019-11-11 08:53:58.815 7f82e9c76700 5 -- 192.168.200.17:6801/3013182350 >> 192.168.200.17:6789/0 conn(0x55c8f1906c00 :-1 s=STATE_OPEN_MESSAGE_READ_FOOTER_AND_DISPATCH pgs=23968 cs=1 l=1). rx mon.1 seq 13 0x55c8f19e8500 osd_map(24384..24384 src has 23658..24384) v4 -1614>
2019-11-11 08:53:58.815 7f82e7471700 1 -- 192.168.200.17:6801/3013182350 <== mon.1 192.168.200.17:6789/0 13 ==== osd_map(24384..24384 src has 23658..24384) v4 ==== 94539+0+0 (2020509642 0 0) 0x55c8f19e8500 con 0x55c8f1906c00 -1614>
2019-11-11 08:53:58.819 7f82e7471700 4 mds.0.43683 handle_osd_map epoch 24384, 0 new blacklist entries -1614>
2019-11-11 08:53:58.819 7f82e7471700 10 monclient: _renew_subs -1614>
2019-11-11 08:53:58.819 7f82e7471700 10 monclient: _send_mon_message to mon.k8s-node-01 at 192.168.200.17:6789/0 -1614>
2019-11-11 08:53:58.819 7f82e7471700 1 -- 192.168.200.17:6801/3013182350 --> 192.168.200.17:6789/0 -- mon_subscribe({osdmap=24385}) v3 -- 0x55c8f19b9000 con 0 -1614>
2019-11-11 08:53:58.819 7f82e11db700 2 mds.0.43683 boot_start 0: opening inotable -1614>
2019-11-11 08:53:58.819 7f82e11db700 1 -- 192.168.200.17:6801/3013182350 --> 192.168.200.15:6805/24523 -- osd_op(unknown.0.43683:1 6.13 6:c91d4a1d:::mds0_inotable:head [read 0~0] snapc 0=[] ondisk+read+known_if_redirected+full_force e24384) v8 -- 0x55c8f19f4840 con 0 -1614>
2019-11-11 08:53:58.819 7f82e11db700 2 mds.0.43683 boot_start 0: opening sessionmap -1614>
