2019-11-12T09:19:59Z k8s-node-02 /tmp/tmp.zePZzI744v/confd[16121]: INFO Backend set to etcd
2019-11-12T09:19:59Z k8s-node-02 /tmp/tmp.zePZzI744v/confd[16121]: INFO Starting confd
2019-11-12T09:19:59Z k8s-node-02 /tmp/tmp.zePZzI744v/confd[16121]: INFO Backend source(s) set to http://192.168.200.10:2379
2019-11-12 09:20:00 /entrypoint.sh: Adding bootstrap keyrings.
2019-11-12 09:20:01 /entrypoint.sh: Retrieving the admin key.
2019-11-12 09:20:03 /entrypoint.sh: SUCCESS
2019-11-12 09:20:03.614 7fe897e7f000 0 set uid:gid to 167:167 (ceph:ceph)
2019-11-12 09:20:03.614 7fe897e7f000 0 ceph version 13.2.6 (7b695f835b03642f85998b2ae7b6dd093d9fbce4) mimic (stable), process ceph-mds, pid 16285
2019-11-12 09:20:03.618 7fe897e7f000 0 pidfile_write: ignore empty --pid-file starting mds.k8s-node-02 at -
2019-11-12 09:20:03.742 7fe885a11700 1 mds.k8s-node-02 Updating MDS map to version 56301 from mon.0
2019-11-12 09:20:08.406 7fe885a11700 1 mds.k8s-node-02 Updating MDS map to version 56302 from mon.0
2019-11-12 09:20:08.406 7fe885a11700 1 mds.k8s-node-02 Map has assigned me to become a standby
2019-11-12 09:20:08.430 7fe885a11700 1 mds.k8s-node-02 Updating MDS map to version 56303 from mon.0
2019-11-12 09:20:08.434 7fe885a11700 1 mds.0.56303 handle_mds_map i am now mds.0.56303
2019-11-12 09:20:08.434 7fe885a11700 1 mds.0.56303 handle_mds_map state change up:boot --> up:replay
2019-11-12 09:20:08.434 7fe885a11700 1 mds.0.56303 replay_start
2019-11-12 09:20:08.434 7fe885a11700 1 mds.0.56303 recovery set is
2019-11-12 09:20:08.434 7fe885a11700 1 mds.0.56303 waiting for osdmap 28661 (which blacklists prior instance)
2019-11-12 09:20:08.522 7fe87ef7a700 0 mds.0.cache creating system inode with ino:0x100
2019-11-12 09:20:08.522 7fe87ef7a700 0 mds.0.cache creating system inode with ino:0x1
2019-11-12 09:20:16.610 7fe87df78700 1 mds.0.56303 Finished replaying journal
2019-11-12 09:20:16.610 7fe87df78700 1 mds.0.56303 making mds journal writeable
2019-11-12 09:20:16.686 7fe885a11700 1 mds.k8s-node-02 Updating MDS map to version 56304 from mon.0
2019-11-12 09:20:16.686 7fe885a11700 1 mds.0.56303 handle_mds_map i am now mds.0.56303
2019-11-12 09:20:16.686 7fe885a11700 1 mds.0.56303 handle_mds_map state change up:replay --> up:reconnect
2019-11-12 09:20:16.686 7fe885a11700 1 mds.0.56303 reconnect_start
2019-11-12 09:20:16.686 7fe885a11700 1 mds.0.56303 reopen_log
2019-11-12 09:20:16.694 7fe885a11700 1 mds.0.server reconnect_clients -- 14 sessions
2019-11-12 09:20:16.694 7fe885a11700 0 log_channel(cluster) log [DBG] : reconnect by client.1804200 192.168.200.30:0/979484066 after 0
2019-11-12 09:20:16.694 7fe885a11700 0 log_channel(cluster) log [DBG] : reconnect by client.1804134 192.168.200.17:0/3102681411 after 0
2019-11-12 09:20:16.694 7fe885a11700 0 log_channel(cluster) log [DBG] : reconnect by client.1804143 192.168.200.31:0/3544368504 after 0
2019-11-12 09:20:16.694 7fe885a11700 0 log_channel(cluster) log [DBG] : reconnect by client.1804137 192.168.200.19:0/2796926812 after 0
2019-11-12 09:20:16.698 7fe885a11700 0 log_channel(cluster) log [DBG] : reconnect by client.1793818 192.168.200.30:0/232332927 after 0.00400008
2019-11-12 09:20:16.698 7fe885a11700 0 log_channel(cluster) log [DBG] : reconnect by client.1804140 192.168.200.32:0/2855972843 after 0.00400008
2019-11-12 09:20:16.698 7fe885a11700 0 log_channel(cluster) log [DBG] : reconnect by client.1792815 192.168.200.32:0/3593333399 after 0.00400008
2019-11-12 09:20:16.702 7fe885a11700 0 log_channel(cluster) log [DBG] : reconnect by client.1794668 192.168.200.30:0/2985278080 after 0.00800016
2019-11-12 09:20:16.702 7fe885a11700 0 log_channel(cluster) log [DBG] : reconnect by client.1794662 192.168.200.30:0/522103062 after 0.00800016
2019-11-12 09:20:16.702 7fe885a11700 0 log_channel(cluster) log [DBG] : reconnect by client.1793737 192.168.200.31:0/2398232289 after 0.00800016
2019-11-12 09:20:16.706 7fe885a11700 0 log_channel(cluster) log [DBG] : reconnect by client.1793815 192.168.200.15:0/4201708698 after 0.00800016
2019-11-12 09:20:16.706 7fe885a11700 0 log_channel(cluster) log [DBG] : reconnect by client.1794665 192.168.200.30:0/3506497893 after 0.0120002
2019-11-12 09:20:16.706 7fe885a11700 0 log_channel(cluster) log [DBG] : reconnect by client.1793728 192.168.200.15:0/1656050499 after 0.0120002
2019-11-12 09:20:16.706 7fe885a11700 0 log_channel(cluster) log [DBG] : reconnect by client.1794521 192.168.200.31:0/1453103486 after 0.0120002
2019-11-12 09:20:16.706 7fe885a11700 1 mds.0.56303 reconnect_done
2019-11-12 09:20:17.710 7fe885a11700 1 mds.k8s-node-02 Updating MDS map to version 56305 from mon.0
2019-11-12 09:20:17.710 7fe885a11700 1 mds.0.56303 handle_mds_map i am now mds.0.56303
2019-11-12 09:20:17.710 7fe885a11700 1 mds.0.56303 handle_mds_map state change up:reconnect --> up:rejoin
2019-11-12 09:20:17.710 7fe885a11700 1 mds.0.56303 rejoin_start
2019-11-12 09:20:17.714 7fe885a11700 1 mds.0.56303 rejoin_joint_start
2019-11-12 09:20:17.766 7fe87f77b700 1 mds.0.56303 rejoin_done
2019-11-12 09:20:18.779 7fe885a11700 1 mds.k8s-node-02 Updating MDS map to version 56306 from mon.0
2019-11-12 09:20:18.779 7fe885a11700 1 mds.0.56303 handle_mds_map i am now mds.0.56303
2019-11-12 09:20:18.779 7fe885a11700 1 mds.0.56303 handle_mds_map state change up:rejoin --> up:active
2019-11-12 09:20:18.779 7fe885a11700 1 mds.0.56303 recovery_done -- successful recovery!
2019-11-12 09:20:18.779 7fe885a11700 1 mds.0.56303 active_start
2019-11-12 09:20:18.795 7fe885a11700 1 mds.0.56303 cluster recovered. /home/jenkins-build/build/workspace/ceph-build/ARCH/x86_64/AVAILABLE_ARCH/x86_64/AVAILABLE_DIST/centos7/DIST/centos7/MACHINE_SIZE/huge/release/13.2.6/rpm/el7/BUILD/ceph-13.2.6/src/mds/Server.cc: In function 'void Server::_rename_prepare(MDRequestRef&, EMetaBlob*, ceph::bufferlist*, CDentry*, CDentry*, CDentry*)' thread 7fe880f7e700 time
2019-11-12 09:20:18.803701 /home/jenkins-build/build/workspace/ceph-build/ARCH/x86_64/AVAILABLE_ARCH/x86_64/AVAILABLE_DIST/centos7/DIST/centos7/MACHINE_SIZE/huge/release/13.2.6/rpm/el7/BUILD/ceph-13.2.6/src/mds/Server.cc: 8036: FAILED assert(oldin->first <= straydn->first) ceph version 13.2.6 (7b695f835b03642f85998b2ae7b6dd093d9fbce4) mimic (stable) 1: (ceph::__ceph_assert_fail(char const*, char const*, int, char const*)+0x14b) [0x7fe88f05b36b] 2: (()+0x26e4f7) [0x7fe88f05b4f7] 3: (Server::_rename_prepare(boost::intrusive_ptr&, EMetaBlob*, ceph::buffer::list*, CDentry*, CDentry*, CDentry*)+0x276d) [0x5574ed818c0d] 4: (Server::handle_client_rename(boost::intrusive_ptr&)+0x19bb) [0x5574ed81a6cb] 5: (Server::handle_client_request(MClientRequest*)+0x49e) [0x5574ed82dc2e] 6: (Server::dispatch(Message*)+0x2db) [0x5574ed83192b] 7: (MDSRank::handle_deferrable_message(Message*)+0x434) [0x5574ed7a4234] 8: (MDSRank::_dispatch(Message*, bool)+0x88b) [0x5574ed7baffb] 9: (MDSRank::retry_dispatch(Message*)+0x12) [0x5574ed7bb6e2] 10: (MDSInternalContextBase::complete(int)+0x67) [0x5574eda144a7] 11: (MDSRank::_advance_queues()+0xd1) [0x5574ed7b9fa1] 12: (MDSRank::ProgressThread::entry()+0x43) [0x5574ed7ba633] 13: (()+0x7e65) [0x7fe88cc8ee65] 14: (clone()+0x6d) [0x7fe88bd6988d]
2019-11-12 09:20:18.803 7fe880f7e700 -1 /home/jenkins-build/build/workspace/ceph-build/ARCH/x86_64/AVAILABLE_ARCH/x86_64/AVAILABLE_DIST/centos7/DIST/centos7/MACHINE_SIZE/huge/release/13.2.6/rpm/el7/BUILD/ceph-13.2.6/src/mds/Server.cc: In function 'void Server::_rename_prepare(MDRequestRef&, EMetaBlob*, ceph::bufferlist*, CDentry*, CDentry*, CDentry*)' thread 7fe880f7e700 time
2019-11-12 09:20:18.803701 /home/jenkins-build/build/workspace/ceph-build/ARCH/x86_64/AVAILABLE_ARCH/x86_64/AVAILABLE_DIST/centos7/DIST/centos7/MACHINE_SIZE/huge/release/13.2.6/rpm/el7/BUILD/ceph-13.2.6/src/mds/Server.cc: 8036: FAILED assert(oldin->first <= straydn->first) ceph version 13.2.6 (7b695f835b03642f85998b2ae7b6dd093d9fbce4) mimic (stable) 1: (ceph::__ceph_assert_fail(char const*, char const*, int, char const*)+0x14b) [0x7fe88f05b36b] 2: (()+0x26e4f7) [0x7fe88f05b4f7] 3: (Server::_rename_prepare(boost::intrusive_ptr&, EMetaBlob*, ceph::buffer::list*, CDentry*, CDentry*, CDentry*)+0x276d) [0x5574ed818c0d] 4: (Server::handle_client_rename(boost::intrusive_ptr&)+0x19bb) [0x5574ed81a6cb] 5: (Server::handle_client_request(MClientRequest*)+0x49e) [0x5574ed82dc2e] 6: (Server::dispatch(Message*)+0x2db) [0x5574ed83192b] 7: (MDSRank::handle_deferrable_message(Message*)+0x434) [0x5574ed7a4234] 8: (MDSRank::_dispatch(Message*, bool)+0x88b) [0x5574ed7baffb] 9: (MDSRank::retry_dispatch(Message*)+0x12) [0x5574ed7bb6e2] 10: (MDSInternalContextBase::complete(int)+0x67) [0x5574eda144a7] 11: (MDSRank::_advance_queues()+0xd1) [0x5574ed7b9fa1] 12: (MDSRank::ProgressThread::entry()+0x43) [0x5574ed7ba633] 13: (()+0x7e65) [0x7fe88cc8ee65] 14: (clone()+0x6d) [0x7fe88bd6988d] *** Caught signal (Aborted) ** in thread 7fe880f7e700 thread_name:mds_rank_progr ceph version 13.2.6 (7b695f835b03642f85998b2ae7b6dd093d9fbce4) mimic (stable) 1: (()+0xf5f0) [0x7fe88cc965f0] 2: (gsignal()+0x37) [0x7fe88bca1337] 3: (abort()+0x148) [0x7fe88bca2a28] 4: (ceph::__ceph_assert_fail(char const*, char const*, int, char const*)+0x248) [0x7fe88f05b468] 5: (()+0x26e4f7) [0x7fe88f05b4f7] 6: (Server::_rename_prepare(boost::intrusive_ptr&, EMetaBlob*, ceph::buffer::list*, CDentry*, CDentry*, CDentry*)+0x276d) [0x5574ed818c0d] 7: (Server::handle_client_rename(boost::intrusive_ptr&)+0x19bb) [0x5574ed81a6cb] 8: (Server::handle_client_request(MClientRequest*)+0x49e) [0x5574ed82dc2e] 9: (Server::dispatch(Message*)+0x2db) [0x5574ed83192b] 10: (MDSRank::handle_deferrable_message(Message*)+0x434) [0x5574ed7a4234] 11: (MDSRank::_dispatch(Message*, bool)+0x88b) [0x5574ed7baffb] 12: (MDSRank::retry_dispatch(Message*)+0x12) [0x5574ed7bb6e2] 13: (MDSInternalContextBase::complete(int)+0x67) [0x5574eda144a7] 14: (MDSRank::_advance_queues()+0xd1) [0x5574ed7b9fa1] 15: (MDSRank::ProgressThread::entry()+0x43) [0x5574ed7ba633] 16: (()+0x7e65) [0x7fe88cc8ee65] 17: (clone()+0x6d) [0x7fe88bd6988d]
2019-11-12 09:20:18.803 7fe880f7e700 -1 *** Caught signal (Aborted) ** in thread 7fe880f7e700 thread_name:mds_rank_progr ceph version 13.2.6 (7b695f835b03642f85998b2ae7b6dd093d9fbce4) mimic (stable) 1: (()+0xf5f0) [0x7fe88cc965f0] 2: (gsignal()+0x37) [0x7fe88bca1337] 3: (abort()+0x148) [0x7fe88bca2a28] 4: (ceph::__ceph_assert_fail(char const*, char const*, int, char const*)+0x248) [0x7fe88f05b468] 5: (()+0x26e4f7) [0x7fe88f05b4f7] 6: (Server::_rename_prepare(boost::intrusive_ptr&, EMetaBlob*, ceph::buffer::list*, CDentry*, CDentry*, CDentry*)+0x276d) [0x5574ed818c0d] 7: (Server::handle_client_rename(boost::intrusive_ptr&)+0x19bb) [0x5574ed81a6cb] 8: (Server::handle_client_request(MClientRequest*)+0x49e) [0x5574ed82dc2e] 9: (Server::dispatch(Message*)+0x2db) [0x5574ed83192b] 10: (MDSRank::handle_deferrable_message(Message*)+0x434) [0x5574ed7a4234] 11: (MDSRank::_dispatch(Message*, bool)+0x88b) [0x5574ed7baffb] 12: (MDSRank::retry_dispatch(Message*)+0x12) [0x5574ed7bb6e2] 13: (MDSInternalContextBase::complete(int)+0x67) [0x5574eda144a7] 14: (MDSRank::_advance_queues()+0xd1) [0x5574ed7b9fa1] 15: (MDSRank::ProgressThread::entry()+0x43) [0x5574ed7ba633] 16: (()+0x7e65) [0x7fe88cc8ee65] 17: (clone()+0x6d) [0x7fe88bd6988d] NOTE: a copy of the executable, or `objdump -rdS ` is needed to interpret this. --- begin dump of recent events --- -988>
2019-11-12 09:20:03.494 7fe897e7f000 5 asok(0x5574ef5585a0) register_command abort hook 0x5574ef5302b0 -988>
2019-11-12 09:20:03.494 7fe897e7f000 5 asok(0x5574ef5585a0) register_command perfcounters_dump hook 0x5574ef5302b0 -988>
2019-11-12 09:20:03.494 7fe897e7f000 5 asok(0x5574ef5585a0) register_command 1 hook 0x5574ef5302b0 -988>
2019-11-12 09:20:03.494 7fe897e7f000 5 asok(0x5574ef5585a0) register_command perf dump hook 0x5574ef5302b0 -988>
2019-11-12 09:20:03.494 7fe897e7f000 5 asok(0x5574ef5585a0) register_command perfcounters_schema hook 0x5574ef5302b0 -988>
2019-11-12 09:20:03.494 7fe897e7f000 5 asok(0x5574ef5585a0) register_command perf histogram dump hook 0x5574ef5302b0 -988>
2019-11-12 09:20:03.494 7fe897e7f000 5 asok(0x5574ef5585a0) register_command 2 hook 0x5574ef5302b0 -988>
2019-11-12 09:20:03.494 7fe897e7f000 5 asok(0x5574ef5585a0) register_command perf schema hook 0x5574ef5302b0 -988>
2019-11-12 09:20:03.494 7fe897e7f000 5 asok(0x5574ef5585a0) register_command perf histogram schema hook 0x5574ef5302b0 -988>
2019-11-12 09:20:03.494 7fe897e7f000 5 asok(0x5574ef5585a0) register_command perf reset hook 0x5574ef5302b0 -988>
2019-11-12 09:20:03.494 7fe897e7f000 5 asok(0x5574ef5585a0) register_command config show hook 0x5574ef5302b0 -988>
2019-11-12 09:20:03.494 7fe897e7f000 5 asok(0x5574ef5585a0) register_command config help hook 0x5574ef5302b0 -988>
2019-11-12 09:20:03.494 7fe897e7f000 5 asok(0x5574ef5585a0) register_command config set hook 0x5574ef5302b0 -988>
2019-11-12 09:20:03.494 7fe897e7f000 5 asok(0x5574ef5585a0) register_command config unset hook 0x5574ef5302b0 -988>
2019-11-12 09:20:03.494 7fe897e7f000 5 asok(0x5574ef5585a0) register_command config get hook 0x5574ef5302b0 -988>
2019-11-12 09:20:03.494 7fe897e7f000 5 asok(0x5574ef5585a0) register_command config diff hook 0x5574ef5302b0 -988>
2019-11-12 09:20:03.494 7fe897e7f000 5 asok(0x5574ef5585a0) register_command config diff get hook 0x5574ef5302b0 -988>
2019-11-12 09:20:03.494 7fe897e7f000 5 asok(0x5574ef5585a0) register_command log flush hook 0x5574ef5302b0 -988>
2019-11-12 09:20:03.494 7fe897e7f000 5 asok(0x5574ef5585a0) register_command log dump hook 0x5574ef5302b0 -988>
2019-11-12 09:20:03.494 7fe897e7f000 5 asok(0x5574ef5585a0) register_command log reopen hook 0x5574ef5302b0 -988>
2019-11-12 09:20:03.494 7fe897e7f000 5 asok(0x5574ef5585a0) register_command dump_mempools hook 0x5574ef5662c8 -988>
2019-11-12 09:20:03.514 7fe897e7f000 10 monclient: get_monmap_and_config -988>
2019-11-12 09:20:03.598 7fe897e7f000 10 monclient: build_initial_monmap -988>
2019-11-12 09:20:03.598 7fe888a17700 2 Event(0x5574ef543480 nevent=5000 time_id=1).set_owner idx=0 owner=140636701423360 -988>
2019-11-12 09:20:03.598 7fe887a15700 2 Event(0x5574ef6b8480 nevent=5000 time_id=1).set_owner idx=2 owner=140636684637952 -988>
2019-11-12 09:20:03.598 7fe888216700 2 Event(0x5574ef543680 nevent=5000 time_id=1).set_owner idx=1 owner=140636693030656 -988>
2019-11-12 09:20:03.598 7fe897e7f000 1 Processor -- start -988>
2019-11-12 09:20:03.598 7fe897e7f000 1 -- - start start -988>
2019-11-12 09:20:03.598 7fe897e7f000 10 monclient: init -988>
2019-11-12 09:20:03.598 7fe897e7f000 5 adding auth protocol: cephx -988>
2019-11-12 09:20:03.598 7fe897e7f000 10 monclient: auth_supported 2 method cephx -988>
2019-11-12 09:20:03.598 7fe897e7f000 2 auth: KeyRing::load: loaded key file /var/lib/ceph/mds/ceph-k8s-node-02/keyring -988>
2019-11-12 09:20:03.598 7fe897e7f000 10 monclient: _reopen_session rank -1 -988>
2019-11-12 09:20:03.598 7fe897e7f000 10 monclient(hunting): picked mon.k8s-node-00 con 0x5574ef700c00 addr 192.168.200.15:6789/0 -988>
2019-11-12 09:20:03.598 7fe897e7f000 10 monclient(hunting): picked mon.k8s-node-02 con 0x5574ef701200 addr 192.168.200.19:6789/0 -988>
2019-11-12 09:20:03.598 7fe897e7f000 1 -- - --> 192.168.200.15:6789/0 -- auth(proto 0 36 bytes epoch 0) v1 -- 0x5574ef52afc0 con 0 -988>
2019-11-12 09:20:03.598 7fe897e7f000 1 -- - --> 192.168.200.19:6789/0 -- auth(proto 0 36 bytes epoch 0) v1 -- 0x5574ef52b200 con 0 -988>
2019-11-12 09:20:03.598 7fe897e7f000 10 monclient(hunting): _renew_subs -988>
2019-11-12 09:20:03.598 7fe897e7f000 10 monclient(hunting): authenticate will time out at
2019-11-12 09:25:03.605089 -988>
2019-11-12 09:20:03.602 7fe887a15700 1 -- 192.168.200.19:0/763506544 learned_addr learned my addr 192.168.200.19:0/763506544 -988>
2019-11-12 09:20:03.602 7fe888216700 2 -- 192.168.200.19:0/763506544 >> 192.168.200.15:6789/0 conn(0x5574ef700c00 :-1 s=STATE_CONNECTING_WAIT_ACK_SEQ pgs=0 cs=0 l=0)._process_connection got newly_acked_seq 0 vs out_seq 0 -988>
2019-11-12 09:20:03.602 7fe887a15700 2 -- 192.168.200.19:0/763506544 >> 192.168.200.19:6789/0 conn(0x5574ef701200 :-1 s=STATE_CONNECTING_WAIT_ACK_SEQ pgs=0 cs=0 l=0)._process_connection got newly_acked_seq 0 vs out_seq 0 -988>
2019-11-12 09:20:03.602 7fe888216700 5 -- 192.168.200.19:0/763506544 >> 192.168.200.15:6789/0 conn(0x5574ef700c00 :-1 s=STATE_OPEN_MESSAGE_READ_FOOTER_AND_DISPATCH pgs=15926 cs=1 l=1). rx mon.0 seq 1 0x5574ef52bb00 mon_map magic: 0 v1 -988>
2019-11-12 09:20:03.602 7fe887214700 1 -- 192.168.200.19:0/763506544 <== mon.0 192.168.200.15:6789/0 1 ==== mon_map magic: 0 v1 ==== 451+0+0 (1031779836 0 0) 0x5574ef52bb00 con 0x5574ef700c00 -988>
2019-11-12 09:20:03.602 7fe887214700 10 monclient(hunting): handle_monmap mon_map magic: 0 v1 -988>
2019-11-12 09:20:03.602 7fe888216700 5 -- 192.168.200.19:0/763506544 >> 192.168.200.15:6789/0 conn(0x5574ef700c00 :-1 s=STATE_OPEN_MESSAGE_READ_FOOTER_AND_DISPATCH pgs=15926 cs=1 l=1). rx mon.0 seq 2 0x5574ef52bd40 auth_reply(proto 2 0 (0) Success) v1 -988>
2019-11-12 09:20:03.602 7fe887214700 10 monclient(hunting): got monmap 323, mon.k8s-node-00 is now rank 0 -988>
2019-11-12 09:20:03.602 7fe887214700 10 monclient(hunting): dump: epoch 323 fsid 571d4bfe-2c5d-45ca-8da1-91dcaf69942c last_changed
2019-10-31 14:07:12.621434 created
2018-04-12 14:27:23.947601 0: 192.168.200.15:6789/0 mon.k8s-node-00 1: 192.168.200.17:6789/0 mon.k8s-node-01 2: 192.168.200.19:6789/0 mon.k8s-node-02 -988>
2019-11-12 09:20:03.602 7fe887214700 1 -- 192.168.200.19:0/763506544 <== mon.0 192.168.200.15:6789/0 2 ==== auth_reply(proto 2 0 (0) Success) v1 ==== 33+0+0 (164204572 0 0) 0x5574ef52bd40 con 0x5574ef700c00 -988>
2019-11-12 09:20:03.602 7fe887214700 10 monclient(hunting): my global_id is 1849245 -988>
2019-11-12 09:20:03.602 7fe887214700 1 -- 192.168.200.19:0/763506544 --> 192.168.200.15:6789/0 -- auth(proto 2 32 bytes epoch 0) v1 -- 0x5574ef52afc0 con 0 -988>
2019-11-12 09:20:03.606 7fe887a15700 5 -- 192.168.200.19:0/763506544 >> 192.168.200.19:6789/0 conn(0x5574ef701200 :-1 s=STATE_OPEN_MESSAGE_READ_FOOTER_AND_DISPATCH pgs=31893 cs=1 l=1). rx mon.2 seq 1 0x5574ef7a66c0 mon_map magic: 0 v1 -988>
2019-11-12 09:20:03.606 7fe887214700 1 -- 192.168.200.19:0/763506544 <== mon.2 192.168.200.19:6789/0 1 ==== mon_map magic: 0 v1 ==== 451+0+0 (1031779836 0 0) 0x5574ef7a66c0 con 0x5574ef701200 -988>
2019-11-12 09:20:03.606 7fe887214700 10 monclient(hunting): handle_monmap mon_map magic: 0 v1 -988>
2019-11-12 09:20:03.606 7fe887214700 10 monclient(hunting): got monmap 323, mon.k8s-node-02 is now rank 2 -988>
2019-11-12 09:20:03.606 7fe887214700 10 monclient(hunting): dump: epoch 323 fsid 571d4bfe-2c5d-45ca-8da1-91dcaf69942c last_changed
2019-10-31 14:07:12.621434 created
2018-04-12 14:27:23.947601 0: 192.168.200.15:6789/0 mon.k8s-node-00 1: 192.168.200.17:6789/0 mon.k8s-node-01 2: 192.168.200.19:6789/0 mon.k8s-node-02 -988>
2019-11-12 09:20:03.606 7fe887a15700 5 -- 192.168.200.19:0/763506544 >> 192.168.200.19:6789/0 conn(0x5574ef701200 :-1 s=STATE_OPEN_MESSAGE_READ_FOOTER_AND_DISPATCH pgs=31893 cs=1 l=1). rx mon.2 seq 2 0x5574ef7a6900 auth_reply(proto 2 0 (0) Success) v1 -988>
2019-11-12 09:20:03.606 7fe887214700 1 -- 192.168.200.19:0/763506544 <== mon.2 192.168.200.19:6789/0 2 ==== auth_reply(proto 2 0 (0) Success) v1 ==== 33+0+0 (3829032891 0 0) 0x5574ef7a6900 con 0x5574ef701200 -988>
2019-11-12 09:20:03.606 7fe887214700 10 monclient(hunting): my global_id is 1841201 -988>
2019-11-12 09:20:03.606 7fe887214700 1 -- 192.168.200.19:0/763506544 --> 192.168.200.19:6789/0 -- auth(proto 2 32 bytes epoch 0) v1 -- 0x5574ef7a66c0 con 0 -988>
2019-11-12 09:20:03.606 7fe887a15700 5 -- 192.168.200.19:0/763506544 >> 192.168.200.19:6789/0 conn(0x5574ef701200 :-1 s=STATE_OPEN_MESSAGE_READ_FOOTER_AND_DISPATCH pgs=31893 cs=1 l=1). rx mon.2 seq 3 0x5574ef7a66c0 auth_reply(proto 2 0 (0) Success) v1 -988>
2019-11-12 09:20:03.606 7fe888216700 5 -- 192.168.200.19:0/763506544 >> 192.168.200.15:6789/0 conn(0x5574ef700c00 :-1 s=STATE_OPEN_MESSAGE_READ_FOOTER_AND_DISPATCH pgs=15926 cs=1 l=1). rx mon.0 seq 3 0x5574ef52afc0 auth_reply(proto 2 0 (0) Success) v1 -988>
2019-11-12 09:20:03.606 7fe887214700 1 -- 192.168.200.19:0/763506544 <== mon.2 192.168.200.19:6789/0 3 ==== auth_reply(proto 2 0 (0) Success) v1 ==== 222+0+0 (2280171065 0 0) 0x5574ef7a66c0 con 0x5574ef701200 -988>
2019-11-12 09:20:03.606 7fe887214700 1 -- 192.168.200.19:0/763506544 >> 192.168.200.15:6789/0 conn(0x5574ef700c00 :-1 s=STATE_OPEN pgs=15926 cs=1 l=1).mark_down -988>
2019-11-12 09:20:03.606 7fe887214700 2 -- 192.168.200.19:0/763506544 >> 192.168.200.15:6789/0 conn(0x5574ef700c00 :-1 s=STATE_OPEN pgs=15926 cs=1 l=1)._stop -988>
2019-11-12 09:20:03.606 7fe887214700 1 monclient: found mon.k8s-node-02 -988>
2019-11-12 09:20:03.606 7fe887214700 10 monclient: _send_mon_message to mon.k8s-node-02 at 192.168.200.19:6789/0 -988>
2019-11-12 09:20:03.606 7fe887214700 1 -- 192.168.200.19:0/763506544 --> 192.168.200.19:6789/0 -- mon_subscribe({config=0+,monmap=0+}) v3 -- 0x5574ef6b9800 con 0 -988>
2019-11-12 09:20:03.606 7fe887214700 10 monclient: _check_auth_rotating renewing rotating keys (they expired before
2019-11-12 09:19:33.612313) -988>
2019-11-12 09:20:03.606 7fe887214700 10 monclient: _send_mon_message to mon.k8s-node-02 at 192.168.200.19:6789/0 -988>
2019-11-12 09:20:03.606 7fe887214700 1 -- 192.168.200.19:0/763506544 --> 192.168.200.19:6789/0 -- auth(proto 2 2 bytes epoch 0) v1 -- 0x5574ef52afc0 con 0 -988>
2019-11-12 09:20:03.606 7fe897e7f000 5 monclient: authenticate success, global_id 1841201 -988>
2019-11-12 09:20:03.610 7fe887a15700 5 -- 192.168.200.19:0/763506544 >> 192.168.200.19:6789/0 conn(0x5574ef701200 :-1 s=STATE_OPEN_MESSAGE_READ_FOOTER_AND_DISPATCH pgs=31893 cs=1 l=1). rx mon.2 seq 4 0x5574ef79e200 config(0 keys) v1 -988>
2019-11-12 09:20:03.610 7fe887a15700 5 -- 192.168.200.19:0/763506544 >> 192.168.200.19:6789/0 conn(0x5574ef701200 :-1 s=STATE_OPEN_MESSAGE_READ_FOOTER_AND_DISPATCH pgs=31893 cs=1 l=1). rx mon.2 seq 5 0x5574ef7a6b40 mon_map magic: 0 v1 -988>
2019-11-12 09:20:03.610 7fe887214700 1 -- 192.168.200.19:0/763506544 <== mon.2 192.168.200.19:6789/0 4 ==== config(0 keys) v1 ==== 4+0+0 (0 0 0) 0x5574ef79e200 con 0x5574ef701200 -988>
2019-11-12 09:20:03.610 7fe887a15700 5 -- 192.168.200.19:0/763506544 >> 192.168.200.19:6789/0 conn(0x5574ef701200 :-1 s=STATE_OPEN_MESSAGE_READ_FOOTER_AND_DISPATCH pgs=31893 cs=1 l=1). rx mon.2 seq 6 0x5574ef7a6d80 auth_reply(proto 2 0 (0) Success) v1 -988>
2019-11-12 09:20:03.610 7fe887214700 10 monclient: handle_config config(0 keys) v1 -988>
2019-11-12 09:20:03.610 7fe887214700 1 -- 192.168.200.19:0/763506544 <== mon.2 192.168.200.19:6789/0 5 ==== mon_map magic: 0 v1 ==== 451+0+0 (1031779836 0 0) 0x5574ef7a6b40 con 0x5574ef701200 -988>
2019-11-12 09:20:03.610 7fe897e7f000 10 monclient: get_monmap_and_config success -988>
2019-11-12 09:20:03.610 7fe887214700 10 monclient: handle_monmap mon_map magic: 0 v1 -988>
2019-11-12 09:20:03.610 7fe897e7f000 10 monclient: shutdown -988>
2019-11-12 09:20:03.610 7fe887214700 10 monclient: got monmap 323, mon.k8s-node-02 is now rank 2 -988>
2019-11-12 09:20:03.610 7fe887214700 10 monclient: dump: epoch 323 fsid 571d4bfe-2c5d-45ca-8da1-91dcaf69942c last_changed
2019-10-31 14:07:12.621434 created
2018-04-12 14:27:23.947601 0: 192.168.200.15:6789/0 mon.k8s-node-00 1: 192.168.200.17:6789/0 mon.k8s-node-01 2: 192.168.200.19:6789/0 mon.k8s-node-02 -988>
2019-11-12 09:20:03.610 7fe897e7f000 1 -- 192.168.200.19:0/763506544 >> 192.168.200.19:6789/0 conn(0x5574ef701200 :-1 s=STATE_OPEN pgs=31893 cs=1 l=1).mark_down -988>
2019-11-12 09:20:03.610 7fe887214700 1 -- 192.168.200.19:0/763506544 <== mon.2 192.168.200.19:6789/0 6 ==== auth_reply(proto 2 0 (0) Success) v1 ==== 194+0+0 (1366969319 0 0) 0x5574ef7a6d80 con 0x5574ef701200 -988>
2019-11-12 09:20:03.610 7fe897e7f000 2 -- 192.168.200.19:0/763506544 >> 192.168.200.19:6789/0 conn(0x5574ef701200 :-1 s=STATE_OPEN pgs=31893 cs=1 l=1)._stop -988>
2019-11-12 09:20:03.610 7fe887214700 10 monclient: discarding stray monitor message auth_reply(proto 2 0 (0) Success) v1 -988>
2019-11-12 09:20:03.610 7fe885a11700 4 set_mon_vals no callback set -988>
2019-11-12 09:20:03.610 7fe897e7f000 1 -- 192.168.200.19:0/763506544 shutdown_connections -988>
2019-11-12 09:20:03.610 7fe897e7f000 5 -- 192.168.200.19:0/763506544 shutdown_connections mark down 192.168.200.19:6789/0 0x5574ef701200 -988>
2019-11-12 09:20:03.610 7fe897e7f000 5 -- 192.168.200.19:0/763506544 shutdown_connections mark down 192.168.200.15:6789/0 0x5574ef700c00 -988>
2019-11-12 09:20:03.610 7fe897e7f000 5 -- 192.168.200.19:0/763506544 shutdown_connections delete 0x5574ef700c00 -988>
2019-11-12 09:20:03.610 7fe897e7f000 5 -- 192.168.200.19:0/763506544 shutdown_connections delete 0x5574ef701200 -988>
2019-11-12 09:20:03.610 7fe897e7f000 1 -- 192.168.200.19:0/763506544 shutdown_connections -988>
2019-11-12 09:20:03.610 7fe897e7f000 1 -- 192.168.200.19:0/763506544 wait complete. -988>
2019-11-12 09:20:03.610 7fe897e7f000 1 -- 192.168.200.19:0/763506544 >> 192.168.200.19:0/763506544 conn(0x5574ef700600 :-1 s=STATE_NONE pgs=0 cs=0 l=0).mark_down -988>
2019-11-12 09:20:03.610 7fe897e7f000 2 -- 192.168.200.19:0/763506544 >> 192.168.200.19:0/763506544 conn(0x5574ef700600 :-1 s=STATE_NONE pgs=0 cs=0 l=0)._stop -988>
2019-11-12 09:20:03.614 7fe897e7f000 0 set uid:gid to 167:167 (ceph:ceph) -988>
2019-11-12 09:20:03.614 7fe897e7f000 0 ceph version 13.2.6 (7b695f835b03642f85998b2ae7b6dd093d9fbce4) mimic (stable), process ceph-mds, pid 16285 -988>
2019-11-12 09:20:03.618 7fe897e7f000 0 pidfile_write: ignore empty --pid-file -988>
2019-11-12 09:20:03.706 7fe897e7f000 5 asok(0x5574ef5585a0) init /var/run/ceph/ceph-mds.k8s-node-02.asok -988>
2019-11-12 09:20:03.706 7fe897e7f000 5 asok(0x5574ef5585a0) bind_and_listen /var/run/ceph/ceph-mds.k8s-node-02.asok -988>
2019-11-12 09:20:03.706 7fe897e7f000 5 asok(0x5574ef5585a0) register_command 0 hook 0x5574ef52f4a0 -988>
2019-11-12 09:20:03.706 7fe897e7f000 5 asok(0x5574ef5585a0) register_command version hook 0x5574ef52f4a0 -988>
2019-11-12 09:20:03.706 7fe897e7f000 5 asok(0x5574ef5585a0) register_command git_version hook 0x5574ef52f4a0 -988>
2019-11-12 09:20:03.706 7fe897e7f000 5 asok(0x5574ef5585a0) register_command help hook 0x5574ef530510 -988>
2019-11-12 09:20:03.706 7fe897e7f000 5 asok(0x5574ef5585a0) register_command get_command_descriptions hook 0x5574ef530500 -988>
2019-11-12 09:20:03.706 7fe886a13700 5 asok(0x5574ef5585a0) entry start -988>
2019-11-12 09:20:03.706 7fe897e7f000 1 -- 0.0.0.0:6800/1460470921 _finish_bind bind my_inst.addr is 0.0.0.0:6800/1460470921 -988>
2019-11-12 09:20:03.706 7fe897e7f000 10 monclient: build_initial_monmap -988>
2019-11-12 09:20:03.706 7fe897e7f000 1 -- 0.0.0.0:6800/1460470921 start start -988>
2019-11-12 09:20:03.706 7fe897e7f000 5 adding auth protocol: cephx -988>
2019-11-12 09:20:03.706 7fe897e7f000 5 adding auth protocol: cephx -988>
2019-11-12 09:20:03.706 7fe897e7f000 1 Processor -- start -988>
2019-11-12 09:20:03.706 7fe897e7f000 10 monclient: init -988>
2019-11-12 09:20:03.706 7fe897e7f000 5 adding auth protocol: cephx -988>
2019-11-12 09:20:03.706 7fe897e7f000 10 monclient: auth_supported 2 method cephx -988>
2019-11-12 09:20:03.706 7fe897e7f000 2 auth: KeyRing::load: loaded key file /var/lib/ceph/mds/ceph-k8s-node-02/keyring -988>
2019-11-12 09:20:03.710 7fe897e7f000 10 monclient: _reopen_session rank -1 -988>
2019-11-12 09:20:03.710 7fe897e7f000 10 monclient(hunting): picked mon.k8s-node-00 con 0x5574ef700c00 addr 192.168.200.15:6789/0 -988>
2019-11-12 09:20:03.710 7fe897e7f000 10 monclient(hunting): picked mon.k8s-node-01 con 0x5574ef701200 addr 192.168.200.17:6789/0 -988>
2019-11-12 09:20:03.710 7fe897e7f000 1 -- 0.0.0.0:6800/1460470921 --> 192.168.200.15:6789/0 -- auth(proto 0 36 bytes epoch 0) v1 -- 0x5574ef52b8c0 con 0 -988>
2019-11-12 09:20:03.710 7fe897e7f000 1 -- 0.0.0.0:6800/1460470921 --> 192.168.200.17:6789/0 -- auth(proto 0 36 bytes epoch 0) v1 -- 0x5574ef52b680 con 0 -988>
2019-11-12 09:20:03.710 7fe897e7f000 10 monclient(hunting): _renew_subs -988>
2019-11-12 09:20:03.710 7fe887a15700 1 -- 192.168.200.19:6800/1460470921 learned_addr learned my addr 192.168.200.19:6800/1460470921 -988>
2019-11-12 09:20:03.710 7fe887a15700 2 -- 192.168.200.19:6800/1460470921 >> 192.168.200.17:6789/0 conn(0x5574ef701200 :-1 s=STATE_CONNECTING_WAIT_ACK_SEQ pgs=0 cs=0 l=1)._process_connection got newly_acked_seq 0 vs out_seq 0 -988>
2019-11-12 09:20:03.710 7fe888216700 2 -- 192.168.200.19:6800/1460470921 >> 192.168.200.15:6789/0 conn(0x5574ef700c00 :-1 s=STATE_CONNECTING_WAIT_ACK_SEQ pgs=0 cs=0 l=1)._process_connection got newly_acked_seq 0 vs out_seq 0 -988>
2019-11-12 09:20:03.710 7fe888216700 5 -- 192.168.200.19:6800/1460470921 >> 192.168.200.15:6789/0 conn(0x5574ef700c00 :-1 s=STATE_OPEN_MESSAGE_READ_FOOTER_AND_DISPATCH pgs=15927 cs=1 l=1). rx mon.0 seq 1 0x5574ef7a6000 mon_map magic: 0 v1 -988>
2019-11-12 09:20:03.714 7fe885a11700 1 -- 192.168.200.19:6800/1460470921 <== mon.0 192.168.200.15:6789/0 1 ==== mon_map magic: 0 v1 ==== 451+0+0 (1031779836 0 0) 0x5574ef7a6000 con 0x5574ef700c00 -988>
2019-11-12 09:20:03.714 7fe885a11700 10 monclient(hunting): handle_monmap mon_map magic: 0 v1 -988>
2019-11-12 09:20:03.714 7fe885a11700 10 monclient(hunting): got monmap 323, mon.k8s-node-00 is now rank 0 -988>
2019-11-12 09:20:03.714 7fe885a11700 10 monclient(hunting): dump: epoch 323 fsid 571d4bfe-2c5d-45ca-8da1-91dcaf69942c last_changed
2019-10-31 14:07:12.621434 created
2018-04-12 14:27:23.947601 0: 192.168.200.15:6789/0 mon.k8s-node-00 1: 192.168.200.17:6789/0 mon.k8s-node-01 2: 192.168.200.19:6789/0 mon.k8s-node-02 -988>
2019-11-12 09:20:03.714 7fe888216700 5 -- 192.168.200.19:6800/1460470921 >> 192.168.200.15:6789/0 conn(0x5574ef700c00 :-1 s=STATE_OPEN_MESSAGE_READ_FOOTER_AND_DISPATCH pgs=15927 cs=1 l=1). rx mon.0 seq 2 0x5574ef7a6240 auth_reply(proto 2 0 (0) Success) v1 -988>
2019-11-12 09:20:03.714 7fe885a11700 1 -- 192.168.200.19:6800/1460470921 <== mon.0 192.168.200.15:6789/0 2 ==== auth_reply(proto 2 0 (0) Success) v1 ==== 33+0+0 (1092923085 0 0) 0x5574ef7a6240 con 0x5574ef700c00 -988>
2019-11-12 09:20:03.714 7fe885a11700 10 monclient(hunting): my global_id is 1849248 -988>
2019-11-12 09:20:03.714 7fe885a11700 1 -- 192.168.200.19:6800/1460470921 --> 192.168.200.15:6789/0 -- auth(proto 2 32 bytes epoch 0) v1 -- 0x5574ef7a6000 con 0 -988>
2019-11-12 09:20:03.714 7fe887a15700 5 -- 192.168.200.19:6800/1460470921 >> 192.168.200.17:6789/0 conn(0x5574ef701200 :-1 s=STATE_OPEN_MESSAGE_READ_FOOTER_AND_DISPATCH pgs=29948 cs=1 l=1). rx mon.1 seq 1 0x5574ef7a6fc0 mon_map magic: 0 v1 -988>
2019-11-12 09:20:03.714 7fe885a11700 1 -- 192.168.200.19:6800/1460470921 <== mon.1 192.168.200.17:6789/0 1 ==== mon_map magic: 0 v1 ==== 451+0+0 (1031779836 0 0) 0x5574ef7a6fc0 con 0x5574ef701200 -988>
2019-11-12 09:20:03.714 7fe885a11700 10 monclient(hunting): handle_monmap mon_map magic: 0 v1 -988>
2019-11-12 09:20:03.714 7fe885a11700 10 monclient(hunting): got monmap 323, mon.k8s-node-01 is now rank 1 -988>
2019-11-12 09:20:03.714 7fe885a11700 10 monclient(hunting): dump: epoch 323 fsid 571d4bfe-2c5d-45ca-8da1-91dcaf69942c last_changed
2019-10-31 14:07:12.621434 created
2018-04-12 14:27:23.947601 0: 192.168.200.15:6789/0 mon.k8s-node-00 1: 192.168.200.17:6789/0 mon.k8s-node-01 2: 192.168.200.19:6789/0 mon.k8s-node-02 -988>
2019-11-12 09:20:03.714 7fe887a15700 5 -- 192.168.200.19:6800/1460470921 >> 192.168.200.17:6789/0 conn(0x5574ef701200 :-1 s=STATE_OPEN_MESSAGE_READ_FOOTER_AND_DISPATCH pgs=29948 cs=1 l=1). rx mon.1 seq 2 0x5574ef7a7200 auth_reply(proto 2 0 (0) Success) v1 -988>
2019-11-12 09:20:03.714 7fe885a11700 1 -- 192.168.200.19:6800/1460470921 <== mon.1 192.168.200.17:6789/0 2 ==== auth_reply(proto 2 0 (0) Success) v1 ==== 33+0+0 (457588048 0 0) 0x5574ef7a7200 con 0x5574ef701200 -988>
2019-11-12 09:20:03.714 7fe885a11700 10 monclient(hunting): my global_id is 1840183 -988>
2019-11-12 09:20:03.714 7fe885a11700 1 -- 192.168.200.19:6800/1460470921 --> 192.168.200.17:6789/0 -- auth(proto 2 32 bytes epoch 0) v1 -- 0x5574ef7a6b40 con 0 -988>
2019-11-12 09:20:03.714 7fe888216700 5 -- 192.168.200.19:6800/1460470921 >> 192.168.200.15:6789/0 conn(0x5574ef700c00 :-1 s=STATE_OPEN_MESSAGE_READ_FOOTER_AND_DISPATCH pgs=15927 cs=1 l=1). rx mon.0 seq 3 0x5574ef7a6000 auth_reply(proto 2 0 (0) Success) v1 -988>
2019-11-12 09:20:03.714 7fe885a11700 1 -- 192.168.200.19:6800/1460470921 <== mon.0 192.168.200.15:6789/0 3 ==== auth_reply(proto 2 0 (0) Success) v1 ==== 222+0+0 (868200785 0 0) 0x5574ef7a6000 con 0x5574ef700c00 -988>
2019-11-12 09:20:03.714 7fe885a11700 1 -- 192.168.200.19:6800/1460470921 --> 192.168.200.15:6789/0 -- auth(proto 2 181 bytes epoch 0) v1 -- 0x5574ef7a7200 con 0 -988>
2019-11-12 09:20:03.718 7fe887a15700 5 -- 192.168.200.19:6800/1460470921 >> 192.168.200.17:6789/0 conn(0x5574ef701200 :-1 s=STATE_OPEN_MESSAGE_READ_FOOTER_AND_DISPATCH pgs=29948 cs=1 l=1). rx mon.1 seq 3 0x5574ef7a6b40 auth_reply(proto 2 0 (0) Success) v1 -988>
2019-11-12 09:20:03.718 7fe885a11700 1 -- 192.168.200.19:6800/1460470921 <== mon.1 192.168.200.17:6789/0 3 ==== auth_reply(proto 2 0 (0) Success) v1 ==== 222+0+0 (1953234255 0 0) 0x5574ef7a6b40 con 0x5574ef701200 -988>
2019-11-12 09:20:03.718 7fe885a11700 1 -- 192.168.200.19:6800/1460470921 --> 192.168.200.17:6789/0 -- auth(proto 2 181 bytes epoch 0) v1 -- 0x5574ef7a6000 con 0 -988>
2019-11-12 09:20:03.718 7fe888216700 5 -- 192.168.200.19:6800/1460470921 >> 192.168.200.15:6789/0 conn(0x5574ef700c00 :-1 s=STATE_OPEN_MESSAGE_READ_FOOTER_AND_DISPATCH pgs=15927 cs=1 l=1). rx mon.0 seq 4 0x5574ef7a7200 auth_reply(proto 2 0 (0) Success) v1 -988>
2019-11-12 09:20:03.718 7fe885a11700 1 -- 192.168.200.19:6800/1460470921 <== mon.0 192.168.200.15:6789/0 4 ==== auth_reply(proto 2 0 (0) Success) v1 ==== 799+0+0 (2751031812 0 0) 0x5574ef7a7200 con 0x5574ef700c00 -988>
2019-11-12 09:20:03.718 7fe885a11700 1 -- 192.168.200.19:6800/1460470921 >> 192.168.200.17:6789/0 conn(0x5574ef701200 :-1 s=STATE_OPEN pgs=29948 cs=1 l=1).mark_down -988>
2019-11-12 09:20:03.718 7fe885a11700 2 -- 192.168.200.19:6800/1460470921 >> 192.168.200.17:6789/0 conn(0x5574ef701200 :-1 s=STATE_OPEN pgs=29948 cs=1 l=1)._stop -988>
2019-11-12 09:20:03.718 7fe885a11700 1 monclient: found mon.k8s-node-00 -988>
2019-11-12 09:20:03.718 7fe885a11700 10 monclient: _send_mon_message to mon.k8s-node-00 at 192.168.200.15:6789/0 -988>
2019-11-12 09:20:03.718 7fe885a11700 1 -- 192.168.200.19:6800/1460470921 --> 192.168.200.15:6789/0 -- mon_subscribe({config=0+,monmap=0+}) v3 -- 0x5574ef6c4e00 con 0 -988>
2019-11-12 09:20:03.718 7fe885a11700 10 monclient: _check_auth_rotating renewing rotating keys (they expired before
2019-11-12 09:19:33.723602) -988>
2019-11-12 09:20:03.718 7fe885a11700 10 monclient: _send_mon_message to mon.k8s-node-00 at 192.168.200.15:6789/0 -988>
2019-11-12 09:20:03.718 7fe885a11700 1 -- 192.168.200.19:6800/1460470921 --> 192.168.200.15:6789/0 -- auth(proto 2 2 bytes epoch 0) v1 -- 0x5574ef7a6b40 con 0 -988>
2019-11-12 09:20:03.718 7fe897e7f000 5 monclient: authenticate success, global_id 1849248 -988>
2019-11-12 09:20:03.718 7fe897e7f000 10 monclient: wait_auth_rotating waiting (until
2019-11-12 09:20:33.723724) -988>
2019-11-12 09:20:03.718 7fe888216700 5 -- 192.168.200.19:6800/1460470921 >> 192.168.200.15:6789/0 conn(0x5574ef700c00 :-1 s=STATE_OPEN_MESSAGE_READ_FOOTER_AND_DISPATCH pgs=15927 cs=1 l=1). rx mon.0 seq 5 0x5574ef542c00 config(0 keys) v1 -988>
2019-11-12 09:20:03.718 7fe888216700 5 -- 192.168.200.19:6800/1460470921 >> 192.168.200.15:6789/0 conn(0x5574ef700c00 :-1 s=STATE_OPEN_MESSAGE_READ_FOOTER_AND_DISPATCH pgs=15927 cs=1 l=1). rx mon.0 seq 6 0x5574ef7a6480 mon_map magic: 0 v1 -988>
2019-11-12 09:20:03.718 7fe888216700 5 -- 192.168.200.19:6800/1460470921 >> 192.168.200.15:6789/0 conn(0x5574ef700c00 :-1 s=STATE_OPEN_MESSAGE_READ_FOOTER_AND_DISPATCH pgs=15927 cs=1 l=1). rx mon.0 seq 7 0x5574ef7a7440 auth_reply(proto 2 0 (0) Success) v1 -988>
2019-11-12 09:20:03.718 7fe885a11700 1 -- 192.168.200.19:6800/1460470921 <== mon.0 192.168.200.15:6789/0 5 ==== config(0 keys) v1 ==== 4+0+0 (0 0 0) 0x5574ef542c00 con 0x5574ef700c00 -988>
2019-11-12 09:20:03.718 7fe885a11700 10 monclient: handle_config config(0 keys) v1 -988>
2019-11-12 09:20:03.718 7fe885a11700 1 -- 192.168.200.19:6800/1460470921 <== mon.0 192.168.200.15:6789/0 6 ==== mon_map magic: 0 v1 ==== 451+0+0 (1031779836 0 0) 0x5574ef7a6480 con 0x5574ef700c00 -988>
2019-11-12 09:20:03.718 7fe885a11700 10 monclient: handle_monmap mon_map magic: 0 v1 -988>
2019-11-12 09:20:03.718 7fe885a11700 10 monclient: got monmap 323, mon.k8s-node-00 is now rank 0 -988>
2019-11-12 09:20:03.718 7fe885a11700 10 monclient: dump: epoch 323 fsid 571d4bfe-2c5d-45ca-8da1-91dcaf69942c last_changed
2019-10-31 14:07:12.621434 created
2018-04-12 14:27:23.947601 0: 192.168.200.15:6789/0 mon.k8s-node-00 1: 192.168.200.17:6789/0 mon.k8s-node-01 2: 192.168.200.19:6789/0 mon.k8s-node-02 -988>
2019-11-12 09:20:03.718 7fe885a11700 1 -- 192.168.200.19:6800/1460470921 <== mon.0 192.168.200.15:6789/0 7 ==== auth_reply(proto 2 0 (0) Success) v1 ==== 194+0+0 (4270746359 0 0) 0x5574ef7a7440 con 0x5574ef700c00 -988>
2019-11-12 09:20:03.718 7fe885a11700 10 monclient: _check_auth_rotating have uptodate secrets (they expire after
2019-11-12 09:19:33.725365) -988>
2019-11-12 09:20:03.718 7fe897e7f000 10 monclient: wait_auth_rotating done -988>
2019-11-12 09:20:03.718 7fe883f84700 4 set_mon_vals no callback set -988>
2019-11-12 09:20:03.718 7fe897e7f000 10 monclient: _renew_subs -988>
2019-11-12 09:20:03.722 7fe897e7f000 10 monclient: _send_mon_message to mon.k8s-node-00 at 192.168.200.15:6789/0 -988>
2019-11-12 09:20:03.722 7fe897e7f000 1 -- 192.168.200.19:6800/1460470921 --> 192.168.200.15:6789/0 -- mon_subscribe({mdsmap=0+,mgrmap=0+}) v3 -- 0x5574ef79f600 con 0 -988>
2019-11-12 09:20:03.722 7fe897e7f000 5 asok(0x5574ef5585a0) register_command status hook 0x5574ef530430 -988>
2019-11-12 09:20:03.722 7fe897e7f000 5 asok(0x5574ef5585a0) register_command dump_ops_in_flight hook 0x5574ef530430 -988>
2019-11-12 09:20:03.722 7fe897e7f000 5 asok(0x5574ef5585a0) register_command ops hook 0x5574ef530430 -988>
2019-11-12 09:20:03.722 7fe897e7f000 5 asok(0x5574ef5585a0) register_command dump_blocked_ops hook 0x5574ef530430 -988>
2019-11-12 09:20:03.722 7fe897e7f000 5 asok(0x5574ef5585a0) register_command dump_historic_ops hook 0x5574ef530430 -988>
2019-11-12 09:20:03.722 7fe897e7f000 5 asok(0x5574ef5585a0) register_command dump_historic_ops_by_duration hook 0x5574ef530430 -988>
2019-11-12 09:20:03.722 7fe897e7f000 5 asok(0x5574ef5585a0) register_command scrub_path hook 0x5574ef530430 -988>
2019-11-12 09:20:03.722 7fe897e7f000 5 asok(0x5574ef5585a0) register_command tag path hook 0x5574ef530430 -988>
2019-11-12 09:20:03.722 7fe897e7f000 5 asok(0x5574ef5585a0) register_command flush_path hook 0x5574ef530430 -988>
2019-11-12 09:20:03.722 7fe897e7f000 5 asok(0x5574ef5585a0) register_command export dir hook 0x5574ef530430 -988>
2019-11-12 09:20:03.722 7fe897e7f000 5 asok(0x5574ef5585a0) register_command dump cache hook 0x5574ef530430 -988>
2019-11-12 09:20:03.722 7fe897e7f000 5 asok(0x5574ef5585a0) register_command cache status hook 0x5574ef530430 -988>
2019-11-12 09:20:03.722 7fe897e7f000 5 asok(0x5574ef5585a0) register_command cache drop hook 0x5574ef530430 -988>
2019-11-12 09:20:03.722 7fe897e7f000 5 asok(0x5574ef5585a0) register_command dump tree hook 0x5574ef530430 -988>
2019-11-12 09:20:03.722 7fe897e7f000 5 asok(0x5574ef5585a0) register_command dump loads hook 0x5574ef530430 -988>
2019-11-12 09:20:03.722 7fe897e7f000 5 asok(0x5574ef5585a0) register_command dump snaps hook 0x5574ef530430 -988>
2019-11-12 09:20:03.722 7fe897e7f000 5 asok(0x5574ef5585a0) register_command session evict hook 0x5574ef530430 -988>
2019-11-12 09:20:03.722 7fe897e7f000 5 asok(0x5574ef5585a0) register_command osdmap barrier hook 0x5574ef530430 -988>
2019-11-12 09:20:03.722 7fe897e7f000 5 asok(0x5574ef5585a0) register_command session ls hook 0x5574ef530430 -988>
2019-11-12 09:20:03.722 7fe897e7f000 5 asok(0x5574ef5585a0) register_command flush journal hook 0x5574ef530430 -988>
2019-11-12 09:20:03.722 7fe897e7f000 5 asok(0x5574ef5585a0) register_command force_readonly hook 0x5574ef530430 -988>
2019-11-12 09:20:03.722 7fe897e7f000 5 asok(0x5574ef5585a0) register_command get subtrees hook 0x5574ef530430 -988>
2019-11-12 09:20:03.722 7fe897e7f000 5 asok(0x5574ef5585a0) register_command dirfrag split hook 0x5574ef530430 -988>
2019-11-12 09:20:03.722 7fe897e7f000 5 asok(0x5574ef5585a0) register_command dirfrag merge hook 0x5574ef530430 -988>
2019-11-12 09:20:03.722 7fe897e7f000 5 asok(0x5574ef5585a0) register_command dirfrag ls hook 0x5574ef530430 -988>
2019-11-12 09:20:03.722 7fe897e7f000 5 asok(0x5574ef5585a0) register_command openfiles ls hook 0x5574ef530430 -988>
2019-11-12 09:20:03.722 7fe897e7f000 5 asok(0x5574ef5585a0) register_command dump inode hook 0x5574ef530430 -988>
2019-11-12 09:20:03.722 7fe888216700 5 -- 192.168.200.19:6800/1460470921 >> 192.168.200.15:6789/0 conn(0x5574ef700c00 :-1 s=STATE_OPEN_MESSAGE_READ_FOOTER_AND_DISPATCH pgs=15927 cs=1 l=1). rx mon.0 seq 8 0x5574ef7a78c0 mdsmap(e 56301) v1 -988>
2019-11-12 09:20:03.722 7fe885a11700 1 -- 192.168.200.19:6800/1460470921 <== mon.0 192.168.200.15:6789/0 8 ==== mdsmap(e 56301) v1 ==== 493+0+0 (1364545111 0 0) 0x5574ef7a78c0 con 0x5574ef700c00 -988>
2019-11-12 09:20:03.722 7fe888216700 5 -- 192.168.200.19:6800/1460470921 >> 192.168.200.15:6789/0 conn(0x5574ef700c00 :-1 s=STATE_OPEN_MESSAGE_READ_FOOTER_AND_DISPATCH pgs=15927 cs=1 l=1). rx mon.0 seq 9 0x5574ef7ad080 mgrmap(e 3928) v1 -988>
2019-11-12 09:20:03.722 7fe882781700 5 mds.beacon.k8s-node-02 Sending beacon up:boot seq 1 -988>
2019-11-12 09:20:03.742 7fe882781700 10 monclient: _send_mon_message to mon.k8s-node-00 at 192.168.200.15:6789/0 -988>
2019-11-12 09:20:03.742 7fe882781700 1 -- 192.168.200.19:6800/1460470921 --> 192.168.200.15:6789/0 -- mdsbeacon(1849248/k8s-node-02 up:boot seq 1 v0) v7 -- 0x5574ef6ff180 con 0 -988>
2019-11-12 09:20:03.742 7fe885a11700 1 mds.k8s-node-02 Updating MDS map to version 56301 from mon.0 -988>
2019-11-12 09:20:03.742 7fe885a11700 1 -- 192.168.200.19:6800/1460470921 <== mon.0 192.168.200.15:6789/0 9 ==== mgrmap(e 3928) v1 ==== 1318+0+0 (728182834 0 0) 0x5574ef7ad080 con 0x5574ef700c00 -988>
2019-11-12 09:20:03.742 7fe885a11700 4 mgrc handle_mgr_map Got map version 3928 -988>
2019-11-12 09:20:03.742 7fe885a11700 4 mgrc handle_mgr_map Active mgr is now 192.168.200.17:6800/91 -988>
2019-11-12 09:20:03.742 7fe885a11700 4 mgrc reconnect Starting new session with 192.168.200.17:6800/91 -988>
2019-11-12 09:20:03.746 7fe887a15700 2 -- 192.168.200.19:6800/1460470921 >> 192.168.200.17:6800/91 conn(0x5574ef702400 :-1 s=STATE_CONNECTING_WAIT_ACK_SEQ pgs=0 cs=0 l=1)._process_connection got newly_acked_seq 0 vs out_seq 0 -988>
2019-11-12 09:20:03.746 7fe885a11700 1 -- 192.168.200.19:6800/1460470921 --> 192.168.200.17:6800/91 -- mgropen(unknown.k8s-node-02) v3 -- 0x5574ef564c00 con 0 -988>
2019-11-12 09:20:03.746 7fe887a15700 5 -- 192.168.200.19:6800/1460470921 >> 192.168.200.17:6800/91 conn(0x5574ef702400 :-1 s=STATE_OPEN_MESSAGE_READ_FOOTER_AND_DISPATCH pgs=543676 cs=1 l=1). rx mgr.1754125 seq 1 0x5574ef558f00 mgrconfigure(period=5, threshold=5) v2 -988>
2019-11-12 09:20:03.750 7fe885a11700 1 -- 192.168.200.19:6800/1460470921 <== mgr.1754125 192.168.200.17:6800/91 1 ==== mgrconfigure(period=5, threshold=5) v2 ==== 8+0+0 (3460719617 0 0) 0x5574ef558f00 con 0x5574ef702400 -988>
2019-11-12 09:20:03.750 7fe885a11700 4 mgrc handle_mgr_configure stats_period=5 -988>
2019-11-12 09:20:03.750 7fe885a11700 4 mgrc handle_mgr_configure updated stats threshold: 5 -988>
2019-11-12 09:20:03.750 7fe885a11700 1 -- 192.168.200.19:6800/1460470921 --> 192.168.200.17:6800/91 -- mgrreport(unknown.k8s-node-02 +0-0 packed 6) v6 -- 0x5574ef564f00 con 0 -988>
2019-11-12 09:20:07.742 7fe882781700 5 mds.beacon.k8s-node-02 Sending beacon up:boot seq 2 -988>
2019-11-12 09:20:07.762 7fe882781700 10 monclient: _send_mon_message to mon.k8s-node-00 at 192.168.200.15:6789/0 -988>
2019-11-12 09:20:07.762 7fe882781700 1 -- 192.168.200.19:6800/1460470921 --> 192.168.200.15:6789/0 -- mdsbeacon(1849248/k8s-node-02 up:boot seq 2 v56301) v7 -- 0x5574ef6ff500 con 0 -988>
2019-11-12 09:20:08.406 7fe888216700 5 -- 192.168.200.19:6800/1460470921 >> 192.168.200.15:6789/0 conn(0x5574ef700c00 :-1 s=STATE_OPEN_MESSAGE_READ_FOOTER_AND_DISPATCH pgs=15927 cs=1 l=1). rx mon.0 seq 10 0x5574ef7a7b00 mdsmap(e 56302) v1 -988>
2019-11-12 09:20:08.406 7fe885a11700 1 -- 192.168.200.19:6800/1460470921 <== mon.0 192.168.200.15:6789/0 10 ==== mdsmap(e 56302) v1 ==== 618+0+0 (519530298 0 0) 0x5574ef7a7b00 con 0x5574ef700c00 -988>
2019-11-12 09:20:08.406 7fe885a11700 1 mds.k8s-node-02 Updating MDS map to version 56302 from mon.0 -988>
2019-11-12 09:20:08.406 7fe885a11700 5 mds.beacon.k8s-node-02 set_want_state: up:boot -> up:standby -988>
2019-11-12 09:20:08.406 7fe885a11700 1 mds.k8s-node-02 Map has assigned me to become a standby -988>
2019-11-12 09:20:08.410 7fe888216700 5 -- 192.168.200.19:6800/1460470921 >> 192.168.200.15:6789/0 conn(0x5574ef700c00 :-1 s=STATE_OPEN_MESSAGE_READ_FOOTER_AND_DISPATCH pgs=15927 cs=1 l=1). rx mon.0 seq 11 0x5574ef6ff500 mdsbeacon(1849248/k8s-node-02 up:boot seq 2 v56302) v7 -988>
2019-11-12 09:20:08.410 7fe888216700 1 -- 192.168.200.19:6800/1460470921 <== mon.0 192.168.200.15:6789/0 11 ==== mdsbeacon(1849248/k8s-node-02 up:boot seq 2 v56302) v7 ==== 140+0+0 (767818115 0 0) 0x5574ef6ff500 con 0x5574ef700c00 -988>
2019-11-12 09:20:08.410 7fe888216700 5 mds.beacon.k8s-node-02 received beacon reply up:boot seq 2 rtt 0.668014 -988>
2019-11-12 09:20:08.430 7fe888216700 5 -- 192.168.200.19:6800/1460470921 >> 192.168.200.15:6789/0 conn(0x5574ef700c00 :-1 s=STATE_OPEN_MESSAGE_READ_FOOTER_AND_DISPATCH pgs=15927 cs=1 l=1). rx mon.0 seq 12 0x5574ef7a7200 mdsmap(e 56303) v1 -988>
2019-11-12 09:20:08.430 7fe885a11700 1 -- 192.168.200.19:6800/1460470921 <== mon.0 192.168.200.15:6789/0 12 ==== mdsmap(e 56303) v1 ==== 655+0+0 (1259924393 0 0) 0x5574ef7a7200 con 0x5574ef700c00 -988>
2019-11-12 09:20:08.430 7fe885a11700 1 mds.k8s-node-02 Updating MDS map to version 56303 from mon.0 -988>
2019-11-12 09:20:08.430 7fe885a11700 4 mds.0.purge_queue operator(): data pool 2 not found in OSDMap -988>
2019-11-12 09:20:08.434 7fe885a11700 5 asok(0x5574ef5585a0) register_command objecter_requests hook 0x5574ef530610 -988>
2019-11-12 09:20:08.434 7fe885a11700 10 monclient: _renew_subs -988>
2019-11-12 09:20:08.434 7fe885a11700 10 monclient: _send_mon_message to mon.k8s-node-00 at 192.168.200.15:6789/0 -988>
2019-11-12 09:20:08.434 7fe885a11700 1 -- 192.168.200.19:6800/1460470921 --> 192.168.200.15:6789/0 -- mon_subscribe({osdmap=0}) v3 -- 0x5574ef7c4c00 con 0 -988>
2019-11-12 09:20:08.434 7fe885a11700 10 log_channel(cluster) update_config to_monitors: true to_syslog: false syslog_facility: daemon prio: info to_graylog: false graylog_host: 127.0.0.1 graylog_port: 12201) -988>
2019-11-12 09:20:08.434 7fe885a11700 4 mds.0.purge_queue operator(): data pool 2 not found in OSDMap -988>
2019-11-12 09:20:08.434 7fe885a11700 4 mds.0.0 handle_osd_map epoch 0, 0 new blacklist entries -988>
2019-11-12 09:20:08.434 7fe885a11700 1 mds.0.56303 handle_mds_map i am now mds.0.56303 -988>
2019-11-12 09:20:08.434 7fe885a11700 1 mds.0.56303 handle_mds_map state change up:boot --> up:replay -988>
2019-11-12 09:20:08.434 7fe885a11700 5 mds.beacon.k8s-node-02 set_want_state: up:standby -> up:replay -988>
2019-11-12 09:20:08.434 7fe885a11700 1 mds.0.56303 replay_start -988>
2019-11-12 09:20:08.434 7fe885a11700 1 mds.0.56303 recovery set is -988>
2019-11-12 09:20:08.434 7fe885a11700 1 mds.0.56303 waiting for osdmap 28661 (which blacklists prior instance) -988>
2019-11-12 09:20:08.434 7fe888216700 5 -- 192.168.200.19:6800/1460470921 >> 192.168.200.15:6789/0 conn(0x5574ef700c00 :-1 s=STATE_OPEN_MESSAGE_READ_FOOTER_AND_DISPATCH pgs=15927 cs=1 l=1). rx mon.0 seq 13 0x5574ef7f4500 osd_map(28661..28661 src has 27910..28661) v4 -988>
2019-11-12 09:20:08.434 7fe885a11700 1 -- 192.168.200.19:6800/1460470921 <== mon.0 192.168.200.15:6789/0 13 ==== osd_map(28661..28661 src has 27910..28661) v4 ==== 98323+0+0 (451166248 0 0) 0x5574ef7f4500 con 0x5574ef700c00 -988>
2019-11-12 09:20:08.438 7fe885a11700 4 mds.0.56303 handle_osd_map epoch 28661, 0 new blacklist entries -988>
2019-11-12 09:20:08.438 7fe885a11700 10 monclient: _renew_subs -988>
2019-11-12 09:20:08.438 7fe885a11700 10 monclient: _send_mon_message to mon.k8s-node-00 at 192.168.200.15:6789/0 -988>
2019-11-12 09:20:08.438 7fe885a11700 1 -- 192.168.200.19:6800/1460470921 --> 192.168.200.15:6789/0 -- mon_subscribe({osdmap=28662}) v3 -- 0x5574ef7c4e00 con 0 -988>
2019-11-12 09:20:08.438 7fe87f77b700 2 mds.0.56303 boot_start 0: opening inotable -988>
2019-11-12 09:20:08.438 7fe87f77b700 1 -- 192.168.200.19:6800/1460470921 --> 192.168.200.15:6805/24523 -- osd_op(unknown.0.56303:1 6.13 6:c91d4a1d:::mds0_inotable:head [read 0~0] snapc 0=[] ondisk+read+known_if_redirected+full_force e28661) v8 -- 0x5574ef7fc840 con 0 -988>
2019-11-12 09:20:08.438 7fe87f77b700 2 mds.0.56303 boot_start 0: opening sessionmap -988>
2019-11-12 09:20:08.438 7fe87f77b700 1 -- 192.168.200.19:6800/1460470921 --> 192.168.200.15:6805/24523 -- osd_op(unknown.0.56303:2 6.b 6:d0630e4c:::mds0_sessionmap:head [omap-get-header,omap-get-vals] snapc 0=[] ondisk+read+known_if_redirected+full_force e28661) v8 -- 0x5574ef7fcb00 con 0 -988>
2019-11-12 09:20:08.442 7fe87f77b700 2 mds.0.56303 boot_start 0: opening mds log -988>
2019-11-12 09:20:08.442 7fe87f77b700 5 mds.0.log open discovering log bounds -988>
2019-11-12 09:20:08.442 7fe87ef7a700 4 mds.0.journalpointer Reading journal pointer '400.00000000' -988>
2019-11-12 09:20:08.442 7fe87f77b700 2 mds.0.56303 boot_start 0: opening purge queue (async) -988>
