2019-11-12 09:20:16.698 7fe888a17700 2 -- 192.168.200.19:6800/1460470921 >> 192.168.200.32:0/2855972843 conn(0x5574ef85cc00 :6800 s=STATE_ACCEPTING_WAIT_SEQ pgs=4212 cs=1 l=0).handle_connect_msg accept write reply msg done -1010>
2019-11-12 09:20:16.698 7fe888a17700 2 -- 192.168.200.19:6800/1460470921 >> 192.168.200.32:0/2855972843 conn(0x5574ef85cc00 :6800 s=STATE_ACCEPTING_WAIT_SEQ pgs=4212 cs=1 l=0)._process_connection accept get newly_acked_seq 0 -1010>
2019-11-12 09:20:16.698 7fe885a11700 0 log_channel(cluster) log [DBG] : reconnect by client.1793818 192.168.200.30:0/232332927 after 0.00400008 -1010>
2019-11-12 09:20:16.698 7fe888a17700 1 -- 192.168.200.19:6800/1460470921 >> - conn(0x5574ef85ea00 :6800 s=STATE_ACCEPTING pgs=0 cs=0 l=0)._process_connection sd=38 - -1010>
2019-11-12 09:20:16.698 7fe887a15700 2 -- 192.168.200.19:6800/1460470921 >> 192.168.200.31:0/1453103486 conn(0x5574ef85f600 :6800 s=STATE_ACCEPTING_WAIT_SEQ pgs=7530 cs=1 l=0).handle_connect_msg accept write reply msg done -1010>
2019-11-12 09:20:16.698 7fe888a17700 1 -- 192.168.200.19:6800/1460470921 >> - conn(0x5574f11dc000 :6800 s=STATE_ACCEPTING pgs=0 cs=0 l=0)._process_connection sd=41 - -1010>
2019-11-12 09:20:16.698 7fe888a17700 5 -- 192.168.200.19:6800/1460470921 >> 192.168.200.32:0/2855972843 conn(0x5574ef85cc00 :6800 s=STATE_OPEN_MESSAGE_READ_FOOTER_AND_DISPATCH pgs=4212 cs=1 l=0). rx client.1804140 seq 1 0x5574ef8646c0 client_reconnect(1 caps) v3 -1010>
2019-11-12 09:20:16.698 7fe888216700 2 -- 192.168.200.19:6800/1460470921 >> 192.168.200.30:0/522103062 conn(0x5574f11dc600 :6800 s=STATE_ACCEPTING_WAIT_SEQ pgs=4292 cs=1 l=0).handle_connect_msg accept write reply msg done -1010>
2019-11-12 09:20:16.698 7fe888216700 2 -- 192.168.200.19:6800/1460470921 >> 192.168.200.32:0/3593333399 conn(0x5574ef85f000 :6800 s=STATE_ACCEPTING_WAIT_SEQ pgs=4219 cs=1 l=0)._process_connection accept get newly_acked_seq 0 -1010>
2019-11-12 09:20:16.698 7fe888216700 5 -- 192.168.200.19:6800/1460470921 >> 192.168.200.32:0/3593333399 conn(0x5574ef85f000 :6800 s=STATE_OPEN_MESSAGE_READ_FOOTER_AND_DISPATCH pgs=4219 cs=1 l=0). rx client.1792815 seq 1 0x5574f06ce900 client_request(client.1792815:329 getattr pAsLsXsFs #0x10000025367
2019-11-12 09:19:42.723279 RETRY=1 caller_uid=0, caller_gid=0{}) v2 -1010>
2019-11-12 09:20:16.698 7fe888216700 5 -- 192.168.200.19:6800/1460470921 >> 192.168.200.32:0/3593333399 conn(0x5574ef85f000 :6800 s=STATE_OPEN_MESSAGE_READ_FOOTER_AND_DISPATCH pgs=4219 cs=1 l=0). rx client.1792815 seq 2 0x5574f1199200 client_reconnect(1 caps) v3 -1010>
2019-11-12 09:20:16.698 7fe887a15700 2 -- 192.168.200.19:6800/1460470921 >> 192.168.200.30:0/3506497893 conn(0x5574f11dcc00 :6800 s=STATE_ACCEPTING_WAIT_SEQ pgs=5028 cs=1 l=0).handle_connect_msg accept write reply msg done -1010>
2019-11-12 09:20:16.698 7fe888216700 2 -- 192.168.200.19:6800/1460470921 >> 192.168.200.30:0/522103062 conn(0x5574f11dc600 :6800 s=STATE_ACCEPTING_WAIT_SEQ pgs=4292 cs=1 l=0)._process_connection accept get newly_acked_seq 0 -1010>
2019-11-12 09:20:16.698 7fe888216700 5 -- 192.168.200.19:6800/1460470921 >> 192.168.200.30:0/522103062 conn(0x5574f11dc600 :6800 s=STATE_OPEN_MESSAGE_READ_FOOTER_AND_DISPATCH pgs=4292 cs=1 l=0). rx client.1794662 seq 1 0x5574f06ce600 client_request(client.1794662:952065 readdir #0x3000001e549
2019-11-12 08:37:22.860969 RETRY=55 caller_uid=33, caller_gid=33{}) v2 -1010>
2019-11-12 09:20:16.698 7fe888216700 5 -- 192.168.200.19:6800/1460470921 >> 192.168.200.30:0/522103062 conn(0x5574f11dc600 :6800 s=STATE_OPEN_MESSAGE_READ_FOOTER_AND_DISPATCH pgs=4292 cs=1 l=0). rx client.1794662 seq 2 0x5574f06cec00 client_request(client.1794662:952066 readdir #0x3000001e549
2019-11-12 09:10:51.957957 RETRY=6 caller_uid=33, caller_gid=33{}) v2 -1010>
2019-11-12 09:20:16.698 7fe888216700 5 -- 192.168.200.19:6800/1460470921 >> 192.168.200.30:0/522103062 conn(0x5574f11dc600 :6800 s=STATE_OPEN_MESSAGE_READ_FOOTER_AND_DISPATCH pgs=4292 cs=1 l=0). rx client.1794662 seq 3 0x5574f1199440 client_reconnect(1 caps) v3 -1010>
2019-11-12 09:20:16.698 7fe885a11700 1 -- 192.168.200.19:6800/1460470921 <== client.1804140 192.168.200.32:0/2855972843 1 ==== client_reconnect(1 caps) v3 ==== 0+0+98 (0 0 3745454508) 0x5574ef8646c0 con 0x5574ef85cc00 -1010>
2019-11-12 09:20:16.698 7fe885a11700 1 -- 192.168.200.19:6800/1460470921 --> 192.168.200.32:0/2855972843 -- client_session(open) v3 -- 0x5574ef7c9440 con 0 -1010>
2019-11-12 09:20:16.698 7fe887a15700 2 -- 192.168.200.19:6800/1460470921 >> 192.168.200.31:0/1453103486 conn(0x5574ef85f600 :6800 s=STATE_ACCEPTING_WAIT_SEQ pgs=7530 cs=1 l=0)._process_connection accept get newly_acked_seq 0 -1010>
2019-11-12 09:20:16.698 7fe888a17700 2 -- 192.168.200.19:6800/1460470921 >> 192.168.200.31:0/2398232289 conn(0x5574ef85ea00 :6800 s=STATE_ACCEPTING_WAIT_SEQ pgs=5362 cs=1 l=0).handle_connect_msg accept write reply msg done -1010>
2019-11-12 09:20:16.698 7fe887a15700 5 -- 192.168.200.19:6800/1460470921 >> 192.168.200.31:0/1453103486 conn(0x5574ef85f600 :6800 s=STATE_OPEN_MESSAGE_READ_FOOTER_AND_DISPATCH pgs=7530 cs=1 l=0). rx client.1794521 seq 1 0x5574f06ce000 client_request(client.1794521:96218 lookup #0x100013ad07a/eula.txt
2019-11-12 08:28:11.070817 RETRY=67 caller_uid=1000, caller_gid=1000{}) v2 -1010>
2019-11-12 09:20:16.698 7fe887a15700 5 -- 192.168.200.19:6800/1460470921 >> 192.168.200.31:0/1453103486 conn(0x5574ef85f600 :6800 s=STATE_OPEN_MESSAGE_READ_FOOTER_AND_DISPATCH pgs=7530 cs=1 l=0). rx client.1794521 seq 2 0x5574ef565b00 client_request(client.1794521:96220 lookup #0x100013ad07a/eula.txt
2019-11-12 08:29:41.944559 RETRY=65 caller_uid=1000, caller_gid=1000{}) v2 -1010>
2019-11-12 09:20:16.698 7fe887a15700 5 -- 192.168.200.19:6800/1460470921 >> 192.168.200.31:0/1453103486 conn(0x5574ef85f600 :6800 s=STATE_OPEN_MESSAGE_READ_FOOTER_AND_DISPATCH pgs=7530 cs=1 l=0). rx client.1794521 seq 3 0x5574f06cf200 client_request(client.1794521:96222 lookup #0x100013ad07a/eula.txt
2019-11-12 08:36:00.047709 RETRY=57 caller_uid=1000, caller_gid=1000{}) v2 -1010>
2019-11-12 09:20:16.698 7fe887a15700 5 -- 192.168.200.19:6800/1460470921 >> 192.168.200.31:0/1453103486 conn(0x5574ef85f600 :6800 s=STATE_OPEN_MESSAGE_READ_FOOTER_AND_DISPATCH pgs=7530 cs=1 l=0). rx client.1794521 seq 4 0x5574f06cf500 client_request(client.1794521:96224 lookup #0x100013ad07a/eula.txt
2019-11-12 08:37:28.357363 RETRY=55 caller_uid=1000, caller_gid=1000{}) v2 -1010>
2019-11-12 09:20:16.698 7fe887a15700 5 -- 192.168.200.19:6800/1460470921 >> 192.168.200.31:0/1453103486 conn(0x5574ef85f600 :6800 s=STATE_OPEN_MESSAGE_READ_FOOTER_AND_DISPATCH pgs=7530 cs=1 l=0). rx client.1794521 seq 5 0x5574f06cf800 client_request(client.1794521:96226 lookup #0x100013ad07a/eula.txt
2019-11-12 08:44:11.084864 RETRY=47 caller_uid=1000, caller_gid=1000{}) v2 -1010>
2019-11-12 09:20:16.698 7fe885a11700 0 log_channel(cluster) log [DBG] : reconnect by client.1804140 192.168.200.32:0/2855972843 after 0.00400008 -1010>
2019-11-12 09:20:16.698 7fe887a15700 5 -- 192.168.200.19:6800/1460470921 >> 192.168.200.31:0/1453103486 conn(0x5574ef85f600 :6800 s=STATE_OPEN_MESSAGE_READ_FOOTER_AND_DISPATCH pgs=7530 cs=1 l=0). rx client.1794521 seq 6 0x5574f06cfb00 client_request(client.1794521:96227 lookup #0x100013ad07a/eula.txt
2019-11-12 08:45:24.114219 RETRY=45 caller_uid=1000, caller_gid=1000{}) v2 -1010>
2019-11-12 09:20:16.698 7fe887a15700 5 -- 192.168.200.19:6800/1460470921 >> 192.168.200.31:0/1453103486 conn(0x5574ef85f600 :6800 s=STATE_OPEN_MESSAGE_READ_FOOTER_AND_DISPATCH pgs=7530 cs=1 l=0). rx client.1794521 seq 7 0x5574f11f0000 client_request(client.1794521:96230 lookup #0x100013ad07a/eula.txt
2019-11-12 08:57:57.351991 RETRY=34 caller_uid=1000, caller_gid=1000{}) v2 -1010>
2019-11-12 09:20:16.698 7fe887a15700 5 -- 192.168.200.19:6800/1460470921 >> 192.168.200.31:0/1453103486 conn(0x5574ef85f600 :6800 s=STATE_OPEN_MESSAGE_READ_FOOTER_AND_DISPATCH pgs=7530 cs=1 l=0). rx client.1794521 seq 8 0x5574f11f0300 client_request(client.1794521:96231 lookup #0x100013ad07a/eula.txt
2019-11-12 08:59:14.149366 RETRY=30 caller_uid=1000, caller_gid=1000{}) v2 -1010>
2019-11-12 09:20:16.698 7fe887a15700 5 -- 192.168.200.19:6800/1460470921 >> 192.168.200.31:0/1453103486 conn(0x5574ef85f600 :6800 s=STATE_OPEN_MESSAGE_READ_FOOTER_AND_DISPATCH pgs=7530 cs=1 l=0). rx client.1794521 seq 9 0x5574f11f0600 client_request(client.1794521:96232 lookup #0x100013ad07a/eula.txt
2019-11-12 09:05:30.072151 RETRY=10 caller_uid=1000, caller_gid=1000{}) v2 -1010>
2019-11-12 09:20:16.698 7fe885a11700 1 -- 192.168.200.19:6800/1460470921 <== client.1792815 192.168.200.32:0/3593333399 1 ==== client_request(client.1792815:329 getattr pAsLsXsFs #0x10000025367
2019-11-12 09:19:42.723279 RETRY=1 caller_uid=0, caller_gid=0{}) v2 ==== 122+0+0 (1097225393 0 0) 0x5574f06ce900 con 0x5574ef85f000 -1010>
2019-11-12 09:20:16.698 7fe885a11700 3 mds.0.server not active yet, waiting -1010>
2019-11-12 09:20:16.698 7fe887a15700 5 -- 192.168.200.19:6800/1460470921 >> 192.168.200.31:0/1453103486 conn(0x5574ef85f600 :6800 s=STATE_OPEN_MESSAGE_READ_FOOTER_AND_DISPATCH pgs=7530 cs=1 l=0). rx client.1794521 seq 10 0x5574f11f0900 client_request(client.1794521:96233 lookup #0x100013ad07a/eula.txt
2019-11-12 09:06:44.117495 RETRY=8 caller_uid=1000, caller_gid=1000{}) v2 -1010>
2019-11-12 09:20:16.698 7fe887a15700 5 -- 192.168.200.19:6800/1460470921 >> 192.168.200.31:0/1453103486 conn(0x5574ef85f600 :6800 s=STATE_OPEN_MESSAGE_READ_FOOTER_AND_DISPATCH pgs=7530 cs=1 l=0). rx client.1794521 seq 11 0x5574f11f0c00 client_request(client.1794521:96236 lookup #0x100013ad07a/eula.txt
2019-11-12 09:17:08.464874 RETRY=2 caller_uid=1000, caller_gid=1000{}) v2 -1010>
2019-11-12 09:20:16.698 7fe885a11700 1 -- 192.168.200.19:6800/1460470921 <== client.1794521 192.168.200.31:0/1453103486 1 ==== client_request(client.1794521:96218 lookup #0x100013ad07a/eula.txt
2019-11-12 08:28:11.070817 RETRY=67 caller_uid=1000, caller_gid=1000{}) v2 ==== 130+0+0 (2264195835 0 0) 0x5574f06ce000 con 0x5574ef85f600 -1010>
2019-11-12 09:20:16.698 7fe887a15700 5 -- 192.168.200.19:6800/1460470921 >> 192.168.200.31:0/1453103486 conn(0x5574ef85f600 :6800 s=STATE_OPEN_MESSAGE_READ_FOOTER_AND_DISPATCH pgs=7530 cs=1 l=0). rx client.1794521 seq 12 0x5574f11f0f00 client_request(client.1794521:96238 lookup #0x100013ad07a/eula.txt
2019-11-12 09:18:43.942618 RETRY=1 caller_uid=1000, caller_gid=1000{}) v2 -1010>
2019-11-12 09:20:16.698 7fe887a15700 5 -- 192.168.200.19:6800/1460470921 >> 192.168.200.31:0/1453103486 conn(0x5574ef85f600 :6800 s=STATE_OPEN_MESSAGE_READ_FOOTER_AND_DISPATCH pgs=7530 cs=1 l=0). rx client.1794521 seq 13 0x5574f11f1200 client_request(client.1794521:96239 getattr As #0x100013ad07a
2019-11-12 09:19:36.755583 RETRY=1 caller_uid=0, caller_gid=0{}) v2 -1010>
2019-11-12 09:20:16.698 7fe885a11700 3 mds.0.server not active yet, waiting -1010>
2019-11-12 09:20:16.698 7fe887a15700 5 -- 192.168.200.19:6800/1460470921 >> 192.168.200.31:0/1453103486 conn(0x5574ef85f600 :6800 s=STATE_OPEN_MESSAGE_READ_FOOTER_AND_DISPATCH pgs=7530 cs=1 l=0). rx client.1794521 seq 14 0x5574ef864240 client_reconnect(1 caps) v3 -1010>
2019-11-12 09:20:16.698 7fe885a11700 1 -- 192.168.200.19:6800/1460470921 <== client.1794662 192.168.200.30:0/522103062 1 ==== client_request(client.1794662:952065 readdir #0x3000001e549
2019-11-12 08:37:22.860969 RETRY=55 caller_uid=33, caller_gid=33{}) v2 ==== 122+0+0 (231600759 0 0) 0x5574f06ce600 con 0x5574f11dc600 -1010>
2019-11-12 09:20:16.698 7fe885a11700 3 mds.0.server not active yet, waiting -1010>
2019-11-12 09:20:16.698 7fe885a11700 1 -- 192.168.200.19:6800/1460470921 <== client.1792815 192.168.200.32:0/3593333399 2 ==== client_reconnect(1 caps) v3 ==== 0+0+98 (0 0 1066103343) 0x5574f1199200 con 0x5574ef85f000 -1010>
2019-11-12 09:20:16.698 7fe887a15700 2 -- 192.168.200.19:6800/1460470921 >> 192.168.200.30:0/3506497893 conn(0x5574f11dcc00 :6800 s=STATE_ACCEPTING_WAIT_SEQ pgs=5028 cs=1 l=0)._process_connection accept get newly_acked_seq 0 -1010>
2019-11-12 09:20:16.698 7fe885a11700 1 -- 192.168.200.19:6800/1460470921 --> 192.168.200.32:0/3593333399 -- client_session(open) v3 -- 0x5574ef8646c0 con 0 -1010>
2019-11-12 09:20:16.698 7fe888a17700 2 -- 192.168.200.19:6800/1460470921 >> 192.168.200.30:0/2985278080 conn(0x5574f11dc000 :6800 s=STATE_ACCEPTING_WAIT_SEQ pgs=4285 cs=1 l=0).handle_connect_msg accept write reply msg done -1010>
2019-11-12 09:20:16.698 7fe887a15700 5 -- 192.168.200.19:6800/1460470921 >> 192.168.200.30:0/3506497893 conn(0x5574f11dcc00 :6800 s=STATE_OPEN_MESSAGE_READ_FOOTER_AND_DISPATCH pgs=5028 cs=1 l=0). rx client.1794665 seq 1 0x5574f11f1500 client_request(client.1794665:22967 lookup #0x10001346b3e/public
2019-11-12 08:23:30.359288 RETRY=73 caller_uid=33, caller_gid=33{}) v2 -1010>
2019-11-12 09:20:16.698 7fe887a15700 5 -- 192.168.200.19:6800/1460470921 >> 192.168.200.30:0/3506497893 conn(0x5574f11dcc00 :6800 s=STATE_OPEN_MESSAGE_READ_FOOTER_AND_DISPATCH pgs=5028 cs=1 l=0). rx client.1794665 seq 2 0x5574f11f1800 client_request(client.1794665:22975 lookup #0x10001344421/bookmarks
2019-11-12 08:26:09.157921 RETRY=70 caller_uid=33, caller_gid=33{}) v2 -1010>
2019-11-12 09:20:16.698 7fe887a15700 5 -- 192.168.200.19:6800/1460470921 >> 192.168.200.30:0/3506497893 conn(0x5574f11dcc00 :6800 s=STATE_OPEN_MESSAGE_READ_FOOTER_AND_DISPATCH pgs=5028 cs=1 l=0). rx client.1794665 seq 3 0x5574f11f1b00 client_request(client.1794665:23185 lookup #0x10001344421/bookmarks
2019-11-12 08:48:12.519545 RETRY=41 caller_uid=33, caller_gid=33{}) v2 -1010>
2019-11-12 09:20:16.698 7fe887a15700 5 -- 192.168.200.19:6800/1460470921 >> 192.168.200.30:0/3506497893 conn(0x5574f11dcc00 :6800 s=STATE_OPEN_MESSAGE_READ_FOOTER_AND_DISPATCH pgs=5028 cs=1 l=0). rx client.1794665 seq 4 0x5574f11fa000 client_request(client.1794665:23218 open #0x10001346b3e/.htaccess
2019-11-12 08:57:40.980883 RETRY=35 caller_uid=33, caller_gid=33{}) v2 -1010>
2019-11-12 09:20:16.698 7fe885a11700 0 log_channel(cluster) log [DBG] : reconnect by client.1792815 192.168.200.32:0/3593333399 after 0.00400008 -1010>
2019-11-12 09:20:16.698 7fe887a15700 5 -- 192.168.200.19:6800/1460470921 >> 192.168.200.30:0/3506497893 conn(0x5574f11dcc00 :6800 s=STATE_OPEN_MESSAGE_READ_FOOTER_AND_DISPATCH pgs=5028 cs=1 l=0). rx client.1794665 seq 5 0x5574f11fa300 client_request(client.1794665:23345 getattr As #0x1000133e06d
2019-11-12 09:18:35.453545 RETRY=1 caller_uid=33, caller_gid=33{}) v2 -1010>
2019-11-12 09:20:16.698 7fe887a15700 5 -- 192.168.200.19:6800/1460470921 >> 192.168.200.30:0/3506497893 conn(0x5574f11dcc00 :6800 s=STATE_OPEN_MESSAGE_READ_FOOTER_AND_DISPATCH pgs=5028 cs=1 l=0). rx client.1794665 seq 6 0x5574f11fa600 client_request(client.1794665:23346 lookup #0x1000133e06d/index.php
2019-11-12 09:18:40.585629 RETRY=1 caller_uid=33, caller_gid=33{}) v2 -1010>
2019-11-12 09:20:16.698 7fe887a15700 5 -- 192.168.200.19:6800/1460470921 >> 192.168.200.30:0/3506497893 conn(0x5574f11dcc00 :6800 s=STATE_OPEN_MESSAGE_READ_FOOTER_AND_DISPATCH pgs=5028 cs=1 l=0). rx client.1794665 seq 7 0x5574f11fa900 client_request(client.1794665:23347 lookup #0x10001346679/public
2019-11-12 09:18:41.409643 RETRY=1 caller_uid=33, caller_gid=33{}) v2 -1010>
2019-11-12 09:20:16.698 7fe885a11700 1 -- 192.168.200.19:6800/1460470921 <== client.1794521 192.168.200.31:0/1453103486 2 ==== client_request(client.1794521:96220 lookup #0x100013ad07a/eula.txt
2019-11-12 08:29:41.944559 RETRY=65 caller_uid=1000, caller_gid=1000{}) v2 ==== 130+0+0 (4027415736 0 0) 0x5574ef565b00 con 0x5574ef85f600 -1010>
2019-11-12 09:20:16.698 7fe885a11700 3 mds.0.server not active yet, waiting -1010>
2019-11-12 09:20:16.698 7fe887a15700 5 -- 192.168.200.19:6800/1460470921 >> 192.168.200.30:0/3506497893 conn(0x5574f11dcc00 :6800 s=STATE_OPEN_MESSAGE_READ_FOOTER_AND_DISPATCH pgs=5028 cs=1 l=0). rx client.1794665 seq 8 0x5574f11fac00 client_request(client.1794665:23348 lookup #0x1000134691b/autoload.php
2019-11-12 09:18:41.409643 RETRY=1 caller_uid=33, caller_gid=33{}) v2 -1010>
2019-11-12 09:20:16.698 7fe887a15700 5 -- 192.168.200.19:6800/1460470921 >> 192.168.200.30:0/3506497893 conn(0x5574f11dcc00 :6800 s=STATE_OPEN_MESSAGE_READ_FOOTER_AND_DISPATCH pgs=5028 cs=1 l=0). rx client.1794665 seq 9 0x5574f11faf00 client_request(client.1794665:23349 lookup #0x10001346679/private
2019-11-12 09:18:41.457643 RETRY=1 caller_uid=33, caller_gid=33{}) v2 -1010>
2019-11-12 09:20:16.698 7fe887a15700 5 -- 192.168.200.19:6800/1460470921 >> 192.168.200.30:0/3506497893 conn(0x5574f11dcc00 :6800 s=STATE_OPEN_MESSAGE_READ_FOOTER_AND_DISPATCH pgs=5028 cs=1 l=0). rx client.1794665 seq 10 0x5574ef864000 client_reconnect(8 caps) v3 -1010>
2019-11-12 09:20:16.702 7fe888a17700 2 -- 192.168.200.19:6800/1460470921 >> 192.168.200.30:0/2985278080 conn(0x5574f11dc000 :6800 s=STATE_ACCEPTING_WAIT_SEQ pgs=4285 cs=1 l=0)._process_connection accept get newly_acked_seq 0 -1010>
2019-11-12 09:20:16.702 7fe888a17700 5 -- 192.168.200.19:6800/1460470921 >> 192.168.200.30:0/2985278080 conn(0x5574f11dc000 :6800 s=STATE_OPEN_MESSAGE_READ_FOOTER_AND_DISPATCH pgs=4285 cs=1 l=0). rx client.1794668 seq 1 0x5574ef7a6900 client_reconnect(1 caps) v3 -1010>
2019-11-12 09:20:16.702 7fe888a17700 2 -- 192.168.200.19:6800/1460470921 >> 192.168.200.31:0/2398232289 conn(0x5574ef85ea00 :6800 s=STATE_ACCEPTING_WAIT_SEQ pgs=5362 cs=1 l=0)._process_connection accept get newly_acked_seq 0 -1010>
2019-11-12 09:20:16.702 7fe888a17700 5 -- 192.168.200.19:6800/1460470921 >> 192.168.200.31:0/2398232289 conn(0x5574ef85ea00 :6800 s=STATE_OPEN_MESSAGE_READ_FOOTER_AND_DISPATCH pgs=5362 cs=1 l=0). rx client.1793737 seq 1 0x5574f11fb500 client_request(client.1793737:19795 setattr size=0 mtime=2019-11-12 08:23:02.984801 #0x100013b15fc
2019-11-12 08:23:02.984801 RETRY=74 caller_uid=1000, caller_gid=1000{}) v2 -1010>
2019-11-12 09:20:16.702 7fe888a17700 5 -- 192.168.200.19:6800/1460470921 >> 192.168.200.31:0/2398232289 conn(0x5574ef85ea00 :6800 s=STATE_OPEN_MESSAGE_READ_FOOTER_AND_DISPATCH pgs=5362 cs=1 l=0). rx client.1793737 seq 2 0x5574f11fb800 client_request(client.1793737:19856 getattr pAs #0x100013b1606/db
2019-11-12 09:18:41.418572 RETRY=1 caller_uid=1000, caller_gid=1000{}) v2 -1010>
2019-11-12 09:20:16.702 7fe888a17700 5 -- 192.168.200.19:6800/1460470921 >> 192.168.200.31:0/2398232289 conn(0x5574ef85ea00 :6800 s=STATE_OPEN_MESSAGE_READ_FOOTER_AND_DISPATCH pgs=5362 cs=1 l=0). rx client.1793737 seq 3 0x5574f1198000 client_reconnect(10 caps) v3 -1010>
2019-11-12 09:20:16.698 7fe885a11700 1 -- 192.168.200.19:6800/1460470921 <== client.1794662 192.168.200.30:0/522103062 2 ==== client_request(client.1794662:952066 readdir #0x3000001e549
2019-11-12 09:10:51.957957 RETRY=6 caller_uid=33, caller_gid=33{}) v2 ==== 122+0+0 (906112753 0 0) 0x5574f06cec00 con 0x5574f11dc600 -1010>
2019-11-12 09:20:16.702 7fe885a11700 3 mds.0.server not active yet, waiting -1010>
2019-11-12 09:20:16.702 7fe885a11700 1 -- 192.168.200.19:6800/1460470921 <== client.1794665 192.168.200.30:0/3506497893 1 ==== client_request(client.1794665:22967 lookup #0x10001346b3e/public
2019-11-12 08:23:30.359288 RETRY=73 caller_uid=33, caller_gid=33{}) v2 ==== 128+0+0 (1435394209 0 0) 0x5574f11f1500 con 0x5574f11dcc00 -1010>
2019-11-12 09:20:16.702 7fe885a11700 3 mds.0.server not active yet, waiting -1010>
2019-11-12 09:20:16.702 7fe885a11700 1 -- 192.168.200.19:6800/1460470921 <== client.1793737 192.168.200.31:0/2398232289 1 ==== client_request(client.1793737:19795 setattr size=0 mtime=2019-11-12 08:23:02.984801 #0x100013b15fc
2019-11-12 08:23:02.984801 RETRY=74 caller_uid=1000, caller_gid=1000{}) v2 ==== 122+0+0 (3576974081 0 0) 0x5574f11fb500 con 0x5574ef85ea00 -1010>
2019-11-12 09:20:16.702 7fe885a11700 3 mds.0.server not active yet, waiting -1010>
2019-11-12 09:20:16.702 7fe885a11700 1 -- 192.168.200.19:6800/1460470921 <== client.1794521 192.168.200.31:0/1453103486 3 ==== client_request(client.1794521:96222 lookup #0x100013ad07a/eula.txt
2019-11-12 08:36:00.047709 RETRY=57 caller_uid=1000, caller_gid=1000{}) v2 ==== 130+0+0 (955679367 0 0) 0x5574f06cf200 con 0x5574ef85f600 -1010>
2019-11-12 09:20:16.702 7fe885a11700 3 mds.0.server not active yet, waiting -1010>
2019-11-12 09:20:16.702 7fe885a11700 1 -- 192.168.200.19:6800/1460470921 <== client.1794668 192.168.200.30:0/2985278080 1 ==== client_reconnect(1 caps) v3 ==== 0+0+98 (0 0 3819407093) 0x5574ef7a6900 con 0x5574f11dc000 -1010>
2019-11-12 09:20:16.702 7fe885a11700 1 -- 192.168.200.19:6800/1460470921 --> 192.168.200.30:0/2985278080 -- client_session(open) v3 -- 0x5574f1199200 con 0 -1010>
2019-11-12 09:20:16.702 7fe885a11700 0 log_channel(cluster) log [DBG] : reconnect by client.1794668 192.168.200.30:0/2985278080 after 0.00800016 -1010>
2019-11-12 09:20:16.702 7fe885a11700 1 -- 192.168.200.19:6800/1460470921 <== client.1794662 192.168.200.30:0/522103062 3 ==== client_reconnect(1 caps) v3 ==== 0+0+98 (0 0 2460232887) 0x5574f1199440 con 0x5574f11dc600 -1010>
2019-11-12 09:20:16.702 7fe888216700 1 -- 192.168.200.19:6800/1460470921 >> - conn(0x5574f11dd200 :6800 s=STATE_ACCEPTING pgs=0 cs=0 l=0)._process_connection sd=44 - -1010>
2019-11-12 09:20:16.702 7fe885a11700 1 -- 192.168.200.19:6800/1460470921 --> 192.168.200.30:0/522103062 -- client_session(open) v3 -- 0x5574ef7a6900 con 0 -1010>
2019-11-12 09:20:16.702 7fe887a15700 1 -- 192.168.200.19:6800/1460470921 >> - conn(0x5574f11dd800 :6800 s=STATE_ACCEPTING pgs=0 cs=0 l=0)._process_connection sd=45 - -1010>
2019-11-12 09:20:16.702 7fe885a11700 0 log_channel(cluster) log [DBG] : reconnect by client.1794662 192.168.200.30:0/522103062 after 0.00800016 -1010>
2019-11-12 09:20:16.702 7fe885a11700 1 -- 192.168.200.19:6800/1460470921 <== client.1794665 192.168.200.30:0/3506497893 2 ==== client_request(client.1794665:22975 lookup #0x10001344421/bookmarks
2019-11-12 08:26:09.157921 RETRY=70 caller_uid=33, caller_gid=33{}) v2 ==== 131+0+0 (1022837727 0 0) 0x5574f11f1800 con 0x5574f11dcc00 -1010>
2019-11-12 09:20:16.702 7fe885a11700 3 mds.0.server not active yet, waiting -1010>
2019-11-12 09:20:16.702 7fe885a11700 1 -- 192.168.200.19:6800/1460470921 <== client.1793737 192.168.200.31:0/2398232289 2 ==== client_request(client.1793737:19856 getattr pAs #0x100013b1606/db
2019-11-12 09:18:41.418572 RETRY=1 caller_uid=1000, caller_gid=1000{}) v2 ==== 124+0+0 (564909887 0 0) 0x5574f11fb800 con 0x5574ef85ea00 -1010>
2019-11-12 09:20:16.702 7fe885a11700 3 mds.0.server not active yet, waiting -1010>
2019-11-12 09:20:16.702 7fe887a15700 2 -- 192.168.200.19:6800/1460470921 >> 192.168.200.15:0/4201708698 conn(0x5574f11dd800 :6800 s=STATE_ACCEPTING_WAIT_SEQ pgs=4244 cs=1 l=0).handle_connect_msg accept write reply msg done -1010>
2019-11-12 09:20:16.702 7fe885a11700 1 -- 192.168.200.19:6800/1460470921 <== client.1794521 192.168.200.31:0/1453103486 4 ==== client_request(client.1794521:96224 lookup #0x100013ad07a/eula.txt
2019-11-12 08:37:28.357363 RETRY=55 caller_uid=1000, caller_gid=1000{}) v2 ==== 130+0+0 (2539636667 0 0) 0x5574f06cf500 con 0x5574ef85f600 -1010>
2019-11-12 09:20:16.702 7fe885a11700 3 mds.0.server not active yet, waiting -1010>
2019-11-12 09:20:16.702 7fe888216700 2 -- 192.168.200.19:6800/1460470921 >> 192.168.200.15:0/1656050499 conn(0x5574f11dd200 :6800 s=STATE_ACCEPTING_WAIT_SEQ pgs=4953 cs=1 l=0).handle_connect_msg accept write reply msg done -1010>
2019-11-12 09:20:16.702 7fe885a11700 1 -- 192.168.200.19:6800/1460470921 <== client.1794665 192.168.200.30:0/3506497893 3 ==== client_request(client.1794665:23185 lookup #0x10001344421/bookmarks
2019-11-12 08:48:12.519545 RETRY=41 caller_uid=33, caller_gid=33{}) v2 ==== 131+0+0 (3472455810 0 0) 0x5574f11f1b00 con 0x5574f11dcc00 -1010>
2019-11-12 09:20:16.702 7fe885a11700 3 mds.0.server not active yet, waiting -1010>
2019-11-12 09:20:16.702 7fe885a11700 1 -- 192.168.200.19:6800/1460470921 <== client.1793737 192.168.200.31:0/2398232289 3 ==== client_reconnect(10 caps) v3 ==== 0+0+972 (0 0 3487394893) 0x5574f1198000 con 0x5574ef85ea00 -1010>
2019-11-12 09:20:16.702 7fe885a11700 1 -- 192.168.200.19:6800/1460470921 --> 192.168.200.31:0/2398232289 -- client_session(open) v3 -- 0x5574f1199440 con 0 -1010>
2019-11-12 09:20:16.702 7fe885a11700 0 log_channel(cluster) log [DBG] : reconnect by client.1793737 192.168.200.31:0/2398232289 after 0.00800016 -1010>
2019-11-12 09:20:16.702 7fe887a15700 2 -- 192.168.200.19:6800/1460470921 >> 192.168.200.15:0/4201708698 conn(0x5574f11dd800 :6800 s=STATE_ACCEPTING_WAIT_SEQ pgs=4244 cs=1 l=0)._process_connection accept get newly_acked_seq 0 -1010>
2019-11-12 09:20:16.702 7fe888216700 2 -- 192.168.200.19:6800/1460470921 >> 192.168.200.15:0/1656050499 conn(0x5574f11dd200 :6800 s=STATE_ACCEPTING_WAIT_SEQ pgs=4953 cs=1 l=0)._process_connection accept get newly_acked_seq 0 -1010>
2019-11-12 09:20:16.702 7fe885a11700 1 -- 192.168.200.19:6800/1460470921 <== client.1794521 192.168.200.31:0/1453103486 5 ==== client_request(client.1794521:96226 lookup #0x100013ad07a/eula.txt
2019-11-12 08:44:11.084864 RETRY=47 caller_uid=1000, caller_gid=1000{}) v2 ==== 130+0+0 (2901537372 0 0) 0x5574f06cf800 con 0x5574ef85f600 -1010>
2019-11-12 09:20:16.702 7fe885a11700 3 mds.0.server not active yet, waiting -1010>
2019-11-12 09:20:16.702 7fe885a11700 1 -- 192.168.200.19:6800/1460470921 <== client.1794665 192.168.200.30:0/3506497893 4 ==== client_request(client.1794665:23218 open #0x10001346b3e/.htaccess
2019-11-12 08:57:40.980883 RETRY=35 caller_uid=33, caller_gid=33{}) v2 ==== 131+0+0 (134929482 0 0) 0x5574f11fa000 con 0x5574f11dcc00 -1010>
2019-11-12 09:20:16.702 7fe885a11700 3 mds.0.server not active yet, waiting -1010>
2019-11-12 09:20:16.702 7fe885a11700 1 -- 192.168.200.19:6800/1460470921 <== client.1794521 192.168.200.31:0/1453103486 6 ==== client_request(client.1794521:96227 lookup #0x100013ad07a/eula.txt
2019-11-12 08:45:24.114219 RETRY=45 caller_uid=1000, caller_gid=1000{}) v2 ==== 130+0+0 (2220845138 0 0) 0x5574f06cfb00 con 0x5574ef85f600 -1010>
2019-11-12 09:20:16.702 7fe885a11700 3 mds.0.server not active yet, waiting -1010>
2019-11-12 09:20:16.702 7fe885a11700 1 -- 192.168.200.19:6800/1460470921 <== client.1794665 192.168.200.30:0/3506497893 5 ==== client_request(client.1794665:23345 getattr As #0x1000133e06d
2019-11-12 09:18:35.453545 RETRY=1 caller_uid=33, caller_gid=33{}) v2 ==== 122+0+0 (3291907751 0 0) 0x5574f11fa300 con 0x5574f11dcc00 -1010>
2019-11-12 09:20:16.702 7fe885a11700 3 mds.0.server not active yet, waiting -1010>
2019-11-12 09:20:16.702 7fe888216700 5 -- 192.168.200.19:6800/1460470921 >> 192.168.200.15:0/1656050499 conn(0x5574f11dd200 :6800 s=STATE_OPEN_MESSAGE_READ_FOOTER_AND_DISPATCH pgs=4953 cs=1 l=0). rx client.1793728 seq 1 0x5574f06cef00 client_request(client.1793728:9470 lookup #0x1000136753a/2tld.inc.local
2019-11-12 09:18:41.416884 RETRY=1 caller_uid=0, caller_gid=0{}) v2 -1010>
2019-11-12 09:20:16.702 7fe887a15700 5 -- 192.168.200.19:6800/1460470921 >> 192.168.200.15:0/4201708698 conn(0x5574f11dd800 :6800 s=STATE_OPEN_MESSAGE_READ_FOOTER_AND_DISPATCH pgs=4244 cs=1 l=0). rx client.1793815 seq 1 0x5574f11fb200 client_request(client.1793815:22873 rename #0x30000015ba9/20160904_113956.jpg #0x30000015ba9/.20160904_113956.jpg.NIh764
2019-11-10 15:46:08.760660 RETRY=113 caller_uid=0, caller_gid=0{}) v2 -1010>
2019-11-12 09:20:16.702 7fe885a11700 1 -- 192.168.200.19:6800/1460470921 <== client.1794521 192.168.200.31:0/1453103486 7 ==== client_request(client.1794521:96230 lookup #0x100013ad07a/eula.txt
2019-11-12 08:57:57.351991 RETRY=34 caller_uid=1000, caller_gid=1000{}) v2 ==== 130+0+0 (305688313 0 0) 0x5574f11f0000 con 0x5574ef85f600 -1010>
2019-11-12 09:20:16.702 7fe885a11700 3 mds.0.server not active yet, waiting -1010>
2019-11-12 09:20:16.702 7fe885a11700 1 -- 192.168.200.19:6800/1460470921 <== client.1794665 192.168.200.30:0/3506497893 6 ==== client_request(client.1794665:23346 lookup #0x1000133e06d/index.php
2019-11-12 09:18:40.585629 RETRY=1 caller_uid=33, caller_gid=33{}) v2 ==== 131+0+0 (873794425 0 0) 0x5574f11fa600 con 0x5574f11dcc00 -1010>
2019-11-12 09:20:16.702 7fe888216700 5 -- 192.168.200.19:6800/1460470921 >> 192.168.200.15:0/1656050499 conn(0x5574f11dd200 :6800 s=STATE_OPEN_MESSAGE_READ_FOOTER_AND_DISPATCH pgs=4953 cs=1 l=0). rx client.1793728 seq 2 0x5574f1208000 client_request(client.1793728:9471 lookup #0x1000136753a/mime_types.inc.local
2019-11-12 09:18:41.416884 RETRY=1 caller_uid=0, caller_gid=0{}) v2 -1010>
2019-11-12 09:20:16.702 7fe885a11700 3 mds.0.server not active yet, waiting -1010>
2019-11-12 09:20:16.702 7fe887a15700 5 -- 192.168.200.19:6800/1460470921 >> 192.168.200.15:0/4201708698 conn(0x5574f11dd800 :6800 s=STATE_OPEN_MESSAGE_READ_FOOTER_AND_DISPATCH pgs=4244 cs=1 l=0). rx client.1793815 seq 2 0x5574ef52b680 client_reconnect(7 caps) v3 -1010>
2019-11-12 09:20:16.702 7fe885a11700 1 -- 192.168.200.19:6800/1460470921 <== client.1793728 192.168.200.15:0/1656050499 1 ==== client_request(client.1793728:9470 lookup #0x1000136753a/2tld.inc.local
2019-11-12 09:18:41.416884 RETRY=1 caller_uid=0, caller_gid=0{}) v2 ==== 136+0+0 (3106383072 0 0) 0x5574f06cef00 con 0x5574f11dd200 -1010>
2019-11-12 09:20:16.702 7fe885a11700 3 mds.0.server not active yet, waiting -1010>
2019-11-12 09:20:16.702 7fe888216700 5 -- 192.168.200.19:6800/1460470921 >> 192.168.200.15:0/1656050499 conn(0x5574f11dd200 :6800 s=STATE_OPEN_MESSAGE_READ_FOOTER_AND_DISPATCH pgs=4953 cs=1 l=0). rx client.1793728 seq 3 0x5574f1208300 client_request(client.1793728:9472 lookup #0x1000136753a/spf_dkim_whitelist.inc.local
2019-11-12 09:18:41.416884 RETRY=1 caller_uid=0, caller_gid=0{}) v2 -1010>
2019-11-12 09:20:16.702 7fe885a11700 1 -- 192.168.200.19:6800/1460470921 <== client.1793815 192.168.200.15:0/4201708698 1 ==== client_request(client.1793815:22873 rename #0x30000015ba9/20160904_113956.jpg #0x30000015ba9/.20160904_113956.jpg.NIh764
2019-11-10 15:46:08.760660 RETRY=113 caller_uid=0, caller_gid=0{}) v2 ==== 168+0+0 (1137596064 0 0) 0x5574f11fb200 con 0x5574f11dd800 -1010>
2019-11-12 09:20:16.702 7fe885a11700 3 mds.0.server not active yet, waiting -1010>
2019-11-12 09:20:16.702 7fe888216700 5 -- 192.168.200.19:6800/1460470921 >> 192.168.200.15:0/1656050499 conn(0x5574f11dd200 :6800 s=STATE_OPEN_MESSAGE_READ_FOOTER_AND_DISPATCH pgs=4953 cs=1 l=0). rx client.1793728 seq 4 0x5574f1208600 client_request(client.1793728:9473 lookup #0x1000136753a/surbl-whitelist.inc.local
2019-11-12 09:18:41.736891 RETRY=1 caller_uid=0, caller_gid=0{}) v2 -1010>
2019-11-12 09:20:16.702 7fe885a11700 1 -- 192.168.200.19:6800/1460470921 <== client.1794521 192.168.200.31:0/1453103486 8 ==== client_request(client.1794521:96231 lookup #0x100013ad07a/eula.txt
2019-11-12 08:59:14.149366 RETRY=30 caller_uid=1000, caller_gid=1000{}) v2 ==== 130+0+0 (791300380 0 0) 0x5574f11f0300 con 0x5574ef85f600 -1010>
2019-11-12 09:20:16.702 7fe885a11700 3 mds.0.server not active yet, waiting -1010>
2019-11-12 09:20:16.702 7fe888216700 5 -- 192.168.200.19:6800/1460470921 >> 192.168.200.15:0/1656050499 conn(0x5574f11dd200 :6800 s=STATE_OPEN_MESSAGE_READ_FOOTER_AND_DISPATCH pgs=4953 cs=1 l=0). rx client.1793728 seq 5 0x5574f1208900 client_request(client.1793728:9474 getattr As #0x1000136753a
2019-11-12 09:19:29.005938 RETRY=1 caller_uid=0, caller_gid=0{}) v2 -1010>
2019-11-12 09:20:16.702 7fe888216700 5 -- 192.168.200.19:6800/1460470921 >> 192.168.200.15:0/1656050499 conn(0x5574f11dd200 :6800 s=STATE_OPEN_MESSAGE_READ_FOOTER_AND_DISPATCH pgs=4953 cs=1 l=0). rx client.1793728 seq 6 0x5574f1199680 client_reconnect(10 caps) v3 -1010>
2019-11-12 09:20:16.702 7fe885a11700 1 -- 192.168.200.19:6800/1460470921 <== client.1794665 192.168.200.30:0/3506497893 7 ==== client_request(client.1794665:23347 lookup #0x10001346679/public
2019-11-12 09:18:41.409643 RETRY=1 caller_uid=33, caller_gid=33{}) v2 ==== 128+0+0 (1953170597 0 0) 0x5574f11fa900 con 0x5574f11dcc00 -1010>
2019-11-12 09:20:16.702 7fe885a11700 3 mds.0.server not active yet, waiting -1010>
2019-11-12 09:20:16.702 7fe885a11700 1 -- 192.168.200.19:6800/1460470921 <== client.1793728 192.168.200.15:0/1656050499 2 ==== client_request(client.1793728:9471 lookup #0x1000136753a/mime_types.inc.local
2019-11-12 09:18:41.416884 RETRY=1 caller_uid=0, caller_gid=0{}) v2 ==== 142+0+0 (3893675223 0 0) 0x5574f1208000 con 0x5574f11dd200 -1010>
2019-11-12 09:20:16.702 7fe885a11700 3 mds.0.server not active yet, waiting -1010>
2019-11-12 09:20:16.702 7fe885a11700 1 -- 192.168.200.19:6800/1460470921 <== client.1793815 192.168.200.15:0/4201708698 2 ==== client_reconnect(7 caps) v3 ==== 0+0+660 (0 0 427299514) 0x5574ef52b680 con 0x5574f11dd800 -1010>
2019-11-12 09:20:16.702 7fe885a11700 1 -- 192.168.200.19:6800/1460470921 --> 192.168.200.15:0/4201708698 -- client_session(open) v3 -- 0x5574f1198000 con 0 -1010>
2019-11-12 09:20:16.706 7fe885a11700 0 log_channel(cluster) log [DBG] : reconnect by client.1793815 192.168.200.15:0/4201708698 after 0.00800016 -1010>
2019-11-12 09:20:16.706 7fe885a11700 1 -- 192.168.200.19:6800/1460470921 <== client.1794521 192.168.200.31:0/1453103486 9 ==== client_request(client.1794521:96232 lookup #0x100013ad07a/eula.txt
2019-11-12 09:05:30.072151 RETRY=10 caller_uid=1000, caller_gid=1000{}) v2 ==== 130+0+0 (3260212025 0 0) 0x5574f11f0600 con 0x5574ef85f600 -1010>
2019-11-12 09:20:16.706 7fe885a11700 3 mds.0.server not active yet, waiting -1010>
2019-11-12 09:20:16.706 7fe885a11700 1 -- 192.168.200.19:6800/1460470921 <== client.1794665 192.168.200.30:0/3506497893 8 ==== client_request(client.1794665:23348 lookup #0x1000134691b/autoload.php
2019-11-12 09:18:41.409643 RETRY=1 caller_uid=33, caller_gid=33{}) v2 ==== 134+0+0 (2222831593 0 0) 0x5574f11fac00 con 0x5574f11dcc00 -1010>
2019-11-12 09:20:16.706 7fe885a11700 3 mds.0.server not active yet, waiting -1010>
2019-11-12 09:20:16.706 7fe885a11700 1 -- 192.168.200.19:6800/1460470921 <== client.1793728 192.168.200.15:0/1656050499 3 ==== client_request(client.1793728:9472 lookup #0x1000136753a/spf_dkim_whitelist.inc.local
2019-11-12 09:18:41.416884 RETRY=1 caller_uid=0, caller_gid=0{}) v2 ==== 150+0+0 (3844774369 0 0) 0x5574f1208300 con 0x5574f11dd200 -1010>
2019-11-12 09:20:16.706 7fe885a11700 3 mds.0.server not active yet, waiting -1010>
2019-11-12 09:20:16.706 7fe885a11700 1 -- 192.168.200.19:6800/1460470921 <== client.1794521 192.168.200.31:0/1453103486 10 ==== client_request(client.1794521:96233 lookup #0x100013ad07a/eula.txt
2019-11-12 09:06:44.117495 RETRY=8 caller_uid=1000, caller_gid=1000{}) v2 ==== 130+0+0 (1788368277 0 0) 0x5574f11f0900 con 0x5574ef85f600 -1010>
2019-11-12 09:20:16.706 7fe885a11700 3 mds.0.server not active yet, waiting -1010>
2019-11-12 09:20:16.706 7fe885a11700 1 -- 192.168.200.19:6800/1460470921 <== client.1794665 192.168.200.30:0/3506497893 9 ==== client_request(client.1794665:23349 lookup #0x10001346679/private
2019-11-12 09:18:41.457643 RETRY=1 caller_uid=33, caller_gid=33{}) v2 ==== 129+0+0 (575778027 0 0) 0x5574f11faf00 con 0x5574f11dcc00 -1010>
2019-11-12 09:20:16.706 7fe885a11700 3 mds.0.server not active yet, waiting -1010>
2019-11-12 09:20:16.706 7fe885a11700 1 -- 192.168.200.19:6800/1460470921 <== client.1793728 192.168.200.15:0/1656050499 4 ==== client_request(client.1793728:9473 lookup #0x1000136753a/surbl-whitelist.inc.local
2019-11-12 09:18:41.736891 RETRY=1 caller_uid=0, caller_gid=0{}) v2 ==== 147+0+0 (166254165 0 0) 0x5574f1208600 con 0x5574f11dd200 -1010>
2019-11-12 09:20:16.706 7fe885a11700 3 mds.0.server not active yet, waiting -1010>
2019-11-12 09:20:16.706 7fe885a11700 1 -- 192.168.200.19:6800/1460470921 <== client.1794521 192.168.200.31:0/1453103486 11 ==== client_request(client.1794521:96236 lookup #0x100013ad07a/eula.txt
2019-11-12 09:17:08.464874 RETRY=2 caller_uid=1000, caller_gid=1000{}) v2 ==== 130+0+0 (2076245363 0 0) 0x5574f11f0c00 con 0x5574ef85f600 -1010>
2019-11-12 09:20:16.706 7fe885a11700 3 mds.0.server not active yet, waiting -1010>
2019-11-12 09:20:16.706 7fe885a11700 1 -- 192.168.200.19:6800/1460470921 <== client.1794665 192.168.200.30:0/3506497893 10 ==== client_reconnect(8 caps) v3 ==== 0+0+631 (0 0 907812246) 0x5574ef864000 con 0x5574f11dcc00 -1010>
2019-11-12 09:20:16.706 7fe885a11700 1 -- 192.168.200.19:6800/1460470921 --> 192.168.200.30:0/3506497893 -- client_session(open) v3 -- 0x5574ef52b680 con 0 -1010>
2019-11-12 09:20:16.706 7fe885a11700 0 log_channel(cluster) log [DBG] : reconnect by client.1794665 192.168.200.30:0/3506497893 after 0.0120002 -1010>
2019-11-12 09:20:16.706 7fe885a11700 1 -- 192.168.200.19:6800/1460470921 <== client.1793728 192.168.200.15:0/1656050499 5 ==== client_request(client.1793728:9474 getattr As #0x1000136753a
2019-11-12 09:19:29.005938 RETRY=1 caller_uid=0, caller_gid=0{}) v2 ==== 122+0+0 (4065490981 0 0) 0x5574f1208900 con 0x5574f11dd200 -1010>
2019-11-12 09:20:16.706 7fe885a11700 3 mds.0.server not active yet, waiting -1010>
2019-11-12 09:20:16.706 7fe885a11700 1 -- 192.168.200.19:6800/1460470921 <== client.1794521 192.168.200.31:0/1453103486 12 ==== client_request(client.1794521:96238 lookup #0x100013ad07a/eula.txt
2019-11-12 09:18:43.942618 RETRY=1 caller_uid=1000, caller_gid=1000{}) v2 ==== 130+0+0 (1427172407 0 0) 0x5574f11f0f00 con 0x5574ef85f600 -1010>
2019-11-12 09:20:16.706 7fe885a11700 3 mds.0.server not active yet, waiting -1010>
2019-11-12 09:20:16.706 7fe885a11700 1 -- 192.168.200.19:6800/1460470921 <== client.1793728 192.168.200.15:0/1656050499 6 ==== client_reconnect(10 caps) v3 ==== 0+0+1051 (0 0 3070811223) 0x5574f1199680 con 0x5574f11dd200 -1010>
2019-11-12 09:20:16.706 7fe885a11700 1 -- 192.168.200.19:6800/1460470921 --> 192.168.200.15:0/1656050499 -- client_session(open) v3 -- 0x5574ef864000 con 0 -1010>
2019-11-12 09:20:16.706 7fe885a11700 0 log_channel(cluster) log [DBG] : reconnect by client.1793728 192.168.200.15:0/1656050499 after 0.0120002 -1010>
2019-11-12 09:20:16.706 7fe885a11700 1 -- 192.168.200.19:6800/1460470921 <== client.1794521 192.168.200.31:0/1453103486 13 ==== client_request(client.1794521:96239 getattr As #0x100013ad07a
2019-11-12 09:19:36.755583 RETRY=1 caller_uid=0, caller_gid=0{}) v2 ==== 122+0+0 (376921402 0 0) 0x5574f11f1200 con 0x5574ef85f600 -1010>
2019-11-12 09:20:16.706 7fe885a11700 3 mds.0.server not active yet, waiting -1010>
2019-11-12 09:20:16.706 7fe885a11700 1 -- 192.168.200.19:6800/1460470921 <== client.1794521 192.168.200.31:0/1453103486 14 ==== client_reconnect(1 caps) v3 ==== 0+0+98 (0 0 1282897092) 0x5574ef864240 con 0x5574ef85f600 -1010>
2019-11-12 09:20:16.706 7fe885a11700 1 -- 192.168.200.19:6800/1460470921 --> 192.168.200.31:0/1453103486 -- client_session(open) v3 -- 0x5574f1199680 con 0 -1010>
2019-11-12 09:20:16.706 7fe885a11700 0 log_channel(cluster) log [DBG] : reconnect by client.1794521 192.168.200.31:0/1453103486 after 0.0120002 -1010>
2019-11-12 09:20:16.706 7fe885a11700 1 mds.0.56303 reconnect_done -1010>
2019-11-12 09:20:16.706 7fe885a11700 3 mds.0.56303 request_state up:rejoin -1010>
2019-11-12 09:20:16.706 7fe885a11700 5 mds.beacon.k8s-node-02 set_want_state: up:reconnect -> up:rejoin -1010>
2019-11-12 09:20:16.706 7fe885a11700 5 mds.beacon.k8s-node-02 Sending beacon up:rejoin seq 6 -1010>
2019-11-12 09:20:16.706 7fe885a11700 10 monclient: _send_mon_message to mon.k8s-node-00 at 192.168.200.15:6789/0 -1010>
2019-11-12 09:20:16.706 7fe885a11700 1 -- 192.168.200.19:6800/1460470921 --> 192.168.200.15:6789/0 -- mdsbeacon(1849248/k8s-node-02 up:rejoin seq 6 v56304) v7 -- 0x5574f1216000 con 0 -1010>
2019-11-12 09:20:17.710 7fe888216700 5 -- 192.168.200.19:6800/1460470921 >> 192.168.200.15:6789/0 conn(0x5574ef700c00 :-1 s=STATE_OPEN_MESSAGE_READ_FOOTER_AND_DISPATCH pgs=15927 cs=1 l=1). rx mon.0 seq 18 0x5574ef864000 mdsmap(e 56305) v1 -1010>
2019-11-12 09:20:17.710 7fe885a11700 1 -- 192.168.200.19:6800/1460470921 <== mon.0 192.168.200.15:6789/0 18 ==== mdsmap(e 56305) v1 ==== 655+0+0 (1964398294 0 0) 0x5574ef864000 con 0x5574ef700c00 -1010>
2019-11-12 09:20:17.710 7fe885a11700 1 mds.k8s-node-02 Updating MDS map to version 56305 from mon.0 -1010>
2019-11-12 09:20:17.710 7fe885a11700 1 mds.0.56303 handle_mds_map i am now mds.0.56303 -1010>
2019-11-12 09:20:17.710 7fe885a11700 1 mds.0.56303 handle_mds_map state change up:reconnect --> up:rejoin -1010>
2019-11-12 09:20:17.710 7fe885a11700 1 mds.0.56303 rejoin_start -1010>
2019-11-12 09:20:17.710 7fe888216700 5 -- 192.168.200.19:6800/1460470921 >> 192.168.200.15:6789/0 conn(0x5574ef700c00 :-1 s=STATE_OPEN_MESSAGE_READ_FOOTER_AND_DISPATCH pgs=15927 cs=1 l=1). rx mon.0 seq 19 0x5574f1216000 mdsbeacon(1849248/k8s-node-02 up:rejoin seq 6 v56305) v7 -1010>
2019-11-12 09:20:17.710 7fe888216700 1 -- 192.168.200.19:6800/1460470921 <== mon.0 192.168.200.15:6789/0 19 ==== mdsbeacon(1849248/k8s-node-02 up:rejoin seq 6 v56305) v7 ==== 136+0+0 (4245662320 0 0) 0x5574f1216000 con 0x5574ef700c00 -1010>
2019-11-12 09:20:17.710 7fe885a11700 1 -- 192.168.200.19:6800/1460470921 --> 192.168.200.15:6805/24523 -- osd_op(unknown.0.56303:71 6.3f 6:ff5b34d6:::1.00000000:head [omap-get-header,omap-get-vals,getxattr parent] snapc 0=[] ondisk+read+known_if_redirected+full_force e28661) v8 -- 0x5574ef810b00 con 0 -1010>
2019-11-12 09:20:17.710 7fe888216700 5 mds.beacon.k8s-node-02 received beacon reply up:rejoin seq 6 rtt 1.00402 -1010>
2019-11-12 09:20:17.710 7fe885a11700 1 -- 192.168.200.19:6800/1460470921 --> 192.168.200.15:6805/24523 -- osd_op(unknown.0.56303:72 6.5e 6:7a303e59:::1000001a3c6.00000000:head [omap-get-header,omap-get-vals,getxattr parent] snapc 0=[] ondisk+read+known_if_redirected+full_force e28661) v8 -- 0x5574ef810840 con 0 -1010>
2019-11-12 09:20:17.714 7fe885a11700 1 -- 192.168.200.19:6800/1460470921 --> 192.168.200.15:6805/24523 -- osd_op(unknown.0.56303:73 6.b 6:d0f90662:::1000001eb17.00000000:head [omap-get-header,omap-get-vals,getxattr parent] snapc 0=[] ondisk+read+known_if_redirected+full_force e28661) v8 -- 0x5574ef811b80 con 0 -1010>
2019-11-12 09:20:17.714 7fe885a11700 1 -- 192.168.200.19:6800/1460470921 --> 192.168.200.15:6805/24523 -- osd_op(unknown.0.56303:74 6.56 6:6bacae67:::1000001ffea.00000000:head [omap-get-header,omap-get-vals,getxattr parent] snapc 0=[] ondisk+read+known_if_redirected+full_force e28661) v8 -- 0x5574f17f02c0 con 0 -1010>
2019-11-12 09:20:17.714 7fe885a11700 1 -- 192.168.200.19:6800/1460470921 --> 192.168.200.17:6806/20250 -- osd_op(unknown.0.56303:75 6.1e 6:7992850e:::1000133e06d.00000000:head [omap-get-header,omap-get-vals,getxattr parent] snapc 0=[] ondisk+read+known_if_redirected+full_force e28661) v8 -- 0x5574f12262c0 con 0 -1010>
2019-11-12 09:20:17.714 7fe885a11700 1 -- 192.168.200.19:6800/1460470921 --> 192.168.200.17:6802/19981 -- osd_op(unknown.0.56303:76 6.46 6:62644040:::10001366c72.00000000:head [omap-get-header,omap-get-vals,getxattr parent] snapc 0=[] ondisk+read+known_if_redirected+full_force e28661) v8 -- 0x5574f1226840 con 0 -1010>
2019-11-12 09:20:17.714 7fe885a11700 1 -- 192.168.200.19:6800/1460470921 --> 192.168.200.15:6805/24523 -- osd_op(unknown.0.56303:77 6.5b 6:db1def57:::10001367140.00000000:head [omap-get-header,omap-get-vals,getxattr parent] snapc 0=[] ondisk+read+known_if_redirected+full_force e28661) v8 -- 0x5574f1226dc0 con 0 -1010>
2019-11-12 09:20:17.714 7fe885a11700 1 -- 192.168.200.19:6800/1460470921 --> 192.168.200.15:6805/24523 -- osd_op(unknown.0.56303:78 6.43 6:c26089c3:::100013671a4.00000000:head [omap-get-header,omap-get-vals,getxattr parent] snapc 0=[] ondisk+read+known_if_redirected+full_force e28661) v8 -- 0x5574f17f0dc0 con 0 -1010>
2019-11-12 09:20:17.714 7fe885a11700 1 -- 192.168.200.19:6800/1460470921 --> 192.168.200.19:6801/12021 -- osd_op(unknown.0.56303:79 6.1c 6:38b3e7b3:::1000136753a.00000000:head [omap-get-header,omap-get-vals,getxattr parent] snapc 0=[] ondisk+read+known_if_redirected+full_force e28661) v8 -- 0x5574ef7ad600 con 0 -1010>
2019-11-12 09:20:17.714 7fe885a11700 1 -- 192.168.200.19:6800/1460470921 --> 192.168.200.19:6805/12258 -- osd_op(unknown.0.56303:80 6.34 6:2c8bdca0:::100013ad077.00000000:head [omap-get-header,omap-get-vals,getxattr parent] snapc 0=[] ondisk+read+known_if_redirected+full_force e28661) v8 -- 0x5574ef7fd340 con 0 -1010>
2019-11-12 09:20:17.714 7fe885a11700 1 -- 192.168.200.19:6800/1460470921 --> 192.168.200.19:6801/12021 -- osd_op(unknown.0.56303:81 6.50 6:0a153a6f:::100013ad078.00000000:head [omap-get-header,omap-get-vals,getxattr parent] snapc 0=[] ondisk+read+known_if_redirected+full_force e28661) v8 -- 0x5574ef7fd600 con 0 -1010>
2019-11-12 09:20:17.714 7fe885a11700 1 -- 192.168.200.19:6800/1460470921 --> 192.168.200.17:6806/20250 -- osd_op(unknown.0.56303:82 6.26 6:66061dfa:::100013ad079.00000000:head [omap-get-header,omap-get-vals,getxattr parent] snapc 0=[] ondisk+read+known_if_redirected+full_force e28661) v8 -- 0x5574f1226580 con 0 -1010>
2019-11-12 09:20:17.714 7fe885a11700 1 -- 192.168.200.19:6800/1460470921 --> 192.168.200.19:6805/12258 -- osd_op(unknown.0.56303:83 6.3d 6:bfa6ab4a:::100013b1605.00000000:head [omap-get-header,omap-get-vals,getxattr parent] snapc 0=[] ondisk+read+known_if_redirected+full_force e28661) v8 -- 0x5574f1227340 con 0 -1010>
2019-11-12 09:20:17.714 7fe885a11700 1 -- 192.168.200.19:6800/1460470921 --> 192.168.200.15:6805/24523 -- osd_op(unknown.0.56303:84 6.43 6:c3272da7:::100013b1606.00000000:head [omap-get-header,omap-get-vals,getxattr parent] snapc 0=[] ondisk+read+known_if_redirected+full_force e28661) v8 -- 0x5574f17f0000 con 0 -1010>
2019-11-12 09:20:17.714 7fe885a11700 1 -- 192.168.200.19:6800/1460470921 --> 192.168.200.19:6805/12258 -- osd_op(unknown.0.56303:85 6.2c 6:36da4b25:::100013b1607.00000000:head [omap-get-header,omap-get-vals,getxattr parent] snapc 0=[] ondisk+read+known_if_redirected+full_force e28661) v8 -- 0x5574f17f0840 con 0 -1010>
2019-11-12 09:20:17.714 7fe885a11700 1 -- 192.168.200.19:6800/1460470921 --> 192.168.200.17:6806/20250 -- osd_op(unknown.0.56303:86 6.55 6:abaeca41:::30000015b82.00000000:head [omap-get-header,omap-get-vals,getxattr parent] snapc 0=[] ondisk+read+known_if_redirected+full_force e28661) v8 -- 0x5574f17f1b80 con 0 -1010>
2019-11-12 09:20:17.714 7fe885a11700 1 -- 192.168.200.19:6800/1460470921 --> 192.168.200.15:6805/24523 -- osd_op(unknown.0.56303:87 6.4 6:20b05573:::30000015ba9.00000000:head [omap-get-header,omap-get-vals,getxattr parent] snapc 0=[] ondisk+read+known_if_redirected+full_force e28661) v8 -- 0x5574f12278c0 con 0 -1010>
2019-11-12 09:20:17.714 7fe885a11700 1 mds.0.56303 rejoin_joint_start -1010>
2019-11-12 09:20:17.714 7fe888a17700 5 -- 192.168.200.19:6800/1460470921 >> 192.168.200.15:6805/24523 conn(0x5574ef702a00 :-1 s=STATE_OPEN_MESSAGE_READ_FOOTER_AND_DISPATCH pgs=11977 cs=1 l=1). rx osd.1 seq 21 0x5574ef7fd600 osd_op_reply(71 1.00000000 [omap-get-header,omap-get-vals,getxattr (30)] v0'0 uv79171 ondisk = 0) v8 -1010>
2019-11-12 09:20:17.714 7fe888216700 5 -- 192.168.200.19:6800/1460470921 >> 192.168.200.19:6805/12258 conn(0x5574ef703000 :-1 s=STATE_OPEN_MESSAGE_READ_FOOTER_AND_DISPATCH pgs=12849 cs=1 l=1). rx osd.5 seq 33 0x5574f1227340 osd_op_reply(80 100013ad077.00000000 [omap-get-header,omap-get-vals,getxattr (69)] v0'0 uv78120 ondisk = 0) v8 -1010>
2019-11-12 09:20:17.714 7fe888216700 1 -- 192.168.200.19:6800/1460470921 <== osd.5 192.168.200.19:6805/12258 33 ==== osd_op_reply(80 100013ad077.00000000 [omap-get-header,omap-get-vals,getxattr (69)] v0'0 uv78120 ondisk = 0) v8 ==== 248+0+827 (1746941155 0 2754020800) 0x5574f1227340 con 0x5574ef703000 -1010>
2019-11-12 09:20:17.714 7fe888a17700 1 -- 192.168.200.19:6800/1460470921 <== osd.1 192.168.200.15:6805/24523 21 ==== osd_op_reply(71 1.00000000 [omap-get-header,omap-get-vals,getxattr (30)] v0'0 uv79171 ondisk = 0) v8 ==== 238+0+17357 (3984365710 0 1328600032) 0x5574ef7fd600 con 0x5574ef702a00 -1010>
2019-11-12 09:20:17.714 7fe888216700 5 -- 192.168.200.19:6800/1460470921 >> 192.168.200.19:6805/12258 conn(0x5574ef703000 :-1 s=STATE_OPEN_MESSAGE_READ_FOOTER_AND_DISPATCH pgs=12849 cs=1 l=1). rx osd.5 seq 34 0x5574f17f1080 osd_op_reply(83 100013b1605.00000000 [omap-get-header,omap-get-vals,getxattr (131)] v0'0 uv88597 ondisk = 0) v8 -1010>
2019-11-12 09:20:17.714 7fe888216700 1 -- 192.168.200.19:6800/1460470921 <== osd.5 192.168.200.19:6805/12258 34 ==== osd_op_reply(83 100013b1605.00000000 [omap-get-header,omap-get-vals,getxattr (131)] v0'0 uv88597 ondisk = 0) v8 ==== 248+0+898 (279877274 0 277830296) 0x5574f17f1080 con 0x5574ef703000 -1010>
2019-11-12 09:20:17.718 7fe888216700 5 -- 192.168.200.19:6800/1460470921 >> 192.168.200.17:6802/19981 conn(0x5574ef85c600 :-1 s=STATE_OPEN_MESSAGE_READ_FOOTER_AND_DISPATCH pgs=5834 cs=1 l=1). rx osd.2 seq 2 0x5574f17f0840 osd_op_reply(76 10001366c72.00000000 [omap-get-header,omap-get-vals,getxattr (135)] v0'0 uv41822 ondisk = 0) v8 -1010>
2019-11-12 09:20:17.718 7fe888216700 1 -- 192.168.200.19:6800/1460470921 <== osd.2 192.168.200.17:6802/19981 2 ==== osd_op_reply(76 10001366c72.00000000 [omap-get-header,omap-get-vals,getxattr (135)] v0'0 uv41822 ondisk = 0) v8 ==== 248+0+6454 (1231371730 0 289533519) 0x5574f17f0840 con 0x5574ef85c600 -1010>
2019-11-12 09:20:17.718 7fe887a15700 5 -- 192.168.200.19:6800/1460470921 >> 192.168.200.17:6806/20250 conn(0x5574ef703600 :-1 s=STATE_OPEN_MESSAGE_READ_FOOTER_AND_DISPATCH pgs=16763 cs=1 l=1). rx osd.4 seq 15 0x5574f17f1b80 osd_op_reply(75 1000133e06d.00000000 [omap-get-header,omap-get-vals,getxattr (95)] v0'0 uv32888 ondisk = 0) v8 -1010>
2019-11-12 09:20:17.718 7fe887a15700 1 -- 192.168.200.19:6800/1460470921 <== osd.4 192.168.200.17:6806/20250 15 ==== osd_op_reply(75 1000133e06d.00000000 [omap-get-header,omap-get-vals,getxattr (95)] v0'0 uv32888 ondisk = 0) v8 ==== 248+0+13413 (2612537738 0 1454472965) 0x5574f17f1b80 con 0x5574ef703600 -1010>
2019-11-12 09:20:17.718 7fe887a15700 5 -- 192.168.200.19:6800/1460470921 >> 192.168.200.17:6806/20250 conn(0x5574ef703600 :-1 s=STATE_OPEN_MESSAGE_READ_FOOTER_AND_DISPATCH pgs=16763 cs=1 l=1). rx osd.4 seq 16 0x5574f1227600 osd_op_reply(82 100013ad079.00000000 [omap-get-header,omap-get-vals,getxattr (65)] v0'0 uv79212 ondisk = 0) v8 -1010>
