2019-11-12 09:20:12.198 7fe888216700 5 -- 192.168.200.19:6800/1460470921 >> 192.168.200.19:6805/12258 conn(0x5574ef703000 :-1 s=STATE_OPEN_MESSAGE_READ_FOOTER_AND_DISPATCH pgs=12849 cs=1 l=1). rx osd.5 seq 24 0x5574efe918c0 osd_op_reply(51 200.00001ee7 [read 0~4194304 [fadvise_dontneed]] v0'0 uv76537 ondisk = 0) v8 -988>
2019-11-12 09:20:12.198 7fe888216700 1 -- 192.168.200.19:6800/1460470921 <== osd.5 192.168.200.19:6805/12258 24 ==== osd_op_reply(51 200.00001ee7 [read 0~4194304 [fadvise_dontneed]] v0'0 uv76537 ondisk = 0) v8 ==== 156+0+4194304 (2339449442 0 2022356555) 0x5574efe918c0 con 0x5574ef703000 -988>
2019-11-12 09:20:12.238 7fe87df78700 1 -- 192.168.200.19:6800/1460470921 --> 192.168.200.17:6802/19981 -- osd_op(unknown.0.56303:54 6.46 6:631b0aa0:::200.00001eea:head [read 0~4194304 [fadvise_dontneed]] snapc 0=[] ondisk+read+known_if_redirected+full_force e28661) v8 -- 0x5574ef7fdb80 con 0 -988>
2019-11-12 09:20:12.246 7fe888216700 2 -- 192.168.200.19:6800/1460470921 >> 192.168.200.17:6802/19981 conn(0x5574ef85c600 :-1 s=STATE_CONNECTING_WAIT_ACK_SEQ pgs=0 cs=0 l=1)._process_connection got newly_acked_seq 0 vs out_seq 0 -988>
2019-11-12 09:20:12.306 7fe87df78700 1 -- 192.168.200.19:6800/1460470921 --> 192.168.200.19:6805/12258 -- osd_op(unknown.0.56303:55 6.23 6:c571b352:::200.00001eeb:head [read 0~4194304 [fadvise_dontneed]] snapc 0=[] ondisk+read+known_if_redirected+full_force e28661) v8 -- 0x5574efe91600 con 0 -988>
2019-11-12 09:20:12.326 7fe888216700 5 -- 192.168.200.19:6800/1460470921 >> 192.168.200.17:6802/19981 conn(0x5574ef85c600 :-1 s=STATE_OPEN_MESSAGE_READ_FOOTER_AND_DISPATCH pgs=5834 cs=1 l=1). rx osd.2 seq 1 0x5574efe91080 osd_op_reply(54 200.00001eea [read 0~4194304 [fadvise_dontneed]] v0'0 uv43008 ondisk = 0) v8 -988>
2019-11-12 09:20:12.326 7fe888216700 1 -- 192.168.200.19:6800/1460470921 <== osd.2 192.168.200.17:6802/19981 1 ==== osd_op_reply(54 200.00001eea [read 0~4194304 [fadvise_dontneed]] v0'0 uv43008 ondisk = 0) v8 ==== 156+0+4194304 (1141206684 0 1871802516) 0x5574efe91080 con 0x5574ef85c600 -988>
2019-11-12 09:20:12.374 7fe87df78700 1 -- 192.168.200.19:6800/1460470921 --> 192.168.200.19:6805/12258 -- osd_op(unknown.0.56303:56 6.3d 6:be55f99a:::200.00001eec:head [read 0~4194304 [fadvise_dontneed]] snapc 0=[] ondisk+read+known_if_redirected+full_force e28661) v8 -- 0x5574ef7fd600 con 0 -988>
2019-11-12 09:20:12.438 7fe87df78700 1 -- 192.168.200.19:6800/1460470921 --> 192.168.200.19:6805/12258 -- osd_op(unknown.0.56303:57 6.15 6:a8763251:::200.00001eed:head [read 0~4194304 [fadvise_dontneed]] snapc 0=[] ondisk+read+known_if_redirected+full_force e28661) v8 -- 0x5574ef7fcb00 con 0 -988>
2019-11-12 09:20:12.506 7fe87df78700 1 -- 192.168.200.19:6800/1460470921 --> 192.168.200.19:6805/12258 -- osd_op(unknown.0.56303:58 6.5 6:a03f7ae4:::200.00001eee:head [read 0~4194304 [fadvise_dontneed]] snapc 0=[] ondisk+read+known_if_redirected+full_force e28661) v8 -- 0x5574f17f0b00 con 0 -988>
2019-11-12 09:20:12.538 7fe888a17700 5 -- 192.168.200.19:6800/1460470921 >> 192.168.200.15:6805/24523 conn(0x5574ef702a00 :-1 s=STATE_OPEN_MESSAGE_READ_FOOTER_AND_DISPATCH pgs=11977 cs=1 l=1). rx osd.1 seq 15 0x5574f17f1080 osd_op_reply(52 200.00001ee8 [read 0~4194304 [fadvise_dontneed]] v0'0 uv75454 ondisk = 0) v8 -988>
2019-11-12 09:20:12.538 7fe888a17700 1 -- 192.168.200.19:6800/1460470921 <== osd.1 192.168.200.15:6805/24523 15 ==== osd_op_reply(52 200.00001ee8 [read 0~4194304 [fadvise_dontneed]] v0'0 uv75454 ondisk = 0) v8 ==== 156+0+4194304 (1339885820 0 2582243991) 0x5574f17f1080 con 0x5574ef702a00 -988>
2019-11-12 09:20:12.570 7fe87df78700 1 -- 192.168.200.19:6800/1460470921 --> 192.168.200.19:6805/12258 -- osd_op(unknown.0.56303:59 6.27 6:e42c9344:::200.00001eef:head [read 0~4194304 [fadvise_dontneed]] snapc 0=[] ondisk+read+known_if_redirected+full_force e28661) v8 -- 0x5574f17f1600 con 0 -988>
2019-11-12 09:20:12.582 7fe887a15700 5 -- 192.168.200.19:6800/1460470921 >> 192.168.200.17:6806/20250 conn(0x5574ef703600 :-1 s=STATE_OPEN_MESSAGE_READ_FOOTER_AND_DISPATCH pgs=16763 cs=1 l=1). rx osd.4 seq 12 0x5574efe91600 osd_op_reply(53 200.00001ee9 [read 0~4194304 [fadvise_dontneed]] v0'0 uv37098 ondisk = 0) v8 -988>
2019-11-12 09:20:12.582 7fe887a15700 1 -- 192.168.200.19:6800/1460470921 <== osd.4 192.168.200.17:6806/20250 12 ==== osd_op_reply(53 200.00001ee9 [read 0~4194304 [fadvise_dontneed]] v0'0 uv37098 ondisk = 0) v8 ==== 156+0+4194304 (3031359962 0 2756808336) 0x5574efe91600 con 0x5574ef703600 -988>
2019-11-12 09:20:12.638 7fe87df78700 1 -- 192.168.200.19:6800/1460470921 --> 192.168.200.15:6805/24523 -- osd_op(unknown.0.56303:60 6.3e 6:7d6c9823:::200.00001ef0:head [read 0~4194304 [fadvise_dontneed]] snapc 0=[] ondisk+read+known_if_redirected+full_force e28661) v8 -- 0x5574efe90580 con 0 -988>
2019-11-12 09:20:12.702 7fe87df78700 1 -- 192.168.200.19:6800/1460470921 --> 192.168.200.15:6805/24523 -- osd_op(unknown.0.56303:61 6.45 6:a3b8f91c:::200.00001ef1:head [read 0~4194304 [fadvise_dontneed]] snapc 0=[] ondisk+read+known_if_redirected+full_force e28661) v8 -- 0x5574efe90000 con 0 -988>
2019-11-12 09:20:12.766 7fe87df78700 1 -- 192.168.200.19:6800/1460470921 --> 192.168.200.19:6801/12021 -- osd_op(unknown.0.56303:62 6.50 6:0af53e21:::200.00001ef2:head [read 0~4194304 [fadvise_dontneed]] snapc 0=[] ondisk+read+known_if_redirected+full_force e28661) v8 -- 0x5574f17f1340 con 0 -988>
2019-11-12 09:20:12.802 7fe888a17700 5 -- 192.168.200.19:6800/1460470921 >> 192.168.200.19:6801/12021 conn(0x5574ef85c000 :-1 s=STATE_OPEN_MESSAGE_READ_FOOTER_AND_DISPATCH pgs=8677 cs=1 l=1). rx osd.3 seq 3 0x5574efe902c0 osd_op_reply(62 200.00001ef2 [read 0~4194304 [fadvise_dontneed]] v0'0 uv28322 ondisk = 0) v8 -988>
2019-11-12 09:20:12.802 7fe888a17700 1 -- 192.168.200.19:6800/1460470921 <== osd.3 192.168.200.19:6801/12021 3 ==== osd_op_reply(62 200.00001ef2 [read 0~4194304 [fadvise_dontneed]] v0'0 uv28322 ondisk = 0) v8 ==== 156+0+4194304 (1122511463 0 79703917) 0x5574efe902c0 con 0x5574ef85c000 -988>
2019-11-12 09:20:12.834 7fe87df78700 1 -- 192.168.200.19:6800/1460470921 --> 192.168.200.15:6805/24523 -- osd_op(unknown.0.56303:63 6.20 6:059200a5:::200.00001ef3:head [read 0~4194304 [fadvise_dontneed]] snapc 0=[] ondisk+read+known_if_redirected+full_force e28661) v8 -- 0x5574ef810000 con 0 -988>
2019-11-12 09:20:12.902 7fe87df78700 1 -- 192.168.200.19:6800/1460470921 --> 192.168.200.15:6805/24523 -- osd_op(unknown.0.56303:64 6.9 6:916b6fb1:::200.00001ef4:head [read 0~3396281 [fadvise_dontneed]] snapc 0=[] ondisk+read+known_if_redirected+full_force e28661) v8 -- 0x5574ef810840 con 0 -988>
2019-11-12 09:20:13.398 7fe888216700 5 -- 192.168.200.19:6800/1460470921 >> 192.168.200.19:6805/12258 conn(0x5574ef703000 :-1 s=STATE_OPEN_MESSAGE_READ_FOOTER_AND_DISPATCH pgs=12849 cs=1 l=1). rx osd.5 seq 25 0x5574f17f1600 osd_op_reply(55 200.00001eeb [read 0~4194304 [fadvise_dontneed]] v0'0 uv35600 ondisk = 0) v8 -988>
2019-11-12 09:20:13.398 7fe888216700 1 -- 192.168.200.19:6800/1460470921 <== osd.5 192.168.200.19:6805/12258 25 ==== osd_op_reply(55 200.00001eeb [read 0~4194304 [fadvise_dontneed]] v0'0 uv35600 ondisk = 0) v8 ==== 156+0+4194304 (3905789527 0 2657527065) 0x5574f17f1600 con 0x5574ef703000 -988>
2019-11-12 09:20:13.586 7fe888216700 5 -- 192.168.200.19:6800/1460470921 >> 192.168.200.19:6805/12258 conn(0x5574ef703000 :-1 s=STATE_OPEN_MESSAGE_READ_FOOTER_AND_DISPATCH pgs=12849 cs=1 l=1). rx osd.5 seq 26 0x5574f17f1600 osd_op_reply(56 200.00001eec [read 0~4194304 [fadvise_dontneed]] v0'0 uv93869 ondisk = 0) v8 -988>
2019-11-12 09:20:13.586 7fe888216700 1 -- 192.168.200.19:6800/1460470921 <== osd.5 192.168.200.19:6805/12258 26 ==== osd_op_reply(56 200.00001eec [read 0~4194304 [fadvise_dontneed]] v0'0 uv93869 ondisk = 0) v8 ==== 156+0+4194304 (43855582 0 2499621118) 0x5574f17f1600 con 0x5574ef703000 -988>
2019-11-12 09:20:13.710 7fe884785700 10 monclient: tick -988>
2019-11-12 09:20:13.710 7fe884785700 10 monclient: _check_auth_rotating have uptodate secrets (they expire after
2019-11-12 09:19:43.714163) -988>
2019-11-12 09:20:13.750 7fe883783700 1 -- 192.168.200.19:6800/1460470921 --> 192.168.200.17:6800/91 -- mgrreport(unknown.k8s-node-02 +0-0 packed 1374) v6 -- 0x5574f06ce000 con 0 -988>
2019-11-12 09:20:13.826 7fe888216700 5 -- 192.168.200.19:6800/1460470921 >> 192.168.200.19:6805/12258 conn(0x5574ef703000 :-1 s=STATE_OPEN_MESSAGE_READ_FOOTER_AND_DISPATCH pgs=12849 cs=1 l=1). rx osd.5 seq 27 0x5574f17f1600 osd_op_reply(59 200.00001eef [read 0~4194304 [fadvise_dontneed]] v0'0 uv81570 ondisk = 0) v8 -988>
2019-11-12 09:20:13.826 7fe888216700 1 -- 192.168.200.19:6800/1460470921 <== osd.5 192.168.200.19:6805/12258 27 ==== osd_op_reply(59 200.00001eef [read 0~4194304 [fadvise_dontneed]] v0'0 uv81570 ondisk = 0) v8 ==== 156+0+4194304 (473818481 0 1401989426) 0x5574f17f1600 con 0x5574ef703000 -988>
2019-11-12 09:20:14.462 7fe888216700 5 -- 192.168.200.19:6800/1460470921 >> 192.168.200.19:6805/12258 conn(0x5574ef703000 :-1 s=STATE_OPEN_MESSAGE_READ_FOOTER_AND_DISPATCH pgs=12849 cs=1 l=1). rx osd.5 seq 28 0x5574f17f1600 osd_op_reply(58 200.00001eee [read 0~4194304 [fadvise_dontneed]] v0'0 uv42535 ondisk = 0) v8 -988>
2019-11-12 09:20:14.462 7fe888216700 1 -- 192.168.200.19:6800/1460470921 <== osd.5 192.168.200.19:6805/12258 28 ==== osd_op_reply(58 200.00001eee [read 0~4194304 [fadvise_dontneed]] v0'0 uv42535 ondisk = 0) v8 ==== 156+0+4194304 (2933939241 0 808578468) 0x5574f17f1600 con 0x5574ef703000 -988>
2019-11-12 09:20:14.538 7fe888216700 5 -- 192.168.200.19:6800/1460470921 >> 192.168.200.19:6805/12258 conn(0x5574ef703000 :-1 s=STATE_OPEN_MESSAGE_READ_FOOTER_AND_DISPATCH pgs=12849 cs=1 l=1). rx osd.5 seq 29 0x5574f17f1600 osd_op_reply(57 200.00001eed [read 0~4194304 [fadvise_dontneed]] v0'0 uv37336 ondisk = 0) v8 -988>
2019-11-12 09:20:14.538 7fe888216700 1 -- 192.168.200.19:6800/1460470921 <== osd.5 192.168.200.19:6805/12258 29 ==== osd_op_reply(57 200.00001eed [read 0~4194304 [fadvise_dontneed]] v0'0 uv37336 ondisk = 0) v8 ==== 156+0+4194304 (910772900 0 1749242063) 0x5574f17f1600 con 0x5574ef703000 -988>
2019-11-12 09:20:14.650 7fe888a17700 5 -- 192.168.200.19:6800/1460470921 >> 192.168.200.15:6805/24523 conn(0x5574ef702a00 :-1 s=STATE_OPEN_MESSAGE_READ_FOOTER_AND_DISPATCH pgs=11977 cs=1 l=1). rx osd.1 seq 16 0x5574f06fe000 osd_op_reply(60 200.00001ef0 [read 0~4194304 [fadvise_dontneed]] v0'0 uv71620 ondisk = 0) v8 -988>
2019-11-12 09:20:14.650 7fe888a17700 1 -- 192.168.200.19:6800/1460470921 <== osd.1 192.168.200.15:6805/24523 16 ==== osd_op_reply(60 200.00001ef0 [read 0~4194304 [fadvise_dontneed]] v0'0 uv71620 ondisk = 0) v8 ==== 156+0+4194304 (916184623 0 823393747) 0x5574f06fe000 con 0x5574ef702a00 -988>
2019-11-12 09:20:14.878 7fe888a17700 5 -- 192.168.200.19:6800/1460470921 >> 192.168.200.15:6805/24523 conn(0x5574ef702a00 :-1 s=STATE_OPEN_MESSAGE_READ_FOOTER_AND_DISPATCH pgs=11977 cs=1 l=1). rx osd.1 seq 17 0x5574f06fe000 osd_op_reply(61 200.00001ef1 [read 0~4194304 [fadvise_dontneed]] v0'0 uv60049 ondisk = 0) v8 -988>
2019-11-12 09:20:14.878 7fe888a17700 1 -- 192.168.200.19:6800/1460470921 <== osd.1 192.168.200.15:6805/24523 17 ==== osd_op_reply(61 200.00001ef1 [read 0~4194304 [fadvise_dontneed]] v0'0 uv60049 ondisk = 0) v8 ==== 156+0+4194304 (2574875128 0 582962543) 0x5574f06fe000 con 0x5574ef702a00 -988>
2019-11-12 09:20:15.762 7fe882781700 5 mds.beacon.k8s-node-02 Sending beacon up:replay seq 4 -988>
2019-11-12 09:20:15.762 7fe882781700 10 monclient: _send_mon_message to mon.k8s-node-00 at 192.168.200.15:6789/0 -988>
2019-11-12 09:20:15.762 7fe882781700 1 -- 192.168.200.19:6800/1460470921 --> 192.168.200.15:6789/0 -- mdsbeacon(1849248/k8s-node-02 up:replay seq 4 v56303) v7 -- 0x5574ef80f180 con 0 -988>
2019-11-12 09:20:15.762 7fe888216700 5 -- 192.168.200.19:6800/1460470921 >> 192.168.200.15:6789/0 conn(0x5574ef700c00 :-1 s=STATE_OPEN_MESSAGE_READ_FOOTER_AND_DISPATCH pgs=15927 cs=1 l=1). rx mon.0 seq 15 0x5574ef80f180 mdsbeacon(1849248/k8s-node-02 up:replay seq 4 v56303) v7 -988>
2019-11-12 09:20:15.762 7fe888216700 1 -- 192.168.200.19:6800/1460470921 <== mon.0 192.168.200.15:6789/0 15 ==== mdsbeacon(1849248/k8s-node-02 up:replay seq 4 v56303) v7 ==== 136+0+0 (3656543233 0 0) 0x5574ef80f180 con 0x5574ef700c00 -988>
2019-11-12 09:20:15.762 7fe888216700 5 mds.beacon.k8s-node-02 received beacon reply up:replay seq 4 rtt 0 -988>
2019-11-12 09:20:16.406 7fe888a17700 5 -- 192.168.200.19:6800/1460470921 >> 192.168.200.15:6805/24523 conn(0x5574ef702a00 :-1 s=STATE_OPEN_MESSAGE_READ_FOOTER_AND_DISPATCH pgs=11977 cs=1 l=1). rx osd.1 seq 18 0x5574f06fe000 osd_op_reply(64 200.00001ef4 [read 0~3396281 [fadvise_dontneed]] v0'0 uv43315 ondisk = 0) v8 -988>
2019-11-12 09:20:16.406 7fe888a17700 1 -- 192.168.200.19:6800/1460470921 <== osd.1 192.168.200.15:6805/24523 18 ==== osd_op_reply(64 200.00001ef4 [read 0~3396281 [fadvise_dontneed]] v0'0 uv43315 ondisk = 0) v8 ==== 156+0+3396281 (2978750866 0 537567138) 0x5574f06fe000 con 0x5574ef702a00 -988>
2019-11-12 09:20:16.482 7fe888a17700 5 -- 192.168.200.19:6800/1460470921 >> 192.168.200.15:6805/24523 conn(0x5574ef702a00 :-1 s=STATE_OPEN_MESSAGE_READ_FOOTER_AND_DISPATCH pgs=11977 cs=1 l=1). rx osd.1 seq 19 0x5574f06fe000 osd_op_reply(63 200.00001ef3 [read 0~4194304 [fadvise_dontneed]] v0'0 uv33434 ondisk = 0) v8 -988>
2019-11-12 09:20:16.482 7fe888a17700 1 -- 192.168.200.19:6800/1460470921 <== osd.1 192.168.200.15:6805/24523 19 ==== osd_op_reply(63 200.00001ef3 [read 0~4194304 [fadvise_dontneed]] v0'0 uv33434 ondisk = 0) v8 ==== 156+0+4194304 (2400805555 0 3258534103) 0x5574f06fe000 con 0x5574ef702a00 -988>
2019-11-12 09:20:16.610 7fe87df78700 1 mds.0.56303 Finished replaying journal -988>
2019-11-12 09:20:16.610 7fe87df78700 1 mds.0.56303 making mds journal writeable -988>
2019-11-12 09:20:16.610 7fe87df78700 1 mds.0.journaler.mdlog(ro) set_writeable -988>
2019-11-12 09:20:16.610 7fe87df78700 1 -- 192.168.200.19:6800/1460470921 --> 192.168.200.15:6805/24523 -- osd_op(unknown.0.56303:65 6.9 6:916b6fb1:::200.00001ef4:head [zero 3396281~798023] snapc 0=[] ondisk+write+known_if_redirected+full_force e28661) v8 -- 0x5574f17f02c0 con 0 -988>
2019-11-12 09:20:16.610 7fe87df78700 1 -- 192.168.200.19:6800/1460470921 --> 192.168.200.19:6805/12258 -- osd_op(unknown.0.56303:66 6.52 6:4b787142:::200.00001ef5:head [delete] snapc 0=[] ondisk+write+known_if_redirected+full_force e28661) v8 -- 0x5574ef7fc840 con 0 -988>
2019-11-12 09:20:16.610 7fe87df78700 1 -- 192.168.200.19:6800/1460470921 --> 192.168.200.19:6805/12258 -- osd_op(unknown.0.56303:67 6.3b 6:dd49a9ad:::200.00001ef6:head [delete] snapc 0=[] ondisk+write+known_if_redirected+full_force e28661) v8 -- 0x5574ef8118c0 con 0 -988>
2019-11-12 09:20:16.610 7fe87df78700 1 -- 192.168.200.19:6800/1460470921 --> 192.168.200.17:6806/20250 -- osd_op(unknown.0.56303:68 6.d 6:b10d4b81:::200.00001ef7:head [delete] snapc 0=[] ondisk+write+known_if_redirected+full_force e28661) v8 -- 0x5574ef8102c0 con 0 -988>
2019-11-12 09:20:16.610 7fe87df78700 1 -- 192.168.200.19:6800/1460470921 --> 192.168.200.17:6806/20250 -- osd_op(unknown.0.56303:69 6.2a 6:55d3aaa4:::200.00001ef8:head [delete] snapc 0=[] ondisk+write+known_if_redirected+full_force e28661) v8 -- 0x5574ef7fd340 con 0 -988>
2019-11-12 09:20:16.610 7fe87df78700 1 -- 192.168.200.19:6800/1460470921 --> 192.168.200.19:6805/12258 -- osd_op(unknown.0.56303:70 6.15 6:a9ceb397:::200.00001ef9:head [delete] snapc 0=[] ondisk+write+known_if_redirected+full_force e28661) v8 -- 0x5574ef811600 con 0 -988>
2019-11-12 09:20:16.610 7fe87df78700 2 mds.0.56303 i am alone, moving to state reconnect -988>
2019-11-12 09:20:16.610 7fe87df78700 3 mds.0.56303 request_state up:reconnect -988>
2019-11-12 09:20:16.610 7fe87df78700 5 mds.beacon.k8s-node-02 set_want_state: up:replay -> up:reconnect -988>
2019-11-12 09:20:16.610 7fe87df78700 5 mds.beacon.k8s-node-02 Sending beacon up:reconnect seq 5 -988>
2019-11-12 09:20:16.610 7fe87df78700 10 monclient: _send_mon_message to mon.k8s-node-00 at 192.168.200.15:6789/0 -988>
2019-11-12 09:20:16.610 7fe87df78700 1 -- 192.168.200.19:6800/1460470921 --> 192.168.200.15:6789/0 -- mdsbeacon(1849248/k8s-node-02 up:reconnect seq 5 v56303) v7 -- 0x5574ef80fc00 con 0 -988>
2019-11-12 09:20:16.634 7fe888216700 5 -- 192.168.200.19:6800/1460470921 >> 192.168.200.19:6805/12258 conn(0x5574ef703000 :-1 s=STATE_OPEN_MESSAGE_READ_FOOTER_AND_DISPATCH pgs=12849 cs=1 l=1). rx osd.5 seq 30 0x5574ef811600 osd_op_reply(66 200.00001ef5 [delete] v28661'40770 uv40694 ondisk = -2 ((2) No such file or directory)) v8 -988>
2019-11-12 09:20:16.634 7fe888216700 1 -- 192.168.200.19:6800/1460470921 <== osd.5 192.168.200.19:6805/12258 30 ==== osd_op_reply(66 200.00001ef5 [delete] v28661'40770 uv40694 ondisk = -2 ((2) No such file or directory)) v8 ==== 156+0+0 (3875959471 0 0) 0x5574ef811600 con 0x5574ef703000 -988>
2019-11-12 09:20:16.634 7fe888216700 5 -- 192.168.200.19:6800/1460470921 >> 192.168.200.19:6805/12258 conn(0x5574ef703000 :-1 s=STATE_OPEN_MESSAGE_READ_FOOTER_AND_DISPATCH pgs=12849 cs=1 l=1). rx osd.5 seq 31 0x5574ef811600 osd_op_reply(70 200.00001ef9 [delete] v28661'37440 uv37342 ondisk = -2 ((2) No such file or directory)) v8 -988>
2019-11-12 09:20:16.634 7fe888216700 1 -- 192.168.200.19:6800/1460470921 <== osd.5 192.168.200.19:6805/12258 31 ==== osd_op_reply(70 200.00001ef9 [delete] v28661'37440 uv37342 ondisk = -2 ((2) No such file or directory)) v8 ==== 156+0+0 (28087247 0 0) 0x5574ef811600 con 0x5574ef703000 -988>
2019-11-12 09:20:16.638 7fe888216700 5 -- 192.168.200.19:6800/1460470921 >> 192.168.200.19:6805/12258 conn(0x5574ef703000 :-1 s=STATE_OPEN_MESSAGE_READ_FOOTER_AND_DISPATCH pgs=12849 cs=1 l=1). rx osd.5 seq 32 0x5574ef811600 osd_op_reply(67 200.00001ef6 [delete] v28661'73070 uv72994 ondisk = -2 ((2) No such file or directory)) v8 -988>
2019-11-12 09:20:16.638 7fe888216700 1 -- 192.168.200.19:6800/1460470921 <== osd.5 192.168.200.19:6805/12258 32 ==== osd_op_reply(67 200.00001ef6 [delete] v28661'73070 uv72994 ondisk = -2 ((2) No such file or directory)) v8 ==== 156+0+0 (4041088188 0 0) 0x5574ef811600 con 0x5574ef703000 -988>
2019-11-12 09:20:16.638 7fe888a17700 5 -- 192.168.200.19:6800/1460470921 >> 192.168.200.15:6805/24523 conn(0x5574ef702a00 :-1 s=STATE_OPEN_MESSAGE_READ_FOOTER_AND_DISPATCH pgs=11977 cs=1 l=1). rx osd.1 seq 20 0x5574f17f02c0 osd_op_reply(65 200.00001ef4 [zero 3396281~798023] v28661'43316 uv43315 ondisk = 0) v8 -988>
2019-11-12 09:20:16.638 7fe888a17700 1 -- 192.168.200.19:6800/1460470921 <== osd.1 192.168.200.15:6805/24523 20 ==== osd_op_reply(65 200.00001ef4 [zero 3396281~798023] v28661'43316 uv43315 ondisk = 0) v8 ==== 156+0+0 (106571773 0 0) 0x5574f17f02c0 con 0x5574ef702a00 -988>
2019-11-12 09:20:16.638 7fe887a15700 5 -- 192.168.200.19:6800/1460470921 >> 192.168.200.17:6806/20250 conn(0x5574ef703600 :-1 s=STATE_OPEN_MESSAGE_READ_FOOTER_AND_DISPATCH pgs=16763 cs=1 l=1). rx osd.4 seq 13 0x5574f17f1b80 osd_op_reply(69 200.00001ef8 [delete] v28661'80702 uv80626 ondisk = -2 ((2) No such file or directory)) v8 -988>
2019-11-12 09:20:16.638 7fe887a15700 1 -- 192.168.200.19:6800/1460470921 <== osd.4 192.168.200.17:6806/20250 13 ==== osd_op_reply(69 200.00001ef8 [delete] v28661'80702 uv80626 ondisk = -2 ((2) No such file or directory)) v8 ==== 156+0+0 (1754869307 0 0) 0x5574f17f1b80 con 0x5574ef703600 -988>
2019-11-12 09:20:16.638 7fe887a15700 5 -- 192.168.200.19:6800/1460470921 >> 192.168.200.17:6806/20250 conn(0x5574ef703600 :-1 s=STATE_OPEN_MESSAGE_READ_FOOTER_AND_DISPATCH pgs=16763 cs=1 l=1). rx osd.4 seq 14 0x5574f17f1b80 osd_op_reply(68 200.00001ef7 [delete] v28661'38268 uv37712 ondisk = -2 ((2) No such file or directory)) v8 -988>
2019-11-12 09:20:16.638 7fe887a15700 1 -- 192.168.200.19:6800/1460470921 <== osd.4 192.168.200.17:6806/20250 14 ==== osd_op_reply(68 200.00001ef7 [delete] v28661'38268 uv37712 ondisk = -2 ((2) No such file or directory)) v8 ==== 156+0+0 (699459646 0 0) 0x5574f17f1b80 con 0x5574ef703600 -988>
2019-11-12 09:20:16.682 7fe888216700 5 -- 192.168.200.19:6800/1460470921 >> 192.168.200.15:6789/0 conn(0x5574ef700c00 :-1 s=STATE_OPEN_MESSAGE_READ_FOOTER_AND_DISPATCH pgs=15927 cs=1 l=1). rx mon.0 seq 16 0x5574f1198b40 mdsmap(e 56304) v1 -988>
2019-11-12 09:20:16.686 7fe887a15700 1 -- 192.168.200.19:6800/1460470921 >> - conn(0x5574ef700600 :6800 s=STATE_ACCEPTING pgs=0 cs=0 l=0)._process_connection sd=32 - -988>
2019-11-12 09:20:16.686 7fe885a11700 1 -- 192.168.200.19:6800/1460470921 <== mon.0 192.168.200.15:6789/0 16 ==== mdsmap(e 56304) v1 ==== 655+0+0 (1257921563 0 0) 0x5574f1198b40 con 0x5574ef700c00 -988>
2019-11-12 09:20:16.686 7fe885a11700 1 mds.k8s-node-02 Updating MDS map to version 56304 from mon.0 -988>
2019-11-12 09:20:16.686 7fe885a11700 1 mds.0.56303 handle_mds_map i am now mds.0.56303 -988>
2019-11-12 09:20:16.686 7fe885a11700 1 mds.0.56303 handle_mds_map state change up:replay --> up:reconnect -988>
2019-11-12 09:20:16.686 7fe885a11700 1 mds.0.56303 reconnect_start -988>
2019-11-12 09:20:16.686 7fe885a11700 1 mds.0.56303 reopen_log -988>
2019-11-12 09:20:16.686 7fe888216700 5 -- 192.168.200.19:6800/1460470921 >> 192.168.200.15:6789/0 conn(0x5574ef700c00 :-1 s=STATE_OPEN_MESSAGE_READ_FOOTER_AND_DISPATCH pgs=15927 cs=1 l=1). rx mon.0 seq 17 0x5574ef80f180 mdsbeacon(1849248/k8s-node-02 up:reconnect seq 5 v56304) v7 -988>
2019-11-12 09:20:16.686 7fe888216700 1 -- 192.168.200.19:6800/1460470921 <== mon.0 192.168.200.15:6789/0 17 ==== mdsbeacon(1849248/k8s-node-02 up:reconnect seq 5 v56304) v7 ==== 136+0+0 (1350244580 0 0) 0x5574ef80f180 con 0x5574ef700c00 -988>
2019-11-12 09:20:16.686 7fe888216700 5 mds.beacon.k8s-node-02 received beacon reply up:reconnect seq 5 rtt 0.0760015 -988>
2019-11-12 09:20:16.686 7fe888216700 1 -- 192.168.200.19:6800/1460470921 >> - conn(0x5574ef85d200 :6800 s=STATE_ACCEPTING pgs=0 cs=0 l=0)._process_connection sd=34 - -988>
2019-11-12 09:20:16.686 7fe888a17700 1 -- 192.168.200.19:6800/1460470921 >> - conn(0x5574ef85cc00 :6800 s=STATE_ACCEPTING pgs=0 cs=0 l=0)._process_connection sd=33 - -988>
2019-11-12 09:20:16.690 7fe888a17700 1 -- 192.168.200.19:6800/1460470921 >> - conn(0x5574ef85de00 :6800 s=STATE_ACCEPTING pgs=0 cs=0 l=0)._process_connection sd=36 - -988>
2019-11-12 09:20:16.694 7fe885a11700 4 mds.0.56303 reconnect_start: killed 0 blacklisted sessions (2132 blacklist entries, 14) -988>
2019-11-12 09:20:16.694 7fe885a11700 1 mds.0.server reconnect_clients -- 14 sessions -988>
2019-11-12 09:20:16.694 7fe885a11700 1 -- 192.168.200.19:6800/1460470921 _send_message--> mds.0 192.168.200.19:6800/1460470921 -- mds_table_request(snaptable server_ready) v1 -- ?+0 0x5574ef7c8b40 -988>
2019-11-12 09:20:16.694 7fe885a11700 1 -- 192.168.200.19:6800/1460470921 --> 192.168.200.19:6800/1460470921 -- mds_table_request(snaptable server_ready) v1 -- 0x5574ef7c8b40 con 0 -988>
2019-11-12 09:20:16.694 7fe887a15700 1 -- 192.168.200.19:6800/1460470921 >> - conn(0x5574ef85d800 :6800 s=STATE_ACCEPTING pgs=0 cs=0 l=0)._process_connection sd=35 - -988>
2019-11-12 09:20:16.694 7fe885a11700 1 -- 192.168.200.19:6800/1460470921 <== mds.0 192.168.200.19:6800/1460470921 0 ==== mds_table_request(snaptable server_ready) v1 ==== 0+0+0 (0 0 0) 0x5574ef7c8b40 con 0x5574ef701800 -988>
2019-11-12 09:20:16.694 7fe887a15700 2 -- 192.168.200.19:6800/1460470921 >> 192.168.200.30:0/979484066 conn(0x5574ef700600 :6800 s=STATE_ACCEPTING_WAIT_SEQ pgs=4844 cs=1 l=0).handle_connect_msg accept write reply msg done -988>
2019-11-12 09:20:16.694 7fe888a17700 2 -- 192.168.200.19:6800/1460470921 >> 192.168.200.19:0/2796926812 conn(0x5574ef85de00 :6800 s=STATE_ACCEPTING_WAIT_SEQ pgs=4212 cs=1 l=0).handle_connect_msg accept write reply msg done -988>
2019-11-12 09:20:16.694 7fe888216700 2 -- 192.168.200.19:6800/1460470921 >> 192.168.200.17:0/3102681411 conn(0x5574ef85d200 :6800 s=STATE_ACCEPTING_WAIT_SEQ pgs=4212 cs=1 l=0).handle_connect_msg accept write reply msg done -988>
2019-11-12 09:20:16.694 7fe887a15700 2 -- 192.168.200.19:6800/1460470921 >> 192.168.200.31:0/3544368504 conn(0x5574ef85d800 :6800 s=STATE_ACCEPTING_WAIT_SEQ pgs=4212 cs=1 l=0).handle_connect_msg accept write reply msg done -988>
2019-11-12 09:20:16.694 7fe887a15700 2 -- 192.168.200.19:6800/1460470921 >> 192.168.200.31:0/3544368504 conn(0x5574ef85d800 :6800 s=STATE_ACCEPTING_WAIT_SEQ pgs=4212 cs=1 l=0)._process_connection accept get newly_acked_seq 0 -988>
2019-11-12 09:20:16.694 7fe885a11700 1 -- 192.168.200.19:6800/1460470921 _send_message--> mds.0 192.168.200.19:6800/1460470921 -- mds_table_request(snaptable query 1 9 bytes) v1 -- ?+0 0x5574f1198b40 -988>
2019-11-12 09:20:16.694 7fe888216700 2 -- 192.168.200.19:6800/1460470921 >> 192.168.200.17:0/3102681411 conn(0x5574ef85d200 :6800 s=STATE_ACCEPTING_WAIT_SEQ pgs=4212 cs=1 l=0)._process_connection accept get newly_acked_seq 0 -988>
2019-11-12 09:20:16.694 7fe887a15700 2 -- 192.168.200.19:6800/1460470921 >> 192.168.200.30:0/979484066 conn(0x5574ef700600 :6800 s=STATE_ACCEPTING_WAIT_SEQ pgs=4844 cs=1 l=0)._process_connection accept get newly_acked_seq 0 -988>
2019-11-12 09:20:16.694 7fe885a11700 1 -- 192.168.200.19:6800/1460470921 --> 192.168.200.19:6800/1460470921 -- mds_table_request(snaptable query 1 9 bytes) v1 -- 0x5574f1198b40 con 0 -988>
2019-11-12 09:20:16.694 7fe887a15700 5 -- 192.168.200.19:6800/1460470921 >> 192.168.200.30:0/979484066 conn(0x5574ef700600 :6800 s=STATE_OPEN_MESSAGE_READ_FOOTER_AND_DISPATCH pgs=4844 cs=1 l=0). rx client.1804200 seq 1 0x5574f1198900 client_reconnect(1 caps) v3 -988>
2019-11-12 09:20:16.694 7fe888216700 5 -- 192.168.200.19:6800/1460470921 >> 192.168.200.17:0/3102681411 conn(0x5574ef85d200 :6800 s=STATE_OPEN_MESSAGE_READ_FOOTER_AND_DISPATCH pgs=4212 cs=1 l=0). rx client.1804134 seq 1 0x5574f11986c0 client_reconnect(1 caps) v3 -988>
2019-11-12 09:20:16.694 7fe888a17700 2 -- 192.168.200.19:6800/1460470921 >> 192.168.200.19:0/2796926812 conn(0x5574ef85de00 :6800 s=STATE_ACCEPTING_WAIT_SEQ pgs=4212 cs=1 l=0)._process_connection accept get newly_acked_seq 0 -988>
2019-11-12 09:20:16.694 7fe887a15700 5 -- 192.168.200.19:6800/1460470921 >> 192.168.200.31:0/3544368504 conn(0x5574ef85d800 :6800 s=STATE_OPEN_MESSAGE_READ_FOOTER_AND_DISPATCH pgs=4212 cs=1 l=0). rx client.1804143 seq 1 0x5574f1198fc0 client_reconnect(1 caps) v3 -988>
2019-11-12 09:20:16.694 7fe888a17700 5 -- 192.168.200.19:6800/1460470921 >> 192.168.200.19:0/2796926812 conn(0x5574ef85de00 :6800 s=STATE_OPEN_MESSAGE_READ_FOOTER_AND_DISPATCH pgs=4212 cs=1 l=0). rx client.1804137 seq 1 0x5574ef7a7200 client_reconnect(1 caps) v3 -988>
2019-11-12 09:20:16.694 7fe885a11700 1 -- 192.168.200.19:6800/1460470921 <== client.1804200 192.168.200.30:0/979484066 1 ==== client_reconnect(1 caps) v3 ==== 0+0+98 (0 0 1014479821) 0x5574f1198900 con 0x5574ef700600 -988>
2019-11-12 09:20:16.694 7fe885a11700 1 -- 192.168.200.19:6800/1460470921 --> 192.168.200.30:0/979484066 -- client_session(open) v3 -- 0x5574ef7c8b40 con 0 -988>
2019-11-12 09:20:16.694 7fe887a15700 1 -- 192.168.200.19:6800/1460470921 >> - conn(0x5574ef85e400 :6800 s=STATE_ACCEPTING pgs=0 cs=0 l=0)._process_connection sd=37 - -988>
2019-11-12 09:20:16.694 7fe888216700 1 -- 192.168.200.19:6800/1460470921 >> - conn(0x5574ef85f000 :6800 s=STATE_ACCEPTING pgs=0 cs=0 l=0)._process_connection sd=39 - -988>
2019-11-12 09:20:16.694 7fe885a11700 0 log_channel(cluster) log [DBG] : reconnect by client.1804200 192.168.200.30:0/979484066 after 0 -988>
2019-11-12 09:20:16.694 7fe885a11700 1 -- 192.168.200.19:6800/1460470921 <== client.1804134 192.168.200.17:0/3102681411 1 ==== client_reconnect(1 caps) v3 ==== 0+0+98 (0 0 3890766099) 0x5574f11986c0 con 0x5574ef85d200 -988>
2019-11-12 09:20:16.694 7fe888216700 1 -- 192.168.200.19:6800/1460470921 >> - conn(0x5574f11dc600 :6800 s=STATE_ACCEPTING pgs=0 cs=0 l=0)._process_connection sd=42 - -988>
2019-11-12 09:20:16.694 7fe885a11700 1 -- 192.168.200.19:6800/1460470921 --> 192.168.200.17:0/3102681411 -- client_session(open) v3 -- 0x5574f1198900 con 0 -988>
2019-11-12 09:20:16.694 7fe885a11700 0 log_channel(cluster) log [DBG] : reconnect by client.1804134 192.168.200.17:0/3102681411 after 0 -988>
2019-11-12 09:20:16.694 7fe885a11700 1 -- 192.168.200.19:6800/1460470921 <== client.1804143 192.168.200.31:0/3544368504 1 ==== client_reconnect(1 caps) v3 ==== 0+0+98 (0 0 2998347668) 0x5574f1198fc0 con 0x5574ef85d800 -988>
2019-11-12 09:20:16.694 7fe885a11700 1 -- 192.168.200.19:6800/1460470921 --> 192.168.200.31:0/3544368504 -- client_session(open) v3 -- 0x5574f11986c0 con 0 -988>
2019-11-12 09:20:16.694 7fe885a11700 0 log_channel(cluster) log [DBG] : reconnect by client.1804143 192.168.200.31:0/3544368504 after 0 -988>
2019-11-12 09:20:16.694 7fe885a11700 1 -- 192.168.200.19:6800/1460470921 <== client.1804137 192.168.200.19:0/2796926812 1 ==== client_reconnect(1 caps) v3 ==== 0+0+98 (0 0 1366303579) 0x5574ef7a7200 con 0x5574ef85de00 -988>
2019-11-12 09:20:16.694 7fe885a11700 1 -- 192.168.200.19:6800/1460470921 --> 192.168.200.19:0/2796926812 -- client_session(open) v3 -- 0x5574f1198fc0 con 0 -988>
2019-11-12 09:20:16.694 7fe885a11700 0 log_channel(cluster) log [DBG] : reconnect by client.1804137 192.168.200.19:0/2796926812 after 0 -988>
2019-11-12 09:20:16.694 7fe885a11700 1 -- 192.168.200.19:6800/1460470921 <== mds.0 192.168.200.19:6800/1460470921 0 ==== mds_table_request(snaptable query 1 9 bytes) v1 ==== 0+0+0 (0 0 0) 0x5574f1198b40 con 0x5574ef701800 -988>
2019-11-12 09:20:16.698 7fe885a11700 1 -- 192.168.200.19:6800/1460470921 --> 192.168.200.19:6800/1460470921 -- mds_table_request(snaptable query_reply 1 tid 2 29 bytes) v1 -- 0x5574ef7a7200 con 0 -988>
2019-11-12 09:20:16.698 7fe887a15700 1 -- 192.168.200.19:6800/1460470921 >> - conn(0x5574ef85f600 :6800 s=STATE_ACCEPTING pgs=0 cs=0 l=0)._process_connection sd=40 - -988>
2019-11-12 09:20:16.698 7fe887a15700 1 -- 192.168.200.19:6800/1460470921 >> - conn(0x5574f11dcc00 :6800 s=STATE_ACCEPTING pgs=0 cs=0 l=0)._process_connection sd=43 - -988>
2019-11-12 09:20:16.698 7fe885a11700 1 -- 192.168.200.19:6800/1460470921 <== mds.0 192.168.200.19:6800/1460470921 0 ==== mds_table_request(snaptable query_reply 1 tid 2 29 bytes) v1 ==== 0+0+0 (0 0 0) 0x5574ef7a7200 con 0x5574ef701800 -988>
2019-11-12 09:20:16.698 7fe888216700 2 -- 192.168.200.19:6800/1460470921 >> 192.168.200.32:0/3593333399 conn(0x5574ef85f000 :6800 s=STATE_ACCEPTING_WAIT_SEQ pgs=4219 cs=1 l=0).handle_connect_msg accept write reply msg done -988>
2019-11-12 09:20:16.698 7fe887a15700 2 -- 192.168.200.19:6800/1460470921 >> 192.168.200.30:0/232332927 conn(0x5574ef85e400 :6800 s=STATE_ACCEPTING_WAIT_SEQ pgs=4212 cs=1 l=0).handle_connect_msg accept write reply msg done -988>
2019-11-12 09:20:16.698 7fe887a15700 2 -- 192.168.200.19:6800/1460470921 >> 192.168.200.30:0/232332927 conn(0x5574ef85e400 :6800 s=STATE_ACCEPTING_WAIT_SEQ pgs=4212 cs=1 l=0)._process_connection accept get newly_acked_seq 0 -988>
2019-11-12 09:20:16.698 7fe887a15700 5 -- 192.168.200.19:6800/1460470921 >> 192.168.200.30:0/232332927 conn(0x5574ef85e400 :6800 s=STATE_OPEN_MESSAGE_READ_FOOTER_AND_DISPATCH pgs=4212 cs=1 l=0). rx client.1793818 seq 1 0x5574ef7c9440 client_reconnect(1 caps) v3 -988>
2019-11-12 09:20:16.698 7fe885a11700 1 -- 192.168.200.19:6800/1460470921 <== client.1793818 192.168.200.30:0/232332927 1 ==== client_reconnect(1 caps) v3 ==== 0+0+98 (0 0 3089022758) 0x5574ef7c9440 con 0x5574ef85e400 -988>
2019-11-12 09:20:16.698 7fe885a11700 1 -- 192.168.200.19:6800/1460470921 --> 192.168.200.30:0/232332927 -- client_session(open) v3 -- 0x5574ef7a7200 con 0 -988>
2019-11-12 09:20:16.698 7fe888a17700 2 -- 192.168.200.19:6800/1460470921 >> 192.168.200.32:0/2855972843 conn(0x5574ef85cc00 :6800 s=STATE_ACCEPTING_WAIT_SEQ pgs=4212 cs=1 l=0).handle_connect_msg accept write reply msg done -988>
2019-11-12 09:20:16.698 7fe888a17700 2 -- 192.168.200.19:6800/1460470921 >> 192.168.200.32:0/2855972843 conn(0x5574ef85cc00 :6800 s=STATE_ACCEPTING_WAIT_SEQ pgs=4212 cs=1 l=0)._process_connection accept get newly_acked_seq 0 -988>
2019-11-12 09:20:16.698 7fe885a11700 0 log_channel(cluster) log [DBG] : reconnect by client.1793818 192.168.200.30:0/232332927 after 0.00400008 -988>
2019-11-12 09:20:16.698 7fe888a17700 1 -- 192.168.200.19:6800/1460470921 >> - conn(0x5574ef85ea00 :6800 s=STATE_ACCEPTING pgs=0 cs=0 l=0)._process_connection sd=38 - -988>
2019-11-12 09:20:16.698 7fe887a15700 2 -- 192.168.200.19:6800/1460470921 >> 192.168.200.31:0/1453103486 conn(0x5574ef85f600 :6800 s=STATE_ACCEPTING_WAIT_SEQ pgs=7530 cs=1 l=0).handle_connect_msg accept write reply msg done -988>
2019-11-12 09:20:16.698 7fe888a17700 1 -- 192.168.200.19:6800/1460470921 >> - conn(0x5574f11dc000 :6800 s=STATE_ACCEPTING pgs=0 cs=0 l=0)._process_connection sd=41 - -988>
2019-11-12 09:20:16.698 7fe888a17700 5 -- 192.168.200.19:6800/1460470921 >> 192.168.200.32:0/2855972843 conn(0x5574ef85cc00 :6800 s=STATE_OPEN_MESSAGE_READ_FOOTER_AND_DISPATCH pgs=4212 cs=1 l=0). rx client.1804140 seq 1 0x5574ef8646c0 client_reconnect(1 caps) v3 -988>
2019-11-12 09:20:16.698 7fe888216700 2 -- 192.168.200.19:6800/1460470921 >> 192.168.200.30:0/522103062 conn(0x5574f11dc600 :6800 s=STATE_ACCEPTING_WAIT_SEQ pgs=4292 cs=1 l=0).handle_connect_msg accept write reply msg done -988>
2019-11-12 09:20:16.698 7fe888216700 2 -- 192.168.200.19:6800/1460470921 >> 192.168.200.32:0/3593333399 conn(0x5574ef85f000 :6800 s=STATE_ACCEPTING_WAIT_SEQ pgs=4219 cs=1 l=0)._process_connection accept get newly_acked_seq 0 -988>
2019-11-12 09:20:16.698 7fe888216700 5 -- 192.168.200.19:6800/1460470921 >> 192.168.200.32:0/3593333399 conn(0x5574ef85f000 :6800 s=STATE_OPEN_MESSAGE_READ_FOOTER_AND_DISPATCH pgs=4219 cs=1 l=0). rx client.1792815 seq 1 0x5574f06ce900 client_request(client.1792815:329 getattr pAsLsXsFs #0x10000025367
2019-11-12 09:19:42.723279 RETRY=1 caller_uid=0, caller_gid=0{}) v2 -988>
2019-11-12 09:20:16.698 7fe888216700 5 -- 192.168.200.19:6800/1460470921 >> 192.168.200.32:0/3593333399 conn(0x5574ef85f000 :6800 s=STATE_OPEN_MESSAGE_READ_FOOTER_AND_DISPATCH pgs=4219 cs=1 l=0). rx client.1792815 seq 2 0x5574f1199200 client_reconnect(1 caps) v3 -988>
2019-11-12 09:20:16.698 7fe887a15700 2 -- 192.168.200.19:6800/1460470921 >> 192.168.200.30:0/3506497893 conn(0x5574f11dcc00 :6800 s=STATE_ACCEPTING_WAIT_SEQ pgs=5028 cs=1 l=0).handle_connect_msg accept write reply msg done -988>
2019-11-12 09:20:16.698 7fe888216700 2 -- 192.168.200.19:6800/1460470921 >> 192.168.200.30:0/522103062 conn(0x5574f11dc600 :6800 s=STATE_ACCEPTING_WAIT_SEQ pgs=4292 cs=1 l=0)._process_connection accept get newly_acked_seq 0 -988>
2019-11-12 09:20:16.698 7fe888216700 5 -- 192.168.200.19:6800/1460470921 >> 192.168.200.30:0/522103062 conn(0x5574f11dc600 :6800 s=STATE_OPEN_MESSAGE_READ_FOOTER_AND_DISPATCH pgs=4292 cs=1 l=0). rx client.1794662 seq 1 0x5574f06ce600 client_request(client.1794662:952065 readdir #0x3000001e549
2019-11-12 08:37:22.860969 RETRY=55 caller_uid=33, caller_gid=33{}) v2 -988>
2019-11-12 09:20:16.698 7fe888216700 5 -- 192.168.200.19:6800/1460470921 >> 192.168.200.30:0/522103062 conn(0x5574f11dc600 :6800 s=STATE_OPEN_MESSAGE_READ_FOOTER_AND_DISPATCH pgs=4292 cs=1 l=0). rx client.1794662 seq 2 0x5574f06cec00 client_request(client.1794662:952066 readdir #0x3000001e549
2019-11-12 09:10:51.957957 RETRY=6 caller_uid=33, caller_gid=33{}) v2 -988>
2019-11-12 09:20:16.698 7fe888216700 5 -- 192.168.200.19:6800/1460470921 >> 192.168.200.30:0/522103062 conn(0x5574f11dc600 :6800 s=STATE_OPEN_MESSAGE_READ_FOOTER_AND_DISPATCH pgs=4292 cs=1 l=0). rx client.1794662 seq 3 0x5574f1199440 client_reconnect(1 caps) v3 -988>
2019-11-12 09:20:16.698 7fe885a11700 1 -- 192.168.200.19:6800/1460470921 <== client.1804140 192.168.200.32:0/2855972843 1 ==== client_reconnect(1 caps) v3 ==== 0+0+98 (0 0 3745454508) 0x5574ef8646c0 con 0x5574ef85cc00 -988>
2019-11-12 09:20:16.698 7fe885a11700 1 -- 192.168.200.19:6800/1460470921 --> 192.168.200.32:0/2855972843 -- client_session(open) v3 -- 0x5574ef7c9440 con 0 -988>
2019-11-12 09:20:16.698 7fe887a15700 2 -- 192.168.200.19:6800/1460470921 >> 192.168.200.31:0/1453103486 conn(0x5574ef85f600 :6800 s=STATE_ACCEPTING_WAIT_SEQ pgs=7530 cs=1 l=0)._process_connection accept get newly_acked_seq 0 -988>
2019-11-12 09:20:16.698 7fe888a17700 2 -- 192.168.200.19:6800/1460470921 >> 192.168.200.31:0/2398232289 conn(0x5574ef85ea00 :6800 s=STATE_ACCEPTING_WAIT_SEQ pgs=5362 cs=1 l=0).handle_connect_msg accept write reply msg done -988>
2019-11-12 09:20:16.698 7fe887a15700 5 -- 192.168.200.19:6800/1460470921 >> 192.168.200.31:0/1453103486 conn(0x5574ef85f600 :6800 s=STATE_OPEN_MESSAGE_READ_FOOTER_AND_DISPATCH pgs=7530 cs=1 l=0). rx client.1794521 seq 1 0x5574f06ce000 client_request(client.1794521:96218 lookup #0x100013ad07a/eula.txt
2019-11-12 08:28:11.070817 RETRY=67 caller_uid=1000, caller_gid=1000{}) v2 -988>
2019-11-12 09:20:16.698 7fe887a15700 5 -- 192.168.200.19:6800/1460470921 >> 192.168.200.31:0/1453103486 conn(0x5574ef85f600 :6800 s=STATE_OPEN_MESSAGE_READ_FOOTER_AND_DISPATCH pgs=7530 cs=1 l=0). rx client.1794521 seq 2 0x5574ef565b00 client_request(client.1794521:96220 lookup #0x100013ad07a/eula.txt
2019-11-12 08:29:41.944559 RETRY=65 caller_uid=1000, caller_gid=1000{}) v2 -988>
2019-11-12 09:20:16.698 7fe887a15700 5 -- 192.168.200.19:6800/1460470921 >> 192.168.200.31:0/1453103486 conn(0x5574ef85f600 :6800 s=STATE_OPEN_MESSAGE_READ_FOOTER_AND_DISPATCH pgs=7530 cs=1 l=0). rx client.1794521 seq 3 0x5574f06cf200 client_request(client.1794521:96222 lookup #0x100013ad07a/eula.txt
2019-11-12 08:36:00.047709 RETRY=57 caller_uid=1000, caller_gid=1000{}) v2 -988>
2019-11-12 09:20:16.698 7fe887a15700 5 -- 192.168.200.19:6800/1460470921 >> 192.168.200.31:0/1453103486 conn(0x5574ef85f600 :6800 s=STATE_OPEN_MESSAGE_READ_FOOTER_AND_DISPATCH pgs=7530 cs=1 l=0). rx client.1794521 seq 4 0x5574f06cf500 client_request(client.1794521:96224 lookup #0x100013ad07a/eula.txt
2019-11-12 08:37:28.357363 RETRY=55 caller_uid=1000, caller_gid=1000{}) v2 -988>
2019-11-12 09:20:16.698 7fe887a15700 5 -- 192.168.200.19:6800/1460470921 >> 192.168.200.31:0/1453103486 conn(0x5574ef85f600 :6800 s=STATE_OPEN_MESSAGE_READ_FOOTER_AND_DISPATCH pgs=7530 cs=1 l=0). rx client.1794521 seq 5 0x5574f06cf800 client_request(client.1794521:96226 lookup #0x100013ad07a/eula.txt
2019-11-12 08:44:11.084864 RETRY=47 caller_uid=1000, caller_gid=1000{}) v2 -988>
2019-11-12 09:20:16.698 7fe885a11700 0 log_channel(cluster) log [DBG] : reconnect by client.1804140 192.168.200.32:0/2855972843 after 0.00400008 -988>
2019-11-12 09:20:16.698 7fe887a15700 5 -- 192.168.200.19:6800/1460470921 >> 192.168.200.31:0/1453103486 conn(0x5574ef85f600 :6800 s=STATE_OPEN_MESSAGE_READ_FOOTER_AND_DISPATCH pgs=7530 cs=1 l=0). rx client.1794521 seq 6 0x5574f06cfb00 client_request(client.1794521:96227 lookup #0x100013ad07a/eula.txt
2019-11-12 08:45:24.114219 RETRY=45 caller_uid=1000, caller_gid=1000{}) v2 -988>
2019-11-12 09:20:16.698 7fe887a15700 5 -- 192.168.200.19:6800/1460470921 >> 192.168.200.31:0/1453103486 conn(0x5574ef85f600 :6800 s=STATE_OPEN_MESSAGE_READ_FOOTER_AND_DISPATCH pgs=7530 cs=1 l=0). rx client.1794521 seq 7 0x5574f11f0000 client_request(client.1794521:96230 lookup #0x100013ad07a/eula.txt
2019-11-12 08:57:57.351991 RETRY=34 caller_uid=1000, caller_gid=1000{}) v2 -988>
2019-11-12 09:20:16.698 7fe887a15700 5 -- 192.168.200.19:6800/1460470921 >> 192.168.200.31:0/1453103486 conn(0x5574ef85f600 :6800 s=STATE_OPEN_MESSAGE_READ_FOOTER_AND_DISPATCH pgs=7530 cs=1 l=0). rx client.1794521 seq 8 0x5574f11f0300 client_request(client.1794521:96231 lookup #0x100013ad07a/eula.txt
2019-11-12 08:59:14.149366 RETRY=30 caller_uid=1000, caller_gid=1000{}) v2 -988>
2019-11-12 09:20:16.698 7fe887a15700 5 -- 192.168.200.19:6800/1460470921 >> 192.168.200.31:0/1453103486 conn(0x5574ef85f600 :6800 s=STATE_OPEN_MESSAGE_READ_FOOTER_AND_DISPATCH pgs=7530 cs=1 l=0). rx client.1794521 seq 9 0x5574f11f0600 client_request(client.1794521:96232 lookup #0x100013ad07a/eula.txt
2019-11-12 09:05:30.072151 RETRY=10 caller_uid=1000, caller_gid=1000{}) v2 -988>
2019-11-12 09:20:16.698 7fe885a11700 1 -- 192.168.200.19:6800/1460470921 <== client.1792815 192.168.200.32:0/3593333399 1 ==== client_request(client.1792815:329 getattr pAsLsXsFs #0x10000025367
2019-11-12 09:19:42.723279 RETRY=1 caller_uid=0, caller_gid=0{}) v2 ==== 122+0+0 (1097225393 0 0) 0x5574f06ce900 con 0x5574ef85f000 -988>
2019-11-12 09:20:16.698 7fe885a11700 3 mds.0.server not active yet, waiting -988>
2019-11-12 09:20:16.698 7fe887a15700 5 -- 192.168.200.19:6800/1460470921 >> 192.168.200.31:0/1453103486 conn(0x5574ef85f600 :6800 s=STATE_OPEN_MESSAGE_READ_FOOTER_AND_DISPATCH pgs=7530 cs=1 l=0). rx client.1794521 seq 10 0x5574f11f0900 client_request(client.1794521:96233 lookup #0x100013ad07a/eula.txt
2019-11-12 09:06:44.117495 RETRY=8 caller_uid=1000, caller_gid=1000{}) v2 -988>
2019-11-12 09:20:16.698 7fe887a15700 5 -- 192.168.200.19:6800/1460470921 >> 192.168.200.31:0/1453103486 conn(0x5574ef85f600 :6800 s=STATE_OPEN_MESSAGE_READ_FOOTER_AND_DISPATCH pgs=7530 cs=1 l=0). rx client.1794521 seq 11 0x5574f11f0c00 client_request(client.1794521:96236 lookup #0x100013ad07a/eula.txt
2019-11-12 09:17:08.464874 RETRY=2 caller_uid=1000, caller_gid=1000{}) v2 -988>
2019-11-12 09:20:16.698 7fe885a11700 1 -- 192.168.200.19:6800/1460470921 <== client.1794521 192.168.200.31:0/1453103486 1 ==== client_request(client.1794521:96218 lookup #0x100013ad07a/eula.txt
2019-11-12 08:28:11.070817 RETRY=67 caller_uid=1000, caller_gid=1000{}) v2 ==== 130+0+0 (2264195835 0 0) 0x5574f06ce000 con 0x5574ef85f600 -988>
2019-11-12 09:20:16.698 7fe887a15700 5 -- 192.168.200.19:6800/1460470921 >> 192.168.200.31:0/1453103486 conn(0x5574ef85f600 :6800 s=STATE_OPEN_MESSAGE_READ_FOOTER_AND_DISPATCH pgs=7530 cs=1 l=0). rx client.1794521 seq 12 0x5574f11f0f00 client_request(client.1794521:96238 lookup #0x100013ad07a/eula.txt
2019-11-12 09:18:43.942618 RETRY=1 caller_uid=1000, caller_gid=1000{}) v2 -988>
2019-11-12 09:20:16.698 7fe887a15700 5 -- 192.168.200.19:6800/1460470921 >> 192.168.200.31:0/1453103486 conn(0x5574ef85f600 :6800 s=STATE_OPEN_MESSAGE_READ_FOOTER_AND_DISPATCH pgs=7530 cs=1 l=0). rx client.1794521 seq 13 0x5574f11f1200 client_request(client.1794521:96239 getattr As #0x100013ad07a
2019-11-12 09:19:36.755583 RETRY=1 caller_uid=0, caller_gid=0{}) v2 -988>
2019-11-12 09:20:16.698 7fe885a11700 3 mds.0.server not active yet, waiting -988>
2019-11-12 09:20:16.698 7fe887a15700 5 -- 192.168.200.19:6800/1460470921 >> 192.168.200.31:0/1453103486 conn(0x5574ef85f600 :6800 s=STATE_OPEN_MESSAGE_READ_FOOTER_AND_DISPATCH pgs=7530 cs=1 l=0). rx client.1794521 seq 14 0x5574ef864240 client_reconnect(1 caps) v3 -988>
2019-11-12 09:20:16.698 7fe885a11700 1 -- 192.168.200.19:6800/1460470921 <== client.1794662 192.168.200.30:0/522103062 1 ==== client_request(client.1794662:952065 readdir #0x3000001e549
2019-11-12 08:37:22.860969 RETRY=55 caller_uid=33, caller_gid=33{}) v2 ==== 122+0+0 (231600759 0 0) 0x5574f06ce600 con 0x5574f11dc600 -988>
2019-11-12 09:20:16.698 7fe885a11700 3 mds.0.server not active yet, waiting -988>
2019-11-12 09:20:16.698 7fe885a11700 1 -- 192.168.200.19:6800/1460470921 <== client.1792815 192.168.200.32:0/3593333399 2 ==== client_reconnect(1 caps) v3 ==== 0+0+98 (0 0 1066103343) 0x5574f1199200 con 0x5574ef85f000 -988>
2019-11-12 09:20:16.698 7fe887a15700 2 -- 192.168.200.19:6800/1460470921 >> 192.168.200.30:0/3506497893 conn(0x5574f11dcc00 :6800 s=STATE_ACCEPTING_WAIT_SEQ pgs=5028 cs=1 l=0)._process_connection accept get newly_acked_seq 0 -988>
2019-11-12 09:20:16.698 7fe885a11700 1 -- 192.168.200.19:6800/1460470921 --> 192.168.200.32:0/3593333399 -- client_session(open) v3 -- 0x5574ef8646c0 con 0 -988>
2019-11-12 09:20:16.698 7fe888a17700 2 -- 192.168.200.19:6800/1460470921 >> 192.168.200.30:0/2985278080 conn(0x5574f11dc000 :6800 s=STATE_ACCEPTING_WAIT_SEQ pgs=4285 cs=1 l=0).handle_connect_msg accept write reply msg done -988>
2019-11-12 09:20:16.698 7fe887a15700 5 -- 192.168.200.19:6800/1460470921 >> 192.168.200.30:0/3506497893 conn(0x5574f11dcc00 :6800 s=STATE_OPEN_MESSAGE_READ_FOOTER_AND_DISPATCH pgs=5028 cs=1 l=0). rx client.1794665 seq 1 0x5574f11f1500 client_request(client.1794665:22967 lookup #0x10001346b3e/public
2019-11-12 08:23:30.359288 RETRY=73 caller_uid=33, caller_gid=33{}) v2 -988>
2019-11-12 09:20:16.698 7fe887a15700 5 -- 192.168.200.19:6800/1460470921 >> 192.168.200.30:0/3506497893 conn(0x5574f11dcc00 :6800 s=STATE_OPEN_MESSAGE_READ_FOOTER_AND_DISPATCH pgs=5028 cs=1 l=0). rx client.1794665 seq 2 0x5574f11f1800 client_request(client.1794665:22975 lookup #0x10001344421/bookmarks
2019-11-12 08:26:09.157921 RETRY=70 caller_uid=33, caller_gid=33{}) v2 -988>
2019-11-12 09:20:16.698 7fe887a15700 5 -- 192.168.200.19:6800/1460470921 >> 192.168.200.30:0/3506497893 conn(0x5574f11dcc00 :6800 s=STATE_OPEN_MESSAGE_READ_FOOTER_AND_DISPATCH pgs=5028 cs=1 l=0). rx client.1794665 seq 3 0x5574f11f1b00 client_request(client.1794665:23185 lookup #0x10001344421/bookmarks
2019-11-12 08:48:12.519545 RETRY=41 caller_uid=33, caller_gid=33{}) v2 -988>
2019-11-12 09:20:16.698 7fe887a15700 5 -- 192.168.200.19:6800/1460470921 >> 192.168.200.30:0/3506497893 conn(0x5574f11dcc00 :6800 s=STATE_OPEN_MESSAGE_READ_FOOTER_AND_DISPATCH pgs=5028 cs=1 l=0). rx client.1794665 seq 4 0x5574f11fa000 client_request(client.1794665:23218 open #0x10001346b3e/.htaccess
2019-11-12 08:57:40.980883 RETRY=35 caller_uid=33, caller_gid=33{}) v2 -988>
2019-11-12 09:20:16.698 7fe885a11700 0 log_channel(cluster) log [DBG] : reconnect by client.1792815 192.168.200.32:0/3593333399 after 0.00400008 -988>
2019-11-12 09:20:16.698 7fe887a15700 5 -- 192.168.200.19:6800/1460470921 >> 192.168.200.30:0/3506497893 conn(0x5574f11dcc00 :6800 s=STATE_OPEN_MESSAGE_READ_FOOTER_AND_DISPATCH pgs=5028 cs=1 l=0). rx client.1794665 seq 5 0x5574f11fa300 client_request(client.1794665:23345 getattr As #0x1000133e06d
2019-11-12 09:18:35.453545 RETRY=1 caller_uid=33, caller_gid=33{}) v2 -988>
2019-11-12 09:20:16.698 7fe887a15700 5 -- 192.168.200.19:6800/1460470921 >> 192.168.200.30:0/3506497893 conn(0x5574f11dcc00 :6800 s=STATE_OPEN_MESSAGE_READ_FOOTER_AND_DISPATCH pgs=5028 cs=1 l=0). rx client.1794665 seq 6 0x5574f11fa600 client_request(client.1794665:23346 lookup #0x1000133e06d/index.php
2019-11-12 09:18:40.585629 RETRY=1 caller_uid=33, caller_gid=33{}) v2 -988>
2019-11-12 09:20:16.698 7fe887a15700 5 -- 192.168.200.19:6800/1460470921 >> 192.168.200.30:0/3506497893 conn(0x5574f11dcc00 :6800 s=STATE_OPEN_MESSAGE_READ_FOOTER_AND_DISPATCH pgs=5028 cs=1 l=0). rx client.1794665 seq 7 0x5574f11fa900 client_request(client.1794665:23347 lookup #0x10001346679/public
2019-11-12 09:18:41.409643 RETRY=1 caller_uid=33, caller_gid=33{}) v2 -988>
2019-11-12 09:20:16.698 7fe885a11700 1 -- 192.168.200.19:6800/1460470921 <== client.1794521 192.168.200.31:0/1453103486 2 ==== client_request(client.1794521:96220 lookup #0x100013ad07a/eula.txt
2019-11-12 08:29:41.944559 RETRY=65 caller_uid=1000, caller_gid=1000{}) v2 ==== 130+0+0 (4027415736 0 0) 0x5574ef565b00 con 0x5574ef85f600 -988>
2019-11-12 09:20:16.698 7fe885a11700 3 mds.0.server not active yet, waiting -988>
2019-11-12 09:20:16.698 7fe887a15700 5 -- 192.168.200.19:6800/1460470921 >> 192.168.200.30:0/3506497893 conn(0x5574f11dcc00 :6800 s=STATE_OPEN_MESSAGE_READ_FOOTER_AND_DISPATCH pgs=5028 cs=1 l=0). rx client.1794665 seq 8 0x5574f11fac00 client_request(client.1794665:23348 lookup #0x1000134691b/autoload.php
2019-11-12 09:18:41.409643 RETRY=1 caller_uid=33, caller_gid=33{}) v2 -988>
2019-11-12 09:20:16.698 7fe887a15700 5 -- 192.168.200.19:6800/1460470921 >> 192.168.200.30:0/3506497893 conn(0x5574f11dcc00 :6800 s=STATE_OPEN_MESSAGE_READ_FOOTER_AND_DISPATCH pgs=5028 cs=1 l=0). rx client.1794665 seq 9 0x5574f11faf00 client_request(client.1794665:23349 lookup #0x10001346679/private
2019-11-12 09:18:41.457643 RETRY=1 caller_uid=33, caller_gid=33{}) v2 -988>
2019-11-12 09:20:16.698 7fe887a15700 5 -- 192.168.200.19:6800/1460470921 >> 192.168.200.30:0/3506497893 conn(0x5574f11dcc00 :6800 s=STATE_OPEN_MESSAGE_READ_FOOTER_AND_DISPATCH pgs=5028 cs=1 l=0). rx client.1794665 seq 10 0x5574ef864000 client_reconnect(8 caps) v3 -988>
2019-11-12 09:20:16.702 7fe888a17700 2 -- 192.168.200.19:6800/1460470921 >> 192.168.200.30:0/2985278080 conn(0x5574f11dc000 :6800 s=STATE_ACCEPTING_WAIT_SEQ pgs=4285 cs=1 l=0)._process_connection accept get newly_acked_seq 0 -988>
2019-11-12 09:20:16.702 7fe888a17700 5 -- 192.168.200.19:6800/1460470921 >> 192.168.200.30:0/2985278080 conn(0x5574f11dc000 :6800 s=STATE_OPEN_MESSAGE_READ_FOOTER_AND_DISPATCH pgs=4285 cs=1 l=0). rx client.1794668 seq 1 0x5574ef7a6900 client_reconnect(1 caps) v3 -988>
2019-11-12 09:20:16.702 7fe888a17700 2 -- 192.168.200.19:6800/1460470921 >> 192.168.200.31:0/2398232289 conn(0x5574ef85ea00 :6800 s=STATE_ACCEPTING_WAIT_SEQ pgs=5362 cs=1 l=0)._process_connection accept get newly_acked_seq 0 -988>
2019-11-12 09:20:16.702 7fe888a17700 5 -- 192.168.200.19:6800/1460470921 >> 192.168.200.31:0/2398232289 conn(0x5574ef85ea00 :6800 s=STATE_OPEN_MESSAGE_READ_FOOTER_AND_DISPATCH pgs=5362 cs=1 l=0). rx client.1793737 seq 1 0x5574f11fb500 client_request(client.1793737:19795 setattr size=0 mtime=2019-11-12 08:23:02.984801 #0x100013b15fc
2019-11-12 08:23:02.984801 RETRY=74 caller_uid=1000, caller_gid=1000{}) v2 -988>
2019-11-12 09:20:16.702 7fe888a17700 5 -- 192.168.200.19:6800/1460470921 >> 192.168.200.31:0/2398232289 conn(0x5574ef85ea00 :6800 s=STATE_OPEN_MESSAGE_READ_FOOTER_AND_DISPATCH pgs=5362 cs=1 l=0). rx client.1793737 seq 2 0x5574f11fb800 client_request(client.1793737:19856 getattr pAs #0x100013b1606/db
2019-11-12 09:18:41.418572 RETRY=1 caller_uid=1000, caller_gid=1000{}) v2 -988>
2019-11-12 09:20:16.702 7fe888a17700 5 -- 192.168.200.19:6800/1460470921 >> 192.168.200.31:0/2398232289 conn(0x5574ef85ea00 :6800 s=STATE_OPEN_MESSAGE_READ_FOOTER_AND_DISPATCH pgs=5362 cs=1 l=0). rx client.1793737 seq 3 0x5574f1198000 client_reconnect(10 caps) v3 -988>
