2019-11-12 09:20:08.442 7fe87f77b700 4 mds.0.purge_queue open: opening -988>
2019-11-12 09:20:08.442 7fe87f77b700 1 mds.0.journaler.pq(ro) recover start -988>
2019-11-12 09:20:08.442 7fe87f77b700 1 mds.0.journaler.pq(ro) read_head -988>
2019-11-12 09:20:08.442 7fe87ef7a700 1 -- 192.168.200.19:6800/1460470921 --> 192.168.200.19:6805/12258 -- osd_op(unknown.0.56303:3 6.f 6:f1f69726:::400.00000000:head [read 0~0] snapc 0=[] ondisk+read+known_if_redirected+full_force e28661) v8 -- 0x5574ef7fd8c0 con 0 -988>
2019-11-12 09:20:08.442 7fe87f77b700 1 -- 192.168.200.19:6800/1460470921 --> 192.168.200.17:6806/20250 -- osd_op(unknown.0.56303:4 6.55 6:aa448500:::500.00000000:head [read 0~0] snapc 0=[] ondisk+read+known_if_redirected+full_force e28661) v8 -- 0x5574ef7fd340 con 0 -988>
2019-11-12 09:20:08.442 7fe87f77b700 2 mds.0.56303 boot_start 0: loading open file table (async) -988>
2019-11-12 09:20:08.442 7fe87f77b700 1 -- 192.168.200.19:6800/1460470921 --> 192.168.200.17:6806/20250 -- osd_op(unknown.0.56303:5 6.26 6:654134d2:::mds0_openfiles.0:head [omap-get-header,omap-get-vals] snapc 0=[] ondisk+read+known_if_redirected+full_force e28661) v8 -- 0x5574ef7fd600 con 0 -988>
2019-11-12 09:20:08.442 7fe87f77b700 2 mds.0.56303 boot_start 0: opening snap table -988>
2019-11-12 09:20:08.442 7fe87f77b700 1 -- 192.168.200.19:6800/1460470921 --> 192.168.200.15:6805/24523 -- osd_op(unknown.0.56303:6 6.2d 6:b50e409b:::mds_snaptable:head [read 0~0] snapc 0=[] ondisk+read+known_if_redirected+full_force e28661) v8 -- 0x5574ef7fdb80 con 0 -988>
2019-11-12 09:20:08.442 7fe888216700 2 -- 192.168.200.19:6800/1460470921 >> 192.168.200.19:6805/12258 conn(0x5574ef703000 :-1 s=STATE_CONNECTING_WAIT_ACK_SEQ pgs=0 cs=0 l=1)._process_connection got newly_acked_seq 0 vs out_seq 0 -988>
2019-11-12 09:20:08.442 7fe888a17700 2 -- 192.168.200.19:6800/1460470921 >> 192.168.200.15:6805/24523 conn(0x5574ef702a00 :-1 s=STATE_CONNECTING_WAIT_ACK_SEQ pgs=0 cs=0 l=1)._process_connection got newly_acked_seq 0 vs out_seq 0 -988>
2019-11-12 09:20:08.442 7fe887a15700 2 -- 192.168.200.19:6800/1460470921 >> 192.168.200.17:6806/20250 conn(0x5574ef703600 :-1 s=STATE_CONNECTING_WAIT_ACK_SEQ pgs=0 cs=0 l=1)._process_connection got newly_acked_seq 0 vs out_seq 0 -988>
2019-11-12 09:20:08.446 7fe888a17700 5 -- 192.168.200.19:6800/1460470921 >> 192.168.200.15:6805/24523 conn(0x5574ef702a00 :-1 s=STATE_OPEN_MESSAGE_READ_FOOTER_AND_DISPATCH pgs=11977 cs=1 l=1). rx osd.1 seq 1 0x5574ef7fdb80 osd_op_reply(1 mds0_inotable [read 0~34] v0'0 uv59541 ondisk = 0) v8 -988>
2019-11-12 09:20:08.446 7fe888a17700 1 -- 192.168.200.19:6800/1460470921 <== osd.1 192.168.200.15:6805/24523 1 ==== osd_op_reply(1 mds0_inotable [read 0~34] v0'0 uv59541 ondisk = 0) v8 ==== 157+0+34 (3903532989 0 4146252902) 0x5574ef7fdb80 con 0x5574ef702a00 -988>
2019-11-12 09:20:08.446 7fe888a17700 5 -- 192.168.200.19:6800/1460470921 >> 192.168.200.15:6805/24523 conn(0x5574ef702a00 :-1 s=STATE_OPEN_MESSAGE_READ_FOOTER_AND_DISPATCH pgs=11977 cs=1 l=1). rx osd.1 seq 2 0x5574ef7fdb80 osd_op_reply(6 mds_snaptable [read 0~70] v0'0 uv69169 ondisk = 0) v8 -988>
2019-11-12 09:20:08.446 7fe888a17700 1 -- 192.168.200.19:6800/1460470921 <== osd.1 192.168.200.15:6805/24523 2 ==== osd_op_reply(6 mds_snaptable [read 0~70] v0'0 uv69169 ondisk = 0) v8 ==== 157+0+70 (1873612932 0 336025128) 0x5574ef7fdb80 con 0x5574ef702a00 -988>
2019-11-12 09:20:08.446 7fe888a17700 5 -- 192.168.200.19:6800/1460470921 >> 192.168.200.15:6805/24523 conn(0x5574ef702a00 :-1 s=STATE_OPEN_MESSAGE_READ_FOOTER_AND_DISPATCH pgs=11977 cs=1 l=1). rx osd.1 seq 3 0x5574ef7fdb80 osd_op_reply(2 mds0_sessionmap [omap-get-header,omap-get-vals] v0'0 uv43122 ondisk = 0) v8 -988>
2019-11-12 09:20:08.446 7fe888a17700 1 -- 192.168.200.19:6800/1460470921 <== osd.1 192.168.200.15:6805/24523 3 ==== osd_op_reply(2 mds0_sessionmap [omap-get-header,omap-get-vals] v0'0 uv43122 ondisk = 0) v8 ==== 201+0+6124 (669162857 0 3071192317) 0x5574ef7fdb80 con 0x5574ef702a00 -988>
2019-11-12 09:20:08.514 7fe888216700 5 -- 192.168.200.19:6800/1460470921 >> 192.168.200.19:6805/12258 conn(0x5574ef703000 :-1 s=STATE_OPEN_MESSAGE_READ_FOOTER_AND_DISPATCH pgs=12849 cs=1 l=1). rx osd.5 seq 1 0x5574ef7fd8c0 osd_op_reply(3 400.00000000 [read 0~22] v0'0 uv974 ondisk = 0) v8 -988>
2019-11-12 09:20:08.514 7fe888216700 1 -- 192.168.200.19:6800/1460470921 <== osd.5 192.168.200.19:6805/12258 1 ==== osd_op_reply(3 400.00000000 [read 0~22] v0'0 uv974 ondisk = 0) v8 ==== 156+0+22 (844539098 0 3825830296) 0x5574ef7fd8c0 con 0x5574ef703000 -988>
2019-11-12 09:20:08.514 7fe87ef7a700 1 mds.0.journaler.mdlog(ro) recover start -988>
2019-11-12 09:20:08.514 7fe87ef7a700 1 mds.0.journaler.mdlog(ro) read_head -988>
2019-11-12 09:20:08.514 7fe87ef7a700 1 -- 192.168.200.19:6800/1460470921 --> 192.168.200.15:6805/24523 -- osd_op(unknown.0.56303:7 6.14 6:292cf221:::200.00000000:head [read 0~0] snapc 0=[] ondisk+read+known_if_redirected+full_force e28661) v8 -- 0x5574ef7fd340 con 0 -988>
2019-11-12 09:20:08.514 7fe87ef7a700 4 mds.0.log Waiting for journal 0x200 to recover... -988>
2019-11-12 09:20:08.514 7fe887a15700 5 -- 192.168.200.19:6800/1460470921 >> 192.168.200.17:6806/20250 conn(0x5574ef703600 :-1 s=STATE_OPEN_MESSAGE_READ_FOOTER_AND_DISPATCH pgs=16763 cs=1 l=1). rx osd.4 seq 1 0x5574ef7fc840 osd_op_reply(4 500.00000000 [read 0~90] v0'0 uv121857 ondisk = 0) v8 -988>
2019-11-12 09:20:08.514 7fe887a15700 1 -- 192.168.200.19:6800/1460470921 <== osd.4 192.168.200.17:6806/20250 1 ==== osd_op_reply(4 500.00000000 [read 0~90] v0'0 uv121857 ondisk = 0) v8 ==== 156+0+90 (446579549 0 2262816634) 0x5574ef7fc840 con 0x5574ef703600 -988>
2019-11-12 09:20:08.518 7fe88077d700 1 mds.0.journaler.pq(ro) _finish_read_head loghead(trim 62914560, expire 64461072, write 64480126, stream_format 1). probing for end of log (from 64480126)... -988>
2019-11-12 09:20:08.518 7fe88077d700 1 mds.0.journaler.pq(ro) probing for end of the log -988>
2019-11-12 09:20:08.518 7fe88077d700 1 -- 192.168.200.19:6800/1460470921 --> 192.168.200.17:6806/20250 -- osd_op(unknown.0.56303:8 6.25 6:a64c6dbf:::500.0000000f:head [stat] snapc 0=[] ondisk+read+rwordered+known_if_redirected+full_force e28661) v8 -- 0x5574ef810000 con 0 -988>
2019-11-12 09:20:08.518 7fe88077d700 1 -- 192.168.200.19:6800/1460470921 --> 192.168.200.19:6805/12258 -- osd_op(unknown.0.56303:9 6.51 6:8a60f78d:::500.00000010:head [stat] snapc 0=[] ondisk+read+rwordered+known_if_redirected+full_force e28661) v8 -- 0x5574ef8102c0 con 0 -988>
2019-11-12 09:20:08.518 7fe888a17700 5 -- 192.168.200.19:6800/1460470921 >> 192.168.200.15:6805/24523 conn(0x5574ef702a00 :-1 s=STATE_OPEN_MESSAGE_READ_FOOTER_AND_DISPATCH pgs=11977 cs=1 l=1). rx osd.1 seq 4 0x5574ef7fd340 osd_op_reply(7 200.00000000 [read 0~90] v0'0 uv1334401 ondisk = 0) v8 -988>
2019-11-12 09:20:08.518 7fe888a17700 1 -- 192.168.200.19:6800/1460470921 <== osd.1 192.168.200.15:6805/24523 4 ==== osd_op_reply(7 200.00000000 [read 0~90] v0'0 uv1334401 ondisk = 0) v8 ==== 156+0+90 (4261138009 0 1159998223) 0x5574ef7fd340 con 0x5574ef702a00 -988>
2019-11-12 09:20:08.518 7fe87f77b700 1 mds.0.journaler.mdlog(ro) _finish_read_head loghead(trim 33025949696, expire 33036315012, write 33239037805, stream_format 1). probing for end of log (from 33239037805)... -988>
2019-11-12 09:20:08.518 7fe87f77b700 1 mds.0.journaler.mdlog(ro) probing for end of the log -988>
2019-11-12 09:20:08.518 7fe87f77b700 1 -- 192.168.200.19:6800/1460470921 --> 192.168.200.15:6805/24523 -- osd_op(unknown.0.56303:10 6.9 6:916b6fb1:::200.00001ef4:head [stat] snapc 0=[] ondisk+read+rwordered+known_if_redirected+full_force e28661) v8 -- 0x5574ef810840 con 0 -988>
2019-11-12 09:20:08.518 7fe87f77b700 1 -- 192.168.200.19:6800/1460470921 --> 192.168.200.19:6805/12258 -- osd_op(unknown.0.56303:11 6.52 6:4b787142:::200.00001ef5:head [stat] snapc 0=[] ondisk+read+rwordered+known_if_redirected+full_force e28661) v8 -- 0x5574ef810b00 con 0 -988>
2019-11-12 09:20:08.518 7fe888216700 5 -- 192.168.200.19:6800/1460470921 >> 192.168.200.19:6805/12258 conn(0x5574ef703000 :-1 s=STATE_OPEN_MESSAGE_READ_FOOTER_AND_DISPATCH pgs=12849 cs=1 l=1). rx osd.5 seq 2 0x5574ef7fd8c0 osd_op_reply(9 500.00000010 [stat] v0'0 uv0 ondisk = -2 ((2) No such file or directory)) v8 -988>
2019-11-12 09:20:08.518 7fe888216700 1 -- 192.168.200.19:6800/1460470921 <== osd.5 192.168.200.19:6805/12258 2 ==== osd_op_reply(9 500.00000010 [stat] v0'0 uv0 ondisk = -2 ((2) No such file or directory)) v8 ==== 156+0+0 (2138545714 0 0) 0x5574ef7fd8c0 con 0x5574ef703000 -988>
2019-11-12 09:20:08.518 7fe888216700 5 -- 192.168.200.19:6800/1460470921 >> 192.168.200.19:6805/12258 conn(0x5574ef703000 :-1 s=STATE_OPEN_MESSAGE_READ_FOOTER_AND_DISPATCH pgs=12849 cs=1 l=1). rx osd.5 seq 3 0x5574ef7fd8c0 osd_op_reply(11 200.00001ef5 [stat] v0'0 uv0 ondisk = -2 ((2) No such file or directory)) v8 -988>
2019-11-12 09:20:08.518 7fe888216700 1 -- 192.168.200.19:6800/1460470921 <== osd.5 192.168.200.19:6805/12258 3 ==== osd_op_reply(11 200.00001ef5 [stat] v0'0 uv0 ondisk = -2 ((2) No such file or directory)) v8 ==== 156+0+0 (4142874598 0 0) 0x5574ef7fd8c0 con 0x5574ef703000 -988>
2019-11-12 09:20:08.518 7fe887a15700 5 -- 192.168.200.19:6800/1460470921 >> 192.168.200.17:6806/20250 conn(0x5574ef703600 :-1 s=STATE_OPEN_MESSAGE_READ_FOOTER_AND_DISPATCH pgs=16763 cs=1 l=1). rx osd.4 seq 2 0x5574ef810000 osd_op_reply(8 500.0000000f [stat] v0'0 uv76310 ondisk = 0) v8 -988>
2019-11-12 09:20:08.522 7fe887a15700 1 -- 192.168.200.19:6800/1460470921 <== osd.4 192.168.200.17:6806/20250 2 ==== osd_op_reply(8 500.0000000f [stat] v0'0 uv76310 ondisk = 0) v8 ==== 156+0+16 (1441095022 0 2950776802) 0x5574ef810000 con 0x5574ef703600 -988>
2019-11-12 09:20:08.518 7fe888a17700 5 -- 192.168.200.19:6800/1460470921 >> 192.168.200.15:6805/24523 conn(0x5574ef702a00 :-1 s=STATE_OPEN_MESSAGE_READ_FOOTER_AND_DISPATCH pgs=11977 cs=1 l=1). rx osd.1 seq 5 0x5574ef8102c0 osd_op_reply(10 200.00001ef4 [stat] v0'0 uv43315 ondisk = 0) v8 -988>
2019-11-12 09:20:08.522 7fe888a17700 1 -- 192.168.200.19:6800/1460470921 <== osd.1 192.168.200.15:6805/24523 5 ==== osd_op_reply(10 200.00001ef4 [stat] v0'0 uv43315 ondisk = 0) v8 ==== 156+0+16 (586066544 0 3314252265) 0x5574ef8102c0 con 0x5574ef702a00 -988>
2019-11-12 09:20:08.522 7fe88077d700 1 mds.0.journaler.pq(ro) _finish_probe_end write_pos = 64480126 (header had 64480126). recovered. -988>
2019-11-12 09:20:08.522 7fe88077d700 4 mds.0.purge_queue operator(): open complete -988>
2019-11-12 09:20:08.522 7fe88077d700 1 mds.0.journaler.pq(ro) set_writeable -988>
2019-11-12 09:20:08.522 7fe87f77b700 1 mds.0.journaler.mdlog(ro) _finish_probe_end write_pos = 33239061177 (header had 33239037805). recovered. -988>
2019-11-12 09:20:08.522 7fe87ef7a700 4 mds.0.log Journal 0x200 recovered. -988>
2019-11-12 09:20:08.522 7fe87ef7a700 4 mds.0.log Recovered journal 0x200 in format 1 -988>
2019-11-12 09:20:08.522 7fe87ef7a700 2 mds.0.56303 boot_start 1: loading/discovering base inodes -988>
2019-11-12 09:20:08.522 7fe87ef7a700 0 mds.0.cache creating system inode with ino:0x100 -988>
2019-11-12 09:20:08.522 7fe87ef7a700 1 -- 192.168.200.19:6800/1460470921 --> 192.168.200.17:6806/20250 -- osd_op(unknown.0.56303:12 6.33 6:cd5a64a3:::100.00000000:head [getxattr inode] snapc 0=[] ondisk+read+known_if_redirected+full_force e28661) v8 -- 0x5574ef7fd600 con 0 -988>
2019-11-12 09:20:08.522 7fe87ef7a700 1 -- 192.168.200.19:6800/1460470921 --> 192.168.200.15:6805/24523 -- osd_op(unknown.0.56303:13 6.3f 6:fe07bba1:::100.00000000.inode:head [read 0~0] snapc 0=[] ondisk+read+known_if_redirected+full_force e28661) v8 -- 0x5574ef811600 con 0 -988>
2019-11-12 09:20:08.522 7fe87ef7a700 0 mds.0.cache creating system inode with ino:0x1 -988>
2019-11-12 09:20:08.522 7fe87ef7a700 1 -- 192.168.200.19:6800/1460470921 --> 192.168.200.15:6805/24523 -- osd_op(unknown.0.56303:14 6.3f 6:ff5b34d6:::1.00000000:head [getxattr inode] snapc 0=[] ondisk+read+known_if_redirected+full_force e28661) v8 -- 0x5574ef8118c0 con 0 -988>
2019-11-12 09:20:08.522 7fe87ef7a700 1 -- 192.168.200.19:6800/1460470921 --> 192.168.200.15:6805/24523 -- osd_op(unknown.0.56303:15 6.14 6:287034c4:::1.00000000.inode:head [read 0~0] snapc 0=[] ondisk+read+known_if_redirected+full_force e28661) v8 -- 0x5574ef811b80 con 0 -988>
2019-11-12 09:20:08.522 7fe887a15700 5 -- 192.168.200.19:6800/1460470921 >> 192.168.200.17:6806/20250 conn(0x5574ef703600 :-1 s=STATE_OPEN_MESSAGE_READ_FOOTER_AND_DISPATCH pgs=16763 cs=1 l=1). rx osd.4 seq 3 0x5574ef810000 osd_op_reply(12 100.00000000 [getxattr] v0'0 uv0 ondisk = -61 ((61) No data available)) v8 -988>
2019-11-12 09:20:08.522 7fe887a15700 1 -- 192.168.200.19:6800/1460470921 <== osd.4 192.168.200.17:6806/20250 3 ==== osd_op_reply(12 100.00000000 [getxattr] v0'0 uv0 ondisk = -61 ((61) No data available)) v8 ==== 156+0+0 (3193329554 0 0) 0x5574ef810000 con 0x5574ef703600 -988>
2019-11-12 09:20:08.522 7fe888a17700 5 -- 192.168.200.19:6800/1460470921 >> 192.168.200.15:6805/24523 conn(0x5574ef702a00 :-1 s=STATE_OPEN_MESSAGE_READ_FOOTER_AND_DISPATCH pgs=11977 cs=1 l=1). rx osd.1 seq 6 0x5574ef811b80 osd_op_reply(13 100.00000000.inode [read 0~544] v0'0 uv79071 ondisk = 0) v8 -988>
2019-11-12 09:20:08.522 7fe888a17700 1 -- 192.168.200.19:6800/1460470921 <== osd.1 192.168.200.15:6805/24523 6 ==== osd_op_reply(13 100.00000000.inode [read 0~544] v0'0 uv79071 ondisk = 0) v8 ==== 162+0+544 (1288455672 0 1233160524) 0x5574ef811b80 con 0x5574ef702a00 -988>
2019-11-12 09:20:08.522 7fe888a17700 5 -- 192.168.200.19:6800/1460470921 >> 192.168.200.15:6805/24523 conn(0x5574ef702a00 :-1 s=STATE_OPEN_MESSAGE_READ_FOOTER_AND_DISPATCH pgs=11977 cs=1 l=1). rx osd.1 seq 7 0x5574ef811b80 osd_op_reply(14 1.00000000 [getxattr] v0'0 uv0 ondisk = -61 ((61) No data available)) v8 -988>
2019-11-12 09:20:08.522 7fe888a17700 1 -- 192.168.200.19:6800/1460470921 <== osd.1 192.168.200.15:6805/24523 7 ==== osd_op_reply(14 1.00000000 [getxattr] v0'0 uv0 ondisk = -61 ((61) No data available)) v8 ==== 154+0+0 (37684714 0 0) 0x5574ef811b80 con 0x5574ef702a00 -988>
2019-11-12 09:20:08.522 7fe888a17700 5 -- 192.168.200.19:6800/1460470921 >> 192.168.200.15:6805/24523 conn(0x5574ef702a00 :-1 s=STATE_OPEN_MESSAGE_READ_FOOTER_AND_DISPATCH pgs=11977 cs=1 l=1). rx osd.1 seq 8 0x5574ef811b80 osd_op_reply(15 1.00000000.inode [read 0~544] v0'0 uv1322881 ondisk = 0) v8 -988>
2019-11-12 09:20:08.522 7fe888a17700 1 -- 192.168.200.19:6800/1460470921 <== osd.1 192.168.200.15:6805/24523 8 ==== osd_op_reply(15 1.00000000.inode [read 0~544] v0'0 uv1322881 ondisk = 0) v8 ==== 160+0+544 (2713499666 0 667298071) 0x5574ef811b80 con 0x5574ef702a00 -988>
2019-11-12 09:20:08.522 7fe87f77b700 2 mds.0.56303 boot_start 2: replaying mds log -988>
2019-11-12 09:20:08.522 7fe87f77b700 2 mds.0.56303 boot_start 2: waiting for purge queue recovered -988>
2019-11-12 09:20:08.526 7fe87df78700 1 -- 192.168.200.19:6800/1460470921 --> 192.168.200.19:6805/12258 -- osd_op(unknown.0.56303:16 6.54 6:2be44c64:::200.00001ec4:head [read 1976708~2217596 [fadvise_dontneed]] snapc 0=[] ondisk+read+known_if_redirected+full_force e28661) v8 -- 0x5574ef810840 con 0 -988>
2019-11-12 09:20:08.526 7fe87df78700 1 -- 192.168.200.19:6800/1460470921 --> 192.168.200.17:6806/20250 -- osd_op(unknown.0.56303:17 6.25 6:a7e44d1f:::200.00001ec5:head [read 0~4194304 [fadvise_dontneed]] snapc 0=[] ondisk+read+known_if_redirected+full_force e28661) v8 -- 0x5574ef810b00 con 0 -988>
2019-11-12 09:20:08.526 7fe87df78700 1 -- 192.168.200.19:6800/1460470921 --> 192.168.200.19:6805/12258 -- osd_op(unknown.0.56303:18 6.2c 6:34509b9d:::200.00001ec6:head [read 0~4194304 [fadvise_dontneed]] snapc 0=[] ondisk+read+known_if_redirected+full_force e28661) v8 -- 0x5574ef8102c0 con 0 -988>
2019-11-12 09:20:08.526 7fe87df78700 1 -- 192.168.200.19:6800/1460470921 --> 192.168.200.19:6801/12021 -- osd_op(unknown.0.56303:19 6.63 6:c60e2601:::200.00001ec7:head [read 0~4194304 [fadvise_dontneed]] snapc 0=[] ondisk+read+known_if_redirected+full_force e28661) v8 -- 0x5574ef7fd340 con 0 -988>
2019-11-12 09:20:08.526 7fe87df78700 1 -- 192.168.200.19:6800/1460470921 --> 192.168.200.19:6805/12258 -- osd_op(unknown.0.56303:20 6.7 6:e1750875:::200.00001ec8:head [read 0~4194304 [fadvise_dontneed]] snapc 0=[] ondisk+read+known_if_redirected+full_force e28661) v8 -- 0x5574ef7fdb80 con 0 -988>
2019-11-12 09:20:08.526 7fe87df78700 1 -- 192.168.200.19:6800/1460470921 --> 192.168.200.19:6805/12258 -- osd_op(unknown.0.56303:21 6.34 6:2f48296a:::200.00001ec9:head [read 0~4194304 [fadvise_dontneed]] snapc 0=[] ondisk+read+known_if_redirected+full_force e28661) v8 -- 0x5574ef7ad600 con 0 -988>
2019-11-12 09:20:08.526 7fe87df78700 1 -- 192.168.200.19:6800/1460470921 --> 192.168.200.17:6806/20250 -- osd_op(unknown.0.56303:22 6.35 6:ad314bae:::200.00001eca:head [read 0~4194304 [fadvise_dontneed]] snapc 0=[] ondisk+read+known_if_redirected+full_force e28661) v8 -- 0x5574ef810840 con 0 -988>
2019-11-12 09:20:08.526 7fe87df78700 1 -- 192.168.200.19:6800/1460470921 --> 192.168.200.15:6805/24523 -- osd_op(unknown.0.56303:23 6.56 6:6b0e3b9d:::200.00001ecb:head [read 0~4194304 [fadvise_dontneed]] snapc 0=[] ondisk+read+known_if_redirected+full_force e28661) v8 -- 0x5574ef8102c0 con 0 -988>
2019-11-12 09:20:08.526 7fe87df78700 1 -- 192.168.200.19:6800/1460470921 --> 192.168.200.19:6805/12258 -- osd_op(unknown.0.56303:24 6.3d 6:bed7c08e:::200.00001ecc:head [read 0~4194304 [fadvise_dontneed]] snapc 0=[] ondisk+read+known_if_redirected+full_force e28661) v8 -- 0x5574ef811600 con 0 -988>
2019-11-12 09:20:08.526 7fe87df78700 1 -- 192.168.200.19:6800/1460470921 --> 192.168.200.15:6805/24523 -- osd_op(unknown.0.56303:25 6.5b 6:dab203d3:::200.00001ecd:head [read 0~4194304 [fadvise_dontneed]] snapc 0=[] ondisk+read+known_if_redirected+full_force e28661) v8 -- 0x5574ef7fd8c0 con 0 -988>
2019-11-12 09:20:08.526 7fe87df78700 1 -- 192.168.200.19:6800/1460470921 --> 192.168.200.15:6805/24523 -- osd_op(unknown.0.56303:26 6.1f 6:f94beeba:::200.00001ece:head [read 0~4194304 [fadvise_dontneed]] snapc 0=[] ondisk+read+known_if_redirected+full_force e28661) v8 -- 0x5574ef8118c0 con 0 -988>
2019-11-12 09:20:08.526 7fe887a15700 5 -- 192.168.200.19:6800/1460470921 >> 192.168.200.17:6806/20250 conn(0x5574ef703600 :-1 s=STATE_OPEN_MESSAGE_READ_FOOTER_AND_DISPATCH pgs=16763 cs=1 l=1). rx osd.4 seq 4 0x5574ef810000 osd_op_reply(5 mds0_openfiles.0 [omap-get-header,omap-get-vals] v0'0 uv83532 ondisk = 0) v8 -988>
2019-11-12 09:20:08.526 7fe887a15700 1 -- 192.168.200.19:6800/1460470921 <== osd.4 192.168.200.17:6806/20250 4 ==== osd_op_reply(5 mds0_openfiles.0 [omap-get-header,omap-get-vals] v0'0 uv83532 ondisk = 0) v8 ==== 202+0+1949 (4240281736 0 2842386935) 0x5574ef810000 con 0x5574ef703600 -988>
2019-11-12 09:20:08.534 7fe888a17700 2 -- 192.168.200.19:6800/1460470921 >> 192.168.200.19:6801/12021 conn(0x5574ef85c000 :-1 s=STATE_CONNECTING_WAIT_ACK_SEQ pgs=0 cs=0 l=1)._process_connection got newly_acked_seq 0 vs out_seq 0 -988>
2019-11-12 09:20:08.582 7fe888a17700 5 -- 192.168.200.19:6800/1460470921 >> 192.168.200.19:6801/12021 conn(0x5574ef85c000 :-1 s=STATE_OPEN_MESSAGE_READ_FOOTER_AND_DISPATCH pgs=8677 cs=1 l=1). rx osd.3 seq 1 0x5574ef7fd340 osd_op_reply(19 200.00001ec7 [read 0~4194304 [fadvise_dontneed]] v0'0 uv32228 ondisk = 0) v8 -988>
2019-11-12 09:20:08.582 7fe888a17700 1 -- 192.168.200.19:6800/1460470921 <== osd.3 192.168.200.19:6801/12021 1 ==== osd_op_reply(19 200.00001ec7 [read 0~4194304 [fadvise_dontneed]] v0'0 uv32228 ondisk = 0) v8 ==== 156+0+4194304 (255713159 0 3389336695) 0x5574ef7fd340 con 0x5574ef85c000 -988>
2019-11-12 09:20:08.750 7fe883783700 1 -- 192.168.200.19:6800/1460470921 --> 192.168.200.17:6800/91 -- mgrreport(unknown.k8s-node-02 +111-0 packed 1374) v6 -- 0x5574ef565b00 con 0 -988>
2019-11-12 09:20:08.758 7fe888216700 5 -- 192.168.200.19:6800/1460470921 >> 192.168.200.19:6805/12258 conn(0x5574ef703000 :-1 s=STATE_OPEN_MESSAGE_READ_FOOTER_AND_DISPATCH pgs=12849 cs=1 l=1). rx osd.5 seq 4 0x5574ef811600 osd_op_reply(16 200.00001ec4 [read 1976708~2217596 [fadvise_dontneed]] v0'0 uv32403 ondisk = 0) v8 -988>
2019-11-12 09:20:08.758 7fe888216700 1 -- 192.168.200.19:6800/1460470921 <== osd.5 192.168.200.19:6805/12258 4 ==== osd_op_reply(16 200.00001ec4 [read 1976708~2217596 [fadvise_dontneed]] v0'0 uv32403 ondisk = 0) v8 ==== 156+0+2217596 (3528559444 0 2254027955) 0x5574ef811600 con 0x5574ef703000 -988>
2019-11-12 09:20:08.862 7fe888a17700 5 -- 192.168.200.19:6800/1460470921 >> 192.168.200.15:6805/24523 conn(0x5574ef702a00 :-1 s=STATE_OPEN_MESSAGE_READ_FOOTER_AND_DISPATCH pgs=11977 cs=1 l=1). rx osd.1 seq 9 0x5574ef7fd340 osd_op_reply(23 200.00001ecb [read 0~4194304 [fadvise_dontneed]] v0'0 uv36300 ondisk = 0) v8 -988>
2019-11-12 09:20:08.862 7fe888a17700 1 -- 192.168.200.19:6800/1460470921 <== osd.1 192.168.200.15:6805/24523 9 ==== osd_op_reply(23 200.00001ecb [read 0~4194304 [fadvise_dontneed]] v0'0 uv36300 ondisk = 0) v8 ==== 156+0+4194304 (3043000747 0 150218771) 0x5574ef7fd340 con 0x5574ef702a00 -988>
2019-11-12 09:20:08.982 7fe887a15700 5 -- 192.168.200.19:6800/1460470921 >> 192.168.200.17:6806/20250 conn(0x5574ef703600 :-1 s=STATE_OPEN_MESSAGE_READ_FOOTER_AND_DISPATCH pgs=16763 cs=1 l=1). rx osd.4 seq 5 0x5574ef810000 osd_op_reply(22 200.00001eca [read 0~4194304 [fadvise_dontneed]] v0'0 uv58091 ondisk = 0) v8 -988>
2019-11-12 09:20:08.986 7fe887a15700 1 -- 192.168.200.19:6800/1460470921 <== osd.4 192.168.200.17:6806/20250 5 ==== osd_op_reply(22 200.00001eca [read 0~4194304 [fadvise_dontneed]] v0'0 uv58091 ondisk = 0) v8 ==== 156+0+4194304 (1537789602 0 1563593434) 0x5574ef810000 con 0x5574ef703600 -988>
2019-11-12 09:20:09.022 7fe887a15700 5 -- 192.168.200.19:6800/1460470921 >> 192.168.200.17:6806/20250 conn(0x5574ef703600 :-1 s=STATE_OPEN_MESSAGE_READ_FOOTER_AND_DISPATCH pgs=16763 cs=1 l=1). rx osd.4 seq 6 0x5574ef810000 osd_op_reply(17 200.00001ec5 [read 0~4194304 [fadvise_dontneed]] v0'0 uv74584 ondisk = 0) v8 -988>
2019-11-12 09:20:09.022 7fe887a15700 1 -- 192.168.200.19:6800/1460470921 <== osd.4 192.168.200.17:6806/20250 6 ==== osd_op_reply(17 200.00001ec5 [read 0~4194304 [fadvise_dontneed]] v0'0 uv74584 ondisk = 0) v8 ==== 156+0+4194304 (1536332796 0 4020157265) 0x5574ef810000 con 0x5574ef703600 -988>
2019-11-12 09:20:09.026 7fe87df78700 1 -- 192.168.200.19:6800/1460470921 --> 192.168.200.17:6806/20250 -- osd_op(unknown.0.56303:27 6.5d 6:ba600e0b:::200.00001ecf:head [read 0~4194304 [fadvise_dontneed]] snapc 0=[] ondisk+read+known_if_redirected+full_force e28661) v8 -- 0x5574efe90580 con 0 -988>
2019-11-12 09:20:09.058 7fe888216700 5 -- 192.168.200.19:6800/1460470921 >> 192.168.200.19:6805/12258 conn(0x5574ef703000 :-1 s=STATE_OPEN_MESSAGE_READ_FOOTER_AND_DISPATCH pgs=12849 cs=1 l=1). rx osd.5 seq 5 0x5574ef811600 osd_op_reply(20 200.00001ec8 [read 0~4194304 [fadvise_dontneed]] v0'0 uv33049 ondisk = 0) v8 -988>
2019-11-12 09:20:09.058 7fe888216700 1 -- 192.168.200.19:6800/1460470921 <== osd.5 192.168.200.19:6805/12258 5 ==== osd_op_reply(20 200.00001ec8 [read 0~4194304 [fadvise_dontneed]] v0'0 uv33049 ondisk = 0) v8 ==== 156+0+4194304 (3747932941 0 3671309179) 0x5574ef811600 con 0x5574ef703000 -988>
2019-11-12 09:20:09.170 7fe888216700 5 -- 192.168.200.19:6800/1460470921 >> 192.168.200.19:6805/12258 conn(0x5574ef703000 :-1 s=STATE_OPEN_MESSAGE_READ_FOOTER_AND_DISPATCH pgs=12849 cs=1 l=1). rx osd.5 seq 6 0x5574ef811600 osd_op_reply(18 200.00001ec6 [read 0~4194304 [fadvise_dontneed]] v0'0 uv59925 ondisk = 0) v8 -988>
2019-11-12 09:20:09.170 7fe888216700 1 -- 192.168.200.19:6800/1460470921 <== osd.5 192.168.200.19:6805/12258 6 ==== osd_op_reply(18 200.00001ec6 [read 0~4194304 [fadvise_dontneed]] v0'0 uv59925 ondisk = 0) v8 ==== 156+0+4194304 (3708667789 0 915352419) 0x5574ef811600 con 0x5574ef703000 -988>
2019-11-12 09:20:09.170 7fe87df78700 1 -- 192.168.200.19:6800/1460470921 --> 192.168.200.19:6805/12258 -- osd_op(unknown.0.56303:28 6.5c 6:3ae49781:::200.00001ed0:head [read 0~4194304 [fadvise_dontneed]] snapc 0=[] ondisk+read+known_if_redirected+full_force e28661) v8 -- 0x5574efe91b80 con 0 -988>
2019-11-12 09:20:09.202 7fe888216700 5 -- 192.168.200.19:6800/1460470921 >> 192.168.200.19:6805/12258 conn(0x5574ef703000 :-1 s=STATE_OPEN_MESSAGE_READ_FOOTER_AND_DISPATCH pgs=12849 cs=1 l=1). rx osd.5 seq 7 0x5574efe91b80 osd_op_reply(24 200.00001ecc [read 0~4194304 [fadvise_dontneed]] v0'0 uv88595 ondisk = 0) v8 -988>
2019-11-12 09:20:09.202 7fe888216700 1 -- 192.168.200.19:6800/1460470921 <== osd.5 192.168.200.19:6805/12258 7 ==== osd_op_reply(24 200.00001ecc [read 0~4194304 [fadvise_dontneed]] v0'0 uv88595 ondisk = 0) v8 ==== 156+0+4194304 (1801352771 0 3873878317) 0x5574efe91b80 con 0x5574ef703000 -988>
2019-11-12 09:20:09.326 7fe87df78700 1 -- 192.168.200.19:6800/1460470921 --> 192.168.200.19:6805/12258 -- osd_op(unknown.0.56303:29 6.2c 6:35096768:::200.00001ed1:head [read 0~4194304 [fadvise_dontneed]] snapc 0=[] ondisk+read+known_if_redirected+full_force e28661) v8 -- 0x5574efe91600 con 0 -988>
2019-11-12 09:20:09.330 7fe888216700 5 -- 192.168.200.19:6800/1460470921 >> 192.168.200.19:6805/12258 conn(0x5574ef703000 :-1 s=STATE_OPEN_MESSAGE_READ_FOOTER_AND_DISPATCH pgs=12849 cs=1 l=1). rx osd.5 seq 8 0x5574efe91b80 osd_op_reply(21 200.00001ec9 [read 0~4194304 [fadvise_dontneed]] v0'0 uv76305 ondisk = 0) v8 -988>
2019-11-12 09:20:09.334 7fe888216700 1 -- 192.168.200.19:6800/1460470921 <== osd.5 192.168.200.19:6805/12258 8 ==== osd_op_reply(21 200.00001ec9 [read 0~4194304 [fadvise_dontneed]] v0'0 uv76305 ondisk = 0) v8 ==== 156+0+4194304 (4031564057 0 4277249194) 0x5574efe91b80 con 0x5574ef703000 -988>
2019-11-12 09:20:09.534 7fe888a17700 5 -- 192.168.200.19:6800/1460470921 >> 192.168.200.15:6805/24523 conn(0x5574ef702a00 :-1 s=STATE_OPEN_MESSAGE_READ_FOOTER_AND_DISPATCH pgs=11977 cs=1 l=1). rx osd.1 seq 10 0x5574ef7fd340 osd_op_reply(25 200.00001ecd [read 0~4194304 [fadvise_dontneed]] v0'0 uv35517 ondisk = 0) v8 -988>
2019-11-12 09:20:09.534 7fe888a17700 1 -- 192.168.200.19:6800/1460470921 <== osd.1 192.168.200.15:6805/24523 10 ==== osd_op_reply(25 200.00001ecd [read 0~4194304 [fadvise_dontneed]] v0'0 uv35517 ondisk = 0) v8 ==== 156+0+4194304 (1298770794 0 1145050672) 0x5574ef7fd340 con 0x5574ef702a00 -988>
2019-11-12 09:20:09.538 7fe887a15700 5 -- 192.168.200.19:6800/1460470921 >> 192.168.200.17:6806/20250 conn(0x5574ef703600 :-1 s=STATE_OPEN_MESSAGE_READ_FOOTER_AND_DISPATCH pgs=16763 cs=1 l=1). rx osd.4 seq 7 0x5574efe90580 osd_op_reply(27 200.00001ecf [read 0~4194304 [fadvise_dontneed]] v0'0 uv42371 ondisk = 0) v8 -988>
2019-11-12 09:20:09.538 7fe887a15700 1 -- 192.168.200.19:6800/1460470921 <== osd.4 192.168.200.17:6806/20250 7 ==== osd_op_reply(27 200.00001ecf [read 0~4194304 [fadvise_dontneed]] v0'0 uv42371 ondisk = 0) v8 ==== 156+0+4194304 (1417620671 0 937541238) 0x5574efe90580 con 0x5574ef703600 -988>
2019-11-12 09:20:09.546 7fe87df78700 1 -- 192.168.200.19:6800/1460470921 --> 192.168.200.19:6805/12258 -- osd_op(unknown.0.56303:30 6.39 6:9cc82f3f:::200.00001ed2:head [read 0~4194304 [fadvise_dontneed]] snapc 0=[] ondisk+read+known_if_redirected+full_force e28661) v8 -- 0x5574efe90b00 con 0 -988>
2019-11-12 09:20:09.650 7fe87df78700 1 -- 192.168.200.19:6800/1460470921 --> 192.168.200.19:6805/12258 -- osd_op(unknown.0.56303:31 6.a 6:50660169:::200.00001ed3:head [read 0~4194304 [fadvise_dontneed]] snapc 0=[] ondisk+read+known_if_redirected+full_force e28661) v8 -- 0x5574efe91340 con 0 -988>
2019-11-12 09:20:09.702 7fe888216700 5 -- 192.168.200.19:6800/1460470921 >> 192.168.200.19:6805/12258 conn(0x5574ef703000 :-1 s=STATE_OPEN_MESSAGE_READ_FOOTER_AND_DISPATCH pgs=12849 cs=1 l=1). rx osd.5 seq 9 0x5574efe91b80 osd_op_reply(28 200.00001ed0 [read 0~4194304 [fadvise_dontneed]] v0'0 uv40793 ondisk = 0) v8 -988>
2019-11-12 09:20:09.702 7fe888216700 1 -- 192.168.200.19:6800/1460470921 <== osd.5 192.168.200.19:6805/12258 9 ==== osd_op_reply(28 200.00001ed0 [read 0~4194304 [fadvise_dontneed]] v0'0 uv40793 ondisk = 0) v8 ==== 156+0+4194304 (4165677614 0 2205248570) 0x5574efe91b80 con 0x5574ef703000 -988>
2019-11-12 09:20:09.738 7fe87df78700 1 -- 192.168.200.19:6800/1460470921 --> 192.168.200.17:6806/20250 -- osd_op(unknown.0.56303:32 6.26 6:642c7156:::200.00001ed4:head [read 0~4194304 [fadvise_dontneed]] snapc 0=[] ondisk+read+known_if_redirected+full_force e28661) v8 -- 0x5574f17f02c0 con 0 -988>
2019-11-12 09:20:09.766 7fe888216700 5 -- 192.168.200.19:6800/1460470921 >> 192.168.200.19:6805/12258 conn(0x5574ef703000 :-1 s=STATE_OPEN_MESSAGE_READ_FOOTER_AND_DISPATCH pgs=12849 cs=1 l=1). rx osd.5 seq 10 0x5574efe91b80 osd_op_reply(29 200.00001ed1 [read 0~4194304 [fadvise_dontneed]] v0'0 uv61317 ondisk = 0) v8 -988>
2019-11-12 09:20:09.766 7fe888216700 1 -- 192.168.200.19:6800/1460470921 <== osd.5 192.168.200.19:6805/12258 10 ==== osd_op_reply(29 200.00001ed1 [read 0~4194304 [fadvise_dontneed]] v0'0 uv61317 ondisk = 0) v8 ==== 156+0+4194304 (2035222751 0 1620268375) 0x5574efe91b80 con 0x5574ef703000 -988>
2019-11-12 09:20:09.822 7fe87df78700 1 -- 192.168.200.19:6800/1460470921 --> 192.168.200.19:6805/12258 -- osd_op(unknown.0.56303:33 6.24 6:26ed0d4a:::200.00001ed5:head [read 0~4194304 [fadvise_dontneed]] snapc 0=[] ondisk+read+known_if_redirected+full_force e28661) v8 -- 0x5574f17f0840 con 0 -988>
2019-11-12 09:20:09.902 7fe87df78700 1 -- 192.168.200.19:6800/1460470921 --> 192.168.200.19:6805/12258 -- osd_op(unknown.0.56303:34 6.32 6:4fa4d314:::200.00001ed6:head [read 0~4194304 [fadvise_dontneed]] snapc 0=[] ondisk+read+known_if_redirected+full_force e28661) v8 -- 0x5574efe90dc0 con 0 -988>
2019-11-12 09:20:09.938 7fe888a17700 5 -- 192.168.200.19:6800/1460470921 >> 192.168.200.15:6805/24523 conn(0x5574ef702a00 :-1 s=STATE_OPEN_MESSAGE_READ_FOOTER_AND_DISPATCH pgs=11977 cs=1 l=1). rx osd.1 seq 11 0x5574ef7fd340 osd_op_reply(26 200.00001ece [read 0~4194304 [fadvise_dontneed]] v0'0 uv45520 ondisk = 0) v8 -988>
2019-11-12 09:20:09.938 7fe888a17700 1 -- 192.168.200.19:6800/1460470921 <== osd.1 192.168.200.15:6805/24523 11 ==== osd_op_reply(26 200.00001ece [read 0~4194304 [fadvise_dontneed]] v0'0 uv45520 ondisk = 0) v8 ==== 156+0+4194304 (1747664234 0 852305962) 0x5574ef7fd340 con 0x5574ef702a00 -988>
2019-11-12 09:20:09.994 7fe87df78700 1 -- 192.168.200.19:6800/1460470921 --> 192.168.200.19:6805/12258 -- osd_op(unknown.0.56303:35 6.34 6:2da236a2:::200.00001ed7:head [read 0~4194304 [fadvise_dontneed]] snapc 0=[] ondisk+read+known_if_redirected+full_force e28661) v8 -- 0x5574f17f18c0 con 0 -988>
2019-11-12 09:20:10.070 7fe87df78700 1 -- 192.168.200.19:6800/1460470921 --> 192.168.200.19:6805/12258 -- osd_op(unknown.0.56303:36 6.32 6:4da6cd2c:::200.00001ed8:head [read 0~4194304 [fadvise_dontneed]] snapc 0=[] ondisk+read+known_if_redirected+full_force e28661) v8 -- 0x5574efe90840 con 0 -988>
2019-11-12 09:20:10.150 7fe87df78700 1 -- 192.168.200.19:6800/1460470921 --> 192.168.200.19:6805/12258 -- osd_op(unknown.0.56303:37 6.54 6:2ada770a:::200.00001ed9:head [read 0~4194304 [fadvise_dontneed]] snapc 0=[] ondisk+read+known_if_redirected+full_force e28661) v8 -- 0x5574f17f0840 con 0 -988>
2019-11-12 09:20:10.154 7fe888216700 5 -- 192.168.200.19:6800/1460470921 >> 192.168.200.19:6805/12258 conn(0x5574ef703000 :-1 s=STATE_OPEN_MESSAGE_READ_FOOTER_AND_DISPATCH pgs=12849 cs=1 l=1). rx osd.5 seq 11 0x5574f17f0840 osd_op_reply(31 200.00001ed3 [read 0~4194304 [fadvise_dontneed]] v0'0 uv34980 ondisk = 0) v8 -988>
2019-11-12 09:20:10.154 7fe888216700 1 -- 192.168.200.19:6800/1460470921 <== osd.5 192.168.200.19:6805/12258 11 ==== osd_op_reply(31 200.00001ed3 [read 0~4194304 [fadvise_dontneed]] v0'0 uv34980 ondisk = 0) v8 ==== 156+0+4194304 (1386494933 0 3820517588) 0x5574f17f0840 con 0x5574ef703000 -988>
2019-11-12 09:20:10.230 7fe87df78700 1 -- 192.168.200.19:6800/1460470921 --> 192.168.200.15:6805/24523 -- osd_op(unknown.0.56303:38 6.4c 6:33fe30a9:::200.00001eda:head [read 0~4194304 [fadvise_dontneed]] snapc 0=[] ondisk+read+known_if_redirected+full_force e28661) v8 -- 0x5574efe90580 con 0 -988>
2019-11-12 09:20:10.258 7fe887a15700 5 -- 192.168.200.19:6800/1460470921 >> 192.168.200.17:6806/20250 conn(0x5574ef703600 :-1 s=STATE_OPEN_MESSAGE_READ_FOOTER_AND_DISPATCH pgs=16763 cs=1 l=1). rx osd.4 seq 8 0x5574f17f1340 osd_op_reply(32 200.00001ed4 [read 0~4194304 [fadvise_dontneed]] v0'0 uv80695 ondisk = 0) v8 -988>
2019-11-12 09:20:10.258 7fe887a15700 1 -- 192.168.200.19:6800/1460470921 <== osd.4 192.168.200.17:6806/20250 8 ==== osd_op_reply(32 200.00001ed4 [read 0~4194304 [fadvise_dontneed]] v0'0 uv80695 ondisk = 0) v8 ==== 156+0+4194304 (2138519371 0 3530924944) 0x5574f17f1340 con 0x5574ef703600 -988>
2019-11-12 09:20:10.290 7fe888216700 5 -- 192.168.200.19:6800/1460470921 >> 192.168.200.19:6805/12258 conn(0x5574ef703000 :-1 s=STATE_OPEN_MESSAGE_READ_FOOTER_AND_DISPATCH pgs=12849 cs=1 l=1). rx osd.5 seq 12 0x5574f17f0840 osd_op_reply(30 200.00001ed2 [read 0~4194304 [fadvise_dontneed]] v0'0 uv90380 ondisk = 0) v8 -988>
2019-11-12 09:20:10.290 7fe888216700 1 -- 192.168.200.19:6800/1460470921 <== osd.5 192.168.200.19:6805/12258 12 ==== osd_op_reply(30 200.00001ed2 [read 0~4194304 [fadvise_dontneed]] v0'0 uv90380 ondisk = 0) v8 ==== 156+0+4194304 (330583361 0 2656011774) 0x5574f17f0840 con 0x5574ef703000 -988>
2019-11-12 09:20:10.310 7fe87df78700 1 -- 192.168.200.19:6800/1460470921 --> 192.168.200.15:6805/24523 -- osd_op(unknown.0.56303:39 6.2f 6:f40177de:::200.00001edb:head [read 0~4194304 [fadvise_dontneed]] snapc 0=[] ondisk+read+known_if_redirected+full_force e28661) v8 -- 0x5574f17f0000 con 0 -988>
2019-11-12 09:20:10.386 7fe87df78700 1 -- 192.168.200.19:6800/1460470921 --> 192.168.200.15:6805/24523 -- osd_op(unknown.0.56303:40 6.6 6:601443b2:::200.00001edc:head [read 0~4194304 [fadvise_dontneed]] snapc 0=[] ondisk+read+known_if_redirected+full_force e28661) v8 -- 0x5574efe902c0 con 0 -988>
2019-11-12 09:20:10.418 7fe888216700 5 -- 192.168.200.19:6800/1460470921 >> 192.168.200.19:6805/12258 conn(0x5574ef703000 :-1 s=STATE_OPEN_MESSAGE_READ_FOOTER_AND_DISPATCH pgs=12849 cs=1 l=1). rx osd.5 seq 13 0x5574f17f0840 osd_op_reply(33 200.00001ed5 [read 0~4194304 [fadvise_dontneed]] v0'0 uv68742 ondisk = 0) v8 -988>
2019-11-12 09:20:10.418 7fe888216700 1 -- 192.168.200.19:6800/1460470921 <== osd.5 192.168.200.19:6805/12258 13 ==== osd_op_reply(33 200.00001ed5 [read 0~4194304 [fadvise_dontneed]] v0'0 uv68742 ondisk = 0) v8 ==== 156+0+4194304 (4128139589 0 1631669900) 0x5574f17f0840 con 0x5574ef703000 -988>
2019-11-12 09:20:10.470 7fe87df78700 1 -- 192.168.200.19:6800/1460470921 --> 192.168.200.19:6805/12258 -- osd_op(unknown.0.56303:41 6.3d 6:bc1d2bb0:::200.00001edd:head [read 0~4194304 [fadvise_dontneed]] snapc 0=[] ondisk+read+known_if_redirected+full_force e28661) v8 -- 0x5574f17f0580 con 0 -988>
2019-11-12 09:20:10.562 7fe87df78700 1 -- 192.168.200.19:6800/1460470921 --> 192.168.200.19:6805/12258 -- osd_op(unknown.0.56303:42 6.3d 6:bdbfd417:::200.00001ede:head [read 0~4194304 [fadvise_dontneed]] snapc 0=[] ondisk+read+known_if_redirected+full_force e28661) v8 -- 0x5574efe90dc0 con 0 -988>
2019-11-12 09:20:10.638 7fe87df78700 1 -- 192.168.200.19:6800/1460470921 --> 192.168.200.19:6805/12258 -- osd_op(unknown.0.56303:43 6.3b 6:de40b110:::200.00001edf:head [read 0~4194304 [fadvise_dontneed]] snapc 0=[] ondisk+read+known_if_redirected+full_force e28661) v8 -- 0x5574efe91340 con 0 -988>
2019-11-12 09:20:10.834 7fe888216700 5 -- 192.168.200.19:6800/1460470921 >> 192.168.200.19:6805/12258 conn(0x5574ef703000 :-1 s=STATE_OPEN_MESSAGE_READ_FOOTER_AND_DISPATCH pgs=12849 cs=1 l=1). rx osd.5 seq 14 0x5574efe91340 osd_op_reply(34 200.00001ed6 [read 0~4194304 [fadvise_dontneed]] v0'0 uv73340 ondisk = 0) v8 -988>
2019-11-12 09:20:10.834 7fe888216700 1 -- 192.168.200.19:6800/1460470921 <== osd.5 192.168.200.19:6805/12258 14 ==== osd_op_reply(34 200.00001ed6 [read 0~4194304 [fadvise_dontneed]] v0'0 uv73340 ondisk = 0) v8 ==== 156+0+4194304 (3979275711 0 3536306776) 0x5574efe91340 con 0x5574ef703000 -988>
2019-11-12 09:20:10.838 7fe87df78700 1 -- 192.168.200.19:6800/1460470921 --> 192.168.200.19:6801/12021 -- osd_op(unknown.0.56303:44 6.1c 6:39989f6c:::200.00001ee0:head [read 0~4194304 [fadvise_dontneed]] snapc 0=[] ondisk+read+known_if_redirected+full_force e28661) v8 -- 0x5574efe91b80 con 0 -988>
2019-11-12 09:20:10.862 7fe888216700 5 -- 192.168.200.19:6800/1460470921 >> 192.168.200.19:6805/12258 conn(0x5574ef703000 :-1 s=STATE_OPEN_MESSAGE_READ_FOOTER_AND_DISPATCH pgs=12849 cs=1 l=1). rx osd.5 seq 15 0x5574efe91340 osd_op_reply(37 200.00001ed9 [read 0~4194304 [fadvise_dontneed]] v0'0 uv33829 ondisk = 0) v8 -988>
2019-11-12 09:20:10.862 7fe888216700 1 -- 192.168.200.19:6800/1460470921 <== osd.5 192.168.200.19:6805/12258 15 ==== osd_op_reply(37 200.00001ed9 [read 0~4194304 [fadvise_dontneed]] v0'0 uv33829 ondisk = 0) v8 ==== 156+0+4194304 (3093391751 0 342787056) 0x5574efe91340 con 0x5574ef703000 -988>
2019-11-12 09:20:10.878 7fe888a17700 5 -- 192.168.200.19:6800/1460470921 >> 192.168.200.19:6801/12021 conn(0x5574ef85c000 :-1 s=STATE_OPEN_MESSAGE_READ_FOOTER_AND_DISPATCH pgs=8677 cs=1 l=1). rx osd.3 seq 2 0x5574efe91b80 osd_op_reply(44 200.00001ee0 [read 0~4194304 [fadvise_dontneed]] v0'0 uv27219 ondisk = 0) v8 -988>
2019-11-12 09:20:10.878 7fe888a17700 1 -- 192.168.200.19:6800/1460470921 <== osd.3 192.168.200.19:6801/12021 2 ==== osd_op_reply(44 200.00001ee0 [read 0~4194304 [fadvise_dontneed]] v0'0 uv27219 ondisk = 0) v8 ==== 156+0+4194304 (2562693100 0 1712739379) 0x5574efe91b80 con 0x5574ef85c000 -988>
2019-11-12 09:20:11.038 7fe888216700 5 -- 192.168.200.19:6800/1460470921 >> 192.168.200.19:6805/12258 conn(0x5574ef703000 :-1 s=STATE_OPEN_MESSAGE_READ_FOOTER_AND_DISPATCH pgs=12849 cs=1 l=1). rx osd.5 seq 16 0x5574efe91340 osd_op_reply(35 200.00001ed7 [read 0~4194304 [fadvise_dontneed]] v0'0 uv78116 ondisk = 0) v8 -988>
2019-11-12 09:20:11.038 7fe888216700 1 -- 192.168.200.19:6800/1460470921 <== osd.5 192.168.200.19:6805/12258 16 ==== osd_op_reply(35 200.00001ed7 [read 0~4194304 [fadvise_dontneed]] v0'0 uv78116 ondisk = 0) v8 ==== 156+0+4194304 (892522787 0 742479174) 0x5574efe91340 con 0x5574ef703000 -988>
2019-11-12 09:20:11.038 7fe87df78700 1 -- 192.168.200.19:6800/1460470921 --> 192.168.200.19:6805/12258 -- osd_op(unknown.0.56303:45 6.39 6:9f1e4369:::200.00001ee1:head [read 0~4194304 [fadvise_dontneed]] snapc 0=[] ondisk+read+known_if_redirected+full_force e28661) v8 -- 0x5574f17f1b80 con 0 -988>
2019-11-12 09:20:11.210 7fe888216700 5 -- 192.168.200.19:6800/1460470921 >> 192.168.200.19:6805/12258 conn(0x5574ef703000 :-1 s=STATE_OPEN_MESSAGE_READ_FOOTER_AND_DISPATCH pgs=12849 cs=1 l=1). rx osd.5 seq 17 0x5574f17f1b80 osd_op_reply(41 200.00001edd [read 0~4194304 [fadvise_dontneed]] v0'0 uv89661 ondisk = 0) v8 -988>
2019-11-12 09:20:11.210 7fe888216700 1 -- 192.168.200.19:6800/1460470921 <== osd.5 192.168.200.19:6805/12258 17 ==== osd_op_reply(41 200.00001edd [read 0~4194304 [fadvise_dontneed]] v0'0 uv89661 ondisk = 0) v8 ==== 156+0+4194304 (4104850994 0 1352966362) 0x5574f17f1b80 con 0x5574ef703000 -988>
2019-11-12 09:20:11.386 7fe888a17700 5 -- 192.168.200.19:6800/1460470921 >> 192.168.200.15:6805/24523 conn(0x5574ef702a00 :-1 s=STATE_OPEN_MESSAGE_READ_FOOTER_AND_DISPATCH pgs=11977 cs=1 l=1). rx osd.1 seq 12 0x5574efe91b80 osd_op_reply(39 200.00001edb [read 0~4194304 [fadvise_dontneed]] v0'0 uv78368 ondisk = 0) v8 -988>
2019-11-12 09:20:11.386 7fe888a17700 1 -- 192.168.200.19:6800/1460470921 <== osd.1 192.168.200.15:6805/24523 12 ==== osd_op_reply(39 200.00001edb [read 0~4194304 [fadvise_dontneed]] v0'0 uv78368 ondisk = 0) v8 ==== 156+0+4194304 (827480192 0 133231095) 0x5574efe91b80 con 0x5574ef702a00 -988>
2019-11-12 09:20:11.502 7fe888216700 5 -- 192.168.200.19:6800/1460470921 >> 192.168.200.19:6805/12258 conn(0x5574ef703000 :-1 s=STATE_OPEN_MESSAGE_READ_FOOTER_AND_DISPATCH pgs=12849 cs=1 l=1). rx osd.5 seq 18 0x5574f17f1b80 osd_op_reply(36 200.00001ed8 [read 0~4194304 [fadvise_dontneed]] v0'0 uv74659 ondisk = 0) v8 -988>
2019-11-12 09:20:11.502 7fe888216700 1 -- 192.168.200.19:6800/1460470921 <== osd.5 192.168.200.19:6805/12258 18 ==== osd_op_reply(36 200.00001ed8 [read 0~4194304 [fadvise_dontneed]] v0'0 uv74659 ondisk = 0) v8 ==== 156+0+4194304 (2417045927 0 23600393) 0x5574f17f1b80 con 0x5574ef703000 -988>
2019-11-12 09:20:11.502 7fe87df78700 1 -- 192.168.200.19:6800/1460470921 --> 192.168.200.19:6805/12258 -- osd_op(unknown.0.56303:46 6.2b 6:d75ef202:::200.00001ee2:head [read 0~4194304 [fadvise_dontneed]] snapc 0=[] ondisk+read+known_if_redirected+full_force e28661) v8 -- 0x5574efe91080 con 0 -988>
2019-11-12 09:20:11.522 7fe888a17700 5 -- 192.168.200.19:6800/1460470921 >> 192.168.200.15:6805/24523 conn(0x5574ef702a00 :-1 s=STATE_OPEN_MESSAGE_READ_FOOTER_AND_DISPATCH pgs=11977 cs=1 l=1). rx osd.1 seq 13 0x5574efe91b80 osd_op_reply(38 200.00001eda [read 0~4194304 [fadvise_dontneed]] v0'0 uv31579 ondisk = 0) v8 -988>
2019-11-12 09:20:11.526 7fe888a17700 1 -- 192.168.200.19:6800/1460470921 <== osd.1 192.168.200.15:6805/24523 13 ==== osd_op_reply(38 200.00001eda [read 0~4194304 [fadvise_dontneed]] v0'0 uv31579 ondisk = 0) v8 ==== 156+0+4194304 (1167083545 0 1245400058) 0x5574efe91b80 con 0x5574ef702a00 -988>
2019-11-12 09:20:11.554 7fe888216700 5 -- 192.168.200.19:6800/1460470921 >> 192.168.200.19:6805/12258 conn(0x5574ef703000 :-1 s=STATE_OPEN_MESSAGE_READ_FOOTER_AND_DISPATCH pgs=12849 cs=1 l=1). rx osd.5 seq 19 0x5574efe91080 osd_op_reply(43 200.00001edf [read 0~4194304 [fadvise_dontneed]] v0'0 uv71835 ondisk = 0) v8 -988>
2019-11-12 09:20:11.554 7fe888216700 1 -- 192.168.200.19:6800/1460470921 <== osd.5 192.168.200.19:6805/12258 19 ==== osd_op_reply(43 200.00001edf [read 0~4194304 [fadvise_dontneed]] v0'0 uv71835 ondisk = 0) v8 ==== 156+0+4194304 (1016868077 0 408330945) 0x5574efe91080 con 0x5574ef703000 -988>
2019-11-12 09:20:11.582 7fe87df78700 1 -- 192.168.200.19:6800/1460470921 --> 192.168.200.19:6805/12258 -- osd_op(unknown.0.56303:47 6.37 6:ee598252:::200.00001ee3:head [read 0~4194304 [fadvise_dontneed]] snapc 0=[] ondisk+read+known_if_redirected+full_force e28661) v8 -- 0x5574efe90b00 con 0 -988>
2019-11-12 09:20:11.658 7fe87df78700 1 -- 192.168.200.19:6800/1460470921 --> 192.168.200.17:6806/20250 -- osd_op(unknown.0.56303:48 6.38 6:1f27801f:::200.00001ee4:head [read 0~4194304 [fadvise_dontneed]] snapc 0=[] ondisk+read+known_if_redirected+full_force e28661) v8 -- 0x5574ef7fc840 con 0 -988>
2019-11-12 09:20:11.738 7fe87df78700 1 -- 192.168.200.19:6800/1460470921 --> 192.168.200.17:6806/20250 -- osd_op(unknown.0.56303:49 6.26 6:669afea4:::200.00001ee5:head [read 0~4194304 [fadvise_dontneed]] snapc 0=[] ondisk+read+known_if_redirected+full_force e28661) v8 -- 0x5574efe90000 con 0 -988>
2019-11-12 09:20:11.742 7fe888216700 5 -- 192.168.200.19:6800/1460470921 >> 192.168.200.19:6805/12258 conn(0x5574ef703000 :-1 s=STATE_OPEN_MESSAGE_READ_FOOTER_AND_DISPATCH pgs=12849 cs=1 l=1). rx osd.5 seq 20 0x5574efe90b00 osd_op_reply(45 200.00001ee1 [read 0~4194304 [fadvise_dontneed]] v0'0 uv91372 ondisk = 0) v8 -988>
2019-11-12 09:20:11.742 7fe888216700 1 -- 192.168.200.19:6800/1460470921 <== osd.5 192.168.200.19:6805/12258 20 ==== osd_op_reply(45 200.00001ee1 [read 0~4194304 [fadvise_dontneed]] v0'0 uv91372 ondisk = 0) v8 ==== 156+0+4194304 (2648663446 0 2448890689) 0x5574efe90b00 con 0x5574ef703000 -988>
2019-11-12 09:20:11.762 7fe882781700 5 mds.beacon.k8s-node-02 Sending beacon up:replay seq 3 -988>
2019-11-12 09:20:11.762 7fe882781700 10 monclient: _send_mon_message to mon.k8s-node-00 at 192.168.200.15:6789/0 -988>
2019-11-12 09:20:11.762 7fe882781700 1 -- 192.168.200.19:6800/1460470921 --> 192.168.200.15:6789/0 -- mdsbeacon(1849248/k8s-node-02 up:replay seq 3 v56303) v7 -- 0x5574ef6ff880 con 0 -988>
2019-11-12 09:20:11.762 7fe888216700 5 -- 192.168.200.19:6800/1460470921 >> 192.168.200.15:6789/0 conn(0x5574ef700c00 :-1 s=STATE_OPEN_MESSAGE_READ_FOOTER_AND_DISPATCH pgs=15927 cs=1 l=1). rx mon.0 seq 14 0x5574ef6ff180 mdsbeacon(1849248/k8s-node-02 up:replay seq 3 v56303) v7 -988>
2019-11-12 09:20:11.762 7fe888216700 1 -- 192.168.200.19:6800/1460470921 <== mon.0 192.168.200.15:6789/0 14 ==== mdsbeacon(1849248/k8s-node-02 up:replay seq 3 v56303) v7 ==== 136+0+0 (344388228 0 0) 0x5574ef6ff180 con 0x5574ef700c00 -988>
2019-11-12 09:20:11.762 7fe888216700 5 mds.beacon.k8s-node-02 received beacon reply up:replay seq 3 rtt 0 -988>
2019-11-12 09:20:11.846 7fe888216700 5 -- 192.168.200.19:6800/1460470921 >> 192.168.200.19:6805/12258 conn(0x5574ef703000 :-1 s=STATE_OPEN_MESSAGE_READ_FOOTER_AND_DISPATCH pgs=12849 cs=1 l=1). rx osd.5 seq 21 0x5574efe90b00 osd_op_reply(42 200.00001ede [read 0~4194304 [fadvise_dontneed]] v0'0 uv90707 ondisk = 0) v8 -988>
2019-11-12 09:20:11.846 7fe888216700 1 -- 192.168.200.19:6800/1460470921 <== osd.5 192.168.200.19:6805/12258 21 ==== osd_op_reply(42 200.00001ede [read 0~4194304 [fadvise_dontneed]] v0'0 uv90707 ondisk = 0) v8 ==== 156+0+4194304 (1278859041 0 4166000365) 0x5574efe90b00 con 0x5574ef703000 -988>
2019-11-12 09:20:11.862 7fe887a15700 5 -- 192.168.200.19:6800/1460470921 >> 192.168.200.17:6806/20250 conn(0x5574ef703600 :-1 s=STATE_OPEN_MESSAGE_READ_FOOTER_AND_DISPATCH pgs=16763 cs=1 l=1). rx osd.4 seq 9 0x5574f2fc2000 osd_op_reply(48 200.00001ee4 [read 0~4194304 [fadvise_dontneed]] v0'0 uv87902 ondisk = 0) v8 -988>
2019-11-12 09:20:11.862 7fe887a15700 1 -- 192.168.200.19:6800/1460470921 <== osd.4 192.168.200.17:6806/20250 9 ==== osd_op_reply(48 200.00001ee4 [read 0~4194304 [fadvise_dontneed]] v0'0 uv87902 ondisk = 0) v8 ==== 156+0+4194304 (1710263652 0 2550500820) 0x5574f2fc2000 con 0x5574ef703600 -988>
2019-11-12 09:20:11.898 7fe887a15700 5 -- 192.168.200.19:6800/1460470921 >> 192.168.200.17:6806/20250 conn(0x5574ef703600 :-1 s=STATE_OPEN_MESSAGE_READ_FOOTER_AND_DISPATCH pgs=16763 cs=1 l=1). rx osd.4 seq 10 0x5574f2fc2000 osd_op_reply(49 200.00001ee5 [read 0~4194304 [fadvise_dontneed]] v0'0 uv82944 ondisk = 0) v8 -988>
2019-11-12 09:20:11.898 7fe887a15700 1 -- 192.168.200.19:6800/1460470921 <== osd.4 192.168.200.17:6806/20250 10 ==== osd_op_reply(49 200.00001ee5 [read 0~4194304 [fadvise_dontneed]] v0'0 uv82944 ondisk = 0) v8 ==== 156+0+4194304 (2930123064 0 737151539) 0x5574f2fc2000 con 0x5574ef703600 -988>
2019-11-12 09:20:11.954 7fe888a17700 5 -- 192.168.200.19:6800/1460470921 >> 192.168.200.15:6805/24523 conn(0x5574ef702a00 :-1 s=STATE_OPEN_MESSAGE_READ_FOOTER_AND_DISPATCH pgs=11977 cs=1 l=1). rx osd.1 seq 14 0x5574efe91b80 osd_op_reply(40 200.00001edc [read 0~4194304 [fadvise_dontneed]] v0'0 uv31386 ondisk = 0) v8 -988>
2019-11-12 09:20:11.954 7fe888a17700 1 -- 192.168.200.19:6800/1460470921 <== osd.1 192.168.200.15:6805/24523 14 ==== osd_op_reply(40 200.00001edc [read 0~4194304 [fadvise_dontneed]] v0'0 uv31386 ondisk = 0) v8 ==== 156+0+4194304 (1211016059 0 614261651) 0x5574efe91b80 con 0x5574ef702a00 -988>
2019-11-12 09:20:11.954 7fe87df78700 1 -- 192.168.200.19:6800/1460470921 --> 192.168.200.17:6806/20250 -- osd_op(unknown.0.56303:50 6.25 6:a74123a6:::200.00001ee6:head [read 0~4194304 [fadvise_dontneed]] snapc 0=[] ondisk+read+known_if_redirected+full_force e28661) v8 -- 0x5574efe918c0 con 0 -988>
2019-11-12 09:20:11.974 7fe888216700 5 -- 192.168.200.19:6800/1460470921 >> 192.168.200.19:6805/12258 conn(0x5574ef703000 :-1 s=STATE_OPEN_MESSAGE_READ_FOOTER_AND_DISPATCH pgs=12849 cs=1 l=1). rx osd.5 seq 22 0x5574efe90b00 osd_op_reply(46 200.00001ee2 [read 0~4194304 [fadvise_dontneed]] v0'0 uv90768 ondisk = 0) v8 -988>
2019-11-12 09:20:11.974 7fe888216700 1 -- 192.168.200.19:6800/1460470921 <== osd.5 192.168.200.19:6805/12258 22 ==== osd_op_reply(46 200.00001ee2 [read 0~4194304 [fadvise_dontneed]] v0'0 uv90768 ondisk = 0) v8 ==== 156+0+4194304 (1649087458 0 600344932) 0x5574efe90b00 con 0x5574ef703000 -988>
2019-11-12 09:20:12.006 7fe888216700 5 -- 192.168.200.19:6800/1460470921 >> 192.168.200.19:6805/12258 conn(0x5574ef703000 :-1 s=STATE_OPEN_MESSAGE_READ_FOOTER_AND_DISPATCH pgs=12849 cs=1 l=1). rx osd.5 seq 23 0x5574efe90b00 osd_op_reply(47 200.00001ee3 [read 0~4194304 [fadvise_dontneed]] v0'0 uv70914 ondisk = 0) v8 -988>
2019-11-12 09:20:12.010 7fe888216700 1 -- 192.168.200.19:6800/1460470921 <== osd.5 192.168.200.19:6805/12258 23 ==== osd_op_reply(47 200.00001ee3 [read 0~4194304 [fadvise_dontneed]] v0'0 uv70914 ondisk = 0) v8 ==== 156+0+4194304 (4189387006 0 3128680832) 0x5574efe90b00 con 0x5574ef703000 -988>
2019-11-12 09:20:12.034 7fe87df78700 1 -- 192.168.200.19:6800/1460470921 --> 192.168.200.19:6805/12258 -- osd_op(unknown.0.56303:51 6.27 6:e7e71572:::200.00001ee7:head [read 0~4194304 [fadvise_dontneed]] snapc 0=[] ondisk+read+known_if_redirected+full_force e28661) v8 -- 0x5574ef7ad600 con 0 -988>
2019-11-12 09:20:12.102 7fe887a15700 5 -- 192.168.200.19:6800/1460470921 >> 192.168.200.17:6806/20250 conn(0x5574ef703600 :-1 s=STATE_OPEN_MESSAGE_READ_FOOTER_AND_DISPATCH pgs=16763 cs=1 l=1). rx osd.4 seq 11 0x5574efe918c0 osd_op_reply(50 200.00001ee6 [read 0~4194304 [fadvise_dontneed]] v0'0 uv76122 ondisk = 0) v8 -988>
2019-11-12 09:20:12.102 7fe887a15700 1 -- 192.168.200.19:6800/1460470921 <== osd.4 192.168.200.17:6806/20250 11 ==== osd_op_reply(50 200.00001ee6 [read 0~4194304 [fadvise_dontneed]] v0'0 uv76122 ondisk = 0) v8 ==== 156+0+4194304 (4020623717 0 1562818712) 0x5574efe918c0 con 0x5574ef703600 -988>
2019-11-12 09:20:12.106 7fe87df78700 1 -- 192.168.200.19:6800/1460470921 --> 192.168.200.15:6805/24523 -- osd_op(unknown.0.56303:52 6.3c 6:3e39cde3:::200.00001ee8:head [read 0~4194304 [fadvise_dontneed]] snapc 0=[] ondisk+read+known_if_redirected+full_force e28661) v8 -- 0x5574f17f1080 con 0 -988>
2019-11-12 09:20:12.170 7fe87df78700 1 -- 192.168.200.19:6800/1460470921 --> 192.168.200.17:6806/20250 -- osd_op(unknown.0.56303:53 6.8 6:101387a1:::200.00001ee9:head [read 0~4194304 [fadvise_dontneed]] snapc 0=[] ondisk+read+known_if_redirected+full_force e28661) v8 -- 0x5574ef810b00 con 0 -988>
