2019-11-12 09:20:18.783 7fe888216700 5 -- 192.168.200.19:6800/1460470921 >> 192.168.200.15:0/1656050499 conn(0x5574f11dd200 :6800 s=STATE_OPEN_MESSAGE_READ_FOOTER_AND_DISPATCH pgs=4953 cs=1 l=0). rx client.1793728 seq 8 0x5574ef5dbb00 client_caps(flush ino 0x1000136718a 2423 seq 0 tid 12994 caps=pAsxLsXsxFsxcrwb dirty=Fw wanted=pAsxXsxFsxcrwb follows 1 size 797696/0 mtime
2019-11-12 09:13:00.157329 xattrs(v=18446744071802044689 l=0)) v10 -988>
2019-11-12 09:20:18.783 7fe888216700 5 -- 192.168.200.19:6800/1460470921 >> 192.168.200.15:0/1656050499 conn(0x5574f11dd200 :6800 s=STATE_OPEN_MESSAGE_READ_FOOTER_AND_DISPATCH pgs=4953 cs=1 l=0). rx client.1793728 seq 9 0x5574ef5dbf80 client_caps(flush ino 0x100026d24a3 306632 seq 0 tid 12991 caps=pAsxLsXsxFsxcrwb dirty=Fw wanted=pAsxXsxFxcwb follows 1 size 12582912/12584448 mtime
2019-11-12 09:18:41.460885 xattrs(v=18446744071802044689 l=0)) v10 -988>
2019-11-12 09:20:18.783 7fe888216700 5 -- 192.168.200.19:6800/1460470921 >> 192.168.200.15:0/1656050499 conn(0x5574f11dd200 :6800 s=STATE_OPEN_MESSAGE_READ_FOOTER_AND_DISPATCH pgs=4953 cs=1 l=0). rx client.1793728 seq 10 0x5574ef5dc400 client_caps(flush ino 0x100026d24a3 306632 seq 0 tid 12995 caps=pAsxLsXsxFsxcrwb dirty=Fw wanted=pAsxXsxFxcwb follows 1 size 12582912/12584448 mtime
2019-11-12 09:18:41.460885 xattrs(v=18446744071802044689 l=0)) v10 -988>
2019-11-12 09:20:18.787 7fe888216700 5 -- 192.168.200.19:6800/1460470921 >> 192.168.200.15:0/1656050499 conn(0x5574f11dd200 :6800 s=STATE_OPEN_MESSAGE_READ_FOOTER_AND_DISPATCH pgs=4953 cs=1 l=0). rx client.1793728 seq 11 0x5574ef5dc880 client_caps(update ino 0x100026d24a3 306632 seq 0 caps=pAsxLsXsxFsxcrwb dirty=- wanted=pAsxXsxFxcwb follows 0 size 12582912/12584448 mtime
2019-11-12 09:18:41.460885 xattrs(v=18446744071809532324 l=0)) v10 -988>
2019-11-12 09:20:18.787 7fe885a11700 1 -- 192.168.200.19:6800/1460470921 --> 192.168.200.31:0/2398232289 -- client_caps(grant ino 0x100013b15fc 1738 seq 1 caps=pAsxLsXsxFsxcrwb dirty=- wanted=pAsxXsxFxwb follows 0 size 22/4194304 ts 5974/0 mtime
2019-11-12 08:21:27.262884 tws 5970 xattrs(v=1 l=4)) v11 -- 0x5574ef5dd180 con 0 -988>
2019-11-12 09:20:18.787 7fe885a11700 4 mds.0.server handle_client_request client_request(client.1792815:329 getattr pAsLsXsFs #0x10000025367
2019-11-12 09:19:42.723279 RETRY=1 caller_uid=0, caller_gid=0{}) v2 -988>
2019-11-12 09:20:18.787 7fe885a11700 5 mds.0.server waiting for root -988>
2019-11-12 09:20:18.787 7fe885a11700 4 mds.0.server handle_client_request client_request(client.1794521:96218 lookup #0x100013ad07a/eula.txt
2019-11-12 08:28:11.070817 RETRY=67 caller_uid=1000, caller_gid=1000{}) v2 -988>
2019-11-12 09:20:18.787 7fe885a11700 5 mds.0.server waiting for root -988>
2019-11-12 09:20:18.787 7fe885a11700 4 mds.0.server handle_client_request client_request(client.1794662:952065 readdir #0x3000001e549
2019-11-12 08:37:22.860969 RETRY=55 caller_uid=33, caller_gid=33{}) v2 -988>
2019-11-12 09:20:18.787 7fe885a11700 5 mds.0.server waiting for root -988>
2019-11-12 09:20:18.787 7fe885a11700 4 mds.0.server handle_client_request client_request(client.1794521:96220 lookup #0x100013ad07a/eula.txt
2019-11-12 08:29:41.944559 RETRY=65 caller_uid=1000, caller_gid=1000{}) v2 -988>
2019-11-12 09:20:18.787 7fe885a11700 5 mds.0.server waiting for root -988>
2019-11-12 09:20:18.787 7fe885a11700 4 mds.0.server handle_client_request client_request(client.1794662:952066 readdir #0x3000001e549
2019-11-12 09:10:51.957957 RETRY=6 caller_uid=33, caller_gid=33{}) v2 -988>
2019-11-12 09:20:18.787 7fe885a11700 5 mds.0.server waiting for root -988>
2019-11-12 09:20:18.787 7fe885a11700 4 mds.0.server handle_client_request client_request(client.1794665:22967 lookup #0x10001346b3e/public
2019-11-12 08:23:30.359288 RETRY=73 caller_uid=33, caller_gid=33{}) v2 -988>
2019-11-12 09:20:18.787 7fe885a11700 5 mds.0.server waiting for root -988>
2019-11-12 09:20:18.787 7fe885a11700 4 mds.0.server handle_client_request client_request(client.1793737:19795 setattr size=0 mtime=2019-11-12 08:23:02.984801 #0x100013b15fc
2019-11-12 08:23:02.984801 RETRY=74 caller_uid=1000, caller_gid=1000{}) v2 -988>
2019-11-12 09:20:18.787 7fe885a11700 5 mds.0.server waiting for root -988>
2019-11-12 09:20:18.787 7fe885a11700 4 mds.0.server handle_client_request client_request(client.1794521:96222 lookup #0x100013ad07a/eula.txt
2019-11-12 08:36:00.047709 RETRY=57 caller_uid=1000, caller_gid=1000{}) v2 -988>
2019-11-12 09:20:18.787 7fe885a11700 5 mds.0.server waiting for root -988>
2019-11-12 09:20:18.791 7fe885a11700 4 mds.0.server handle_client_request client_request(client.1794665:22975 lookup #0x10001344421/bookmarks
2019-11-12 08:26:09.157921 RETRY=70 caller_uid=33, caller_gid=33{}) v2 -988>
2019-11-12 09:20:18.791 7fe885a11700 5 mds.0.server waiting for root -988>
2019-11-12 09:20:18.791 7fe885a11700 4 mds.0.server handle_client_request client_request(client.1793737:19856 getattr pAs #0x100013b1606/db
2019-11-12 09:18:41.418572 RETRY=1 caller_uid=1000, caller_gid=1000{}) v2 -988>
2019-11-12 09:20:18.791 7fe885a11700 5 mds.0.server waiting for root -988>
2019-11-12 09:20:18.791 7fe885a11700 4 mds.0.server handle_client_request client_request(client.1794521:96224 lookup #0x100013ad07a/eula.txt
2019-11-12 08:37:28.357363 RETRY=55 caller_uid=1000, caller_gid=1000{}) v2 -988>
2019-11-12 09:20:18.791 7fe885a11700 5 mds.0.server waiting for root -988>
2019-11-12 09:20:18.791 7fe885a11700 4 mds.0.server handle_client_request client_request(client.1794665:23185 lookup #0x10001344421/bookmarks
2019-11-12 08:48:12.519545 RETRY=41 caller_uid=33, caller_gid=33{}) v2 -988>
2019-11-12 09:20:18.791 7fe885a11700 5 mds.0.server waiting for root -988>
2019-11-12 09:20:18.791 7fe885a11700 4 mds.0.server handle_client_request client_request(client.1794521:96226 lookup #0x100013ad07a/eula.txt
2019-11-12 08:44:11.084864 RETRY=47 caller_uid=1000, caller_gid=1000{}) v2 -988>
2019-11-12 09:20:18.791 7fe885a11700 5 mds.0.server waiting for root -988>
2019-11-12 09:20:18.791 7fe885a11700 4 mds.0.server handle_client_request client_request(client.1794665:23218 open #0x10001346b3e/.htaccess
2019-11-12 08:57:40.980883 RETRY=35 caller_uid=33, caller_gid=33{}) v2 -988>
2019-11-12 09:20:18.791 7fe885a11700 5 mds.0.server waiting for root -988>
2019-11-12 09:20:18.791 7fe885a11700 4 mds.0.server handle_client_request client_request(client.1794521:96227 lookup #0x100013ad07a/eula.txt
2019-11-12 08:45:24.114219 RETRY=45 caller_uid=1000, caller_gid=1000{}) v2 -988>
2019-11-12 09:20:18.791 7fe885a11700 5 mds.0.server waiting for root -988>
2019-11-12 09:20:18.791 7fe885a11700 4 mds.0.server handle_client_request client_request(client.1794665:23345 getattr As #0x1000133e06d
2019-11-12 09:18:35.453545 RETRY=1 caller_uid=33, caller_gid=33{}) v2 -988>
2019-11-12 09:20:18.791 7fe885a11700 5 mds.0.server waiting for root -988>
2019-11-12 09:20:18.791 7fe885a11700 4 mds.0.server handle_client_request client_request(client.1794521:96230 lookup #0x100013ad07a/eula.txt
2019-11-12 08:57:57.351991 RETRY=34 caller_uid=1000, caller_gid=1000{}) v2 -988>
2019-11-12 09:20:18.791 7fe885a11700 5 mds.0.server waiting for root -988>
2019-11-12 09:20:18.791 7fe885a11700 4 mds.0.server handle_client_request client_request(client.1794665:23346 lookup #0x1000133e06d/index.php
2019-11-12 09:18:40.585629 RETRY=1 caller_uid=33, caller_gid=33{}) v2 -988>
2019-11-12 09:20:18.791 7fe885a11700 5 mds.0.server waiting for root -988>
2019-11-12 09:20:18.791 7fe885a11700 4 mds.0.server handle_client_request client_request(client.1793728:9470 lookup #0x1000136753a/2tld.inc.local
2019-11-12 09:18:41.416884 RETRY=1 caller_uid=0, caller_gid=0{}) v2 -988>
2019-11-12 09:20:18.791 7fe885a11700 5 mds.0.server waiting for root -988>
2019-11-12 09:20:18.791 7fe885a11700 4 mds.0.server handle_client_request client_request(client.1793815:22873 rename #0x30000015ba9/20160904_113956.jpg #0x30000015ba9/.20160904_113956.jpg.NIh764
2019-11-10 15:46:08.760660 RETRY=113 caller_uid=0, caller_gid=0{}) v2 -988>
2019-11-12 09:20:18.795 7fe885a11700 5 mds.0.server waiting for root -988>
2019-11-12 09:20:18.795 7fe885a11700 4 mds.0.server handle_client_request client_request(client.1794521:96231 lookup #0x100013ad07a/eula.txt
2019-11-12 08:59:14.149366 RETRY=30 caller_uid=1000, caller_gid=1000{}) v2 -988>
2019-11-12 09:20:18.795 7fe885a11700 5 mds.0.server waiting for root -988>
2019-11-12 09:20:18.795 7fe885a11700 4 mds.0.server handle_client_request client_request(client.1794665:23347 lookup #0x10001346679/public
2019-11-12 09:18:41.409643 RETRY=1 caller_uid=33, caller_gid=33{}) v2 -988>
2019-11-12 09:20:18.795 7fe885a11700 5 mds.0.server waiting for root -988>
2019-11-12 09:20:18.795 7fe885a11700 4 mds.0.server handle_client_request client_request(client.1793728:9471 lookup #0x1000136753a/mime_types.inc.local
2019-11-12 09:18:41.416884 RETRY=1 caller_uid=0, caller_gid=0{}) v2 -988>
2019-11-12 09:20:18.795 7fe885a11700 5 mds.0.server waiting for root -988>
2019-11-12 09:20:18.795 7fe885a11700 4 mds.0.server handle_client_request client_request(client.1794521:96232 lookup #0x100013ad07a/eula.txt
2019-11-12 09:05:30.072151 RETRY=10 caller_uid=1000, caller_gid=1000{}) v2 -988>
2019-11-12 09:20:18.795 7fe885a11700 5 mds.0.server waiting for root -988>
2019-11-12 09:20:18.795 7fe885a11700 4 mds.0.server handle_client_request client_request(client.1794665:23348 lookup #0x1000134691b/autoload.php
2019-11-12 09:18:41.409643 RETRY=1 caller_uid=33, caller_gid=33{}) v2 -988>
2019-11-12 09:20:18.795 7fe885a11700 5 mds.0.server waiting for root -988>
2019-11-12 09:20:18.795 7fe885a11700 4 mds.0.server handle_client_request client_request(client.1793728:9472 lookup #0x1000136753a/spf_dkim_whitelist.inc.local
2019-11-12 09:18:41.416884 RETRY=1 caller_uid=0, caller_gid=0{}) v2 -988>
2019-11-12 09:20:18.795 7fe885a11700 5 mds.0.server waiting for root -988>
2019-11-12 09:20:18.795 7fe885a11700 4 mds.0.server handle_client_request client_request(client.1794521:96233 lookup #0x100013ad07a/eula.txt
2019-11-12 09:06:44.117495 RETRY=8 caller_uid=1000, caller_gid=1000{}) v2 -988>
2019-11-12 09:20:18.795 7fe885a11700 5 mds.0.server waiting for root -988>
2019-11-12 09:20:18.795 7fe885a11700 4 mds.0.server handle_client_request client_request(client.1794665:23349 lookup #0x10001346679/private
2019-11-12 09:18:41.457643 RETRY=1 caller_uid=33, caller_gid=33{}) v2 -988>
2019-11-12 09:20:18.795 7fe885a11700 5 mds.0.server waiting for root -988>
2019-11-12 09:20:18.795 7fe885a11700 4 mds.0.server handle_client_request client_request(client.1793728:9473 lookup #0x1000136753a/surbl-whitelist.inc.local
2019-11-12 09:18:41.736891 RETRY=1 caller_uid=0, caller_gid=0{}) v2 -988>
2019-11-12 09:20:18.795 7fe885a11700 5 mds.0.server waiting for root -988>
2019-11-12 09:20:18.795 7fe885a11700 4 mds.0.server handle_client_request client_request(client.1794521:96236 lookup #0x100013ad07a/eula.txt
2019-11-12 09:17:08.464874 RETRY=2 caller_uid=1000, caller_gid=1000{}) v2 -988>
2019-11-12 09:20:18.795 7fe885a11700 5 mds.0.server waiting for root -988>
2019-11-12 09:20:18.795 7fe885a11700 4 mds.0.server handle_client_request client_request(client.1793728:9474 getattr As #0x1000136753a
2019-11-12 09:19:29.005938 RETRY=1 caller_uid=0, caller_gid=0{}) v2 -988>
2019-11-12 09:20:18.795 7fe885a11700 5 mds.0.server waiting for root -988>
2019-11-12 09:20:18.795 7fe885a11700 4 mds.0.server handle_client_request client_request(client.1794521:96238 lookup #0x100013ad07a/eula.txt
2019-11-12 09:18:43.942618 RETRY=1 caller_uid=1000, caller_gid=1000{}) v2 -988>
2019-11-12 09:20:18.795 7fe885a11700 5 mds.0.server waiting for root -988>
2019-11-12 09:20:18.795 7fe885a11700 4 mds.0.server handle_client_request client_request(client.1794521:96239 getattr As #0x100013ad07a
2019-11-12 09:19:36.755583 RETRY=1 caller_uid=0, caller_gid=0{}) v2 -988>
2019-11-12 09:20:18.795 7fe885a11700 5 mds.0.server waiting for root -988>
2019-11-12 09:20:18.795 7fe885a11700 1 mds.0.56303 cluster recovered. -988>
2019-11-12 09:20:18.795 7fe885a11700 4 mds.0.56303 set_osd_epoch_barrier: epoch=28661 -988>
2019-11-12 09:20:18.795 7fe885a11700 1 -- 192.168.200.19:6800/1460470921 <== client.1793728 192.168.200.15:0/1656050499 7 ==== client_caps(flush ino 0x1000136718a 2423 seq 0 tid 12993 caps=pAsxLsXsxFsxcrwb dirty=Fw wanted=pAsxXsxFsxcrwb follows 1 size 797696/0 mtime
2019-11-12 09:13:00.157329 xattrs(v=18446744071802044689 l=0)) v10 ==== 236+0+0 (3677921934 0 0) 0x5574ef5da480 con 0x5574f11dd200 -988>
2019-11-12 09:20:18.795 7fe885a11700 1 -- 192.168.200.19:6800/1460470921 --> 192.168.200.15:0/1656050499 -- client_caps(flush_ack ino 0x1000136718a 2423 seq 0 tid 12993 caps=pAsxLsXsxFsxcrwb dirty=Fw wanted=- follows 1 size 0/0 mtime 0.000000) v11 -- 0x5574ef5dd600 con 0 -988>
2019-11-12 09:20:18.795 7fe885a11700 1 -- 192.168.200.19:6800/1460470921 --> 192.168.200.15:0/1656050499 -- client_caps(grant ino 0x1000136718a 2423 seq 1 caps=pAsxLsXsxFsxcrwb dirty=- wanted=pAsxXsxFsxcrwb follows 0 size 797696/4194304 ts 1/18446744073709551615 mtime
2019-11-12 09:13:00.157329 xattrs(v=1 l=4)) v11 -- 0x5574ef5dda80 con 0 -988>
2019-11-12 09:20:18.795 7fe885a11700 1 -- 192.168.200.19:6800/1460470921 <== client.1793728 192.168.200.15:0/1656050499 8 ==== client_caps(flush ino 0x1000136718a 2423 seq 0 tid 12994 caps=pAsxLsXsxFsxcrwb dirty=Fw wanted=pAsxXsxFsxcrwb follows 1 size 797696/0 mtime
2019-11-12 09:13:00.157329 xattrs(v=18446744071802044689 l=0)) v10 ==== 236+0+0 (3677921934 0 0) 0x5574ef5dbb00 con 0x5574f11dd200 -988>
2019-11-12 09:20:18.795 7fe880f7e700 1 -- 192.168.200.19:6800/1460470921 --> 192.168.200.19:6805/12258 -- osd_op(unknown.0.56303:93 6.30 6:0d82a743:::600.00000000:head [omap-get-header,omap-get-vals,getxattr parent] snapc 0=[] ondisk+read+known_if_redirected+full_force e28661) v8 -- 0x5574f0766000 con 0 -988>
2019-11-12 09:20:18.795 7fe880f7e700 4 mds.0.purge_queue activate: start work (by drain) -988>
2019-11-12 09:20:18.795 7fe880f7e700 4 mds.0.server handle_client_request client_request(client.1792815:329 getattr pAsLsXsFs #0x10000025367
2019-11-12 09:19:42.723279 RETRY=1 caller_uid=0, caller_gid=0{}) v2 -988>
2019-11-12 09:20:18.795 7fe88077d700 1 -- 192.168.200.19:6800/1460470921 --> 192.168.200.17:6806/20250 -- osd_op(unknown.0.56303:94 6.25 6:a64c6dbf:::500.0000000f:head [read 1546512~19054 [fadvise_dontneed]] snapc 0=[] ondisk+read+known_if_redirected+full_force e28661) v8 -- 0x5574ef810580 con 0 -988>
2019-11-12 09:20:18.795 7fe880f7e700 1 -- 192.168.200.19:6800/1460470921 --> 192.168.200.32:0/3593333399 -- client_reply(???:329 = 0 (0) Success) v1 -- 0x5574f0766580 con 0 -988>
2019-11-12 09:20:18.795 7fe880f7e700 4 mds.0.server handle_client_request client_request(client.1794521:96218 lookup #0x100013ad07a/eula.txt
2019-11-12 08:28:11.070817 RETRY=67 caller_uid=1000, caller_gid=1000{}) v2 -988>
2019-11-12 09:20:18.795 7fe880f7e700 1 -- 192.168.200.19:6800/1460470921 --> 192.168.200.15:6805/24523 -- osd_op(unknown.0.56303:95 6.57 6:ea90f4f9:::100013ad07a.00000000:head [omap-get-header,omap-get-vals,getxattr parent] snapc 0=[] ondisk+read+known_if_redirected+full_force e28661) v8 -- 0x5574ef7fc840 con 0 -988>
2019-11-12 09:20:18.795 7fe880f7e700 4 mds.0.server handle_client_request client_request(client.1794662:952065 readdir #0x3000001e549
2019-11-12 08:37:22.860969 RETRY=55 caller_uid=33, caller_gid=33{}) v2 -988>
2019-11-12 09:20:18.795 7fe880f7e700 1 -- 192.168.200.19:6800/1460470921 --> 192.168.200.19:6805/12258 -- osd_op(unknown.0.56303:96 6.3d 6:bfdb3c52:::3000001e549.00000000:head [omap-get-header,omap-get-vals,getxattr parent] snapc 0=[] ondisk+read+known_if_redirected+full_force e28661) v8 -- 0x5574ef811600 con 0 -988>
2019-11-12 09:20:18.795 7fe880f7e700 4 mds.0.server handle_client_request client_request(client.1794521:96220 lookup #0x100013ad07a/eula.txt
2019-11-12 08:29:41.944559 RETRY=65 caller_uid=1000, caller_gid=1000{}) v2 -988>
2019-11-12 09:20:18.795 7fe880f7e700 4 mds.0.server handle_client_request client_request(client.1794662:952066 readdir #0x3000001e549
2019-11-12 09:10:51.957957 RETRY=6 caller_uid=33, caller_gid=33{}) v2 -988>
2019-11-12 09:20:18.795 7fe880f7e700 4 mds.0.server handle_client_request client_request(client.1794665:22967 lookup #0x10001346b3e/public
2019-11-12 08:23:30.359288 RETRY=73 caller_uid=33, caller_gid=33{}) v2 -988>
2019-11-12 09:20:18.795 7fe880f7e700 1 -- 192.168.200.19:6800/1460470921 --> 192.168.200.19:6805/12258 -- osd_op(unknown.0.56303:97 6.5 6:a110cbc0:::10001346b3e.00000000:head [omap-get-header,omap-get-vals,getxattr parent] snapc 0=[] ondisk+read+known_if_redirected+full_force e28661) v8 -- 0x5574f1226840 con 0 -988>
2019-11-12 09:20:18.795 7fe880f7e700 4 mds.0.server handle_client_request client_request(client.1793737:19795 setattr size=0 mtime=2019-11-12 08:23:02.984801 #0x100013b15fc
2019-11-12 08:23:02.984801 RETRY=74 caller_uid=1000, caller_gid=1000{}) v2 -988>
2019-11-12 09:20:18.795 7fe880f7e700 1 -- 192.168.200.19:6800/1460470921 --> 192.168.200.31:0/2398232289 -- client_caps(revoke ino 0x100013b15fc 1738 seq 2 caps=pAsxLsXsxFcb dirty=- wanted=pAsxXsxFxwb follows 0 size 22/4194304 ts 5974/0 mtime
2019-11-12 08:21:27.262884 tws 5970) v11 -- 0x5574f080a000 con 0 -988>
2019-11-12 09:20:18.795 7fe880f7e700 4 mds.0.server handle_client_request client_request(client.1794521:96222 lookup #0x100013ad07a/eula.txt
2019-11-12 08:36:00.047709 RETRY=57 caller_uid=1000, caller_gid=1000{}) v2 -988>
2019-11-12 09:20:18.795 7fe880f7e700 4 mds.0.server handle_client_request client_request(client.1794665:22975 lookup #0x10001344421/bookmarks
2019-11-12 08:26:09.157921 RETRY=70 caller_uid=33, caller_gid=33{}) v2 -988>
2019-11-12 09:20:18.795 7fe880f7e700 1 -- 192.168.200.19:6800/1460470921 --> 192.168.200.19:6805/12258 -- osd_op(unknown.0.56303:98 6.c 6:305695a6:::10001344421.00000000:head [omap-get-header,omap-get-vals,getxattr parent] snapc 0=[] ondisk+read+known_if_redirected+full_force e28661) v8 -- 0x5574ef7fd340 con 0 -988>
2019-11-12 09:20:18.795 7fe880f7e700 4 mds.0.server handle_client_request client_request(client.1793737:19856 getattr pAs #0x100013b1606/db
2019-11-12 09:18:41.418572 RETRY=1 caller_uid=1000, caller_gid=1000{}) v2 -988>
2019-11-12 09:20:18.795 7fe880f7e700 1 -- 192.168.200.19:6800/1460470921 --> 192.168.200.31:0/2398232289 -- client_reply(???:19856 = 0 (0) Success) v1 -- 0x5574f17f1600 con 0 -988>
2019-11-12 09:20:18.795 7fe880f7e700 4 mds.0.server handle_client_request client_request(client.1794521:96224 lookup #0x100013ad07a/eula.txt
2019-11-12 08:37:28.357363 RETRY=55 caller_uid=1000, caller_gid=1000{}) v2 -988>
2019-11-12 09:20:18.795 7fe880f7e700 4 mds.0.server handle_client_request client_request(client.1794665:23185 lookup #0x10001344421/bookmarks
2019-11-12 08:48:12.519545 RETRY=41 caller_uid=33, caller_gid=33{}) v2 -988>
2019-11-12 09:20:18.795 7fe880f7e700 4 mds.0.server handle_client_request client_request(client.1794521:96226 lookup #0x100013ad07a/eula.txt
2019-11-12 08:44:11.084864 RETRY=47 caller_uid=1000, caller_gid=1000{}) v2 -988>
2019-11-12 09:20:18.795 7fe880f7e700 4 mds.0.server handle_client_request client_request(client.1794665:23218 open #0x10001346b3e/.htaccess
2019-11-12 08:57:40.980883 RETRY=35 caller_uid=33, caller_gid=33{}) v2 -988>
2019-11-12 09:20:18.795 7fe880f7e700 4 mds.0.server handle_client_request client_request(client.1794521:96227 lookup #0x100013ad07a/eula.txt
2019-11-12 08:45:24.114219 RETRY=45 caller_uid=1000, caller_gid=1000{}) v2 -988>
2019-11-12 09:20:18.795 7fe880f7e700 4 mds.0.server handle_client_request client_request(client.1794665:23345 getattr As #0x1000133e06d
2019-11-12 09:18:35.453545 RETRY=1 caller_uid=33, caller_gid=33{}) v2 -988>
2019-11-12 09:20:18.795 7fe880f7e700 1 -- 192.168.200.19:6800/1460470921 --> 192.168.200.30:0/3506497893 -- client_reply(???:23345 = 0 (0) Success) v1 -- 0x5574f17f1080 con 0 -988>
2019-11-12 09:20:18.795 7fe880f7e700 4 mds.0.server handle_client_request client_request(client.1794521:96230 lookup #0x100013ad07a/eula.txt
2019-11-12 08:57:57.351991 RETRY=34 caller_uid=1000, caller_gid=1000{}) v2 -988>
2019-11-12 09:20:18.795 7fe880f7e700 4 mds.0.server handle_client_request client_request(client.1794665:23346 lookup #0x1000133e06d/index.php
2019-11-12 09:18:40.585629 RETRY=1 caller_uid=33, caller_gid=33{}) v2 -988>
2019-11-12 09:20:18.795 7fe880f7e700 1 -- 192.168.200.19:6800/1460470921 --> 192.168.200.30:0/3506497893 -- client_reply(???:23346 = 0 (0) Success) v1 -- 0x5574f17f0580 con 0 -988>
2019-11-12 09:20:18.795 7fe880f7e700 4 mds.0.server handle_client_request client_request(client.1793728:9470 lookup #0x1000136753a/2tld.inc.local
2019-11-12 09:18:41.416884 RETRY=1 caller_uid=0, caller_gid=0{}) v2 -988>
2019-11-12 09:20:18.795 7fe880f7e700 1 -- 192.168.200.19:6800/1460470921 --> 192.168.200.15:0/1656050499 -- client_reply(???:9470 = -2 (2) No such file or directory) v1 -- 0x5574f1227340 con 0 -988>
2019-11-12 09:20:18.795 7fe880f7e700 4 mds.0.server handle_client_request client_request(client.1793815:22873 rename #0x30000015ba9/20160904_113956.jpg #0x30000015ba9/.20160904_113956.jpg.NIh764
2019-11-10 15:46:08.760660 RETRY=113 caller_uid=0, caller_gid=0{}) v2 -988>
2019-11-12 09:20:18.795 7fe888216700 5 -- 192.168.200.19:6800/1460470921 >> 192.168.200.19:6805/12258 conn(0x5574ef703000 :-1 s=STATE_OPEN_MESSAGE_READ_FOOTER_AND_DISPATCH pgs=12849 cs=1 l=1). rx osd.5 seq 36 0x5574ef7fd340 osd_op_reply(96 3000001e549.00000000 [omap-get-header,omap-get-vals,getxattr (97)] v0'0 uv88617 ondisk = 0) v8 -988>
2019-11-12 09:20:18.795 7fe888216700 1 -- 192.168.200.19:6800/1460470921 <== osd.5 192.168.200.19:6805/12258 36 ==== osd_op_reply(96 3000001e549.00000000 [omap-get-header,omap-get-vals,getxattr (97)] v0'0 uv88617 ondisk = 0) v8 ==== 248+0+2829 (838332988 0 2622649345) 0x5574ef7fd340 con 0x5574ef703000 -988>
2019-11-12 09:20:18.799 7fe888216700 5 -- 192.168.200.19:6800/1460470921 >> 192.168.200.19:6805/12258 conn(0x5574ef703000 :-1 s=STATE_OPEN_MESSAGE_READ_FOOTER_AND_DISPATCH pgs=12849 cs=1 l=1). rx osd.5 seq 37 0x5574f17f0b00 osd_op_reply(98 10001344421.00000000 [omap-get-header,omap-get-vals,getxattr (125)] v0'0 uv36621 ondisk = 0) v8 -988>
2019-11-12 09:20:18.799 7fe888216700 1 -- 192.168.200.19:6800/1460470921 <== osd.5 192.168.200.19:6805/12258 37 ==== osd_op_reply(98 10001344421.00000000 [omap-get-header,omap-get-vals,getxattr (125)] v0'0 uv36621 ondisk = 0) v8 ==== 248+0+19893 (2739227853 0 1215621712) 0x5574f17f0b00 con 0x5574ef703000 -988>
2019-11-12 09:20:18.799 7fe888a17700 5 -- 192.168.200.19:6800/1460470921 >> 192.168.200.31:0/2398232289 conn(0x5574ef85ea00 :6800 s=STATE_OPEN_MESSAGE_READ_FOOTER_AND_DISPATCH pgs=5362 cs=1 l=0). rx client.1793737 seq 4 0x5574ef5dd180 client_caps(update ino 0x100013b15fc 1738 seq 2 caps=pAsxLsXsxFcb dirty=- wanted=pAsxXsxFxwb follows 0 size 22/0 mtime
2019-11-12 08:21:27.262884 tws 5970) v6 -988>
2019-11-12 09:20:18.799 7fe888a17700 5 -- 192.168.200.19:6800/1460470921 >> 192.168.200.31:0/2398232289 conn(0x5574ef85ea00 :6800 s=STATE_OPEN_MESSAGE_READ_FOOTER_AND_DISPATCH pgs=5362 cs=1 l=0). rx client.1793737 seq 5 0x5574f11fbb00 client_request(client.1793737:19857 readdir #0x100013b1607
2019-11-12 09:20:18.796352 caller_uid=1000, caller_gid=1000{}) v2 -988>
2019-11-12 09:20:18.799 7fe888a17700 5 -- 192.168.200.19:6800/1460470921 >> 192.168.200.15:6805/24523 conn(0x5574ef702a00 :-1 s=STATE_OPEN_MESSAGE_READ_FOOTER_AND_DISPATCH pgs=11977 cs=1 l=1). rx osd.1 seq 32 0x5574f17f0000 osd_op_reply(95 100013ad07a.00000000 [omap-get-header,omap-get-vals,getxattr (95)] v0'0 uv30079 ondisk = 0) v8 -988>
2019-11-12 09:20:18.799 7fe888a17700 1 -- 192.168.200.19:6800/1460470921 <== osd.1 192.168.200.15:6805/24523 32 ==== osd_op_reply(95 100013ad07a.00000000 [omap-get-header,omap-get-vals,getxattr (95)] v0'0 uv30079 ondisk = 0) v8 ==== 248+0+7185 (2976393307 0 498225518) 0x5574f17f0000 con 0x5574ef702a00 -988>
2019-11-12 09:20:18.799 7fe888216700 5 -- 192.168.200.19:6800/1460470921 >> 192.168.200.19:6805/12258 conn(0x5574ef703000 :-1 s=STATE_OPEN_MESSAGE_READ_FOOTER_AND_DISPATCH pgs=12849 cs=1 l=1). rx osd.5 seq 38 0x5574ef7fd340 osd_op_reply(97 10001346b3e.00000000 [omap-get-header,omap-get-vals,getxattr (124)] v0'0 uv36678 ondisk = 0) v8 -988>
2019-11-12 09:20:18.799 7fe888216700 1 -- 192.168.200.19:6800/1460470921 <== osd.5 192.168.200.19:6805/12258 38 ==== osd_op_reply(97 10001346b3e.00000000 [omap-get-header,omap-get-vals,getxattr (124)] v0'0 uv36678 ondisk = 0) v8 ==== 248+0+1853 (4149073175 0 3508024585) 0x5574ef7fd340 con 0x5574ef703000 -988>
2019-11-12 09:20:18.799 7fe888216700 5 -- 192.168.200.19:6800/1460470921 >> 192.168.200.19:6805/12258 conn(0x5574ef703000 :-1 s=STATE_OPEN_MESSAGE_READ_FOOTER_AND_DISPATCH pgs=12849 cs=1 l=1). rx osd.5 seq 39 0x5574f17f0b00 osd_op_reply(93 600.00000000 [omap-get-header,omap-get-vals,getxattr (62)] v0'0 uv93665 ondisk = 0) v8 -988>
2019-11-12 09:20:18.799 7fe888216700 1 -- 192.168.200.19:6800/1460470921 <== osd.5 192.168.200.19:6805/12258 39 ==== osd_op_reply(93 600.00000000 [omap-get-header,omap-get-vals,getxattr (62)] v0'0 uv93665 ondisk = 0) v8 ==== 240+0+83373 (2574217908 0 294505411) 0x5574f17f0b00 con 0x5574ef703000 -988>
2019-11-12 09:20:18.803 7fe880f7e700 -1 /home/jenkins-build/build/workspace/ceph-build/ARCH/x86_64/AVAILABLE_ARCH/x86_64/AVAILABLE_DIST/centos7/DIST/centos7/MACHINE_SIZE/huge/release/13.2.6/rpm/el7/BUILD/ceph-13.2.6/src/mds/Server.cc: In function 'void Server::_rename_prepare(MDRequestRef&, EMetaBlob*, ceph::bufferlist*, CDentry*, CDentry*, CDentry*)' thread 7fe880f7e700 time
2019-11-12 09:20:18.803701 /home/jenkins-build/build/workspace/ceph-build/ARCH/x86_64/AVAILABLE_ARCH/x86_64/AVAILABLE_DIST/centos7/DIST/centos7/MACHINE_SIZE/huge/release/13.2.6/rpm/el7/BUILD/ceph-13.2.6/src/mds/Server.cc: 8036: FAILED assert(oldin->first <= straydn->first) ceph version 13.2.6 (7b695f835b03642f85998b2ae7b6dd093d9fbce4) mimic (stable) 1: (ceph::__ceph_assert_fail(char const*, char const*, int, char const*)+0x14b) [0x7fe88f05b36b] 2: (()+0x26e4f7) [0x7fe88f05b4f7] 3: (Server::_rename_prepare(boost::intrusive_ptr&, EMetaBlob*, ceph::buffer::list*, CDentry*, CDentry*, CDentry*)+0x276d) [0x5574ed818c0d] 4: (Server::handle_client_rename(boost::intrusive_ptr&)+0x19bb) [0x5574ed81a6cb] 5: (Server::handle_client_request(MClientRequest*)+0x49e) [0x5574ed82dc2e] 6: (Server::dispatch(Message*)+0x2db) [0x5574ed83192b] 7: (MDSRank::handle_deferrable_message(Message*)+0x434) [0x5574ed7a4234] 8: (MDSRank::_dispatch(Message*, bool)+0x88b) [0x5574ed7baffb] 9: (MDSRank::retry_dispatch(Message*)+0x12) [0x5574ed7bb6e2] 10: (MDSInternalContextBase::complete(int)+0x67) [0x5574eda144a7] 11: (MDSRank::_advance_queues()+0xd1) [0x5574ed7b9fa1] 12: (MDSRank::ProgressThread::entry()+0x43) [0x5574ed7ba633] 13: (()+0x7e65) [0x7fe88cc8ee65] 14: (clone()+0x6d) [0x7fe88bd6988d] -988>
2019-11-12 09:20:18.803 7fe880f7e700 -1 *** Caught signal (Aborted) ** in thread 7fe880f7e700 thread_name:mds_rank_progr ceph version 13.2.6 (7b695f835b03642f85998b2ae7b6dd093d9fbce4) mimic (stable) 1: (()+0xf5f0) [0x7fe88cc965f0] 2: (gsignal()+0x37) [0x7fe88bca1337] 3: (abort()+0x148) [0x7fe88bca2a28] 4: (ceph::__ceph_assert_fail(char const*, char const*, int, char const*)+0x248) [0x7fe88f05b468] 5: (()+0x26e4f7) [0x7fe88f05b4f7] 6: (Server::_rename_prepare(boost::intrusive_ptr&, EMetaBlob*, ceph::buffer::list*, CDentry*, CDentry*, CDentry*)+0x276d) [0x5574ed818c0d] 7: (Server::handle_client_rename(boost::intrusive_ptr&)+0x19bb) [0x5574ed81a6cb] 8: (Server::handle_client_request(MClientRequest*)+0x49e) [0x5574ed82dc2e] 9: (Server::dispatch(Message*)+0x2db) [0x5574ed83192b] 10: (MDSRank::handle_deferrable_message(Message*)+0x434) [0x5574ed7a4234] 11: (MDSRank::_dispatch(Message*, bool)+0x88b) [0x5574ed7baffb] 12: (MDSRank::retry_dispatch(Message*)+0x12) [0x5574ed7bb6e2] 13: (MDSInternalContextBase::complete(int)+0x67) [0x5574eda144a7] 14: (MDSRank::_advance_queues()+0xd1) [0x5574ed7b9fa1] 15: (MDSRank::ProgressThread::entry()+0x43) [0x5574ed7ba633] 16: (()+0x7e65) [0x7fe88cc8ee65] 17: (clone()+0x6d) [0x7fe88bd6988d] NOTE: a copy of the executable, or `objdump -rdS ` is needed to interpret this. --- logging levels --- 0/ 5 none 0/ 1 lockdep 0/ 1 context 1/ 1 crush 1/ 5 mds 1/ 5 mds_balancer 1/ 5 mds_locker 1/ 5 mds_log 1/ 5 mds_log_expire 1/ 5 mds_migrator 0/ 1 buffer 0/ 1 timer 0/ 1 filer 0/ 1 striper 0/ 1 objecter 0/ 5 rados 0/ 5 rbd 0/ 5 rbd_mirror 0/ 5 rbd_replay 0/ 5 journaler 0/ 5 objectcacher 0/ 5 client 1/ 5 osd 0/ 5 optracker 0/ 5 objclass 1/ 3 filestore 1/ 3 journal 0/ 5 ms 1/ 5 mon 0/10 monc 1/ 5 paxos 0/ 5 tp 1/ 5 auth 1/ 5 crypto 1/ 1 finisher 1/ 1 reserver 1/ 5 heartbeatmap 1/ 5 perfcounter 1/ 5 rgw 1/ 5 rgw_sync 1/10 civetweb 1/ 5 javaclient 1/ 5 asok 1/ 1 throttle 0/ 0 refs 1/ 5 xio 1/ 5 compressor 1/ 5 bluestore 1/ 5 bluefs 1/ 3 bdev 1/ 5 kstore 4/ 5 rocksdb 4/ 5 leveldb 4/ 5 memdb 1/ 5 kinetic 1/ 5 fuse 1/ 5 mgr 1/ 5 mgrc 1/ 5 dpdk 1/ 5 eventtrace -2/-2 (syslog threshold) 99/99 (stderr threshold) max_recent 10000 max_new 1000 log_file --- end dump of recent events --- --- begin dump of recent events --- -1010>
2019-11-12 09:20:03.494 7fe897e7f000 5 asok(0x5574ef5585a0) register_command abort hook 0x5574ef5302b0 -1010>
2019-11-12 09:20:03.494 7fe897e7f000 5 asok(0x5574ef5585a0) register_command perfcounters_dump hook 0x5574ef5302b0 -1010>
2019-11-12 09:20:03.494 7fe897e7f000 5 asok(0x5574ef5585a0) register_command 1 hook 0x5574ef5302b0 -1010>
2019-11-12 09:20:03.494 7fe897e7f000 5 asok(0x5574ef5585a0) register_command perf dump hook 0x5574ef5302b0 -1010>
2019-11-12 09:20:03.494 7fe897e7f000 5 asok(0x5574ef5585a0) register_command perfcounters_schema hook 0x5574ef5302b0 -1010>
2019-11-12 09:20:03.494 7fe897e7f000 5 asok(0x5574ef5585a0) register_command perf histogram dump hook 0x5574ef5302b0 -1010>
2019-11-12 09:20:03.494 7fe897e7f000 5 asok(0x5574ef5585a0) register_command 2 hook 0x5574ef5302b0 -1010>
2019-11-12 09:20:03.494 7fe897e7f000 5 asok(0x5574ef5585a0) register_command perf schema hook 0x5574ef5302b0 -1010>
2019-11-12 09:20:03.494 7fe897e7f000 5 asok(0x5574ef5585a0) register_command perf histogram schema hook 0x5574ef5302b0 -1010>
2019-11-12 09:20:03.494 7fe897e7f000 5 asok(0x5574ef5585a0) register_command perf reset hook 0x5574ef5302b0 -1010>
2019-11-12 09:20:03.494 7fe897e7f000 5 asok(0x5574ef5585a0) register_command config show hook 0x5574ef5302b0 -1010>
2019-11-12 09:20:03.494 7fe897e7f000 5 asok(0x5574ef5585a0) register_command config help hook 0x5574ef5302b0 -1010>
2019-11-12 09:20:03.494 7fe897e7f000 5 asok(0x5574ef5585a0) register_command config set hook 0x5574ef5302b0 -1010>
2019-11-12 09:20:03.494 7fe897e7f000 5 asok(0x5574ef5585a0) register_command config unset hook 0x5574ef5302b0 -1010>
2019-11-12 09:20:03.494 7fe897e7f000 5 asok(0x5574ef5585a0) register_command config get hook 0x5574ef5302b0 -1010>
2019-11-12 09:20:03.494 7fe897e7f000 5 asok(0x5574ef5585a0) register_command config diff hook 0x5574ef5302b0 -1010>
2019-11-12 09:20:03.494 7fe897e7f000 5 asok(0x5574ef5585a0) register_command config diff get hook 0x5574ef5302b0 -1010>
2019-11-12 09:20:03.494 7fe897e7f000 5 asok(0x5574ef5585a0) register_command log flush hook 0x5574ef5302b0 -1010>
2019-11-12 09:20:03.494 7fe897e7f000 5 asok(0x5574ef5585a0) register_command log dump hook 0x5574ef5302b0 -1010>
2019-11-12 09:20:03.494 7fe897e7f000 5 asok(0x5574ef5585a0) register_command log reopen hook 0x5574ef5302b0 -1010>
2019-11-12 09:20:03.494 7fe897e7f000 5 asok(0x5574ef5585a0) register_command dump_mempools hook 0x5574ef5662c8 -1010>
2019-11-12 09:20:03.514 7fe897e7f000 10 monclient: get_monmap_and_config -1010>
2019-11-12 09:20:03.598 7fe897e7f000 10 monclient: build_initial_monmap -1010>
2019-11-12 09:20:03.598 7fe888a17700 2 Event(0x5574ef543480 nevent=5000 time_id=1).set_owner idx=0 owner=140636701423360 -1010>
2019-11-12 09:20:03.598 7fe887a15700 2 Event(0x5574ef6b8480 nevent=5000 time_id=1).set_owner idx=2 owner=140636684637952 -1010>
2019-11-12 09:20:03.598 7fe888216700 2 Event(0x5574ef543680 nevent=5000 time_id=1).set_owner idx=1 owner=140636693030656 -1010>
2019-11-12 09:20:03.598 7fe897e7f000 1 Processor -- start -1010>
2019-11-12 09:20:03.598 7fe897e7f000 1 -- - start start -1010>
2019-11-12 09:20:03.598 7fe897e7f000 10 monclient: init -1010>
2019-11-12 09:20:03.598 7fe897e7f000 5 adding auth protocol: cephx -1010>
2019-11-12 09:20:03.598 7fe897e7f000 10 monclient: auth_supported 2 method cephx -1010>
2019-11-12 09:20:03.598 7fe897e7f000 2 auth: KeyRing::load: loaded key file /var/lib/ceph/mds/ceph-k8s-node-02/keyring -1010>
2019-11-12 09:20:03.598 7fe897e7f000 10 monclient: _reopen_session rank -1 -1010>
2019-11-12 09:20:03.598 7fe897e7f000 10 monclient(hunting): picked mon.k8s-node-00 con 0x5574ef700c00 addr 192.168.200.15:6789/0 -1010>
2019-11-12 09:20:03.598 7fe897e7f000 10 monclient(hunting): picked mon.k8s-node-02 con 0x5574ef701200 addr 192.168.200.19:6789/0 -1010>
2019-11-12 09:20:03.598 7fe897e7f000 1 -- - --> 192.168.200.15:6789/0 -- auth(proto 0 36 bytes epoch 0) v1 -- 0x5574ef52afc0 con 0 -1010>
2019-11-12 09:20:03.598 7fe897e7f000 1 -- - --> 192.168.200.19:6789/0 -- auth(proto 0 36 bytes epoch 0) v1 -- 0x5574ef52b200 con 0 -1010>
2019-11-12 09:20:03.598 7fe897e7f000 10 monclient(hunting): _renew_subs -1010>
2019-11-12 09:20:03.598 7fe897e7f000 10 monclient(hunting): authenticate will time out at
2019-11-12 09:25:03.605089 -1010>
2019-11-12 09:20:03.602 7fe887a15700 1 -- 192.168.200.19:0/763506544 learned_addr learned my addr 192.168.200.19:0/763506544 -1010>
2019-11-12 09:20:03.602 7fe888216700 2 -- 192.168.200.19:0/763506544 >> 192.168.200.15:6789/0 conn(0x5574ef700c00 :-1 s=STATE_CONNECTING_WAIT_ACK_SEQ pgs=0 cs=0 l=0)._process_connection got newly_acked_seq 0 vs out_seq 0 -1010>
2019-11-12 09:20:03.602 7fe887a15700 2 -- 192.168.200.19:0/763506544 >> 192.168.200.19:6789/0 conn(0x5574ef701200 :-1 s=STATE_CONNECTING_WAIT_ACK_SEQ pgs=0 cs=0 l=0)._process_connection got newly_acked_seq 0 vs out_seq 0 -1010>
2019-11-12 09:20:03.602 7fe888216700 5 -- 192.168.200.19:0/763506544 >> 192.168.200.15:6789/0 conn(0x5574ef700c00 :-1 s=STATE_OPEN_MESSAGE_READ_FOOTER_AND_DISPATCH pgs=15926 cs=1 l=1). rx mon.0 seq 1 0x5574ef52bb00 mon_map magic: 0 v1 -1010>
2019-11-12 09:20:03.602 7fe887214700 1 -- 192.168.200.19:0/763506544 <== mon.0 192.168.200.15:6789/0 1 ==== mon_map magic: 0 v1 ==== 451+0+0 (1031779836 0 0) 0x5574ef52bb00 con 0x5574ef700c00 -1010>
2019-11-12 09:20:03.602 7fe887214700 10 monclient(hunting): handle_monmap mon_map magic: 0 v1 -1010>
2019-11-12 09:20:03.602 7fe888216700 5 -- 192.168.200.19:0/763506544 >> 192.168.200.15:6789/0 conn(0x5574ef700c00 :-1 s=STATE_OPEN_MESSAGE_READ_FOOTER_AND_DISPATCH pgs=15926 cs=1 l=1). rx mon.0 seq 2 0x5574ef52bd40 auth_reply(proto 2 0 (0) Success) v1 -1010>
2019-11-12 09:20:03.602 7fe887214700 10 monclient(hunting): got monmap 323, mon.k8s-node-00 is now rank 0 -1010>
2019-11-12 09:20:03.602 7fe887214700 10 monclient(hunting): dump: epoch 323 fsid 571d4bfe-2c5d-45ca-8da1-91dcaf69942c last_changed
2019-10-31 14:07:12.621434 created
2018-04-12 14:27:23.947601 0: 192.168.200.15:6789/0 mon.k8s-node-00 1: 192.168.200.17:6789/0 mon.k8s-node-01 2: 192.168.200.19:6789/0 mon.k8s-node-02 -1010>
2019-11-12 09:20:03.602 7fe887214700 1 -- 192.168.200.19:0/763506544 <== mon.0 192.168.200.15:6789/0 2 ==== auth_reply(proto 2 0 (0) Success) v1 ==== 33+0+0 (164204572 0 0) 0x5574ef52bd40 con 0x5574ef700c00 -1010>
2019-11-12 09:20:03.602 7fe887214700 10 monclient(hunting): my global_id is 1849245 -1010>
2019-11-12 09:20:03.602 7fe887214700 1 -- 192.168.200.19:0/763506544 --> 192.168.200.15:6789/0 -- auth(proto 2 32 bytes epoch 0) v1 -- 0x5574ef52afc0 con 0 -1010>
2019-11-12 09:20:03.606 7fe887a15700 5 -- 192.168.200.19:0/763506544 >> 192.168.200.19:6789/0 conn(0x5574ef701200 :-1 s=STATE_OPEN_MESSAGE_READ_FOOTER_AND_DISPATCH pgs=31893 cs=1 l=1). rx mon.2 seq 1 0x5574ef7a66c0 mon_map magic: 0 v1 -1010>
2019-11-12 09:20:03.606 7fe887214700 1 -- 192.168.200.19:0/763506544 <== mon.2 192.168.200.19:6789/0 1 ==== mon_map magic: 0 v1 ==== 451+0+0 (1031779836 0 0) 0x5574ef7a66c0 con 0x5574ef701200 -1010>
2019-11-12 09:20:03.606 7fe887214700 10 monclient(hunting): handle_monmap mon_map magic: 0 v1 -1010>
2019-11-12 09:20:03.606 7fe887214700 10 monclient(hunting): got monmap 323, mon.k8s-node-02 is now rank 2 -1010>
2019-11-12 09:20:03.606 7fe887214700 10 monclient(hunting): dump: epoch 323 fsid 571d4bfe-2c5d-45ca-8da1-91dcaf69942c last_changed
2019-10-31 14:07:12.621434 created
2018-04-12 14:27:23.947601 0: 192.168.200.15:6789/0 mon.k8s-node-00 1: 192.168.200.17:6789/0 mon.k8s-node-01 2: 192.168.200.19:6789/0 mon.k8s-node-02 -1010>
2019-11-12 09:20:03.606 7fe887a15700 5 -- 192.168.200.19:0/763506544 >> 192.168.200.19:6789/0 conn(0x5574ef701200 :-1 s=STATE_OPEN_MESSAGE_READ_FOOTER_AND_DISPATCH pgs=31893 cs=1 l=1). rx mon.2 seq 2 0x5574ef7a6900 auth_reply(proto 2 0 (0) Success) v1 -1010>
2019-11-12 09:20:03.606 7fe887214700 1 -- 192.168.200.19:0/763506544 <== mon.2 192.168.200.19:6789/0 2 ==== auth_reply(proto 2 0 (0) Success) v1 ==== 33+0+0 (3829032891 0 0) 0x5574ef7a6900 con 0x5574ef701200 -1010>
2019-11-12 09:20:03.606 7fe887214700 10 monclient(hunting): my global_id is 1841201 -1010>
2019-11-12 09:20:03.606 7fe887214700 1 -- 192.168.200.19:0/763506544 --> 192.168.200.19:6789/0 -- auth(proto 2 32 bytes epoch 0) v1 -- 0x5574ef7a66c0 con 0 -1010>
2019-11-12 09:20:03.606 7fe887a15700 5 -- 192.168.200.19:0/763506544 >> 192.168.200.19:6789/0 conn(0x5574ef701200 :-1 s=STATE_OPEN_MESSAGE_READ_FOOTER_AND_DISPATCH pgs=31893 cs=1 l=1). rx mon.2 seq 3 0x5574ef7a66c0 auth_reply(proto 2 0 (0) Success) v1 -1010>
2019-11-12 09:20:03.606 7fe888216700 5 -- 192.168.200.19:0/763506544 >> 192.168.200.15:6789/0 conn(0x5574ef700c00 :-1 s=STATE_OPEN_MESSAGE_READ_FOOTER_AND_DISPATCH pgs=15926 cs=1 l=1). rx mon.0 seq 3 0x5574ef52afc0 auth_reply(proto 2 0 (0) Success) v1 -1010>
2019-11-12 09:20:03.606 7fe887214700 1 -- 192.168.200.19:0/763506544 <== mon.2 192.168.200.19:6789/0 3 ==== auth_reply(proto 2 0 (0) Success) v1 ==== 222+0+0 (2280171065 0 0) 0x5574ef7a66c0 con 0x5574ef701200 -1010>
2019-11-12 09:20:03.606 7fe887214700 1 -- 192.168.200.19:0/763506544 >> 192.168.200.15:6789/0 conn(0x5574ef700c00 :-1 s=STATE_OPEN pgs=15926 cs=1 l=1).mark_down -1010>
2019-11-12 09:20:03.606 7fe887214700 2 -- 192.168.200.19:0/763506544 >> 192.168.200.15:6789/0 conn(0x5574ef700c00 :-1 s=STATE_OPEN pgs=15926 cs=1 l=1)._stop -1010>
2019-11-12 09:20:03.606 7fe887214700 1 monclient: found mon.k8s-node-02 -1010>
2019-11-12 09:20:03.606 7fe887214700 10 monclient: _send_mon_message to mon.k8s-node-02 at 192.168.200.19:6789/0 -1010>
2019-11-12 09:20:03.606 7fe887214700 1 -- 192.168.200.19:0/763506544 --> 192.168.200.19:6789/0 -- mon_subscribe({config=0+,monmap=0+}) v3 -- 0x5574ef6b9800 con 0 -1010>
2019-11-12 09:20:03.606 7fe887214700 10 monclient: _check_auth_rotating renewing rotating keys (they expired before
2019-11-12 09:19:33.612313) -1010>
2019-11-12 09:20:03.606 7fe887214700 10 monclient: _send_mon_message to mon.k8s-node-02 at 192.168.200.19:6789/0 -1010>
2019-11-12 09:20:03.606 7fe887214700 1 -- 192.168.200.19:0/763506544 --> 192.168.200.19:6789/0 -- auth(proto 2 2 bytes epoch 0) v1 -- 0x5574ef52afc0 con 0 -1010>
2019-11-12 09:20:03.606 7fe897e7f000 5 monclient: authenticate success, global_id 1841201 -1010>
2019-11-12 09:20:03.610 7fe887a15700 5 -- 192.168.200.19:0/763506544 >> 192.168.200.19:6789/0 conn(0x5574ef701200 :-1 s=STATE_OPEN_MESSAGE_READ_FOOTER_AND_DISPATCH pgs=31893 cs=1 l=1). rx mon.2 seq 4 0x5574ef79e200 config(0 keys) v1 -1010>
2019-11-12 09:20:03.610 7fe887a15700 5 -- 192.168.200.19:0/763506544 >> 192.168.200.19:6789/0 conn(0x5574ef701200 :-1 s=STATE_OPEN_MESSAGE_READ_FOOTER_AND_DISPATCH pgs=31893 cs=1 l=1). rx mon.2 seq 5 0x5574ef7a6b40 mon_map magic: 0 v1 -1010>
2019-11-12 09:20:03.610 7fe887214700 1 -- 192.168.200.19:0/763506544 <== mon.2 192.168.200.19:6789/0 4 ==== config(0 keys) v1 ==== 4+0+0 (0 0 0) 0x5574ef79e200 con 0x5574ef701200 -1010>
2019-11-12 09:20:03.610 7fe887a15700 5 -- 192.168.200.19:0/763506544 >> 192.168.200.19:6789/0 conn(0x5574ef701200 :-1 s=STATE_OPEN_MESSAGE_READ_FOOTER_AND_DISPATCH pgs=31893 cs=1 l=1). rx mon.2 seq 6 0x5574ef7a6d80 auth_reply(proto 2 0 (0) Success) v1 -1010>
2019-11-12 09:20:03.610 7fe887214700 10 monclient: handle_config config(0 keys) v1 -1010>
2019-11-12 09:20:03.610 7fe887214700 1 -- 192.168.200.19:0/763506544 <== mon.2 192.168.200.19:6789/0 5 ==== mon_map magic: 0 v1 ==== 451+0+0 (1031779836 0 0) 0x5574ef7a6b40 con 0x5574ef701200 -1010>
2019-11-12 09:20:03.610 7fe897e7f000 10 monclient: get_monmap_and_config success -1010>
2019-11-12 09:20:03.610 7fe887214700 10 monclient: handle_monmap mon_map magic: 0 v1 -1010>
2019-11-12 09:20:03.610 7fe897e7f000 10 monclient: shutdown -1010>
2019-11-12 09:20:03.610 7fe887214700 10 monclient: got monmap 323, mon.k8s-node-02 is now rank 2 -1010>
2019-11-12 09:20:03.610 7fe887214700 10 monclient: dump: epoch 323 fsid 571d4bfe-2c5d-45ca-8da1-91dcaf69942c last_changed
2019-10-31 14:07:12.621434 created
2018-04-12 14:27:23.947601 0: 192.168.200.15:6789/0 mon.k8s-node-00 1: 192.168.200.17:6789/0 mon.k8s-node-01 2: 192.168.200.19:6789/0 mon.k8s-node-02 -1010>
2019-11-12 09:20:03.610 7fe897e7f000 1 -- 192.168.200.19:0/763506544 >> 192.168.200.19:6789/0 conn(0x5574ef701200 :-1 s=STATE_OPEN pgs=31893 cs=1 l=1).mark_down -1010>
2019-11-12 09:20:03.610 7fe887214700 1 -- 192.168.200.19:0/763506544 <== mon.2 192.168.200.19:6789/0 6 ==== auth_reply(proto 2 0 (0) Success) v1 ==== 194+0+0 (1366969319 0 0) 0x5574ef7a6d80 con 0x5574ef701200 -1010>
2019-11-12 09:20:03.610 7fe897e7f000 2 -- 192.168.200.19:0/763506544 >> 192.168.200.19:6789/0 conn(0x5574ef701200 :-1 s=STATE_OPEN pgs=31893 cs=1 l=1)._stop -1010>
2019-11-12 09:20:03.610 7fe887214700 10 monclient: discarding stray monitor message auth_reply(proto 2 0 (0) Success) v1 -1010>
2019-11-12 09:20:03.610 7fe885a11700 4 set_mon_vals no callback set -1010>
2019-11-12 09:20:03.610 7fe897e7f000 1 -- 192.168.200.19:0/763506544 shutdown_connections -1010>
2019-11-12 09:20:03.610 7fe897e7f000 5 -- 192.168.200.19:0/763506544 shutdown_connections mark down 192.168.200.19:6789/0 0x5574ef701200 -1010>
2019-11-12 09:20:03.610 7fe897e7f000 5 -- 192.168.200.19:0/763506544 shutdown_connections mark down 192.168.200.15:6789/0 0x5574ef700c00 -1010>
2019-11-12 09:20:03.610 7fe897e7f000 5 -- 192.168.200.19:0/763506544 shutdown_connections delete 0x5574ef700c00 -1010>
2019-11-12 09:20:03.610 7fe897e7f000 5 -- 192.168.200.19:0/763506544 shutdown_connections delete 0x5574ef701200 -1010>
2019-11-12 09:20:03.610 7fe897e7f000 1 -- 192.168.200.19:0/763506544 shutdown_connections -1010>
2019-11-12 09:20:03.610 7fe897e7f000 1 -- 192.168.200.19:0/763506544 wait complete. -1010>
2019-11-12 09:20:03.610 7fe897e7f000 1 -- 192.168.200.19:0/763506544 >> 192.168.200.19:0/763506544 conn(0x5574ef700600 :-1 s=STATE_NONE pgs=0 cs=0 l=0).mark_down -1010>
2019-11-12 09:20:03.610 7fe897e7f000 2 -- 192.168.200.19:0/763506544 >> 192.168.200.19:0/763506544 conn(0x5574ef700600 :-1 s=STATE_NONE pgs=0 cs=0 l=0)._stop -1010>
2019-11-12 09:20:03.614 7fe897e7f000 0 set uid:gid to 167:167 (ceph:ceph) -1010>
2019-11-12 09:20:03.614 7fe897e7f000 0 ceph version 13.2.6 (7b695f835b03642f85998b2ae7b6dd093d9fbce4) mimic (stable), process ceph-mds, pid 16285 -1010>
2019-11-12 09:20:03.618 7fe897e7f000 0 pidfile_write: ignore empty --pid-file -1010>
2019-11-12 09:20:03.706 7fe897e7f000 5 asok(0x5574ef5585a0) init /var/run/ceph/ceph-mds.k8s-node-02.asok -1010>
2019-11-12 09:20:03.706 7fe897e7f000 5 asok(0x5574ef5585a0) bind_and_listen /var/run/ceph/ceph-mds.k8s-node-02.asok -1010>
2019-11-12 09:20:03.706 7fe897e7f000 5 asok(0x5574ef5585a0) register_command 0 hook 0x5574ef52f4a0 -1010>
2019-11-12 09:20:03.706 7fe897e7f000 5 asok(0x5574ef5585a0) register_command version hook 0x5574ef52f4a0 -1010>
2019-11-12 09:20:03.706 7fe897e7f000 5 asok(0x5574ef5585a0) register_command git_version hook 0x5574ef52f4a0 -1010>
2019-11-12 09:20:03.706 7fe897e7f000 5 asok(0x5574ef5585a0) register_command help hook 0x5574ef530510 -1010>
2019-11-12 09:20:03.706 7fe897e7f000 5 asok(0x5574ef5585a0) register_command get_command_descriptions hook 0x5574ef530500 -1010>
2019-11-12 09:20:03.706 7fe886a13700 5 asok(0x5574ef5585a0) entry start -1010>
2019-11-12 09:20:03.706 7fe897e7f000 1 -- 0.0.0.0:6800/1460470921 _finish_bind bind my_inst.addr is 0.0.0.0:6800/1460470921 -1010>
2019-11-12 09:20:03.706 7fe897e7f000 10 monclient: build_initial_monmap -1010>
2019-11-12 09:20:03.706 7fe897e7f000 1 -- 0.0.0.0:6800/1460470921 start start -1010>
2019-11-12 09:20:03.706 7fe897e7f000 5 adding auth protocol: cephx -1010>
2019-11-12 09:20:03.706 7fe897e7f000 5 adding auth protocol: cephx -1010>
2019-11-12 09:20:03.706 7fe897e7f000 1 Processor -- start -1010>
2019-11-12 09:20:03.706 7fe897e7f000 10 monclient: init -1010>
2019-11-12 09:20:03.706 7fe897e7f000 5 adding auth protocol: cephx -1010>
2019-11-12 09:20:03.706 7fe897e7f000 10 monclient: auth_supported 2 method cephx -1010>
2019-11-12 09:20:03.706 7fe897e7f000 2 auth: KeyRing::load: loaded key file /var/lib/ceph/mds/ceph-k8s-node-02/keyring -1010>
2019-11-12 09:20:03.710 7fe897e7f000 10 monclient: _reopen_session rank -1 -1010>
2019-11-12 09:20:03.710 7fe897e7f000 10 monclient(hunting): picked mon.k8s-node-00 con 0x5574ef700c00 addr 192.168.200.15:6789/0 -1010>
2019-11-12 09:20:03.710 7fe897e7f000 10 monclient(hunting): picked mon.k8s-node-01 con 0x5574ef701200 addr 192.168.200.17:6789/0 -1010>
2019-11-12 09:20:03.710 7fe897e7f000 1 -- 0.0.0.0:6800/1460470921 --> 192.168.200.15:6789/0 -- auth(proto 0 36 bytes epoch 0) v1 -- 0x5574ef52b8c0 con 0 -1010>
2019-11-12 09:20:03.710 7fe897e7f000 1 -- 0.0.0.0:6800/1460470921 --> 192.168.200.17:6789/0 -- auth(proto 0 36 bytes epoch 0) v1 -- 0x5574ef52b680 con 0 -1010>
2019-11-12 09:20:03.710 7fe897e7f000 10 monclient(hunting): _renew_subs -1010>
2019-11-12 09:20:03.710 7fe887a15700 1 -- 192.168.200.19:6800/1460470921 learned_addr learned my addr 192.168.200.19:6800/1460470921 -1010>
2019-11-12 09:20:03.710 7fe887a15700 2 -- 192.168.200.19:6800/1460470921 >> 192.168.200.17:6789/0 conn(0x5574ef701200 :-1 s=STATE_CONNECTING_WAIT_ACK_SEQ pgs=0 cs=0 l=1)._process_connection got newly_acked_seq 0 vs out_seq 0 -1010>
2019-11-12 09:20:03.710 7fe888216700 2 -- 192.168.200.19:6800/1460470921 >> 192.168.200.15:6789/0 conn(0x5574ef700c00 :-1 s=STATE_CONNECTING_WAIT_ACK_SEQ pgs=0 cs=0 l=1)._process_connection got newly_acked_seq 0 vs out_seq 0 -1010>
2019-11-12 09:20:03.710 7fe888216700 5 -- 192.168.200.19:6800/1460470921 >> 192.168.200.15:6789/0 conn(0x5574ef700c00 :-1 s=STATE_OPEN_MESSAGE_READ_FOOTER_AND_DISPATCH pgs=15927 cs=1 l=1). rx mon.0 seq 1 0x5574ef7a6000 mon_map magic: 0 v1 -1010>
2019-11-12 09:20:03.714 7fe885a11700 1 -- 192.168.200.19:6800/1460470921 <== mon.0 192.168.200.15:6789/0 1 ==== mon_map magic: 0 v1 ==== 451+0+0 (1031779836 0 0) 0x5574ef7a6000 con 0x5574ef700c00 -1010>
2019-11-12 09:20:03.714 7fe885a11700 10 monclient(hunting): handle_monmap mon_map magic: 0 v1 -1010>
2019-11-12 09:20:03.714 7fe885a11700 10 monclient(hunting): got monmap 323, mon.k8s-node-00 is now rank 0 -1010>
2019-11-12 09:20:03.714 7fe885a11700 10 monclient(hunting): dump: epoch 323 fsid 571d4bfe-2c5d-45ca-8da1-91dcaf69942c last_changed
2019-10-31 14:07:12.621434 created
2018-04-12 14:27:23.947601 0: 192.168.200.15:6789/0 mon.k8s-node-00 1: 192.168.200.17:6789/0 mon.k8s-node-01 2: 192.168.200.19:6789/0 mon.k8s-node-02 -1010>
2019-11-12 09:20:03.714 7fe888216700 5 -- 192.168.200.19:6800/1460470921 >> 192.168.200.15:6789/0 conn(0x5574ef700c00 :-1 s=STATE_OPEN_MESSAGE_READ_FOOTER_AND_DISPATCH pgs=15927 cs=1 l=1). rx mon.0 seq 2 0x5574ef7a6240 auth_reply(proto 2 0 (0) Success) v1 -1010>
2019-11-12 09:20:03.714 7fe885a11700 1 -- 192.168.200.19:6800/1460470921 <== mon.0 192.168.200.15:6789/0 2 ==== auth_reply(proto 2 0 (0) Success) v1 ==== 33+0+0 (1092923085 0 0) 0x5574ef7a6240 con 0x5574ef700c00 -1010>
2019-11-12 09:20:03.714 7fe885a11700 10 monclient(hunting): my global_id is 1849248 -1010>
2019-11-12 09:20:03.714 7fe885a11700 1 -- 192.168.200.19:6800/1460470921 --> 192.168.200.15:6789/0 -- auth(proto 2 32 bytes epoch 0) v1 -- 0x5574ef7a6000 con 0 -1010>
2019-11-12 09:20:03.714 7fe887a15700 5 -- 192.168.200.19:6800/1460470921 >> 192.168.200.17:6789/0 conn(0x5574ef701200 :-1 s=STATE_OPEN_MESSAGE_READ_FOOTER_AND_DISPATCH pgs=29948 cs=1 l=1). rx mon.1 seq 1 0x5574ef7a6fc0 mon_map magic: 0 v1 -1010>
2019-11-12 09:20:03.714 7fe885a11700 1 -- 192.168.200.19:6800/1460470921 <== mon.1 192.168.200.17:6789/0 1 ==== mon_map magic: 0 v1 ==== 451+0+0 (1031779836 0 0) 0x5574ef7a6fc0 con 0x5574ef701200 -1010>
2019-11-12 09:20:03.714 7fe885a11700 10 monclient(hunting): handle_monmap mon_map magic: 0 v1 -1010>
2019-11-12 09:20:03.714 7fe885a11700 10 monclient(hunting): got monmap 323, mon.k8s-node-01 is now rank 1 -1010>
2019-11-12 09:20:03.714 7fe885a11700 10 monclient(hunting): dump: epoch 323 fsid 571d4bfe-2c5d-45ca-8da1-91dcaf69942c last_changed
2019-10-31 14:07:12.621434 created
2018-04-12 14:27:23.947601 0: 192.168.200.15:6789/0 mon.k8s-node-00 1: 192.168.200.17:6789/0 mon.k8s-node-01 2: 192.168.200.19:6789/0 mon.k8s-node-02 -1010>
2019-11-12 09:20:03.714 7fe887a15700 5 -- 192.168.200.19:6800/1460470921 >> 192.168.200.17:6789/0 conn(0x5574ef701200 :-1 s=STATE_OPEN_MESSAGE_READ_FOOTER_AND_DISPATCH pgs=29948 cs=1 l=1). rx mon.1 seq 2 0x5574ef7a7200 auth_reply(proto 2 0 (0) Success) v1 -1010>
2019-11-12 09:20:03.714 7fe885a11700 1 -- 192.168.200.19:6800/1460470921 <== mon.1 192.168.200.17:6789/0 2 ==== auth_reply(proto 2 0 (0) Success) v1 ==== 33+0+0 (457588048 0 0) 0x5574ef7a7200 con 0x5574ef701200 -1010>
2019-11-12 09:20:03.714 7fe885a11700 10 monclient(hunting): my global_id is 1840183 -1010>
