2019-11-12 09:20:03.714 7fe885a11700 1 -- 192.168.200.19:6800/1460470921 --> 192.168.200.17:6789/0 -- auth(proto 2 32 bytes epoch 0) v1 -- 0x5574ef7a6b40 con 0 -1010>
2019-11-12 09:20:03.714 7fe888216700 5 -- 192.168.200.19:6800/1460470921 >> 192.168.200.15:6789/0 conn(0x5574ef700c00 :-1 s=STATE_OPEN_MESSAGE_READ_FOOTER_AND_DISPATCH pgs=15927 cs=1 l=1). rx mon.0 seq 3 0x5574ef7a6000 auth_reply(proto 2 0 (0) Success) v1 -1010>
2019-11-12 09:20:03.714 7fe885a11700 1 -- 192.168.200.19:6800/1460470921 <== mon.0 192.168.200.15:6789/0 3 ==== auth_reply(proto 2 0 (0) Success) v1 ==== 222+0+0 (868200785 0 0) 0x5574ef7a6000 con 0x5574ef700c00 -1010>
2019-11-12 09:20:03.714 7fe885a11700 1 -- 192.168.200.19:6800/1460470921 --> 192.168.200.15:6789/0 -- auth(proto 2 181 bytes epoch 0) v1 -- 0x5574ef7a7200 con 0 -1010>
2019-11-12 09:20:03.718 7fe887a15700 5 -- 192.168.200.19:6800/1460470921 >> 192.168.200.17:6789/0 conn(0x5574ef701200 :-1 s=STATE_OPEN_MESSAGE_READ_FOOTER_AND_DISPATCH pgs=29948 cs=1 l=1). rx mon.1 seq 3 0x5574ef7a6b40 auth_reply(proto 2 0 (0) Success) v1 -1010>
2019-11-12 09:20:03.718 7fe885a11700 1 -- 192.168.200.19:6800/1460470921 <== mon.1 192.168.200.17:6789/0 3 ==== auth_reply(proto 2 0 (0) Success) v1 ==== 222+0+0 (1953234255 0 0) 0x5574ef7a6b40 con 0x5574ef701200 -1010>
2019-11-12 09:20:03.718 7fe885a11700 1 -- 192.168.200.19:6800/1460470921 --> 192.168.200.17:6789/0 -- auth(proto 2 181 bytes epoch 0) v1 -- 0x5574ef7a6000 con 0 -1010>
2019-11-12 09:20:03.718 7fe888216700 5 -- 192.168.200.19:6800/1460470921 >> 192.168.200.15:6789/0 conn(0x5574ef700c00 :-1 s=STATE_OPEN_MESSAGE_READ_FOOTER_AND_DISPATCH pgs=15927 cs=1 l=1). rx mon.0 seq 4 0x5574ef7a7200 auth_reply(proto 2 0 (0) Success) v1 -1010>
2019-11-12 09:20:03.718 7fe885a11700 1 -- 192.168.200.19:6800/1460470921 <== mon.0 192.168.200.15:6789/0 4 ==== auth_reply(proto 2 0 (0) Success) v1 ==== 799+0+0 (2751031812 0 0) 0x5574ef7a7200 con 0x5574ef700c00 -1010>
2019-11-12 09:20:03.718 7fe885a11700 1 -- 192.168.200.19:6800/1460470921 >> 192.168.200.17:6789/0 conn(0x5574ef701200 :-1 s=STATE_OPEN pgs=29948 cs=1 l=1).mark_down -1010>
2019-11-12 09:20:03.718 7fe885a11700 2 -- 192.168.200.19:6800/1460470921 >> 192.168.200.17:6789/0 conn(0x5574ef701200 :-1 s=STATE_OPEN pgs=29948 cs=1 l=1)._stop -1010>
2019-11-12 09:20:03.718 7fe885a11700 1 monclient: found mon.k8s-node-00 -1010>
2019-11-12 09:20:03.718 7fe885a11700 10 monclient: _send_mon_message to mon.k8s-node-00 at 192.168.200.15:6789/0 -1010>
2019-11-12 09:20:03.718 7fe885a11700 1 -- 192.168.200.19:6800/1460470921 --> 192.168.200.15:6789/0 -- mon_subscribe({config=0+,monmap=0+}) v3 -- 0x5574ef6c4e00 con 0 -1010>
2019-11-12 09:20:03.718 7fe885a11700 10 monclient: _check_auth_rotating renewing rotating keys (they expired before
2019-11-12 09:19:33.723602) -1010>
2019-11-12 09:20:03.718 7fe885a11700 10 monclient: _send_mon_message to mon.k8s-node-00 at 192.168.200.15:6789/0 -1010>
2019-11-12 09:20:03.718 7fe885a11700 1 -- 192.168.200.19:6800/1460470921 --> 192.168.200.15:6789/0 -- auth(proto 2 2 bytes epoch 0) v1 -- 0x5574ef7a6b40 con 0 -1010>
2019-11-12 09:20:03.718 7fe897e7f000 5 monclient: authenticate success, global_id 1849248 -1010>
2019-11-12 09:20:03.718 7fe897e7f000 10 monclient: wait_auth_rotating waiting (until
2019-11-12 09:20:33.723724) -1010>
2019-11-12 09:20:03.718 7fe888216700 5 -- 192.168.200.19:6800/1460470921 >> 192.168.200.15:6789/0 conn(0x5574ef700c00 :-1 s=STATE_OPEN_MESSAGE_READ_FOOTER_AND_DISPATCH pgs=15927 cs=1 l=1). rx mon.0 seq 5 0x5574ef542c00 config(0 keys) v1 -1010>
2019-11-12 09:20:03.718 7fe888216700 5 -- 192.168.200.19:6800/1460470921 >> 192.168.200.15:6789/0 conn(0x5574ef700c00 :-1 s=STATE_OPEN_MESSAGE_READ_FOOTER_AND_DISPATCH pgs=15927 cs=1 l=1). rx mon.0 seq 6 0x5574ef7a6480 mon_map magic: 0 v1 -1010>
2019-11-12 09:20:03.718 7fe888216700 5 -- 192.168.200.19:6800/1460470921 >> 192.168.200.15:6789/0 conn(0x5574ef700c00 :-1 s=STATE_OPEN_MESSAGE_READ_FOOTER_AND_DISPATCH pgs=15927 cs=1 l=1). rx mon.0 seq 7 0x5574ef7a7440 auth_reply(proto 2 0 (0) Success) v1 -1010>
2019-11-12 09:20:03.718 7fe885a11700 1 -- 192.168.200.19:6800/1460470921 <== mon.0 192.168.200.15:6789/0 5 ==== config(0 keys) v1 ==== 4+0+0 (0 0 0) 0x5574ef542c00 con 0x5574ef700c00 -1010>
2019-11-12 09:20:03.718 7fe885a11700 10 monclient: handle_config config(0 keys) v1 -1010>
2019-11-12 09:20:03.718 7fe885a11700 1 -- 192.168.200.19:6800/1460470921 <== mon.0 192.168.200.15:6789/0 6 ==== mon_map magic: 0 v1 ==== 451+0+0 (1031779836 0 0) 0x5574ef7a6480 con 0x5574ef700c00 -1010>
2019-11-12 09:20:03.718 7fe885a11700 10 monclient: handle_monmap mon_map magic: 0 v1 -1010>
2019-11-12 09:20:03.718 7fe885a11700 10 monclient: got monmap 323, mon.k8s-node-00 is now rank 0 -1010>
2019-11-12 09:20:03.718 7fe885a11700 10 monclient: dump: epoch 323 fsid 571d4bfe-2c5d-45ca-8da1-91dcaf69942c last_changed
2019-10-31 14:07:12.621434 created
2018-04-12 14:27:23.947601 0: 192.168.200.15:6789/0 mon.k8s-node-00 1: 192.168.200.17:6789/0 mon.k8s-node-01 2: 192.168.200.19:6789/0 mon.k8s-node-02 -1010>
2019-11-12 09:20:03.718 7fe885a11700 1 -- 192.168.200.19:6800/1460470921 <== mon.0 192.168.200.15:6789/0 7 ==== auth_reply(proto 2 0 (0) Success) v1 ==== 194+0+0 (4270746359 0 0) 0x5574ef7a7440 con 0x5574ef700c00 -1010>
2019-11-12 09:20:03.718 7fe885a11700 10 monclient: _check_auth_rotating have uptodate secrets (they expire after
2019-11-12 09:19:33.725365) -1010>
2019-11-12 09:20:03.718 7fe897e7f000 10 monclient: wait_auth_rotating done -1010>
2019-11-12 09:20:03.718 7fe883f84700 4 set_mon_vals no callback set -1010>
2019-11-12 09:20:03.718 7fe897e7f000 10 monclient: _renew_subs -1010>
2019-11-12 09:20:03.722 7fe897e7f000 10 monclient: _send_mon_message to mon.k8s-node-00 at 192.168.200.15:6789/0 -1010>
2019-11-12 09:20:03.722 7fe897e7f000 1 -- 192.168.200.19:6800/1460470921 --> 192.168.200.15:6789/0 -- mon_subscribe({mdsmap=0+,mgrmap=0+}) v3 -- 0x5574ef79f600 con 0 -1010>
2019-11-12 09:20:03.722 7fe897e7f000 5 asok(0x5574ef5585a0) register_command status hook 0x5574ef530430 -1010>
2019-11-12 09:20:03.722 7fe897e7f000 5 asok(0x5574ef5585a0) register_command dump_ops_in_flight hook 0x5574ef530430 -1010>
2019-11-12 09:20:03.722 7fe897e7f000 5 asok(0x5574ef5585a0) register_command ops hook 0x5574ef530430 -1010>
2019-11-12 09:20:03.722 7fe897e7f000 5 asok(0x5574ef5585a0) register_command dump_blocked_ops hook 0x5574ef530430 -1010>
2019-11-12 09:20:03.722 7fe897e7f000 5 asok(0x5574ef5585a0) register_command dump_historic_ops hook 0x5574ef530430 -1010>
2019-11-12 09:20:03.722 7fe897e7f000 5 asok(0x5574ef5585a0) register_command dump_historic_ops_by_duration hook 0x5574ef530430 -1010>
2019-11-12 09:20:03.722 7fe897e7f000 5 asok(0x5574ef5585a0) register_command scrub_path hook 0x5574ef530430 -1010>
2019-11-12 09:20:03.722 7fe897e7f000 5 asok(0x5574ef5585a0) register_command tag path hook 0x5574ef530430 -1010>
2019-11-12 09:20:03.722 7fe897e7f000 5 asok(0x5574ef5585a0) register_command flush_path hook 0x5574ef530430 -1010>
2019-11-12 09:20:03.722 7fe897e7f000 5 asok(0x5574ef5585a0) register_command export dir hook 0x5574ef530430 -1010>
2019-11-12 09:20:03.722 7fe897e7f000 5 asok(0x5574ef5585a0) register_command dump cache hook 0x5574ef530430 -1010>
2019-11-12 09:20:03.722 7fe897e7f000 5 asok(0x5574ef5585a0) register_command cache status hook 0x5574ef530430 -1010>
2019-11-12 09:20:03.722 7fe897e7f000 5 asok(0x5574ef5585a0) register_command cache drop hook 0x5574ef530430 -1010>
2019-11-12 09:20:03.722 7fe897e7f000 5 asok(0x5574ef5585a0) register_command dump tree hook 0x5574ef530430 -1010>
2019-11-12 09:20:03.722 7fe897e7f000 5 asok(0x5574ef5585a0) register_command dump loads hook 0x5574ef530430 -1010>
2019-11-12 09:20:03.722 7fe897e7f000 5 asok(0x5574ef5585a0) register_command dump snaps hook 0x5574ef530430 -1010>
2019-11-12 09:20:03.722 7fe897e7f000 5 asok(0x5574ef5585a0) register_command session evict hook 0x5574ef530430 -1010>
2019-11-12 09:20:03.722 7fe897e7f000 5 asok(0x5574ef5585a0) register_command osdmap barrier hook 0x5574ef530430 -1010>
2019-11-12 09:20:03.722 7fe897e7f000 5 asok(0x5574ef5585a0) register_command session ls hook 0x5574ef530430 -1010>
2019-11-12 09:20:03.722 7fe897e7f000 5 asok(0x5574ef5585a0) register_command flush journal hook 0x5574ef530430 -1010>
2019-11-12 09:20:03.722 7fe897e7f000 5 asok(0x5574ef5585a0) register_command force_readonly hook 0x5574ef530430 -1010>
2019-11-12 09:20:03.722 7fe897e7f000 5 asok(0x5574ef5585a0) register_command get subtrees hook 0x5574ef530430 -1010>
2019-11-12 09:20:03.722 7fe897e7f000 5 asok(0x5574ef5585a0) register_command dirfrag split hook 0x5574ef530430 -1010>
2019-11-12 09:20:03.722 7fe897e7f000 5 asok(0x5574ef5585a0) register_command dirfrag merge hook 0x5574ef530430 -1010>
2019-11-12 09:20:03.722 7fe897e7f000 5 asok(0x5574ef5585a0) register_command dirfrag ls hook 0x5574ef530430 -1010>
2019-11-12 09:20:03.722 7fe897e7f000 5 asok(0x5574ef5585a0) register_command openfiles ls hook 0x5574ef530430 -1010>
2019-11-12 09:20:03.722 7fe897e7f000 5 asok(0x5574ef5585a0) register_command dump inode hook 0x5574ef530430 -1010>
2019-11-12 09:20:03.722 7fe888216700 5 -- 192.168.200.19:6800/1460470921 >> 192.168.200.15:6789/0 conn(0x5574ef700c00 :-1 s=STATE_OPEN_MESSAGE_READ_FOOTER_AND_DISPATCH pgs=15927 cs=1 l=1). rx mon.0 seq 8 0x5574ef7a78c0 mdsmap(e 56301) v1 -1010>
2019-11-12 09:20:03.722 7fe885a11700 1 -- 192.168.200.19:6800/1460470921 <== mon.0 192.168.200.15:6789/0 8 ==== mdsmap(e 56301) v1 ==== 493+0+0 (1364545111 0 0) 0x5574ef7a78c0 con 0x5574ef700c00 -1010>
2019-11-12 09:20:03.722 7fe888216700 5 -- 192.168.200.19:6800/1460470921 >> 192.168.200.15:6789/0 conn(0x5574ef700c00 :-1 s=STATE_OPEN_MESSAGE_READ_FOOTER_AND_DISPATCH pgs=15927 cs=1 l=1). rx mon.0 seq 9 0x5574ef7ad080 mgrmap(e 3928) v1 -1010>
2019-11-12 09:20:03.722 7fe882781700 5 mds.beacon.k8s-node-02 Sending beacon up:boot seq 1 -1010>
2019-11-12 09:20:03.742 7fe882781700 10 monclient: _send_mon_message to mon.k8s-node-00 at 192.168.200.15:6789/0 -1010>
2019-11-12 09:20:03.742 7fe882781700 1 -- 192.168.200.19:6800/1460470921 --> 192.168.200.15:6789/0 -- mdsbeacon(1849248/k8s-node-02 up:boot seq 1 v0) v7 -- 0x5574ef6ff180 con 0 -1010>
2019-11-12 09:20:03.742 7fe885a11700 1 mds.k8s-node-02 Updating MDS map to version 56301 from mon.0 -1010>
2019-11-12 09:20:03.742 7fe885a11700 1 -- 192.168.200.19:6800/1460470921 <== mon.0 192.168.200.15:6789/0 9 ==== mgrmap(e 3928) v1 ==== 1318+0+0 (728182834 0 0) 0x5574ef7ad080 con 0x5574ef700c00 -1010>
2019-11-12 09:20:03.742 7fe885a11700 4 mgrc handle_mgr_map Got map version 3928 -1010>
2019-11-12 09:20:03.742 7fe885a11700 4 mgrc handle_mgr_map Active mgr is now 192.168.200.17:6800/91 -1010>
2019-11-12 09:20:03.742 7fe885a11700 4 mgrc reconnect Starting new session with 192.168.200.17:6800/91 -1010>
2019-11-12 09:20:03.746 7fe887a15700 2 -- 192.168.200.19:6800/1460470921 >> 192.168.200.17:6800/91 conn(0x5574ef702400 :-1 s=STATE_CONNECTING_WAIT_ACK_SEQ pgs=0 cs=0 l=1)._process_connection got newly_acked_seq 0 vs out_seq 0 -1010>
2019-11-12 09:20:03.746 7fe885a11700 1 -- 192.168.200.19:6800/1460470921 --> 192.168.200.17:6800/91 -- mgropen(unknown.k8s-node-02) v3 -- 0x5574ef564c00 con 0 -1010>
2019-11-12 09:20:03.746 7fe887a15700 5 -- 192.168.200.19:6800/1460470921 >> 192.168.200.17:6800/91 conn(0x5574ef702400 :-1 s=STATE_OPEN_MESSAGE_READ_FOOTER_AND_DISPATCH pgs=543676 cs=1 l=1). rx mgr.1754125 seq 1 0x5574ef558f00 mgrconfigure(period=5, threshold=5) v2 -1010>
2019-11-12 09:20:03.750 7fe885a11700 1 -- 192.168.200.19:6800/1460470921 <== mgr.1754125 192.168.200.17:6800/91 1 ==== mgrconfigure(period=5, threshold=5) v2 ==== 8+0+0 (3460719617 0 0) 0x5574ef558f00 con 0x5574ef702400 -1010>
2019-11-12 09:20:03.750 7fe885a11700 4 mgrc handle_mgr_configure stats_period=5 -1010>
2019-11-12 09:20:03.750 7fe885a11700 4 mgrc handle_mgr_configure updated stats threshold: 5 -1010>
2019-11-12 09:20:03.750 7fe885a11700 1 -- 192.168.200.19:6800/1460470921 --> 192.168.200.17:6800/91 -- mgrreport(unknown.k8s-node-02 +0-0 packed 6) v6 -- 0x5574ef564f00 con 0 -1010>
2019-11-12 09:20:07.742 7fe882781700 5 mds.beacon.k8s-node-02 Sending beacon up:boot seq 2 -1010>
2019-11-12 09:20:07.762 7fe882781700 10 monclient: _send_mon_message to mon.k8s-node-00 at 192.168.200.15:6789/0 -1010>
2019-11-12 09:20:07.762 7fe882781700 1 -- 192.168.200.19:6800/1460470921 --> 192.168.200.15:6789/0 -- mdsbeacon(1849248/k8s-node-02 up:boot seq 2 v56301) v7 -- 0x5574ef6ff500 con 0 -1010>
2019-11-12 09:20:08.406 7fe888216700 5 -- 192.168.200.19:6800/1460470921 >> 192.168.200.15:6789/0 conn(0x5574ef700c00 :-1 s=STATE_OPEN_MESSAGE_READ_FOOTER_AND_DISPATCH pgs=15927 cs=1 l=1). rx mon.0 seq 10 0x5574ef7a7b00 mdsmap(e 56302) v1 -1010>
2019-11-12 09:20:08.406 7fe885a11700 1 -- 192.168.200.19:6800/1460470921 <== mon.0 192.168.200.15:6789/0 10 ==== mdsmap(e 56302) v1 ==== 618+0+0 (519530298 0 0) 0x5574ef7a7b00 con 0x5574ef700c00 -1010>
2019-11-12 09:20:08.406 7fe885a11700 1 mds.k8s-node-02 Updating MDS map to version 56302 from mon.0 -1010>
2019-11-12 09:20:08.406 7fe885a11700 5 mds.beacon.k8s-node-02 set_want_state: up:boot -> up:standby -1010>
2019-11-12 09:20:08.406 7fe885a11700 1 mds.k8s-node-02 Map has assigned me to become a standby -1010>
2019-11-12 09:20:08.410 7fe888216700 5 -- 192.168.200.19:6800/1460470921 >> 192.168.200.15:6789/0 conn(0x5574ef700c00 :-1 s=STATE_OPEN_MESSAGE_READ_FOOTER_AND_DISPATCH pgs=15927 cs=1 l=1). rx mon.0 seq 11 0x5574ef6ff500 mdsbeacon(1849248/k8s-node-02 up:boot seq 2 v56302) v7 -1010>
2019-11-12 09:20:08.410 7fe888216700 1 -- 192.168.200.19:6800/1460470921 <== mon.0 192.168.200.15:6789/0 11 ==== mdsbeacon(1849248/k8s-node-02 up:boot seq 2 v56302) v7 ==== 140+0+0 (767818115 0 0) 0x5574ef6ff500 con 0x5574ef700c00 -1010>
2019-11-12 09:20:08.410 7fe888216700 5 mds.beacon.k8s-node-02 received beacon reply up:boot seq 2 rtt 0.668014 -1010>
2019-11-12 09:20:08.430 7fe888216700 5 -- 192.168.200.19:6800/1460470921 >> 192.168.200.15:6789/0 conn(0x5574ef700c00 :-1 s=STATE_OPEN_MESSAGE_READ_FOOTER_AND_DISPATCH pgs=15927 cs=1 l=1). rx mon.0 seq 12 0x5574ef7a7200 mdsmap(e 56303) v1 -1010>
2019-11-12 09:20:08.430 7fe885a11700 1 -- 192.168.200.19:6800/1460470921 <== mon.0 192.168.200.15:6789/0 12 ==== mdsmap(e 56303) v1 ==== 655+0+0 (1259924393 0 0) 0x5574ef7a7200 con 0x5574ef700c00 -1010>
2019-11-12 09:20:08.430 7fe885a11700 1 mds.k8s-node-02 Updating MDS map to version 56303 from mon.0 -1010>
2019-11-12 09:20:08.430 7fe885a11700 4 mds.0.purge_queue operator(): data pool 2 not found in OSDMap -1010>
2019-11-12 09:20:08.434 7fe885a11700 5 asok(0x5574ef5585a0) register_command objecter_requests hook 0x5574ef530610 -1010>
2019-11-12 09:20:08.434 7fe885a11700 10 monclient: _renew_subs -1010>
2019-11-12 09:20:08.434 7fe885a11700 10 monclient: _send_mon_message to mon.k8s-node-00 at 192.168.200.15:6789/0 -1010>
2019-11-12 09:20:08.434 7fe885a11700 1 -- 192.168.200.19:6800/1460470921 --> 192.168.200.15:6789/0 -- mon_subscribe({osdmap=0}) v3 -- 0x5574ef7c4c00 con 0 -1010>
2019-11-12 09:20:08.434 7fe885a11700 10 log_channel(cluster) update_config to_monitors: true to_syslog: false syslog_facility: daemon prio: info to_graylog: false graylog_host: 127.0.0.1 graylog_port: 12201) -1010>
2019-11-12 09:20:08.434 7fe885a11700 4 mds.0.purge_queue operator(): data pool 2 not found in OSDMap -1010>
2019-11-12 09:20:08.434 7fe885a11700 4 mds.0.0 handle_osd_map epoch 0, 0 new blacklist entries -1010>
2019-11-12 09:20:08.434 7fe885a11700 1 mds.0.56303 handle_mds_map i am now mds.0.56303 -1010>
2019-11-12 09:20:08.434 7fe885a11700 1 mds.0.56303 handle_mds_map state change up:boot --> up:replay -1010>
2019-11-12 09:20:08.434 7fe885a11700 5 mds.beacon.k8s-node-02 set_want_state: up:standby -> up:replay -1010>
2019-11-12 09:20:08.434 7fe885a11700 1 mds.0.56303 replay_start -1010>
2019-11-12 09:20:08.434 7fe885a11700 1 mds.0.56303 recovery set is -1010>
2019-11-12 09:20:08.434 7fe885a11700 1 mds.0.56303 waiting for osdmap 28661 (which blacklists prior instance) -1010>
2019-11-12 09:20:08.434 7fe888216700 5 -- 192.168.200.19:6800/1460470921 >> 192.168.200.15:6789/0 conn(0x5574ef700c00 :-1 s=STATE_OPEN_MESSAGE_READ_FOOTER_AND_DISPATCH pgs=15927 cs=1 l=1). rx mon.0 seq 13 0x5574ef7f4500 osd_map(28661..28661 src has 27910..28661) v4 -1010>
2019-11-12 09:20:08.434 7fe885a11700 1 -- 192.168.200.19:6800/1460470921 <== mon.0 192.168.200.15:6789/0 13 ==== osd_map(28661..28661 src has 27910..28661) v4 ==== 98323+0+0 (451166248 0 0) 0x5574ef7f4500 con 0x5574ef700c00 -1010>
2019-11-12 09:20:08.438 7fe885a11700 4 mds.0.56303 handle_osd_map epoch 28661, 0 new blacklist entries -1010>
2019-11-12 09:20:08.438 7fe885a11700 10 monclient: _renew_subs -1010>
2019-11-12 09:20:08.438 7fe885a11700 10 monclient: _send_mon_message to mon.k8s-node-00 at 192.168.200.15:6789/0 -1010>
2019-11-12 09:20:08.438 7fe885a11700 1 -- 192.168.200.19:6800/1460470921 --> 192.168.200.15:6789/0 -- mon_subscribe({osdmap=28662}) v3 -- 0x5574ef7c4e00 con 0 -1010>
2019-11-12 09:20:08.438 7fe87f77b700 2 mds.0.56303 boot_start 0: opening inotable -1010>
2019-11-12 09:20:08.438 7fe87f77b700 1 -- 192.168.200.19:6800/1460470921 --> 192.168.200.15:6805/24523 -- osd_op(unknown.0.56303:1 6.13 6:c91d4a1d:::mds0_inotable:head [read 0~0] snapc 0=[] ondisk+read+known_if_redirected+full_force e28661) v8 -- 0x5574ef7fc840 con 0 -1010>
2019-11-12 09:20:08.438 7fe87f77b700 2 mds.0.56303 boot_start 0: opening sessionmap -1010>
2019-11-12 09:20:08.438 7fe87f77b700 1 -- 192.168.200.19:6800/1460470921 --> 192.168.200.15:6805/24523 -- osd_op(unknown.0.56303:2 6.b 6:d0630e4c:::mds0_sessionmap:head [omap-get-header,omap-get-vals] snapc 0=[] ondisk+read+known_if_redirected+full_force e28661) v8 -- 0x5574ef7fcb00 con 0 -1010>
2019-11-12 09:20:08.442 7fe87f77b700 2 mds.0.56303 boot_start 0: opening mds log -1010>
2019-11-12 09:20:08.442 7fe87f77b700 5 mds.0.log open discovering log bounds -1010>
2019-11-12 09:20:08.442 7fe87ef7a700 4 mds.0.journalpointer Reading journal pointer '400.00000000' -1010>
2019-11-12 09:20:08.442 7fe87f77b700 2 mds.0.56303 boot_start 0: opening purge queue (async) -1010>
2019-11-12 09:20:08.442 7fe87f77b700 4 mds.0.purge_queue open: opening -1010>
2019-11-12 09:20:08.442 7fe87f77b700 1 mds.0.journaler.pq(ro) recover start -1010>
2019-11-12 09:20:08.442 7fe87f77b700 1 mds.0.journaler.pq(ro) read_head -1010>
2019-11-12 09:20:08.442 7fe87ef7a700 1 -- 192.168.200.19:6800/1460470921 --> 192.168.200.19:6805/12258 -- osd_op(unknown.0.56303:3 6.f 6:f1f69726:::400.00000000:head [read 0~0] snapc 0=[] ondisk+read+known_if_redirected+full_force e28661) v8 -- 0x5574ef7fd8c0 con 0 -1010>
2019-11-12 09:20:08.442 7fe87f77b700 1 -- 192.168.200.19:6800/1460470921 --> 192.168.200.17:6806/20250 -- osd_op(unknown.0.56303:4 6.55 6:aa448500:::500.00000000:head [read 0~0] snapc 0=[] ondisk+read+known_if_redirected+full_force e28661) v8 -- 0x5574ef7fd340 con 0 -1010>
2019-11-12 09:20:08.442 7fe87f77b700 2 mds.0.56303 boot_start 0: loading open file table (async) -1010>
2019-11-12 09:20:08.442 7fe87f77b700 1 -- 192.168.200.19:6800/1460470921 --> 192.168.200.17:6806/20250 -- osd_op(unknown.0.56303:5 6.26 6:654134d2:::mds0_openfiles.0:head [omap-get-header,omap-get-vals] snapc 0=[] ondisk+read+known_if_redirected+full_force e28661) v8 -- 0x5574ef7fd600 con 0 -1010>
2019-11-12 09:20:08.442 7fe87f77b700 2 mds.0.56303 boot_start 0: opening snap table -1010>
2019-11-12 09:20:08.442 7fe87f77b700 1 -- 192.168.200.19:6800/1460470921 --> 192.168.200.15:6805/24523 -- osd_op(unknown.0.56303:6 6.2d 6:b50e409b:::mds_snaptable:head [read 0~0] snapc 0=[] ondisk+read+known_if_redirected+full_force e28661) v8 -- 0x5574ef7fdb80 con 0 -1010>
2019-11-12 09:20:08.442 7fe888216700 2 -- 192.168.200.19:6800/1460470921 >> 192.168.200.19:6805/12258 conn(0x5574ef703000 :-1 s=STATE_CONNECTING_WAIT_ACK_SEQ pgs=0 cs=0 l=1)._process_connection got newly_acked_seq 0 vs out_seq 0 -1010>
2019-11-12 09:20:08.442 7fe888a17700 2 -- 192.168.200.19:6800/1460470921 >> 192.168.200.15:6805/24523 conn(0x5574ef702a00 :-1 s=STATE_CONNECTING_WAIT_ACK_SEQ pgs=0 cs=0 l=1)._process_connection got newly_acked_seq 0 vs out_seq 0 -1010>
2019-11-12 09:20:08.442 7fe887a15700 2 -- 192.168.200.19:6800/1460470921 >> 192.168.200.17:6806/20250 conn(0x5574ef703600 :-1 s=STATE_CONNECTING_WAIT_ACK_SEQ pgs=0 cs=0 l=1)._process_connection got newly_acked_seq 0 vs out_seq 0 -1010>
2019-11-12 09:20:08.446 7fe888a17700 5 -- 192.168.200.19:6800/1460470921 >> 192.168.200.15:6805/24523 conn(0x5574ef702a00 :-1 s=STATE_OPEN_MESSAGE_READ_FOOTER_AND_DISPATCH pgs=11977 cs=1 l=1). rx osd.1 seq 1 0x5574ef7fdb80 osd_op_reply(1 mds0_inotable [read 0~34] v0'0 uv59541 ondisk = 0) v8 -1010>
2019-11-12 09:20:08.446 7fe888a17700 1 -- 192.168.200.19:6800/1460470921 <== osd.1 192.168.200.15:6805/24523 1 ==== osd_op_reply(1 mds0_inotable [read 0~34] v0'0 uv59541 ondisk = 0) v8 ==== 157+0+34 (3903532989 0 4146252902) 0x5574ef7fdb80 con 0x5574ef702a00 -1010>
2019-11-12 09:20:08.446 7fe888a17700 5 -- 192.168.200.19:6800/1460470921 >> 192.168.200.15:6805/24523 conn(0x5574ef702a00 :-1 s=STATE_OPEN_MESSAGE_READ_FOOTER_AND_DISPATCH pgs=11977 cs=1 l=1). rx osd.1 seq 2 0x5574ef7fdb80 osd_op_reply(6 mds_snaptable [read 0~70] v0'0 uv69169 ondisk = 0) v8 -1010>
2019-11-12 09:20:08.446 7fe888a17700 1 -- 192.168.200.19:6800/1460470921 <== osd.1 192.168.200.15:6805/24523 2 ==== osd_op_reply(6 mds_snaptable [read 0~70] v0'0 uv69169 ondisk = 0) v8 ==== 157+0+70 (1873612932 0 336025128) 0x5574ef7fdb80 con 0x5574ef702a00 -1010>
2019-11-12 09:20:08.446 7fe888a17700 5 -- 192.168.200.19:6800/1460470921 >> 192.168.200.15:6805/24523 conn(0x5574ef702a00 :-1 s=STATE_OPEN_MESSAGE_READ_FOOTER_AND_DISPATCH pgs=11977 cs=1 l=1). rx osd.1 seq 3 0x5574ef7fdb80 osd_op_reply(2 mds0_sessionmap [omap-get-header,omap-get-vals] v0'0 uv43122 ondisk = 0) v8 -1010>
2019-11-12 09:20:08.446 7fe888a17700 1 -- 192.168.200.19:6800/1460470921 <== osd.1 192.168.200.15:6805/24523 3 ==== osd_op_reply(2 mds0_sessionmap [omap-get-header,omap-get-vals] v0'0 uv43122 ondisk = 0) v8 ==== 201+0+6124 (669162857 0 3071192317) 0x5574ef7fdb80 con 0x5574ef702a00 -1010>
2019-11-12 09:20:08.514 7fe888216700 5 -- 192.168.200.19:6800/1460470921 >> 192.168.200.19:6805/12258 conn(0x5574ef703000 :-1 s=STATE_OPEN_MESSAGE_READ_FOOTER_AND_DISPATCH pgs=12849 cs=1 l=1). rx osd.5 seq 1 0x5574ef7fd8c0 osd_op_reply(3 400.00000000 [read 0~22] v0'0 uv974 ondisk = 0) v8 -1010>
2019-11-12 09:20:08.514 7fe888216700 1 -- 192.168.200.19:6800/1460470921 <== osd.5 192.168.200.19:6805/12258 1 ==== osd_op_reply(3 400.00000000 [read 0~22] v0'0 uv974 ondisk = 0) v8 ==== 156+0+22 (844539098 0 3825830296) 0x5574ef7fd8c0 con 0x5574ef703000 -1010>
2019-11-12 09:20:08.514 7fe87ef7a700 1 mds.0.journaler.mdlog(ro) recover start -1010>
2019-11-12 09:20:08.514 7fe87ef7a700 1 mds.0.journaler.mdlog(ro) read_head -1010>
2019-11-12 09:20:08.514 7fe87ef7a700 1 -- 192.168.200.19:6800/1460470921 --> 192.168.200.15:6805/24523 -- osd_op(unknown.0.56303:7 6.14 6:292cf221:::200.00000000:head [read 0~0] snapc 0=[] ondisk+read+known_if_redirected+full_force e28661) v8 -- 0x5574ef7fd340 con 0 -1010>
2019-11-12 09:20:08.514 7fe87ef7a700 4 mds.0.log Waiting for journal 0x200 to recover... -1010>
2019-11-12 09:20:08.514 7fe887a15700 5 -- 192.168.200.19:6800/1460470921 >> 192.168.200.17:6806/20250 conn(0x5574ef703600 :-1 s=STATE_OPEN_MESSAGE_READ_FOOTER_AND_DISPATCH pgs=16763 cs=1 l=1). rx osd.4 seq 1 0x5574ef7fc840 osd_op_reply(4 500.00000000 [read 0~90] v0'0 uv121857 ondisk = 0) v8 -1010>
2019-11-12 09:20:08.514 7fe887a15700 1 -- 192.168.200.19:6800/1460470921 <== osd.4 192.168.200.17:6806/20250 1 ==== osd_op_reply(4 500.00000000 [read 0~90] v0'0 uv121857 ondisk = 0) v8 ==== 156+0+90 (446579549 0 2262816634) 0x5574ef7fc840 con 0x5574ef703600 -1010>
2019-11-12 09:20:08.518 7fe88077d700 1 mds.0.journaler.pq(ro) _finish_read_head loghead(trim 62914560, expire 64461072, write 64480126, stream_format 1). probing for end of log (from 64480126)... -1010>
2019-11-12 09:20:08.518 7fe88077d700 1 mds.0.journaler.pq(ro) probing for end of the log -1010>
2019-11-12 09:20:08.518 7fe88077d700 1 -- 192.168.200.19:6800/1460470921 --> 192.168.200.17:6806/20250 -- osd_op(unknown.0.56303:8 6.25 6:a64c6dbf:::500.0000000f:head [stat] snapc 0=[] ondisk+read+rwordered+known_if_redirected+full_force e28661) v8 -- 0x5574ef810000 con 0 -1010>
2019-11-12 09:20:08.518 7fe88077d700 1 -- 192.168.200.19:6800/1460470921 --> 192.168.200.19:6805/12258 -- osd_op(unknown.0.56303:9 6.51 6:8a60f78d:::500.00000010:head [stat] snapc 0=[] ondisk+read+rwordered+known_if_redirected+full_force e28661) v8 -- 0x5574ef8102c0 con 0 -1010>
2019-11-12 09:20:08.518 7fe888a17700 5 -- 192.168.200.19:6800/1460470921 >> 192.168.200.15:6805/24523 conn(0x5574ef702a00 :-1 s=STATE_OPEN_MESSAGE_READ_FOOTER_AND_DISPATCH pgs=11977 cs=1 l=1). rx osd.1 seq 4 0x5574ef7fd340 osd_op_reply(7 200.00000000 [read 0~90] v0'0 uv1334401 ondisk = 0) v8 -1010>
2019-11-12 09:20:08.518 7fe888a17700 1 -- 192.168.200.19:6800/1460470921 <== osd.1 192.168.200.15:6805/24523 4 ==== osd_op_reply(7 200.00000000 [read 0~90] v0'0 uv1334401 ondisk = 0) v8 ==== 156+0+90 (4261138009 0 1159998223) 0x5574ef7fd340 con 0x5574ef702a00 -1010>
2019-11-12 09:20:08.518 7fe87f77b700 1 mds.0.journaler.mdlog(ro) _finish_read_head loghead(trim 33025949696, expire 33036315012, write 33239037805, stream_format 1). probing for end of log (from 33239037805)... -1010>
2019-11-12 09:20:08.518 7fe87f77b700 1 mds.0.journaler.mdlog(ro) probing for end of the log -1010>
2019-11-12 09:20:08.518 7fe87f77b700 1 -- 192.168.200.19:6800/1460470921 --> 192.168.200.15:6805/24523 -- osd_op(unknown.0.56303:10 6.9 6:916b6fb1:::200.00001ef4:head [stat] snapc 0=[] ondisk+read+rwordered+known_if_redirected+full_force e28661) v8 -- 0x5574ef810840 con 0 -1010>
2019-11-12 09:20:08.518 7fe87f77b700 1 -- 192.168.200.19:6800/1460470921 --> 192.168.200.19:6805/12258 -- osd_op(unknown.0.56303:11 6.52 6:4b787142:::200.00001ef5:head [stat] snapc 0=[] ondisk+read+rwordered+known_if_redirected+full_force e28661) v8 -- 0x5574ef810b00 con 0 -1010>
2019-11-12 09:20:08.518 7fe888216700 5 -- 192.168.200.19:6800/1460470921 >> 192.168.200.19:6805/12258 conn(0x5574ef703000 :-1 s=STATE_OPEN_MESSAGE_READ_FOOTER_AND_DISPATCH pgs=12849 cs=1 l=1). rx osd.5 seq 2 0x5574ef7fd8c0 osd_op_reply(9 500.00000010 [stat] v0'0 uv0 ondisk = -2 ((2) No such file or directory)) v8 -1010>
2019-11-12 09:20:08.518 7fe888216700 1 -- 192.168.200.19:6800/1460470921 <== osd.5 192.168.200.19:6805/12258 2 ==== osd_op_reply(9 500.00000010 [stat] v0'0 uv0 ondisk = -2 ((2) No such file or directory)) v8 ==== 156+0+0 (2138545714 0 0) 0x5574ef7fd8c0 con 0x5574ef703000 -1010>
2019-11-12 09:20:08.518 7fe888216700 5 -- 192.168.200.19:6800/1460470921 >> 192.168.200.19:6805/12258 conn(0x5574ef703000 :-1 s=STATE_OPEN_MESSAGE_READ_FOOTER_AND_DISPATCH pgs=12849 cs=1 l=1). rx osd.5 seq 3 0x5574ef7fd8c0 osd_op_reply(11 200.00001ef5 [stat] v0'0 uv0 ondisk = -2 ((2) No such file or directory)) v8 -1010>
2019-11-12 09:20:08.518 7fe888216700 1 -- 192.168.200.19:6800/1460470921 <== osd.5 192.168.200.19:6805/12258 3 ==== osd_op_reply(11 200.00001ef5 [stat] v0'0 uv0 ondisk = -2 ((2) No such file or directory)) v8 ==== 156+0+0 (4142874598 0 0) 0x5574ef7fd8c0 con 0x5574ef703000 -1010>
2019-11-12 09:20:08.518 7fe887a15700 5 -- 192.168.200.19:6800/1460470921 >> 192.168.200.17:6806/20250 conn(0x5574ef703600 :-1 s=STATE_OPEN_MESSAGE_READ_FOOTER_AND_DISPATCH pgs=16763 cs=1 l=1). rx osd.4 seq 2 0x5574ef810000 osd_op_reply(8 500.0000000f [stat] v0'0 uv76310 ondisk = 0) v8 -1010>
2019-11-12 09:20:08.522 7fe887a15700 1 -- 192.168.200.19:6800/1460470921 <== osd.4 192.168.200.17:6806/20250 2 ==== osd_op_reply(8 500.0000000f [stat] v0'0 uv76310 ondisk = 0) v8 ==== 156+0+16 (1441095022 0 2950776802) 0x5574ef810000 con 0x5574ef703600 -1010>
2019-11-12 09:20:08.518 7fe888a17700 5 -- 192.168.200.19:6800/1460470921 >> 192.168.200.15:6805/24523 conn(0x5574ef702a00 :-1 s=STATE_OPEN_MESSAGE_READ_FOOTER_AND_DISPATCH pgs=11977 cs=1 l=1). rx osd.1 seq 5 0x5574ef8102c0 osd_op_reply(10 200.00001ef4 [stat] v0'0 uv43315 ondisk = 0) v8 -1010>
2019-11-12 09:20:08.522 7fe888a17700 1 -- 192.168.200.19:6800/1460470921 <== osd.1 192.168.200.15:6805/24523 5 ==== osd_op_reply(10 200.00001ef4 [stat] v0'0 uv43315 ondisk = 0) v8 ==== 156+0+16 (586066544 0 3314252265) 0x5574ef8102c0 con 0x5574ef702a00 -1010>
2019-11-12 09:20:08.522 7fe88077d700 1 mds.0.journaler.pq(ro) _finish_probe_end write_pos = 64480126 (header had 64480126). recovered. -1010>
2019-11-12 09:20:08.522 7fe88077d700 4 mds.0.purge_queue operator(): open complete -1010>
2019-11-12 09:20:08.522 7fe88077d700 1 mds.0.journaler.pq(ro) set_writeable -1010>
2019-11-12 09:20:08.522 7fe87f77b700 1 mds.0.journaler.mdlog(ro) _finish_probe_end write_pos = 33239061177 (header had 33239037805). recovered. -1010>
2019-11-12 09:20:08.522 7fe87ef7a700 4 mds.0.log Journal 0x200 recovered. -1010>
2019-11-12 09:20:08.522 7fe87ef7a700 4 mds.0.log Recovered journal 0x200 in format 1 -1010>
2019-11-12 09:20:08.522 7fe87ef7a700 2 mds.0.56303 boot_start 1: loading/discovering base inodes -1010>
2019-11-12 09:20:08.522 7fe87ef7a700 0 mds.0.cache creating system inode with ino:0x100 -1010>
2019-11-12 09:20:08.522 7fe87ef7a700 1 -- 192.168.200.19:6800/1460470921 --> 192.168.200.17:6806/20250 -- osd_op(unknown.0.56303:12 6.33 6:cd5a64a3:::100.00000000:head [getxattr inode] snapc 0=[] ondisk+read+known_if_redirected+full_force e28661) v8 -- 0x5574ef7fd600 con 0 -1010>
2019-11-12 09:20:08.522 7fe87ef7a700 1 -- 192.168.200.19:6800/1460470921 --> 192.168.200.15:6805/24523 -- osd_op(unknown.0.56303:13 6.3f 6:fe07bba1:::100.00000000.inode:head [read 0~0] snapc 0=[] ondisk+read+known_if_redirected+full_force e28661) v8 -- 0x5574ef811600 con 0 -1010>
2019-11-12 09:20:08.522 7fe87ef7a700 0 mds.0.cache creating system inode with ino:0x1 -1010>
2019-11-12 09:20:08.522 7fe87ef7a700 1 -- 192.168.200.19:6800/1460470921 --> 192.168.200.15:6805/24523 -- osd_op(unknown.0.56303:14 6.3f 6:ff5b34d6:::1.00000000:head [getxattr inode] snapc 0=[] ondisk+read+known_if_redirected+full_force e28661) v8 -- 0x5574ef8118c0 con 0 -1010>
2019-11-12 09:20:08.522 7fe87ef7a700 1 -- 192.168.200.19:6800/1460470921 --> 192.168.200.15:6805/24523 -- osd_op(unknown.0.56303:15 6.14 6:287034c4:::1.00000000.inode:head [read 0~0] snapc 0=[] ondisk+read+known_if_redirected+full_force e28661) v8 -- 0x5574ef811b80 con 0 -1010>
2019-11-12 09:20:08.522 7fe887a15700 5 -- 192.168.200.19:6800/1460470921 >> 192.168.200.17:6806/20250 conn(0x5574ef703600 :-1 s=STATE_OPEN_MESSAGE_READ_FOOTER_AND_DISPATCH pgs=16763 cs=1 l=1). rx osd.4 seq 3 0x5574ef810000 osd_op_reply(12 100.00000000 [getxattr] v0'0 uv0 ondisk = -61 ((61) No data available)) v8 -1010>
2019-11-12 09:20:08.522 7fe887a15700 1 -- 192.168.200.19:6800/1460470921 <== osd.4 192.168.200.17:6806/20250 3 ==== osd_op_reply(12 100.00000000 [getxattr] v0'0 uv0 ondisk = -61 ((61) No data available)) v8 ==== 156+0+0 (3193329554 0 0) 0x5574ef810000 con 0x5574ef703600 -1010>
2019-11-12 09:20:08.522 7fe888a17700 5 -- 192.168.200.19:6800/1460470921 >> 192.168.200.15:6805/24523 conn(0x5574ef702a00 :-1 s=STATE_OPEN_MESSAGE_READ_FOOTER_AND_DISPATCH pgs=11977 cs=1 l=1). rx osd.1 seq 6 0x5574ef811b80 osd_op_reply(13 100.00000000.inode [read 0~544] v0'0 uv79071 ondisk = 0) v8 -1010>
2019-11-12 09:20:08.522 7fe888a17700 1 -- 192.168.200.19:6800/1460470921 <== osd.1 192.168.200.15:6805/24523 6 ==== osd_op_reply(13 100.00000000.inode [read 0~544] v0'0 uv79071 ondisk = 0) v8 ==== 162+0+544 (1288455672 0 1233160524) 0x5574ef811b80 con 0x5574ef702a00 -1010>
2019-11-12 09:20:08.522 7fe888a17700 5 -- 192.168.200.19:6800/1460470921 >> 192.168.200.15:6805/24523 conn(0x5574ef702a00 :-1 s=STATE_OPEN_MESSAGE_READ_FOOTER_AND_DISPATCH pgs=11977 cs=1 l=1). rx osd.1 seq 7 0x5574ef811b80 osd_op_reply(14 1.00000000 [getxattr] v0'0 uv0 ondisk = -61 ((61) No data available)) v8 -1010>
2019-11-12 09:20:08.522 7fe888a17700 1 -- 192.168.200.19:6800/1460470921 <== osd.1 192.168.200.15:6805/24523 7 ==== osd_op_reply(14 1.00000000 [getxattr] v0'0 uv0 ondisk = -61 ((61) No data available)) v8 ==== 154+0+0 (37684714 0 0) 0x5574ef811b80 con 0x5574ef702a00 -1010>
2019-11-12 09:20:08.522 7fe888a17700 5 -- 192.168.200.19:6800/1460470921 >> 192.168.200.15:6805/24523 conn(0x5574ef702a00 :-1 s=STATE_OPEN_MESSAGE_READ_FOOTER_AND_DISPATCH pgs=11977 cs=1 l=1). rx osd.1 seq 8 0x5574ef811b80 osd_op_reply(15 1.00000000.inode [read 0~544] v0'0 uv1322881 ondisk = 0) v8 -1010>
2019-11-12 09:20:08.522 7fe888a17700 1 -- 192.168.200.19:6800/1460470921 <== osd.1 192.168.200.15:6805/24523 8 ==== osd_op_reply(15 1.00000000.inode [read 0~544] v0'0 uv1322881 ondisk = 0) v8 ==== 160+0+544 (2713499666 0 667298071) 0x5574ef811b80 con 0x5574ef702a00 -1010>
2019-11-12 09:20:08.522 7fe87f77b700 2 mds.0.56303 boot_start 2: replaying mds log -1010>
2019-11-12 09:20:08.522 7fe87f77b700 2 mds.0.56303 boot_start 2: waiting for purge queue recovered -1010>
2019-11-12 09:20:08.526 7fe87df78700 1 -- 192.168.200.19:6800/1460470921 --> 192.168.200.19:6805/12258 -- osd_op(unknown.0.56303:16 6.54 6:2be44c64:::200.00001ec4:head [read 1976708~2217596 [fadvise_dontneed]] snapc 0=[] ondisk+read+known_if_redirected+full_force e28661) v8 -- 0x5574ef810840 con 0 -1010>
2019-11-12 09:20:08.526 7fe87df78700 1 -- 192.168.200.19:6800/1460470921 --> 192.168.200.17:6806/20250 -- osd_op(unknown.0.56303:17 6.25 6:a7e44d1f:::200.00001ec5:head [read 0~4194304 [fadvise_dontneed]] snapc 0=[] ondisk+read+known_if_redirected+full_force e28661) v8 -- 0x5574ef810b00 con 0 -1010>
2019-11-12 09:20:08.526 7fe87df78700 1 -- 192.168.200.19:6800/1460470921 --> 192.168.200.19:6805/12258 -- osd_op(unknown.0.56303:18 6.2c 6:34509b9d:::200.00001ec6:head [read 0~4194304 [fadvise_dontneed]] snapc 0=[] ondisk+read+known_if_redirected+full_force e28661) v8 -- 0x5574ef8102c0 con 0 -1010>
2019-11-12 09:20:08.526 7fe87df78700 1 -- 192.168.200.19:6800/1460470921 --> 192.168.200.19:6801/12021 -- osd_op(unknown.0.56303:19 6.63 6:c60e2601:::200.00001ec7:head [read 0~4194304 [fadvise_dontneed]] snapc 0=[] ondisk+read+known_if_redirected+full_force e28661) v8 -- 0x5574ef7fd340 con 0 -1010>
2019-11-12 09:20:08.526 7fe87df78700 1 -- 192.168.200.19:6800/1460470921 --> 192.168.200.19:6805/12258 -- osd_op(unknown.0.56303:20 6.7 6:e1750875:::200.00001ec8:head [read 0~4194304 [fadvise_dontneed]] snapc 0=[] ondisk+read+known_if_redirected+full_force e28661) v8 -- 0x5574ef7fdb80 con 0 -1010>
2019-11-12 09:20:08.526 7fe87df78700 1 -- 192.168.200.19:6800/1460470921 --> 192.168.200.19:6805/12258 -- osd_op(unknown.0.56303:21 6.34 6:2f48296a:::200.00001ec9:head [read 0~4194304 [fadvise_dontneed]] snapc 0=[] ondisk+read+known_if_redirected+full_force e28661) v8 -- 0x5574ef7ad600 con 0 -1010>
2019-11-12 09:20:08.526 7fe87df78700 1 -- 192.168.200.19:6800/1460470921 --> 192.168.200.17:6806/20250 -- osd_op(unknown.0.56303:22 6.35 6:ad314bae:::200.00001eca:head [read 0~4194304 [fadvise_dontneed]] snapc 0=[] ondisk+read+known_if_redirected+full_force e28661) v8 -- 0x5574ef810840 con 0 -1010>
2019-11-12 09:20:08.526 7fe87df78700 1 -- 192.168.200.19:6800/1460470921 --> 192.168.200.15:6805/24523 -- osd_op(unknown.0.56303:23 6.56 6:6b0e3b9d:::200.00001ecb:head [read 0~4194304 [fadvise_dontneed]] snapc 0=[] ondisk+read+known_if_redirected+full_force e28661) v8 -- 0x5574ef8102c0 con 0 -1010>
2019-11-12 09:20:08.526 7fe87df78700 1 -- 192.168.200.19:6800/1460470921 --> 192.168.200.19:6805/12258 -- osd_op(unknown.0.56303:24 6.3d 6:bed7c08e:::200.00001ecc:head [read 0~4194304 [fadvise_dontneed]] snapc 0=[] ondisk+read+known_if_redirected+full_force e28661) v8 -- 0x5574ef811600 con 0 -1010>
2019-11-12 09:20:08.526 7fe87df78700 1 -- 192.168.200.19:6800/1460470921 --> 192.168.200.15:6805/24523 -- osd_op(unknown.0.56303:25 6.5b 6:dab203d3:::200.00001ecd:head [read 0~4194304 [fadvise_dontneed]] snapc 0=[] ondisk+read+known_if_redirected+full_force e28661) v8 -- 0x5574ef7fd8c0 con 0 -1010>
2019-11-12 09:20:08.526 7fe87df78700 1 -- 192.168.200.19:6800/1460470921 --> 192.168.200.15:6805/24523 -- osd_op(unknown.0.56303:26 6.1f 6:f94beeba:::200.00001ece:head [read 0~4194304 [fadvise_dontneed]] snapc 0=[] ondisk+read+known_if_redirected+full_force e28661) v8 -- 0x5574ef8118c0 con 0 -1010>
2019-11-12 09:20:08.526 7fe887a15700 5 -- 192.168.200.19:6800/1460470921 >> 192.168.200.17:6806/20250 conn(0x5574ef703600 :-1 s=STATE_OPEN_MESSAGE_READ_FOOTER_AND_DISPATCH pgs=16763 cs=1 l=1). rx osd.4 seq 4 0x5574ef810000 osd_op_reply(5 mds0_openfiles.0 [omap-get-header,omap-get-vals] v0'0 uv83532 ondisk = 0) v8 -1010>
2019-11-12 09:20:08.526 7fe887a15700 1 -- 192.168.200.19:6800/1460470921 <== osd.4 192.168.200.17:6806/20250 4 ==== osd_op_reply(5 mds0_openfiles.0 [omap-get-header,omap-get-vals] v0'0 uv83532 ondisk = 0) v8 ==== 202+0+1949 (4240281736 0 2842386935) 0x5574ef810000 con 0x5574ef703600 -1010>
2019-11-12 09:20:08.534 7fe888a17700 2 -- 192.168.200.19:6800/1460470921 >> 192.168.200.19:6801/12021 conn(0x5574ef85c000 :-1 s=STATE_CONNECTING_WAIT_ACK_SEQ pgs=0 cs=0 l=1)._process_connection got newly_acked_seq 0 vs out_seq 0 -1010>
2019-11-12 09:20:08.582 7fe888a17700 5 -- 192.168.200.19:6800/1460470921 >> 192.168.200.19:6801/12021 conn(0x5574ef85c000 :-1 s=STATE_OPEN_MESSAGE_READ_FOOTER_AND_DISPATCH pgs=8677 cs=1 l=1). rx osd.3 seq 1 0x5574ef7fd340 osd_op_reply(19 200.00001ec7 [read 0~4194304 [fadvise_dontneed]] v0'0 uv32228 ondisk = 0) v8 -1010>
2019-11-12 09:20:08.582 7fe888a17700 1 -- 192.168.200.19:6800/1460470921 <== osd.3 192.168.200.19:6801/12021 1 ==== osd_op_reply(19 200.00001ec7 [read 0~4194304 [fadvise_dontneed]] v0'0 uv32228 ondisk = 0) v8 ==== 156+0+4194304 (255713159 0 3389336695) 0x5574ef7fd340 con 0x5574ef85c000 -1010>
2019-11-12 09:20:08.750 7fe883783700 1 -- 192.168.200.19:6800/1460470921 --> 192.168.200.17:6800/91 -- mgrreport(unknown.k8s-node-02 +111-0 packed 1374) v6 -- 0x5574ef565b00 con 0 -1010>
2019-11-12 09:20:08.758 7fe888216700 5 -- 192.168.200.19:6800/1460470921 >> 192.168.200.19:6805/12258 conn(0x5574ef703000 :-1 s=STATE_OPEN_MESSAGE_READ_FOOTER_AND_DISPATCH pgs=12849 cs=1 l=1). rx osd.5 seq 4 0x5574ef811600 osd_op_reply(16 200.00001ec4 [read 1976708~2217596 [fadvise_dontneed]] v0'0 uv32403 ondisk = 0) v8 -1010>
2019-11-12 09:20:08.758 7fe888216700 1 -- 192.168.200.19:6800/1460470921 <== osd.5 192.168.200.19:6805/12258 4 ==== osd_op_reply(16 200.00001ec4 [read 1976708~2217596 [fadvise_dontneed]] v0'0 uv32403 ondisk = 0) v8 ==== 156+0+2217596 (3528559444 0 2254027955) 0x5574ef811600 con 0x5574ef703000 -1010>
2019-11-12 09:20:08.862 7fe888a17700 5 -- 192.168.200.19:6800/1460470921 >> 192.168.200.15:6805/24523 conn(0x5574ef702a00 :-1 s=STATE_OPEN_MESSAGE_READ_FOOTER_AND_DISPATCH pgs=11977 cs=1 l=1). rx osd.1 seq 9 0x5574ef7fd340 osd_op_reply(23 200.00001ecb [read 0~4194304 [fadvise_dontneed]] v0'0 uv36300 ondisk = 0) v8 -1010>
2019-11-12 09:20:08.862 7fe888a17700 1 -- 192.168.200.19:6800/1460470921 <== osd.1 192.168.200.15:6805/24523 9 ==== osd_op_reply(23 200.00001ecb [read 0~4194304 [fadvise_dontneed]] v0'0 uv36300 ondisk = 0) v8 ==== 156+0+4194304 (3043000747 0 150218771) 0x5574ef7fd340 con 0x5574ef702a00 -1010>
2019-11-12 09:20:08.982 7fe887a15700 5 -- 192.168.200.19:6800/1460470921 >> 192.168.200.17:6806/20250 conn(0x5574ef703600 :-1 s=STATE_OPEN_MESSAGE_READ_FOOTER_AND_DISPATCH pgs=16763 cs=1 l=1). rx osd.4 seq 5 0x5574ef810000 osd_op_reply(22 200.00001eca [read 0~4194304 [fadvise_dontneed]] v0'0 uv58091 ondisk = 0) v8 -1010>
2019-11-12 09:20:08.986 7fe887a15700 1 -- 192.168.200.19:6800/1460470921 <== osd.4 192.168.200.17:6806/20250 5 ==== osd_op_reply(22 200.00001eca [read 0~4194304 [fadvise_dontneed]] v0'0 uv58091 ondisk = 0) v8 ==== 156+0+4194304 (1537789602 0 1563593434) 0x5574ef810000 con 0x5574ef703600 -1010>
2019-11-12 09:20:09.022 7fe887a15700 5 -- 192.168.200.19:6800/1460470921 >> 192.168.200.17:6806/20250 conn(0x5574ef703600 :-1 s=STATE_OPEN_MESSAGE_READ_FOOTER_AND_DISPATCH pgs=16763 cs=1 l=1). rx osd.4 seq 6 0x5574ef810000 osd_op_reply(17 200.00001ec5 [read 0~4194304 [fadvise_dontneed]] v0'0 uv74584 ondisk = 0) v8 -1010>
2019-11-12 09:20:09.022 7fe887a15700 1 -- 192.168.200.19:6800/1460470921 <== osd.4 192.168.200.17:6806/20250 6 ==== osd_op_reply(17 200.00001ec5 [read 0~4194304 [fadvise_dontneed]] v0'0 uv74584 ondisk = 0) v8 ==== 156+0+4194304 (1536332796 0 4020157265) 0x5574ef810000 con 0x5574ef703600 -1010>
2019-11-12 09:20:09.026 7fe87df78700 1 -- 192.168.200.19:6800/1460470921 --> 192.168.200.17:6806/20250 -- osd_op(unknown.0.56303:27 6.5d 6:ba600e0b:::200.00001ecf:head [read 0~4194304 [fadvise_dontneed]] snapc 0=[] ondisk+read+known_if_redirected+full_force e28661) v8 -- 0x5574efe90580 con 0 -1010>
2019-11-12 09:20:09.058 7fe888216700 5 -- 192.168.200.19:6800/1460470921 >> 192.168.200.19:6805/12258 conn(0x5574ef703000 :-1 s=STATE_OPEN_MESSAGE_READ_FOOTER_AND_DISPATCH pgs=12849 cs=1 l=1). rx osd.5 seq 5 0x5574ef811600 osd_op_reply(20 200.00001ec8 [read 0~4194304 [fadvise_dontneed]] v0'0 uv33049 ondisk = 0) v8 -1010>
2019-11-12 09:20:09.058 7fe888216700 1 -- 192.168.200.19:6800/1460470921 <== osd.5 192.168.200.19:6805/12258 5 ==== osd_op_reply(20 200.00001ec8 [read 0~4194304 [fadvise_dontneed]] v0'0 uv33049 ondisk = 0) v8 ==== 156+0+4194304 (3747932941 0 3671309179) 0x5574ef811600 con 0x5574ef703000 -1010>
2019-11-12 09:20:09.170 7fe888216700 5 -- 192.168.200.19:6800/1460470921 >> 192.168.200.19:6805/12258 conn(0x5574ef703000 :-1 s=STATE_OPEN_MESSAGE_READ_FOOTER_AND_DISPATCH pgs=12849 cs=1 l=1). rx osd.5 seq 6 0x5574ef811600 osd_op_reply(18 200.00001ec6 [read 0~4194304 [fadvise_dontneed]] v0'0 uv59925 ondisk = 0) v8 -1010>
2019-11-12 09:20:09.170 7fe888216700 1 -- 192.168.200.19:6800/1460470921 <== osd.5 192.168.200.19:6805/12258 6 ==== osd_op_reply(18 200.00001ec6 [read 0~4194304 [fadvise_dontneed]] v0'0 uv59925 ondisk = 0) v8 ==== 156+0+4194304 (3708667789 0 915352419) 0x5574ef811600 con 0x5574ef703000 -1010>
2019-11-12 09:20:09.170 7fe87df78700 1 -- 192.168.200.19:6800/1460470921 --> 192.168.200.19:6805/12258 -- osd_op(unknown.0.56303:28 6.5c 6:3ae49781:::200.00001ed0:head [read 0~4194304 [fadvise_dontneed]] snapc 0=[] ondisk+read+known_if_redirected+full_force e28661) v8 -- 0x5574efe91b80 con 0 -1010>
2019-11-12 09:20:09.202 7fe888216700 5 -- 192.168.200.19:6800/1460470921 >> 192.168.200.19:6805/12258 conn(0x5574ef703000 :-1 s=STATE_OPEN_MESSAGE_READ_FOOTER_AND_DISPATCH pgs=12849 cs=1 l=1). rx osd.5 seq 7 0x5574efe91b80 osd_op_reply(24 200.00001ecc [read 0~4194304 [fadvise_dontneed]] v0'0 uv88595 ondisk = 0) v8 -1010>
2019-11-12 09:20:09.202 7fe888216700 1 -- 192.168.200.19:6800/1460470921 <== osd.5 192.168.200.19:6805/12258 7 ==== osd_op_reply(24 200.00001ecc [read 0~4194304 [fadvise_dontneed]] v0'0 uv88595 ondisk = 0) v8 ==== 156+0+4194304 (1801352771 0 3873878317) 0x5574efe91b80 con 0x5574ef703000 -1010>
2019-11-12 09:20:09.326 7fe87df78700 1 -- 192.168.200.19:6800/1460470921 --> 192.168.200.19:6805/12258 -- osd_op(unknown.0.56303:29 6.2c 6:35096768:::200.00001ed1:head [read 0~4194304 [fadvise_dontneed]] snapc 0=[] ondisk+read+known_if_redirected+full_force e28661) v8 -- 0x5574efe91600 con 0 -1010>
2019-11-12 09:20:09.330 7fe888216700 5 -- 192.168.200.19:6800/1460470921 >> 192.168.200.19:6805/12258 conn(0x5574ef703000 :-1 s=STATE_OPEN_MESSAGE_READ_FOOTER_AND_DISPATCH pgs=12849 cs=1 l=1). rx osd.5 seq 8 0x5574efe91b80 osd_op_reply(21 200.00001ec9 [read 0~4194304 [fadvise_dontneed]] v0'0 uv76305 ondisk = 0) v8 -1010>
2019-11-12 09:20:09.334 7fe888216700 1 -- 192.168.200.19:6800/1460470921 <== osd.5 192.168.200.19:6805/12258 8 ==== osd_op_reply(21 200.00001ec9 [read 0~4194304 [fadvise_dontneed]] v0'0 uv76305 ondisk = 0) v8 ==== 156+0+4194304 (4031564057 0 4277249194) 0x5574efe91b80 con 0x5574ef703000 -1010>
2019-11-12 09:20:09.534 7fe888a17700 5 -- 192.168.200.19:6800/1460470921 >> 192.168.200.15:6805/24523 conn(0x5574ef702a00 :-1 s=STATE_OPEN_MESSAGE_READ_FOOTER_AND_DISPATCH pgs=11977 cs=1 l=1). rx osd.1 seq 10 0x5574ef7fd340 osd_op_reply(25 200.00001ecd [read 0~4194304 [fadvise_dontneed]] v0'0 uv35517 ondisk = 0) v8 -1010>
2019-11-12 09:20:09.534 7fe888a17700 1 -- 192.168.200.19:6800/1460470921 <== osd.1 192.168.200.15:6805/24523 10 ==== osd_op_reply(25 200.00001ecd [read 0~4194304 [fadvise_dontneed]] v0'0 uv35517 ondisk = 0) v8 ==== 156+0+4194304 (1298770794 0 1145050672) 0x5574ef7fd340 con 0x5574ef702a00 -1010>
2019-11-12 09:20:09.538 7fe887a15700 5 -- 192.168.200.19:6800/1460470921 >> 192.168.200.17:6806/20250 conn(0x5574ef703600 :-1 s=STATE_OPEN_MESSAGE_READ_FOOTER_AND_DISPATCH pgs=16763 cs=1 l=1). rx osd.4 seq 7 0x5574efe90580 osd_op_reply(27 200.00001ecf [read 0~4194304 [fadvise_dontneed]] v0'0 uv42371 ondisk = 0) v8 -1010>
2019-11-12 09:20:09.538 7fe887a15700 1 -- 192.168.200.19:6800/1460470921 <== osd.4 192.168.200.17:6806/20250 7 ==== osd_op_reply(27 200.00001ecf [read 0~4194304 [fadvise_dontneed]] v0'0 uv42371 ondisk = 0) v8 ==== 156+0+4194304 (1417620671 0 937541238) 0x5574efe90580 con 0x5574ef703600 -1010>
2019-11-12 09:20:09.546 7fe87df78700 1 -- 192.168.200.19:6800/1460470921 --> 192.168.200.19:6805/12258 -- osd_op(unknown.0.56303:30 6.39 6:9cc82f3f:::200.00001ed2:head [read 0~4194304 [fadvise_dontneed]] snapc 0=[] ondisk+read+known_if_redirected+full_force e28661) v8 -- 0x5574efe90b00 con 0 -1010>
2019-11-12 09:20:09.650 7fe87df78700 1 -- 192.168.200.19:6800/1460470921 --> 192.168.200.19:6805/12258 -- osd_op(unknown.0.56303:31 6.a 6:50660169:::200.00001ed3:head [read 0~4194304 [fadvise_dontneed]] snapc 0=[] ondisk+read+known_if_redirected+full_force e28661) v8 -- 0x5574efe91340 con 0 -1010>
2019-11-12 09:20:09.702 7fe888216700 5 -- 192.168.200.19:6800/1460470921 >> 192.168.200.19:6805/12258 conn(0x5574ef703000 :-1 s=STATE_OPEN_MESSAGE_READ_FOOTER_AND_DISPATCH pgs=12849 cs=1 l=1). rx osd.5 seq 9 0x5574efe91b80 osd_op_reply(28 200.00001ed0 [read 0~4194304 [fadvise_dontneed]] v0'0 uv40793 ondisk = 0) v8 -1010>
2019-11-12 09:20:09.702 7fe888216700 1 -- 192.168.200.19:6800/1460470921 <== osd.5 192.168.200.19:6805/12258 9 ==== osd_op_reply(28 200.00001ed0 [read 0~4194304 [fadvise_dontneed]] v0'0 uv40793 ondisk = 0) v8 ==== 156+0+4194304 (4165677614 0 2205248570) 0x5574efe91b80 con 0x5574ef703000 -1010>
2019-11-12 09:20:09.738 7fe87df78700 1 -- 192.168.200.19:6800/1460470921 --> 192.168.200.17:6806/20250 -- osd_op(unknown.0.56303:32 6.26 6:642c7156:::200.00001ed4:head [read 0~4194304 [fadvise_dontneed]] snapc 0=[] ondisk+read+known_if_redirected+full_force e28661) v8 -- 0x5574f17f02c0 con 0 -1010>
2019-11-12 09:20:09.766 7fe888216700 5 -- 192.168.200.19:6800/1460470921 >> 192.168.200.19:6805/12258 conn(0x5574ef703000 :-1 s=STATE_OPEN_MESSAGE_READ_FOOTER_AND_DISPATCH pgs=12849 cs=1 l=1). rx osd.5 seq 10 0x5574efe91b80 osd_op_reply(29 200.00001ed1 [read 0~4194304 [fadvise_dontneed]] v0'0 uv61317 ondisk = 0) v8 -1010>
2019-11-12 09:20:09.766 7fe888216700 1 -- 192.168.200.19:6800/1460470921 <== osd.5 192.168.200.19:6805/12258 10 ==== osd_op_reply(29 200.00001ed1 [read 0~4194304 [fadvise_dontneed]] v0'0 uv61317 ondisk = 0) v8 ==== 156+0+4194304 (2035222751 0 1620268375) 0x5574efe91b80 con 0x5574ef703000 -1010>
2019-11-12 09:20:09.822 7fe87df78700 1 -- 192.168.200.19:6800/1460470921 --> 192.168.200.19:6805/12258 -- osd_op(unknown.0.56303:33 6.24 6:26ed0d4a:::200.00001ed5:head [read 0~4194304 [fadvise_dontneed]] snapc 0=[] ondisk+read+known_if_redirected+full_force e28661) v8 -- 0x5574f17f0840 con 0 -1010>
2019-11-12 09:20:09.902 7fe87df78700 1 -- 192.168.200.19:6800/1460470921 --> 192.168.200.19:6805/12258 -- osd_op(unknown.0.56303:34 6.32 6:4fa4d314:::200.00001ed6:head [read 0~4194304 [fadvise_dontneed]] snapc 0=[] ondisk+read+known_if_redirected+full_force e28661) v8 -- 0x5574efe90dc0 con 0 -1010>
2019-11-12 09:20:09.938 7fe888a17700 5 -- 192.168.200.19:6800/1460470921 >> 192.168.200.15:6805/24523 conn(0x5574ef702a00 :-1 s=STATE_OPEN_MESSAGE_READ_FOOTER_AND_DISPATCH pgs=11977 cs=1 l=1). rx osd.1 seq 11 0x5574ef7fd340 osd_op_reply(26 200.00001ece [read 0~4194304 [fadvise_dontneed]] v0'0 uv45520 ondisk = 0) v8 -1010>
2019-11-12 09:20:09.938 7fe888a17700 1 -- 192.168.200.19:6800/1460470921 <== osd.1 192.168.200.15:6805/24523 11 ==== osd_op_reply(26 200.00001ece [read 0~4194304 [fadvise_dontneed]] v0'0 uv45520 ondisk = 0) v8 ==== 156+0+4194304 (1747664234 0 852305962) 0x5574ef7fd340 con 0x5574ef702a00 -1010>
2019-11-12 09:20:09.994 7fe87df78700 1 -- 192.168.200.19:6800/1460470921 --> 192.168.200.19:6805/12258 -- osd_op(unknown.0.56303:35 6.34 6:2da236a2:::200.00001ed7:head [read 0~4194304 [fadvise_dontneed]] snapc 0=[] ondisk+read+known_if_redirected+full_force e28661) v8 -- 0x5574f17f18c0 con 0 -1010>
2019-11-12 09:20:10.070 7fe87df78700 1 -- 192.168.200.19:6800/1460470921 --> 192.168.200.19:6805/12258 -- osd_op(unknown.0.56303:36 6.32 6:4da6cd2c:::200.00001ed8:head [read 0~4194304 [fadvise_dontneed]] snapc 0=[] ondisk+read+known_if_redirected+full_force e28661) v8 -- 0x5574efe90840 con 0 -1010>
2019-11-12 09:20:10.150 7fe87df78700 1 -- 192.168.200.19:6800/1460470921 --> 192.168.200.19:6805/12258 -- osd_op(unknown.0.56303:37 6.54 6:2ada770a:::200.00001ed9:head [read 0~4194304 [fadvise_dontneed]] snapc 0=[] ondisk+read+known_if_redirected+full_force e28661) v8 -- 0x5574f17f0840 con 0 -1010>
2019-11-12 09:20:10.154 7fe888216700 5 -- 192.168.200.19:6800/1460470921 >> 192.168.200.19:6805/12258 conn(0x5574ef703000 :-1 s=STATE_OPEN_MESSAGE_READ_FOOTER_AND_DISPATCH pgs=12849 cs=1 l=1). rx osd.5 seq 11 0x5574f17f0840 osd_op_reply(31 200.00001ed3 [read 0~4194304 [fadvise_dontneed]] v0'0 uv34980 ondisk = 0) v8 -1010>
2019-11-12 09:20:10.154 7fe888216700 1 -- 192.168.200.19:6800/1460470921 <== osd.5 192.168.200.19:6805/12258 11 ==== osd_op_reply(31 200.00001ed3 [read 0~4194304 [fadvise_dontneed]] v0'0 uv34980 ondisk = 0) v8 ==== 156+0+4194304 (1386494933 0 3820517588) 0x5574f17f0840 con 0x5574ef703000 -1010>
