2019-11-12 09:20:10.230 7fe87df78700 1 -- 192.168.200.19:6800/1460470921 --> 192.168.200.15:6805/24523 -- osd_op(unknown.0.56303:38 6.4c 6:33fe30a9:::200.00001eda:head [read 0~4194304 [fadvise_dontneed]] snapc 0=[] ondisk+read+known_if_redirected+full_force e28661) v8 -- 0x5574efe90580 con 0 -1010>
2019-11-12 09:20:10.258 7fe887a15700 5 -- 192.168.200.19:6800/1460470921 >> 192.168.200.17:6806/20250 conn(0x5574ef703600 :-1 s=STATE_OPEN_MESSAGE_READ_FOOTER_AND_DISPATCH pgs=16763 cs=1 l=1). rx osd.4 seq 8 0x5574f17f1340 osd_op_reply(32 200.00001ed4 [read 0~4194304 [fadvise_dontneed]] v0'0 uv80695 ondisk = 0) v8 -1010>
2019-11-12 09:20:10.258 7fe887a15700 1 -- 192.168.200.19:6800/1460470921 <== osd.4 192.168.200.17:6806/20250 8 ==== osd_op_reply(32 200.00001ed4 [read 0~4194304 [fadvise_dontneed]] v0'0 uv80695 ondisk = 0) v8 ==== 156+0+4194304 (2138519371 0 3530924944) 0x5574f17f1340 con 0x5574ef703600 -1010>
2019-11-12 09:20:10.290 7fe888216700 5 -- 192.168.200.19:6800/1460470921 >> 192.168.200.19:6805/12258 conn(0x5574ef703000 :-1 s=STATE_OPEN_MESSAGE_READ_FOOTER_AND_DISPATCH pgs=12849 cs=1 l=1). rx osd.5 seq 12 0x5574f17f0840 osd_op_reply(30 200.00001ed2 [read 0~4194304 [fadvise_dontneed]] v0'0 uv90380 ondisk = 0) v8 -1010>
2019-11-12 09:20:10.290 7fe888216700 1 -- 192.168.200.19:6800/1460470921 <== osd.5 192.168.200.19:6805/12258 12 ==== osd_op_reply(30 200.00001ed2 [read 0~4194304 [fadvise_dontneed]] v0'0 uv90380 ondisk = 0) v8 ==== 156+0+4194304 (330583361 0 2656011774) 0x5574f17f0840 con 0x5574ef703000 -1010>
2019-11-12 09:20:10.310 7fe87df78700 1 -- 192.168.200.19:6800/1460470921 --> 192.168.200.15:6805/24523 -- osd_op(unknown.0.56303:39 6.2f 6:f40177de:::200.00001edb:head [read 0~4194304 [fadvise_dontneed]] snapc 0=[] ondisk+read+known_if_redirected+full_force e28661) v8 -- 0x5574f17f0000 con 0 -1010>
2019-11-12 09:20:10.386 7fe87df78700 1 -- 192.168.200.19:6800/1460470921 --> 192.168.200.15:6805/24523 -- osd_op(unknown.0.56303:40 6.6 6:601443b2:::200.00001edc:head [read 0~4194304 [fadvise_dontneed]] snapc 0=[] ondisk+read+known_if_redirected+full_force e28661) v8 -- 0x5574efe902c0 con 0 -1010>
2019-11-12 09:20:10.418 7fe888216700 5 -- 192.168.200.19:6800/1460470921 >> 192.168.200.19:6805/12258 conn(0x5574ef703000 :-1 s=STATE_OPEN_MESSAGE_READ_FOOTER_AND_DISPATCH pgs=12849 cs=1 l=1). rx osd.5 seq 13 0x5574f17f0840 osd_op_reply(33 200.00001ed5 [read 0~4194304 [fadvise_dontneed]] v0'0 uv68742 ondisk = 0) v8 -1010>
2019-11-12 09:20:10.418 7fe888216700 1 -- 192.168.200.19:6800/1460470921 <== osd.5 192.168.200.19:6805/12258 13 ==== osd_op_reply(33 200.00001ed5 [read 0~4194304 [fadvise_dontneed]] v0'0 uv68742 ondisk = 0) v8 ==== 156+0+4194304 (4128139589 0 1631669900) 0x5574f17f0840 con 0x5574ef703000 -1010>
2019-11-12 09:20:10.470 7fe87df78700 1 -- 192.168.200.19:6800/1460470921 --> 192.168.200.19:6805/12258 -- osd_op(unknown.0.56303:41 6.3d 6:bc1d2bb0:::200.00001edd:head [read 0~4194304 [fadvise_dontneed]] snapc 0=[] ondisk+read+known_if_redirected+full_force e28661) v8 -- 0x5574f17f0580 con 0 -1010>
2019-11-12 09:20:10.562 7fe87df78700 1 -- 192.168.200.19:6800/1460470921 --> 192.168.200.19:6805/12258 -- osd_op(unknown.0.56303:42 6.3d 6:bdbfd417:::200.00001ede:head [read 0~4194304 [fadvise_dontneed]] snapc 0=[] ondisk+read+known_if_redirected+full_force e28661) v8 -- 0x5574efe90dc0 con 0 -1010>
2019-11-12 09:20:10.638 7fe87df78700 1 -- 192.168.200.19:6800/1460470921 --> 192.168.200.19:6805/12258 -- osd_op(unknown.0.56303:43 6.3b 6:de40b110:::200.00001edf:head [read 0~4194304 [fadvise_dontneed]] snapc 0=[] ondisk+read+known_if_redirected+full_force e28661) v8 -- 0x5574efe91340 con 0 -1010>
2019-11-12 09:20:10.834 7fe888216700 5 -- 192.168.200.19:6800/1460470921 >> 192.168.200.19:6805/12258 conn(0x5574ef703000 :-1 s=STATE_OPEN_MESSAGE_READ_FOOTER_AND_DISPATCH pgs=12849 cs=1 l=1). rx osd.5 seq 14 0x5574efe91340 osd_op_reply(34 200.00001ed6 [read 0~4194304 [fadvise_dontneed]] v0'0 uv73340 ondisk = 0) v8 -1010>
2019-11-12 09:20:10.834 7fe888216700 1 -- 192.168.200.19:6800/1460470921 <== osd.5 192.168.200.19:6805/12258 14 ==== osd_op_reply(34 200.00001ed6 [read 0~4194304 [fadvise_dontneed]] v0'0 uv73340 ondisk = 0) v8 ==== 156+0+4194304 (3979275711 0 3536306776) 0x5574efe91340 con 0x5574ef703000 -1010>
2019-11-12 09:20:10.838 7fe87df78700 1 -- 192.168.200.19:6800/1460470921 --> 192.168.200.19:6801/12021 -- osd_op(unknown.0.56303:44 6.1c 6:39989f6c:::200.00001ee0:head [read 0~4194304 [fadvise_dontneed]] snapc 0=[] ondisk+read+known_if_redirected+full_force e28661) v8 -- 0x5574efe91b80 con 0 -1010>
2019-11-12 09:20:10.862 7fe888216700 5 -- 192.168.200.19:6800/1460470921 >> 192.168.200.19:6805/12258 conn(0x5574ef703000 :-1 s=STATE_OPEN_MESSAGE_READ_FOOTER_AND_DISPATCH pgs=12849 cs=1 l=1). rx osd.5 seq 15 0x5574efe91340 osd_op_reply(37 200.00001ed9 [read 0~4194304 [fadvise_dontneed]] v0'0 uv33829 ondisk = 0) v8 -1010>
2019-11-12 09:20:10.862 7fe888216700 1 -- 192.168.200.19:6800/1460470921 <== osd.5 192.168.200.19:6805/12258 15 ==== osd_op_reply(37 200.00001ed9 [read 0~4194304 [fadvise_dontneed]] v0'0 uv33829 ondisk = 0) v8 ==== 156+0+4194304 (3093391751 0 342787056) 0x5574efe91340 con 0x5574ef703000 -1010>
2019-11-12 09:20:10.878 7fe888a17700 5 -- 192.168.200.19:6800/1460470921 >> 192.168.200.19:6801/12021 conn(0x5574ef85c000 :-1 s=STATE_OPEN_MESSAGE_READ_FOOTER_AND_DISPATCH pgs=8677 cs=1 l=1). rx osd.3 seq 2 0x5574efe91b80 osd_op_reply(44 200.00001ee0 [read 0~4194304 [fadvise_dontneed]] v0'0 uv27219 ondisk = 0) v8 -1010>
2019-11-12 09:20:10.878 7fe888a17700 1 -- 192.168.200.19:6800/1460470921 <== osd.3 192.168.200.19:6801/12021 2 ==== osd_op_reply(44 200.00001ee0 [read 0~4194304 [fadvise_dontneed]] v0'0 uv27219 ondisk = 0) v8 ==== 156+0+4194304 (2562693100 0 1712739379) 0x5574efe91b80 con 0x5574ef85c000 -1010>
2019-11-12 09:20:11.038 7fe888216700 5 -- 192.168.200.19:6800/1460470921 >> 192.168.200.19:6805/12258 conn(0x5574ef703000 :-1 s=STATE_OPEN_MESSAGE_READ_FOOTER_AND_DISPATCH pgs=12849 cs=1 l=1). rx osd.5 seq 16 0x5574efe91340 osd_op_reply(35 200.00001ed7 [read 0~4194304 [fadvise_dontneed]] v0'0 uv78116 ondisk = 0) v8 -1010>
2019-11-12 09:20:11.038 7fe888216700 1 -- 192.168.200.19:6800/1460470921 <== osd.5 192.168.200.19:6805/12258 16 ==== osd_op_reply(35 200.00001ed7 [read 0~4194304 [fadvise_dontneed]] v0'0 uv78116 ondisk = 0) v8 ==== 156+0+4194304 (892522787 0 742479174) 0x5574efe91340 con 0x5574ef703000 -1010>
2019-11-12 09:20:11.038 7fe87df78700 1 -- 192.168.200.19:6800/1460470921 --> 192.168.200.19:6805/12258 -- osd_op(unknown.0.56303:45 6.39 6:9f1e4369:::200.00001ee1:head [read 0~4194304 [fadvise_dontneed]] snapc 0=[] ondisk+read+known_if_redirected+full_force e28661) v8 -- 0x5574f17f1b80 con 0 -1010>
2019-11-12 09:20:11.210 7fe888216700 5 -- 192.168.200.19:6800/1460470921 >> 192.168.200.19:6805/12258 conn(0x5574ef703000 :-1 s=STATE_OPEN_MESSAGE_READ_FOOTER_AND_DISPATCH pgs=12849 cs=1 l=1). rx osd.5 seq 17 0x5574f17f1b80 osd_op_reply(41 200.00001edd [read 0~4194304 [fadvise_dontneed]] v0'0 uv89661 ondisk = 0) v8 -1010>
2019-11-12 09:20:11.210 7fe888216700 1 -- 192.168.200.19:6800/1460470921 <== osd.5 192.168.200.19:6805/12258 17 ==== osd_op_reply(41 200.00001edd [read 0~4194304 [fadvise_dontneed]] v0'0 uv89661 ondisk = 0) v8 ==== 156+0+4194304 (4104850994 0 1352966362) 0x5574f17f1b80 con 0x5574ef703000 -1010>
2019-11-12 09:20:11.386 7fe888a17700 5 -- 192.168.200.19:6800/1460470921 >> 192.168.200.15:6805/24523 conn(0x5574ef702a00 :-1 s=STATE_OPEN_MESSAGE_READ_FOOTER_AND_DISPATCH pgs=11977 cs=1 l=1). rx osd.1 seq 12 0x5574efe91b80 osd_op_reply(39 200.00001edb [read 0~4194304 [fadvise_dontneed]] v0'0 uv78368 ondisk = 0) v8 -1010>
2019-11-12 09:20:11.386 7fe888a17700 1 -- 192.168.200.19:6800/1460470921 <== osd.1 192.168.200.15:6805/24523 12 ==== osd_op_reply(39 200.00001edb [read 0~4194304 [fadvise_dontneed]] v0'0 uv78368 ondisk = 0) v8 ==== 156+0+4194304 (827480192 0 133231095) 0x5574efe91b80 con 0x5574ef702a00 -1010>
2019-11-12 09:20:11.502 7fe888216700 5 -- 192.168.200.19:6800/1460470921 >> 192.168.200.19:6805/12258 conn(0x5574ef703000 :-1 s=STATE_OPEN_MESSAGE_READ_FOOTER_AND_DISPATCH pgs=12849 cs=1 l=1). rx osd.5 seq 18 0x5574f17f1b80 osd_op_reply(36 200.00001ed8 [read 0~4194304 [fadvise_dontneed]] v0'0 uv74659 ondisk = 0) v8 -1010>
2019-11-12 09:20:11.502 7fe888216700 1 -- 192.168.200.19:6800/1460470921 <== osd.5 192.168.200.19:6805/12258 18 ==== osd_op_reply(36 200.00001ed8 [read 0~4194304 [fadvise_dontneed]] v0'0 uv74659 ondisk = 0) v8 ==== 156+0+4194304 (2417045927 0 23600393) 0x5574f17f1b80 con 0x5574ef703000 -1010>
2019-11-12 09:20:11.502 7fe87df78700 1 -- 192.168.200.19:6800/1460470921 --> 192.168.200.19:6805/12258 -- osd_op(unknown.0.56303:46 6.2b 6:d75ef202:::200.00001ee2:head [read 0~4194304 [fadvise_dontneed]] snapc 0=[] ondisk+read+known_if_redirected+full_force e28661) v8 -- 0x5574efe91080 con 0 -1010>
2019-11-12 09:20:11.522 7fe888a17700 5 -- 192.168.200.19:6800/1460470921 >> 192.168.200.15:6805/24523 conn(0x5574ef702a00 :-1 s=STATE_OPEN_MESSAGE_READ_FOOTER_AND_DISPATCH pgs=11977 cs=1 l=1). rx osd.1 seq 13 0x5574efe91b80 osd_op_reply(38 200.00001eda [read 0~4194304 [fadvise_dontneed]] v0'0 uv31579 ondisk = 0) v8 -1010>
2019-11-12 09:20:11.526 7fe888a17700 1 -- 192.168.200.19:6800/1460470921 <== osd.1 192.168.200.15:6805/24523 13 ==== osd_op_reply(38 200.00001eda [read 0~4194304 [fadvise_dontneed]] v0'0 uv31579 ondisk = 0) v8 ==== 156+0+4194304 (1167083545 0 1245400058) 0x5574efe91b80 con 0x5574ef702a00 -1010>
2019-11-12 09:20:11.554 7fe888216700 5 -- 192.168.200.19:6800/1460470921 >> 192.168.200.19:6805/12258 conn(0x5574ef703000 :-1 s=STATE_OPEN_MESSAGE_READ_FOOTER_AND_DISPATCH pgs=12849 cs=1 l=1). rx osd.5 seq 19 0x5574efe91080 osd_op_reply(43 200.00001edf [read 0~4194304 [fadvise_dontneed]] v0'0 uv71835 ondisk = 0) v8 -1010>
2019-11-12 09:20:11.554 7fe888216700 1 -- 192.168.200.19:6800/1460470921 <== osd.5 192.168.200.19:6805/12258 19 ==== osd_op_reply(43 200.00001edf [read 0~4194304 [fadvise_dontneed]] v0'0 uv71835 ondisk = 0) v8 ==== 156+0+4194304 (1016868077 0 408330945) 0x5574efe91080 con 0x5574ef703000 -1010>
2019-11-12 09:20:11.582 7fe87df78700 1 -- 192.168.200.19:6800/1460470921 --> 192.168.200.19:6805/12258 -- osd_op(unknown.0.56303:47 6.37 6:ee598252:::200.00001ee3:head [read 0~4194304 [fadvise_dontneed]] snapc 0=[] ondisk+read+known_if_redirected+full_force e28661) v8 -- 0x5574efe90b00 con 0 -1010>
2019-11-12 09:20:11.658 7fe87df78700 1 -- 192.168.200.19:6800/1460470921 --> 192.168.200.17:6806/20250 -- osd_op(unknown.0.56303:48 6.38 6:1f27801f:::200.00001ee4:head [read 0~4194304 [fadvise_dontneed]] snapc 0=[] ondisk+read+known_if_redirected+full_force e28661) v8 -- 0x5574ef7fc840 con 0 -1010>
2019-11-12 09:20:11.738 7fe87df78700 1 -- 192.168.200.19:6800/1460470921 --> 192.168.200.17:6806/20250 -- osd_op(unknown.0.56303:49 6.26 6:669afea4:::200.00001ee5:head [read 0~4194304 [fadvise_dontneed]] snapc 0=[] ondisk+read+known_if_redirected+full_force e28661) v8 -- 0x5574efe90000 con 0 -1010>
2019-11-12 09:20:11.742 7fe888216700 5 -- 192.168.200.19:6800/1460470921 >> 192.168.200.19:6805/12258 conn(0x5574ef703000 :-1 s=STATE_OPEN_MESSAGE_READ_FOOTER_AND_DISPATCH pgs=12849 cs=1 l=1). rx osd.5 seq 20 0x5574efe90b00 osd_op_reply(45 200.00001ee1 [read 0~4194304 [fadvise_dontneed]] v0'0 uv91372 ondisk = 0) v8 -1010>
2019-11-12 09:20:11.742 7fe888216700 1 -- 192.168.200.19:6800/1460470921 <== osd.5 192.168.200.19:6805/12258 20 ==== osd_op_reply(45 200.00001ee1 [read 0~4194304 [fadvise_dontneed]] v0'0 uv91372 ondisk = 0) v8 ==== 156+0+4194304 (2648663446 0 2448890689) 0x5574efe90b00 con 0x5574ef703000 -1010>
2019-11-12 09:20:11.762 7fe882781700 5 mds.beacon.k8s-node-02 Sending beacon up:replay seq 3 -1010>
2019-11-12 09:20:11.762 7fe882781700 10 monclient: _send_mon_message to mon.k8s-node-00 at 192.168.200.15:6789/0 -1010>
2019-11-12 09:20:11.762 7fe882781700 1 -- 192.168.200.19:6800/1460470921 --> 192.168.200.15:6789/0 -- mdsbeacon(1849248/k8s-node-02 up:replay seq 3 v56303) v7 -- 0x5574ef6ff880 con 0 -1010>
2019-11-12 09:20:11.762 7fe888216700 5 -- 192.168.200.19:6800/1460470921 >> 192.168.200.15:6789/0 conn(0x5574ef700c00 :-1 s=STATE_OPEN_MESSAGE_READ_FOOTER_AND_DISPATCH pgs=15927 cs=1 l=1). rx mon.0 seq 14 0x5574ef6ff180 mdsbeacon(1849248/k8s-node-02 up:replay seq 3 v56303) v7 -1010>
2019-11-12 09:20:11.762 7fe888216700 1 -- 192.168.200.19:6800/1460470921 <== mon.0 192.168.200.15:6789/0 14 ==== mdsbeacon(1849248/k8s-node-02 up:replay seq 3 v56303) v7 ==== 136+0+0 (344388228 0 0) 0x5574ef6ff180 con 0x5574ef700c00 -1010>
2019-11-12 09:20:11.762 7fe888216700 5 mds.beacon.k8s-node-02 received beacon reply up:replay seq 3 rtt 0 -1010>
2019-11-12 09:20:11.846 7fe888216700 5 -- 192.168.200.19:6800/1460470921 >> 192.168.200.19:6805/12258 conn(0x5574ef703000 :-1 s=STATE_OPEN_MESSAGE_READ_FOOTER_AND_DISPATCH pgs=12849 cs=1 l=1). rx osd.5 seq 21 0x5574efe90b00 osd_op_reply(42 200.00001ede [read 0~4194304 [fadvise_dontneed]] v0'0 uv90707 ondisk = 0) v8 -1010>
2019-11-12 09:20:11.846 7fe888216700 1 -- 192.168.200.19:6800/1460470921 <== osd.5 192.168.200.19:6805/12258 21 ==== osd_op_reply(42 200.00001ede [read 0~4194304 [fadvise_dontneed]] v0'0 uv90707 ondisk = 0) v8 ==== 156+0+4194304 (1278859041 0 4166000365) 0x5574efe90b00 con 0x5574ef703000 -1010>
2019-11-12 09:20:11.862 7fe887a15700 5 -- 192.168.200.19:6800/1460470921 >> 192.168.200.17:6806/20250 conn(0x5574ef703600 :-1 s=STATE_OPEN_MESSAGE_READ_FOOTER_AND_DISPATCH pgs=16763 cs=1 l=1). rx osd.4 seq 9 0x5574f2fc2000 osd_op_reply(48 200.00001ee4 [read 0~4194304 [fadvise_dontneed]] v0'0 uv87902 ondisk = 0) v8 -1010>
2019-11-12 09:20:11.862 7fe887a15700 1 -- 192.168.200.19:6800/1460470921 <== osd.4 192.168.200.17:6806/20250 9 ==== osd_op_reply(48 200.00001ee4 [read 0~4194304 [fadvise_dontneed]] v0'0 uv87902 ondisk = 0) v8 ==== 156+0+4194304 (1710263652 0 2550500820) 0x5574f2fc2000 con 0x5574ef703600 -1010>
2019-11-12 09:20:11.898 7fe887a15700 5 -- 192.168.200.19:6800/1460470921 >> 192.168.200.17:6806/20250 conn(0x5574ef703600 :-1 s=STATE_OPEN_MESSAGE_READ_FOOTER_AND_DISPATCH pgs=16763 cs=1 l=1). rx osd.4 seq 10 0x5574f2fc2000 osd_op_reply(49 200.00001ee5 [read 0~4194304 [fadvise_dontneed]] v0'0 uv82944 ondisk = 0) v8 -1010>
2019-11-12 09:20:11.898 7fe887a15700 1 -- 192.168.200.19:6800/1460470921 <== osd.4 192.168.200.17:6806/20250 10 ==== osd_op_reply(49 200.00001ee5 [read 0~4194304 [fadvise_dontneed]] v0'0 uv82944 ondisk = 0) v8 ==== 156+0+4194304 (2930123064 0 737151539) 0x5574f2fc2000 con 0x5574ef703600 -1010>
2019-11-12 09:20:11.954 7fe888a17700 5 -- 192.168.200.19:6800/1460470921 >> 192.168.200.15:6805/24523 conn(0x5574ef702a00 :-1 s=STATE_OPEN_MESSAGE_READ_FOOTER_AND_DISPATCH pgs=11977 cs=1 l=1). rx osd.1 seq 14 0x5574efe91b80 osd_op_reply(40 200.00001edc [read 0~4194304 [fadvise_dontneed]] v0'0 uv31386 ondisk = 0) v8 -1010>
2019-11-12 09:20:11.954 7fe888a17700 1 -- 192.168.200.19:6800/1460470921 <== osd.1 192.168.200.15:6805/24523 14 ==== osd_op_reply(40 200.00001edc [read 0~4194304 [fadvise_dontneed]] v0'0 uv31386 ondisk = 0) v8 ==== 156+0+4194304 (1211016059 0 614261651) 0x5574efe91b80 con 0x5574ef702a00 -1010>
2019-11-12 09:20:11.954 7fe87df78700 1 -- 192.168.200.19:6800/1460470921 --> 192.168.200.17:6806/20250 -- osd_op(unknown.0.56303:50 6.25 6:a74123a6:::200.00001ee6:head [read 0~4194304 [fadvise_dontneed]] snapc 0=[] ondisk+read+known_if_redirected+full_force e28661) v8 -- 0x5574efe918c0 con 0 -1010>
2019-11-12 09:20:11.974 7fe888216700 5 -- 192.168.200.19:6800/1460470921 >> 192.168.200.19:6805/12258 conn(0x5574ef703000 :-1 s=STATE_OPEN_MESSAGE_READ_FOOTER_AND_DISPATCH pgs=12849 cs=1 l=1). rx osd.5 seq 22 0x5574efe90b00 osd_op_reply(46 200.00001ee2 [read 0~4194304 [fadvise_dontneed]] v0'0 uv90768 ondisk = 0) v8 -1010>
2019-11-12 09:20:11.974 7fe888216700 1 -- 192.168.200.19:6800/1460470921 <== osd.5 192.168.200.19:6805/12258 22 ==== osd_op_reply(46 200.00001ee2 [read 0~4194304 [fadvise_dontneed]] v0'0 uv90768 ondisk = 0) v8 ==== 156+0+4194304 (1649087458 0 600344932) 0x5574efe90b00 con 0x5574ef703000 -1010>
2019-11-12 09:20:12.006 7fe888216700 5 -- 192.168.200.19:6800/1460470921 >> 192.168.200.19:6805/12258 conn(0x5574ef703000 :-1 s=STATE_OPEN_MESSAGE_READ_FOOTER_AND_DISPATCH pgs=12849 cs=1 l=1). rx osd.5 seq 23 0x5574efe90b00 osd_op_reply(47 200.00001ee3 [read 0~4194304 [fadvise_dontneed]] v0'0 uv70914 ondisk = 0) v8 -1010>
2019-11-12 09:20:12.010 7fe888216700 1 -- 192.168.200.19:6800/1460470921 <== osd.5 192.168.200.19:6805/12258 23 ==== osd_op_reply(47 200.00001ee3 [read 0~4194304 [fadvise_dontneed]] v0'0 uv70914 ondisk = 0) v8 ==== 156+0+4194304 (4189387006 0 3128680832) 0x5574efe90b00 con 0x5574ef703000 -1010>
2019-11-12 09:20:12.034 7fe87df78700 1 -- 192.168.200.19:6800/1460470921 --> 192.168.200.19:6805/12258 -- osd_op(unknown.0.56303:51 6.27 6:e7e71572:::200.00001ee7:head [read 0~4194304 [fadvise_dontneed]] snapc 0=[] ondisk+read+known_if_redirected+full_force e28661) v8 -- 0x5574ef7ad600 con 0 -1010>
2019-11-12 09:20:12.102 7fe887a15700 5 -- 192.168.200.19:6800/1460470921 >> 192.168.200.17:6806/20250 conn(0x5574ef703600 :-1 s=STATE_OPEN_MESSAGE_READ_FOOTER_AND_DISPATCH pgs=16763 cs=1 l=1). rx osd.4 seq 11 0x5574efe918c0 osd_op_reply(50 200.00001ee6 [read 0~4194304 [fadvise_dontneed]] v0'0 uv76122 ondisk = 0) v8 -1010>
2019-11-12 09:20:12.102 7fe887a15700 1 -- 192.168.200.19:6800/1460470921 <== osd.4 192.168.200.17:6806/20250 11 ==== osd_op_reply(50 200.00001ee6 [read 0~4194304 [fadvise_dontneed]] v0'0 uv76122 ondisk = 0) v8 ==== 156+0+4194304 (4020623717 0 1562818712) 0x5574efe918c0 con 0x5574ef703600 -1010>
2019-11-12 09:20:12.106 7fe87df78700 1 -- 192.168.200.19:6800/1460470921 --> 192.168.200.15:6805/24523 -- osd_op(unknown.0.56303:52 6.3c 6:3e39cde3:::200.00001ee8:head [read 0~4194304 [fadvise_dontneed]] snapc 0=[] ondisk+read+known_if_redirected+full_force e28661) v8 -- 0x5574f17f1080 con 0 -1010>
2019-11-12 09:20:12.170 7fe87df78700 1 -- 192.168.200.19:6800/1460470921 --> 192.168.200.17:6806/20250 -- osd_op(unknown.0.56303:53 6.8 6:101387a1:::200.00001ee9:head [read 0~4194304 [fadvise_dontneed]] snapc 0=[] ondisk+read+known_if_redirected+full_force e28661) v8 -- 0x5574ef810b00 con 0 -1010>
2019-11-12 09:20:12.198 7fe888216700 5 -- 192.168.200.19:6800/1460470921 >> 192.168.200.19:6805/12258 conn(0x5574ef703000 :-1 s=STATE_OPEN_MESSAGE_READ_FOOTER_AND_DISPATCH pgs=12849 cs=1 l=1). rx osd.5 seq 24 0x5574efe918c0 osd_op_reply(51 200.00001ee7 [read 0~4194304 [fadvise_dontneed]] v0'0 uv76537 ondisk = 0) v8 -1010>
2019-11-12 09:20:12.198 7fe888216700 1 -- 192.168.200.19:6800/1460470921 <== osd.5 192.168.200.19:6805/12258 24 ==== osd_op_reply(51 200.00001ee7 [read 0~4194304 [fadvise_dontneed]] v0'0 uv76537 ondisk = 0) v8 ==== 156+0+4194304 (2339449442 0 2022356555) 0x5574efe918c0 con 0x5574ef703000 -1010>
2019-11-12 09:20:12.238 7fe87df78700 1 -- 192.168.200.19:6800/1460470921 --> 192.168.200.17:6802/19981 -- osd_op(unknown.0.56303:54 6.46 6:631b0aa0:::200.00001eea:head [read 0~4194304 [fadvise_dontneed]] snapc 0=[] ondisk+read+known_if_redirected+full_force e28661) v8 -- 0x5574ef7fdb80 con 0 -1010>
2019-11-12 09:20:12.246 7fe888216700 2 -- 192.168.200.19:6800/1460470921 >> 192.168.200.17:6802/19981 conn(0x5574ef85c600 :-1 s=STATE_CONNECTING_WAIT_ACK_SEQ pgs=0 cs=0 l=1)._process_connection got newly_acked_seq 0 vs out_seq 0 -1010>
2019-11-12 09:20:12.306 7fe87df78700 1 -- 192.168.200.19:6800/1460470921 --> 192.168.200.19:6805/12258 -- osd_op(unknown.0.56303:55 6.23 6:c571b352:::200.00001eeb:head [read 0~4194304 [fadvise_dontneed]] snapc 0=[] ondisk+read+known_if_redirected+full_force e28661) v8 -- 0x5574efe91600 con 0 -1010>
2019-11-12 09:20:12.326 7fe888216700 5 -- 192.168.200.19:6800/1460470921 >> 192.168.200.17:6802/19981 conn(0x5574ef85c600 :-1 s=STATE_OPEN_MESSAGE_READ_FOOTER_AND_DISPATCH pgs=5834 cs=1 l=1). rx osd.2 seq 1 0x5574efe91080 osd_op_reply(54 200.00001eea [read 0~4194304 [fadvise_dontneed]] v0'0 uv43008 ondisk = 0) v8 -1010>
2019-11-12 09:20:12.326 7fe888216700 1 -- 192.168.200.19:6800/1460470921 <== osd.2 192.168.200.17:6802/19981 1 ==== osd_op_reply(54 200.00001eea [read 0~4194304 [fadvise_dontneed]] v0'0 uv43008 ondisk = 0) v8 ==== 156+0+4194304 (1141206684 0 1871802516) 0x5574efe91080 con 0x5574ef85c600 -1010>
2019-11-12 09:20:12.374 7fe87df78700 1 -- 192.168.200.19:6800/1460470921 --> 192.168.200.19:6805/12258 -- osd_op(unknown.0.56303:56 6.3d 6:be55f99a:::200.00001eec:head [read 0~4194304 [fadvise_dontneed]] snapc 0=[] ondisk+read+known_if_redirected+full_force e28661) v8 -- 0x5574ef7fd600 con 0 -1010>
2019-11-12 09:20:12.438 7fe87df78700 1 -- 192.168.200.19:6800/1460470921 --> 192.168.200.19:6805/12258 -- osd_op(unknown.0.56303:57 6.15 6:a8763251:::200.00001eed:head [read 0~4194304 [fadvise_dontneed]] snapc 0=[] ondisk+read+known_if_redirected+full_force e28661) v8 -- 0x5574ef7fcb00 con 0 -1010>
2019-11-12 09:20:12.506 7fe87df78700 1 -- 192.168.200.19:6800/1460470921 --> 192.168.200.19:6805/12258 -- osd_op(unknown.0.56303:58 6.5 6:a03f7ae4:::200.00001eee:head [read 0~4194304 [fadvise_dontneed]] snapc 0=[] ondisk+read+known_if_redirected+full_force e28661) v8 -- 0x5574f17f0b00 con 0 -1010>
2019-11-12 09:20:12.538 7fe888a17700 5 -- 192.168.200.19:6800/1460470921 >> 192.168.200.15:6805/24523 conn(0x5574ef702a00 :-1 s=STATE_OPEN_MESSAGE_READ_FOOTER_AND_DISPATCH pgs=11977 cs=1 l=1). rx osd.1 seq 15 0x5574f17f1080 osd_op_reply(52 200.00001ee8 [read 0~4194304 [fadvise_dontneed]] v0'0 uv75454 ondisk = 0) v8 -1010>
2019-11-12 09:20:12.538 7fe888a17700 1 -- 192.168.200.19:6800/1460470921 <== osd.1 192.168.200.15:6805/24523 15 ==== osd_op_reply(52 200.00001ee8 [read 0~4194304 [fadvise_dontneed]] v0'0 uv75454 ondisk = 0) v8 ==== 156+0+4194304 (1339885820 0 2582243991) 0x5574f17f1080 con 0x5574ef702a00 -1010>
2019-11-12 09:20:12.570 7fe87df78700 1 -- 192.168.200.19:6800/1460470921 --> 192.168.200.19:6805/12258 -- osd_op(unknown.0.56303:59 6.27 6:e42c9344:::200.00001eef:head [read 0~4194304 [fadvise_dontneed]] snapc 0=[] ondisk+read+known_if_redirected+full_force e28661) v8 -- 0x5574f17f1600 con 0 -1010>
2019-11-12 09:20:12.582 7fe887a15700 5 -- 192.168.200.19:6800/1460470921 >> 192.168.200.17:6806/20250 conn(0x5574ef703600 :-1 s=STATE_OPEN_MESSAGE_READ_FOOTER_AND_DISPATCH pgs=16763 cs=1 l=1). rx osd.4 seq 12 0x5574efe91600 osd_op_reply(53 200.00001ee9 [read 0~4194304 [fadvise_dontneed]] v0'0 uv37098 ondisk = 0) v8 -1010>
2019-11-12 09:20:12.582 7fe887a15700 1 -- 192.168.200.19:6800/1460470921 <== osd.4 192.168.200.17:6806/20250 12 ==== osd_op_reply(53 200.00001ee9 [read 0~4194304 [fadvise_dontneed]] v0'0 uv37098 ondisk = 0) v8 ==== 156+0+4194304 (3031359962 0 2756808336) 0x5574efe91600 con 0x5574ef703600 -1010>
2019-11-12 09:20:12.638 7fe87df78700 1 -- 192.168.200.19:6800/1460470921 --> 192.168.200.15:6805/24523 -- osd_op(unknown.0.56303:60 6.3e 6:7d6c9823:::200.00001ef0:head [read 0~4194304 [fadvise_dontneed]] snapc 0=[] ondisk+read+known_if_redirected+full_force e28661) v8 -- 0x5574efe90580 con 0 -1010>
2019-11-12 09:20:12.702 7fe87df78700 1 -- 192.168.200.19:6800/1460470921 --> 192.168.200.15:6805/24523 -- osd_op(unknown.0.56303:61 6.45 6:a3b8f91c:::200.00001ef1:head [read 0~4194304 [fadvise_dontneed]] snapc 0=[] ondisk+read+known_if_redirected+full_force e28661) v8 -- 0x5574efe90000 con 0 -1010>
2019-11-12 09:20:12.766 7fe87df78700 1 -- 192.168.200.19:6800/1460470921 --> 192.168.200.19:6801/12021 -- osd_op(unknown.0.56303:62 6.50 6:0af53e21:::200.00001ef2:head [read 0~4194304 [fadvise_dontneed]] snapc 0=[] ondisk+read+known_if_redirected+full_force e28661) v8 -- 0x5574f17f1340 con 0 -1010>
2019-11-12 09:20:12.802 7fe888a17700 5 -- 192.168.200.19:6800/1460470921 >> 192.168.200.19:6801/12021 conn(0x5574ef85c000 :-1 s=STATE_OPEN_MESSAGE_READ_FOOTER_AND_DISPATCH pgs=8677 cs=1 l=1). rx osd.3 seq 3 0x5574efe902c0 osd_op_reply(62 200.00001ef2 [read 0~4194304 [fadvise_dontneed]] v0'0 uv28322 ondisk = 0) v8 -1010>
2019-11-12 09:20:12.802 7fe888a17700 1 -- 192.168.200.19:6800/1460470921 <== osd.3 192.168.200.19:6801/12021 3 ==== osd_op_reply(62 200.00001ef2 [read 0~4194304 [fadvise_dontneed]] v0'0 uv28322 ondisk = 0) v8 ==== 156+0+4194304 (1122511463 0 79703917) 0x5574efe902c0 con 0x5574ef85c000 -1010>
2019-11-12 09:20:12.834 7fe87df78700 1 -- 192.168.200.19:6800/1460470921 --> 192.168.200.15:6805/24523 -- osd_op(unknown.0.56303:63 6.20 6:059200a5:::200.00001ef3:head [read 0~4194304 [fadvise_dontneed]] snapc 0=[] ondisk+read+known_if_redirected+full_force e28661) v8 -- 0x5574ef810000 con 0 -1010>
2019-11-12 09:20:12.902 7fe87df78700 1 -- 192.168.200.19:6800/1460470921 --> 192.168.200.15:6805/24523 -- osd_op(unknown.0.56303:64 6.9 6:916b6fb1:::200.00001ef4:head [read 0~3396281 [fadvise_dontneed]] snapc 0=[] ondisk+read+known_if_redirected+full_force e28661) v8 -- 0x5574ef810840 con 0 -1010>
2019-11-12 09:20:13.398 7fe888216700 5 -- 192.168.200.19:6800/1460470921 >> 192.168.200.19:6805/12258 conn(0x5574ef703000 :-1 s=STATE_OPEN_MESSAGE_READ_FOOTER_AND_DISPATCH pgs=12849 cs=1 l=1). rx osd.5 seq 25 0x5574f17f1600 osd_op_reply(55 200.00001eeb [read 0~4194304 [fadvise_dontneed]] v0'0 uv35600 ondisk = 0) v8 -1010>
2019-11-12 09:20:13.398 7fe888216700 1 -- 192.168.200.19:6800/1460470921 <== osd.5 192.168.200.19:6805/12258 25 ==== osd_op_reply(55 200.00001eeb [read 0~4194304 [fadvise_dontneed]] v0'0 uv35600 ondisk = 0) v8 ==== 156+0+4194304 (3905789527 0 2657527065) 0x5574f17f1600 con 0x5574ef703000 -1010>
2019-11-12 09:20:13.586 7fe888216700 5 -- 192.168.200.19:6800/1460470921 >> 192.168.200.19:6805/12258 conn(0x5574ef703000 :-1 s=STATE_OPEN_MESSAGE_READ_FOOTER_AND_DISPATCH pgs=12849 cs=1 l=1). rx osd.5 seq 26 0x5574f17f1600 osd_op_reply(56 200.00001eec [read 0~4194304 [fadvise_dontneed]] v0'0 uv93869 ondisk = 0) v8 -1010>
2019-11-12 09:20:13.586 7fe888216700 1 -- 192.168.200.19:6800/1460470921 <== osd.5 192.168.200.19:6805/12258 26 ==== osd_op_reply(56 200.00001eec [read 0~4194304 [fadvise_dontneed]] v0'0 uv93869 ondisk = 0) v8 ==== 156+0+4194304 (43855582 0 2499621118) 0x5574f17f1600 con 0x5574ef703000 -1010>
2019-11-12 09:20:13.710 7fe884785700 10 monclient: tick -1010>
2019-11-12 09:20:13.710 7fe884785700 10 monclient: _check_auth_rotating have uptodate secrets (they expire after
2019-11-12 09:19:43.714163) -1010>
2019-11-12 09:20:13.750 7fe883783700 1 -- 192.168.200.19:6800/1460470921 --> 192.168.200.17:6800/91 -- mgrreport(unknown.k8s-node-02 +0-0 packed 1374) v6 -- 0x5574f06ce000 con 0 -1010>
2019-11-12 09:20:13.826 7fe888216700 5 -- 192.168.200.19:6800/1460470921 >> 192.168.200.19:6805/12258 conn(0x5574ef703000 :-1 s=STATE_OPEN_MESSAGE_READ_FOOTER_AND_DISPATCH pgs=12849 cs=1 l=1). rx osd.5 seq 27 0x5574f17f1600 osd_op_reply(59 200.00001eef [read 0~4194304 [fadvise_dontneed]] v0'0 uv81570 ondisk = 0) v8 -1010>
2019-11-12 09:20:13.826 7fe888216700 1 -- 192.168.200.19:6800/1460470921 <== osd.5 192.168.200.19:6805/12258 27 ==== osd_op_reply(59 200.00001eef [read 0~4194304 [fadvise_dontneed]] v0'0 uv81570 ondisk = 0) v8 ==== 156+0+4194304 (473818481 0 1401989426) 0x5574f17f1600 con 0x5574ef703000 -1010>
2019-11-12 09:20:14.462 7fe888216700 5 -- 192.168.200.19:6800/1460470921 >> 192.168.200.19:6805/12258 conn(0x5574ef703000 :-1 s=STATE_OPEN_MESSAGE_READ_FOOTER_AND_DISPATCH pgs=12849 cs=1 l=1). rx osd.5 seq 28 0x5574f17f1600 osd_op_reply(58 200.00001eee [read 0~4194304 [fadvise_dontneed]] v0'0 uv42535 ondisk = 0) v8 -1010>
2019-11-12 09:20:14.462 7fe888216700 1 -- 192.168.200.19:6800/1460470921 <== osd.5 192.168.200.19:6805/12258 28 ==== osd_op_reply(58 200.00001eee [read 0~4194304 [fadvise_dontneed]] v0'0 uv42535 ondisk = 0) v8 ==== 156+0+4194304 (2933939241 0 808578468) 0x5574f17f1600 con 0x5574ef703000 -1010>
2019-11-12 09:20:14.538 7fe888216700 5 -- 192.168.200.19:6800/1460470921 >> 192.168.200.19:6805/12258 conn(0x5574ef703000 :-1 s=STATE_OPEN_MESSAGE_READ_FOOTER_AND_DISPATCH pgs=12849 cs=1 l=1). rx osd.5 seq 29 0x5574f17f1600 osd_op_reply(57 200.00001eed [read 0~4194304 [fadvise_dontneed]] v0'0 uv37336 ondisk = 0) v8 -1010>
2019-11-12 09:20:14.538 7fe888216700 1 -- 192.168.200.19:6800/1460470921 <== osd.5 192.168.200.19:6805/12258 29 ==== osd_op_reply(57 200.00001eed [read 0~4194304 [fadvise_dontneed]] v0'0 uv37336 ondisk = 0) v8 ==== 156+0+4194304 (910772900 0 1749242063) 0x5574f17f1600 con 0x5574ef703000 -1010>
2019-11-12 09:20:14.650 7fe888a17700 5 -- 192.168.200.19:6800/1460470921 >> 192.168.200.15:6805/24523 conn(0x5574ef702a00 :-1 s=STATE_OPEN_MESSAGE_READ_FOOTER_AND_DISPATCH pgs=11977 cs=1 l=1). rx osd.1 seq 16 0x5574f06fe000 osd_op_reply(60 200.00001ef0 [read 0~4194304 [fadvise_dontneed]] v0'0 uv71620 ondisk = 0) v8 -1010>
2019-11-12 09:20:14.650 7fe888a17700 1 -- 192.168.200.19:6800/1460470921 <== osd.1 192.168.200.15:6805/24523 16 ==== osd_op_reply(60 200.00001ef0 [read 0~4194304 [fadvise_dontneed]] v0'0 uv71620 ondisk = 0) v8 ==== 156+0+4194304 (916184623 0 823393747) 0x5574f06fe000 con 0x5574ef702a00 -1010>
2019-11-12 09:20:14.878 7fe888a17700 5 -- 192.168.200.19:6800/1460470921 >> 192.168.200.15:6805/24523 conn(0x5574ef702a00 :-1 s=STATE_OPEN_MESSAGE_READ_FOOTER_AND_DISPATCH pgs=11977 cs=1 l=1). rx osd.1 seq 17 0x5574f06fe000 osd_op_reply(61 200.00001ef1 [read 0~4194304 [fadvise_dontneed]] v0'0 uv60049 ondisk = 0) v8 -1010>
2019-11-12 09:20:14.878 7fe888a17700 1 -- 192.168.200.19:6800/1460470921 <== osd.1 192.168.200.15:6805/24523 17 ==== osd_op_reply(61 200.00001ef1 [read 0~4194304 [fadvise_dontneed]] v0'0 uv60049 ondisk = 0) v8 ==== 156+0+4194304 (2574875128 0 582962543) 0x5574f06fe000 con 0x5574ef702a00 -1010>
2019-11-12 09:20:15.762 7fe882781700 5 mds.beacon.k8s-node-02 Sending beacon up:replay seq 4 -1010>
2019-11-12 09:20:15.762 7fe882781700 10 monclient: _send_mon_message to mon.k8s-node-00 at 192.168.200.15:6789/0 -1010>
2019-11-12 09:20:15.762 7fe882781700 1 -- 192.168.200.19:6800/1460470921 --> 192.168.200.15:6789/0 -- mdsbeacon(1849248/k8s-node-02 up:replay seq 4 v56303) v7 -- 0x5574ef80f180 con 0 -1010>
2019-11-12 09:20:15.762 7fe888216700 5 -- 192.168.200.19:6800/1460470921 >> 192.168.200.15:6789/0 conn(0x5574ef700c00 :-1 s=STATE_OPEN_MESSAGE_READ_FOOTER_AND_DISPATCH pgs=15927 cs=1 l=1). rx mon.0 seq 15 0x5574ef80f180 mdsbeacon(1849248/k8s-node-02 up:replay seq 4 v56303) v7 -1010>
2019-11-12 09:20:15.762 7fe888216700 1 -- 192.168.200.19:6800/1460470921 <== mon.0 192.168.200.15:6789/0 15 ==== mdsbeacon(1849248/k8s-node-02 up:replay seq 4 v56303) v7 ==== 136+0+0 (3656543233 0 0) 0x5574ef80f180 con 0x5574ef700c00 -1010>
2019-11-12 09:20:15.762 7fe888216700 5 mds.beacon.k8s-node-02 received beacon reply up:replay seq 4 rtt 0 -1010>
2019-11-12 09:20:16.406 7fe888a17700 5 -- 192.168.200.19:6800/1460470921 >> 192.168.200.15:6805/24523 conn(0x5574ef702a00 :-1 s=STATE_OPEN_MESSAGE_READ_FOOTER_AND_DISPATCH pgs=11977 cs=1 l=1). rx osd.1 seq 18 0x5574f06fe000 osd_op_reply(64 200.00001ef4 [read 0~3396281 [fadvise_dontneed]] v0'0 uv43315 ondisk = 0) v8 -1010>
2019-11-12 09:20:16.406 7fe888a17700 1 -- 192.168.200.19:6800/1460470921 <== osd.1 192.168.200.15:6805/24523 18 ==== osd_op_reply(64 200.00001ef4 [read 0~3396281 [fadvise_dontneed]] v0'0 uv43315 ondisk = 0) v8 ==== 156+0+3396281 (2978750866 0 537567138) 0x5574f06fe000 con 0x5574ef702a00 -1010>
2019-11-12 09:20:16.482 7fe888a17700 5 -- 192.168.200.19:6800/1460470921 >> 192.168.200.15:6805/24523 conn(0x5574ef702a00 :-1 s=STATE_OPEN_MESSAGE_READ_FOOTER_AND_DISPATCH pgs=11977 cs=1 l=1). rx osd.1 seq 19 0x5574f06fe000 osd_op_reply(63 200.00001ef3 [read 0~4194304 [fadvise_dontneed]] v0'0 uv33434 ondisk = 0) v8 -1010>
2019-11-12 09:20:16.482 7fe888a17700 1 -- 192.168.200.19:6800/1460470921 <== osd.1 192.168.200.15:6805/24523 19 ==== osd_op_reply(63 200.00001ef3 [read 0~4194304 [fadvise_dontneed]] v0'0 uv33434 ondisk = 0) v8 ==== 156+0+4194304 (2400805555 0 3258534103) 0x5574f06fe000 con 0x5574ef702a00 -1010>
2019-11-12 09:20:16.610 7fe87df78700 1 mds.0.56303 Finished replaying journal -1010>
2019-11-12 09:20:16.610 7fe87df78700 1 mds.0.56303 making mds journal writeable -1010>
2019-11-12 09:20:16.610 7fe87df78700 1 mds.0.journaler.mdlog(ro) set_writeable -1010>
2019-11-12 09:20:16.610 7fe87df78700 1 -- 192.168.200.19:6800/1460470921 --> 192.168.200.15:6805/24523 -- osd_op(unknown.0.56303:65 6.9 6:916b6fb1:::200.00001ef4:head [zero 3396281~798023] snapc 0=[] ondisk+write+known_if_redirected+full_force e28661) v8 -- 0x5574f17f02c0 con 0 -1010>
2019-11-12 09:20:16.610 7fe87df78700 1 -- 192.168.200.19:6800/1460470921 --> 192.168.200.19:6805/12258 -- osd_op(unknown.0.56303:66 6.52 6:4b787142:::200.00001ef5:head [delete] snapc 0=[] ondisk+write+known_if_redirected+full_force e28661) v8 -- 0x5574ef7fc840 con 0 -1010>
2019-11-12 09:20:16.610 7fe87df78700 1 -- 192.168.200.19:6800/1460470921 --> 192.168.200.19:6805/12258 -- osd_op(unknown.0.56303:67 6.3b 6:dd49a9ad:::200.00001ef6:head [delete] snapc 0=[] ondisk+write+known_if_redirected+full_force e28661) v8 -- 0x5574ef8118c0 con 0 -1010>
2019-11-12 09:20:16.610 7fe87df78700 1 -- 192.168.200.19:6800/1460470921 --> 192.168.200.17:6806/20250 -- osd_op(unknown.0.56303:68 6.d 6:b10d4b81:::200.00001ef7:head [delete] snapc 0=[] ondisk+write+known_if_redirected+full_force e28661) v8 -- 0x5574ef8102c0 con 0 -1010>
2019-11-12 09:20:16.610 7fe87df78700 1 -- 192.168.200.19:6800/1460470921 --> 192.168.200.17:6806/20250 -- osd_op(unknown.0.56303:69 6.2a 6:55d3aaa4:::200.00001ef8:head [delete] snapc 0=[] ondisk+write+known_if_redirected+full_force e28661) v8 -- 0x5574ef7fd340 con 0 -1010>
2019-11-12 09:20:16.610 7fe87df78700 1 -- 192.168.200.19:6800/1460470921 --> 192.168.200.19:6805/12258 -- osd_op(unknown.0.56303:70 6.15 6:a9ceb397:::200.00001ef9:head [delete] snapc 0=[] ondisk+write+known_if_redirected+full_force e28661) v8 -- 0x5574ef811600 con 0 -1010>
2019-11-12 09:20:16.610 7fe87df78700 2 mds.0.56303 i am alone, moving to state reconnect -1010>
2019-11-12 09:20:16.610 7fe87df78700 3 mds.0.56303 request_state up:reconnect -1010>
2019-11-12 09:20:16.610 7fe87df78700 5 mds.beacon.k8s-node-02 set_want_state: up:replay -> up:reconnect -1010>
2019-11-12 09:20:16.610 7fe87df78700 5 mds.beacon.k8s-node-02 Sending beacon up:reconnect seq 5 -1010>
2019-11-12 09:20:16.610 7fe87df78700 10 monclient: _send_mon_message to mon.k8s-node-00 at 192.168.200.15:6789/0 -1010>
2019-11-12 09:20:16.610 7fe87df78700 1 -- 192.168.200.19:6800/1460470921 --> 192.168.200.15:6789/0 -- mdsbeacon(1849248/k8s-node-02 up:reconnect seq 5 v56303) v7 -- 0x5574ef80fc00 con 0 -1010>
2019-11-12 09:20:16.634 7fe888216700 5 -- 192.168.200.19:6800/1460470921 >> 192.168.200.19:6805/12258 conn(0x5574ef703000 :-1 s=STATE_OPEN_MESSAGE_READ_FOOTER_AND_DISPATCH pgs=12849 cs=1 l=1). rx osd.5 seq 30 0x5574ef811600 osd_op_reply(66 200.00001ef5 [delete] v28661'40770 uv40694 ondisk = -2 ((2) No such file or directory)) v8 -1010>
2019-11-12 09:20:16.634 7fe888216700 1 -- 192.168.200.19:6800/1460470921 <== osd.5 192.168.200.19:6805/12258 30 ==== osd_op_reply(66 200.00001ef5 [delete] v28661'40770 uv40694 ondisk = -2 ((2) No such file or directory)) v8 ==== 156+0+0 (3875959471 0 0) 0x5574ef811600 con 0x5574ef703000 -1010>
2019-11-12 09:20:16.634 7fe888216700 5 -- 192.168.200.19:6800/1460470921 >> 192.168.200.19:6805/12258 conn(0x5574ef703000 :-1 s=STATE_OPEN_MESSAGE_READ_FOOTER_AND_DISPATCH pgs=12849 cs=1 l=1). rx osd.5 seq 31 0x5574ef811600 osd_op_reply(70 200.00001ef9 [delete] v28661'37440 uv37342 ondisk = -2 ((2) No such file or directory)) v8 -1010>
2019-11-12 09:20:16.634 7fe888216700 1 -- 192.168.200.19:6800/1460470921 <== osd.5 192.168.200.19:6805/12258 31 ==== osd_op_reply(70 200.00001ef9 [delete] v28661'37440 uv37342 ondisk = -2 ((2) No such file or directory)) v8 ==== 156+0+0 (28087247 0 0) 0x5574ef811600 con 0x5574ef703000 -1010>
2019-11-12 09:20:16.638 7fe888216700 5 -- 192.168.200.19:6800/1460470921 >> 192.168.200.19:6805/12258 conn(0x5574ef703000 :-1 s=STATE_OPEN_MESSAGE_READ_FOOTER_AND_DISPATCH pgs=12849 cs=1 l=1). rx osd.5 seq 32 0x5574ef811600 osd_op_reply(67 200.00001ef6 [delete] v28661'73070 uv72994 ondisk = -2 ((2) No such file or directory)) v8 -1010>
2019-11-12 09:20:16.638 7fe888216700 1 -- 192.168.200.19:6800/1460470921 <== osd.5 192.168.200.19:6805/12258 32 ==== osd_op_reply(67 200.00001ef6 [delete] v28661'73070 uv72994 ondisk = -2 ((2) No such file or directory)) v8 ==== 156+0+0 (4041088188 0 0) 0x5574ef811600 con 0x5574ef703000 -1010>
2019-11-12 09:20:16.638 7fe888a17700 5 -- 192.168.200.19:6800/1460470921 >> 192.168.200.15:6805/24523 conn(0x5574ef702a00 :-1 s=STATE_OPEN_MESSAGE_READ_FOOTER_AND_DISPATCH pgs=11977 cs=1 l=1). rx osd.1 seq 20 0x5574f17f02c0 osd_op_reply(65 200.00001ef4 [zero 3396281~798023] v28661'43316 uv43315 ondisk = 0) v8 -1010>
2019-11-12 09:20:16.638 7fe888a17700 1 -- 192.168.200.19:6800/1460470921 <== osd.1 192.168.200.15:6805/24523 20 ==== osd_op_reply(65 200.00001ef4 [zero 3396281~798023] v28661'43316 uv43315 ondisk = 0) v8 ==== 156+0+0 (106571773 0 0) 0x5574f17f02c0 con 0x5574ef702a00 -1010>
2019-11-12 09:20:16.638 7fe887a15700 5 -- 192.168.200.19:6800/1460470921 >> 192.168.200.17:6806/20250 conn(0x5574ef703600 :-1 s=STATE_OPEN_MESSAGE_READ_FOOTER_AND_DISPATCH pgs=16763 cs=1 l=1). rx osd.4 seq 13 0x5574f17f1b80 osd_op_reply(69 200.00001ef8 [delete] v28661'80702 uv80626 ondisk = -2 ((2) No such file or directory)) v8 -1010>
2019-11-12 09:20:16.638 7fe887a15700 1 -- 192.168.200.19:6800/1460470921 <== osd.4 192.168.200.17:6806/20250 13 ==== osd_op_reply(69 200.00001ef8 [delete] v28661'80702 uv80626 ondisk = -2 ((2) No such file or directory)) v8 ==== 156+0+0 (1754869307 0 0) 0x5574f17f1b80 con 0x5574ef703600 -1010>
2019-11-12 09:20:16.638 7fe887a15700 5 -- 192.168.200.19:6800/1460470921 >> 192.168.200.17:6806/20250 conn(0x5574ef703600 :-1 s=STATE_OPEN_MESSAGE_READ_FOOTER_AND_DISPATCH pgs=16763 cs=1 l=1). rx osd.4 seq 14 0x5574f17f1b80 osd_op_reply(68 200.00001ef7 [delete] v28661'38268 uv37712 ondisk = -2 ((2) No such file or directory)) v8 -1010>
2019-11-12 09:20:16.638 7fe887a15700 1 -- 192.168.200.19:6800/1460470921 <== osd.4 192.168.200.17:6806/20250 14 ==== osd_op_reply(68 200.00001ef7 [delete] v28661'38268 uv37712 ondisk = -2 ((2) No such file or directory)) v8 ==== 156+0+0 (699459646 0 0) 0x5574f17f1b80 con 0x5574ef703600 -1010>
2019-11-12 09:20:16.682 7fe888216700 5 -- 192.168.200.19:6800/1460470921 >> 192.168.200.15:6789/0 conn(0x5574ef700c00 :-1 s=STATE_OPEN_MESSAGE_READ_FOOTER_AND_DISPATCH pgs=15927 cs=1 l=1). rx mon.0 seq 16 0x5574f1198b40 mdsmap(e 56304) v1 -1010>
2019-11-12 09:20:16.686 7fe887a15700 1 -- 192.168.200.19:6800/1460470921 >> - conn(0x5574ef700600 :6800 s=STATE_ACCEPTING pgs=0 cs=0 l=0)._process_connection sd=32 - -1010>
2019-11-12 09:20:16.686 7fe885a11700 1 -- 192.168.200.19:6800/1460470921 <== mon.0 192.168.200.15:6789/0 16 ==== mdsmap(e 56304) v1 ==== 655+0+0 (1257921563 0 0) 0x5574f1198b40 con 0x5574ef700c00 -1010>
2019-11-12 09:20:16.686 7fe885a11700 1 mds.k8s-node-02 Updating MDS map to version 56304 from mon.0 -1010>
2019-11-12 09:20:16.686 7fe885a11700 1 mds.0.56303 handle_mds_map i am now mds.0.56303 -1010>
2019-11-12 09:20:16.686 7fe885a11700 1 mds.0.56303 handle_mds_map state change up:replay --> up:reconnect -1010>
2019-11-12 09:20:16.686 7fe885a11700 1 mds.0.56303 reconnect_start -1010>
2019-11-12 09:20:16.686 7fe885a11700 1 mds.0.56303 reopen_log -1010>
2019-11-12 09:20:16.686 7fe888216700 5 -- 192.168.200.19:6800/1460470921 >> 192.168.200.15:6789/0 conn(0x5574ef700c00 :-1 s=STATE_OPEN_MESSAGE_READ_FOOTER_AND_DISPATCH pgs=15927 cs=1 l=1). rx mon.0 seq 17 0x5574ef80f180 mdsbeacon(1849248/k8s-node-02 up:reconnect seq 5 v56304) v7 -1010>
2019-11-12 09:20:16.686 7fe888216700 1 -- 192.168.200.19:6800/1460470921 <== mon.0 192.168.200.15:6789/0 17 ==== mdsbeacon(1849248/k8s-node-02 up:reconnect seq 5 v56304) v7 ==== 136+0+0 (1350244580 0 0) 0x5574ef80f180 con 0x5574ef700c00 -1010>
2019-11-12 09:20:16.686 7fe888216700 5 mds.beacon.k8s-node-02 received beacon reply up:reconnect seq 5 rtt 0.0760015 -1010>
2019-11-12 09:20:16.686 7fe888216700 1 -- 192.168.200.19:6800/1460470921 >> - conn(0x5574ef85d200 :6800 s=STATE_ACCEPTING pgs=0 cs=0 l=0)._process_connection sd=34 - -1010>
2019-11-12 09:20:16.686 7fe888a17700 1 -- 192.168.200.19:6800/1460470921 >> - conn(0x5574ef85cc00 :6800 s=STATE_ACCEPTING pgs=0 cs=0 l=0)._process_connection sd=33 - -1010>
2019-11-12 09:20:16.690 7fe888a17700 1 -- 192.168.200.19:6800/1460470921 >> - conn(0x5574ef85de00 :6800 s=STATE_ACCEPTING pgs=0 cs=0 l=0)._process_connection sd=36 - -1010>
2019-11-12 09:20:16.694 7fe885a11700 4 mds.0.56303 reconnect_start: killed 0 blacklisted sessions (2132 blacklist entries, 14) -1010>
2019-11-12 09:20:16.694 7fe885a11700 1 mds.0.server reconnect_clients -- 14 sessions -1010>
2019-11-12 09:20:16.694 7fe885a11700 1 -- 192.168.200.19:6800/1460470921 _send_message--> mds.0 192.168.200.19:6800/1460470921 -- mds_table_request(snaptable server_ready) v1 -- ?+0 0x5574ef7c8b40 -1010>
2019-11-12 09:20:16.694 7fe885a11700 1 -- 192.168.200.19:6800/1460470921 --> 192.168.200.19:6800/1460470921 -- mds_table_request(snaptable server_ready) v1 -- 0x5574ef7c8b40 con 0 -1010>
2019-11-12 09:20:16.694 7fe887a15700 1 -- 192.168.200.19:6800/1460470921 >> - conn(0x5574ef85d800 :6800 s=STATE_ACCEPTING pgs=0 cs=0 l=0)._process_connection sd=35 - -1010>
2019-11-12 09:20:16.694 7fe885a11700 1 -- 192.168.200.19:6800/1460470921 <== mds.0 192.168.200.19:6800/1460470921 0 ==== mds_table_request(snaptable server_ready) v1 ==== 0+0+0 (0 0 0) 0x5574ef7c8b40 con 0x5574ef701800 -1010>
2019-11-12 09:20:16.694 7fe887a15700 2 -- 192.168.200.19:6800/1460470921 >> 192.168.200.30:0/979484066 conn(0x5574ef700600 :6800 s=STATE_ACCEPTING_WAIT_SEQ pgs=4844 cs=1 l=0).handle_connect_msg accept write reply msg done -1010>
2019-11-12 09:20:16.694 7fe888a17700 2 -- 192.168.200.19:6800/1460470921 >> 192.168.200.19:0/2796926812 conn(0x5574ef85de00 :6800 s=STATE_ACCEPTING_WAIT_SEQ pgs=4212 cs=1 l=0).handle_connect_msg accept write reply msg done -1010>
2019-11-12 09:20:16.694 7fe888216700 2 -- 192.168.200.19:6800/1460470921 >> 192.168.200.17:0/3102681411 conn(0x5574ef85d200 :6800 s=STATE_ACCEPTING_WAIT_SEQ pgs=4212 cs=1 l=0).handle_connect_msg accept write reply msg done -1010>
2019-11-12 09:20:16.694 7fe887a15700 2 -- 192.168.200.19:6800/1460470921 >> 192.168.200.31:0/3544368504 conn(0x5574ef85d800 :6800 s=STATE_ACCEPTING_WAIT_SEQ pgs=4212 cs=1 l=0).handle_connect_msg accept write reply msg done -1010>
2019-11-12 09:20:16.694 7fe887a15700 2 -- 192.168.200.19:6800/1460470921 >> 192.168.200.31:0/3544368504 conn(0x5574ef85d800 :6800 s=STATE_ACCEPTING_WAIT_SEQ pgs=4212 cs=1 l=0)._process_connection accept get newly_acked_seq 0 -1010>
2019-11-12 09:20:16.694 7fe885a11700 1 -- 192.168.200.19:6800/1460470921 _send_message--> mds.0 192.168.200.19:6800/1460470921 -- mds_table_request(snaptable query 1 9 bytes) v1 -- ?+0 0x5574f1198b40 -1010>
2019-11-12 09:20:16.694 7fe888216700 2 -- 192.168.200.19:6800/1460470921 >> 192.168.200.17:0/3102681411 conn(0x5574ef85d200 :6800 s=STATE_ACCEPTING_WAIT_SEQ pgs=4212 cs=1 l=0)._process_connection accept get newly_acked_seq 0 -1010>
2019-11-12 09:20:16.694 7fe887a15700 2 -- 192.168.200.19:6800/1460470921 >> 192.168.200.30:0/979484066 conn(0x5574ef700600 :6800 s=STATE_ACCEPTING_WAIT_SEQ pgs=4844 cs=1 l=0)._process_connection accept get newly_acked_seq 0 -1010>
2019-11-12 09:20:16.694 7fe885a11700 1 -- 192.168.200.19:6800/1460470921 --> 192.168.200.19:6800/1460470921 -- mds_table_request(snaptable query 1 9 bytes) v1 -- 0x5574f1198b40 con 0 -1010>
2019-11-12 09:20:16.694 7fe887a15700 5 -- 192.168.200.19:6800/1460470921 >> 192.168.200.30:0/979484066 conn(0x5574ef700600 :6800 s=STATE_OPEN_MESSAGE_READ_FOOTER_AND_DISPATCH pgs=4844 cs=1 l=0). rx client.1804200 seq 1 0x5574f1198900 client_reconnect(1 caps) v3 -1010>
2019-11-12 09:20:16.694 7fe888216700 5 -- 192.168.200.19:6800/1460470921 >> 192.168.200.17:0/3102681411 conn(0x5574ef85d200 :6800 s=STATE_OPEN_MESSAGE_READ_FOOTER_AND_DISPATCH pgs=4212 cs=1 l=0). rx client.1804134 seq 1 0x5574f11986c0 client_reconnect(1 caps) v3 -1010>
2019-11-12 09:20:16.694 7fe888a17700 2 -- 192.168.200.19:6800/1460470921 >> 192.168.200.19:0/2796926812 conn(0x5574ef85de00 :6800 s=STATE_ACCEPTING_WAIT_SEQ pgs=4212 cs=1 l=0)._process_connection accept get newly_acked_seq 0 -1010>
2019-11-12 09:20:16.694 7fe887a15700 5 -- 192.168.200.19:6800/1460470921 >> 192.168.200.31:0/3544368504 conn(0x5574ef85d800 :6800 s=STATE_OPEN_MESSAGE_READ_FOOTER_AND_DISPATCH pgs=4212 cs=1 l=0). rx client.1804143 seq 1 0x5574f1198fc0 client_reconnect(1 caps) v3 -1010>
2019-11-12 09:20:16.694 7fe888a17700 5 -- 192.168.200.19:6800/1460470921 >> 192.168.200.19:0/2796926812 conn(0x5574ef85de00 :6800 s=STATE_OPEN_MESSAGE_READ_FOOTER_AND_DISPATCH pgs=4212 cs=1 l=0). rx client.1804137 seq 1 0x5574ef7a7200 client_reconnect(1 caps) v3 -1010>
2019-11-12 09:20:16.694 7fe885a11700 1 -- 192.168.200.19:6800/1460470921 <== client.1804200 192.168.200.30:0/979484066 1 ==== client_reconnect(1 caps) v3 ==== 0+0+98 (0 0 1014479821) 0x5574f1198900 con 0x5574ef700600 -1010>
2019-11-12 09:20:16.694 7fe885a11700 1 -- 192.168.200.19:6800/1460470921 --> 192.168.200.30:0/979484066 -- client_session(open) v3 -- 0x5574ef7c8b40 con 0 -1010>
2019-11-12 09:20:16.694 7fe887a15700 1 -- 192.168.200.19:6800/1460470921 >> - conn(0x5574ef85e400 :6800 s=STATE_ACCEPTING pgs=0 cs=0 l=0)._process_connection sd=37 - -1010>
2019-11-12 09:20:16.694 7fe888216700 1 -- 192.168.200.19:6800/1460470921 >> - conn(0x5574ef85f000 :6800 s=STATE_ACCEPTING pgs=0 cs=0 l=0)._process_connection sd=39 - -1010>
2019-11-12 09:20:16.694 7fe885a11700 0 log_channel(cluster) log [DBG] : reconnect by client.1804200 192.168.200.30:0/979484066 after 0 -1010>
2019-11-12 09:20:16.694 7fe885a11700 1 -- 192.168.200.19:6800/1460470921 <== client.1804134 192.168.200.17:0/3102681411 1 ==== client_reconnect(1 caps) v3 ==== 0+0+98 (0 0 3890766099) 0x5574f11986c0 con 0x5574ef85d200 -1010>
2019-11-12 09:20:16.694 7fe888216700 1 -- 192.168.200.19:6800/1460470921 >> - conn(0x5574f11dc600 :6800 s=STATE_ACCEPTING pgs=0 cs=0 l=0)._process_connection sd=42 - -1010>
2019-11-12 09:20:16.694 7fe885a11700 1 -- 192.168.200.19:6800/1460470921 --> 192.168.200.17:0/3102681411 -- client_session(open) v3 -- 0x5574f1198900 con 0 -1010>
2019-11-12 09:20:16.694 7fe885a11700 0 log_channel(cluster) log [DBG] : reconnect by client.1804134 192.168.200.17:0/3102681411 after 0 -1010>
2019-11-12 09:20:16.694 7fe885a11700 1 -- 192.168.200.19:6800/1460470921 <== client.1804143 192.168.200.31:0/3544368504 1 ==== client_reconnect(1 caps) v3 ==== 0+0+98 (0 0 2998347668) 0x5574f1198fc0 con 0x5574ef85d800 -1010>
2019-11-12 09:20:16.694 7fe885a11700 1 -- 192.168.200.19:6800/1460470921 --> 192.168.200.31:0/3544368504 -- client_session(open) v3 -- 0x5574f11986c0 con 0 -1010>
2019-11-12 09:20:16.694 7fe885a11700 0 log_channel(cluster) log [DBG] : reconnect by client.1804143 192.168.200.31:0/3544368504 after 0 -1010>
2019-11-12 09:20:16.694 7fe885a11700 1 -- 192.168.200.19:6800/1460470921 <== client.1804137 192.168.200.19:0/2796926812 1 ==== client_reconnect(1 caps) v3 ==== 0+0+98 (0 0 1366303579) 0x5574ef7a7200 con 0x5574ef85de00 -1010>
2019-11-12 09:20:16.694 7fe885a11700 1 -- 192.168.200.19:6800/1460470921 --> 192.168.200.19:0/2796926812 -- client_session(open) v3 -- 0x5574f1198fc0 con 0 -1010>
2019-11-12 09:20:16.694 7fe885a11700 0 log_channel(cluster) log [DBG] : reconnect by client.1804137 192.168.200.19:0/2796926812 after 0 -1010>
2019-11-12 09:20:16.694 7fe885a11700 1 -- 192.168.200.19:6800/1460470921 <== mds.0 192.168.200.19:6800/1460470921 0 ==== mds_table_request(snaptable query 1 9 bytes) v1 ==== 0+0+0 (0 0 0) 0x5574f1198b40 con 0x5574ef701800 -1010>
2019-11-12 09:20:16.698 7fe885a11700 1 -- 192.168.200.19:6800/1460470921 --> 192.168.200.19:6800/1460470921 -- mds_table_request(snaptable query_reply 1 tid 2 29 bytes) v1 -- 0x5574ef7a7200 con 0 -1010>
2019-11-12 09:20:16.698 7fe887a15700 1 -- 192.168.200.19:6800/1460470921 >> - conn(0x5574ef85f600 :6800 s=STATE_ACCEPTING pgs=0 cs=0 l=0)._process_connection sd=40 - -1010>
2019-11-12 09:20:16.698 7fe887a15700 1 -- 192.168.200.19:6800/1460470921 >> - conn(0x5574f11dcc00 :6800 s=STATE_ACCEPTING pgs=0 cs=0 l=0)._process_connection sd=43 - -1010>
2019-11-12 09:20:16.698 7fe885a11700 1 -- 192.168.200.19:6800/1460470921 <== mds.0 192.168.200.19:6800/1460470921 0 ==== mds_table_request(snaptable query_reply 1 tid 2 29 bytes) v1 ==== 0+0+0 (0 0 0) 0x5574ef7a7200 con 0x5574ef701800 -1010>
2019-11-12 09:20:16.698 7fe888216700 2 -- 192.168.200.19:6800/1460470921 >> 192.168.200.32:0/3593333399 conn(0x5574ef85f000 :6800 s=STATE_ACCEPTING_WAIT_SEQ pgs=4219 cs=1 l=0).handle_connect_msg accept write reply msg done -1010>
2019-11-12 09:20:16.698 7fe887a15700 2 -- 192.168.200.19:6800/1460470921 >> 192.168.200.30:0/232332927 conn(0x5574ef85e400 :6800 s=STATE_ACCEPTING_WAIT_SEQ pgs=4212 cs=1 l=0).handle_connect_msg accept write reply msg done -1010>
2019-11-12 09:20:16.698 7fe887a15700 2 -- 192.168.200.19:6800/1460470921 >> 192.168.200.30:0/232332927 conn(0x5574ef85e400 :6800 s=STATE_ACCEPTING_WAIT_SEQ pgs=4212 cs=1 l=0)._process_connection accept get newly_acked_seq 0 -1010>
2019-11-12 09:20:16.698 7fe887a15700 5 -- 192.168.200.19:6800/1460470921 >> 192.168.200.30:0/232332927 conn(0x5574ef85e400 :6800 s=STATE_OPEN_MESSAGE_READ_FOOTER_AND_DISPATCH pgs=4212 cs=1 l=0). rx client.1793818 seq 1 0x5574ef7c9440 client_reconnect(1 caps) v3 -1010>
2019-11-12 09:20:16.698 7fe885a11700 1 -- 192.168.200.19:6800/1460470921 <== client.1793818 192.168.200.30:0/232332927 1 ==== client_reconnect(1 caps) v3 ==== 0+0+98 (0 0 3089022758) 0x5574ef7c9440 con 0x5574ef85e400 -1010>
2019-11-12 09:20:16.698 7fe885a11700 1 -- 192.168.200.19:6800/1460470921 --> 192.168.200.30:0/232332927 -- client_session(open) v3 -- 0x5574ef7a7200 con 0 -1010>
