2019-11-12 09:20:16.698 7fe885a11700 1 -- 192.168.200.19:6800/1460470921 <== client.1794662 192.168.200.30:0/522103062 2 ==== client_request(client.1794662:952066 readdir #0x3000001e549
2019-11-12 09:10:51.957957 RETRY=6 caller_uid=33, caller_gid=33{}) v2 ==== 122+0+0 (906112753 0 0) 0x5574f06cec00 con 0x5574f11dc600 -988>
2019-11-12 09:20:16.702 7fe885a11700 3 mds.0.server not active yet, waiting -988>
2019-11-12 09:20:16.702 7fe885a11700 1 -- 192.168.200.19:6800/1460470921 <== client.1794665 192.168.200.30:0/3506497893 1 ==== client_request(client.1794665:22967 lookup #0x10001346b3e/public
2019-11-12 08:23:30.359288 RETRY=73 caller_uid=33, caller_gid=33{}) v2 ==== 128+0+0 (1435394209 0 0) 0x5574f11f1500 con 0x5574f11dcc00 -988>
2019-11-12 09:20:16.702 7fe885a11700 3 mds.0.server not active yet, waiting -988>
2019-11-12 09:20:16.702 7fe885a11700 1 -- 192.168.200.19:6800/1460470921 <== client.1793737 192.168.200.31:0/2398232289 1 ==== client_request(client.1793737:19795 setattr size=0 mtime=2019-11-12 08:23:02.984801 #0x100013b15fc
2019-11-12 08:23:02.984801 RETRY=74 caller_uid=1000, caller_gid=1000{}) v2 ==== 122+0+0 (3576974081 0 0) 0x5574f11fb500 con 0x5574ef85ea00 -988>
2019-11-12 09:20:16.702 7fe885a11700 3 mds.0.server not active yet, waiting -988>
2019-11-12 09:20:16.702 7fe885a11700 1 -- 192.168.200.19:6800/1460470921 <== client.1794521 192.168.200.31:0/1453103486 3 ==== client_request(client.1794521:96222 lookup #0x100013ad07a/eula.txt
2019-11-12 08:36:00.047709 RETRY=57 caller_uid=1000, caller_gid=1000{}) v2 ==== 130+0+0 (955679367 0 0) 0x5574f06cf200 con 0x5574ef85f600 -988>
2019-11-12 09:20:16.702 7fe885a11700 3 mds.0.server not active yet, waiting -988>
2019-11-12 09:20:16.702 7fe885a11700 1 -- 192.168.200.19:6800/1460470921 <== client.1794668 192.168.200.30:0/2985278080 1 ==== client_reconnect(1 caps) v3 ==== 0+0+98 (0 0 3819407093) 0x5574ef7a6900 con 0x5574f11dc000 -988>
2019-11-12 09:20:16.702 7fe885a11700 1 -- 192.168.200.19:6800/1460470921 --> 192.168.200.30:0/2985278080 -- client_session(open) v3 -- 0x5574f1199200 con 0 -988>
2019-11-12 09:20:16.702 7fe885a11700 0 log_channel(cluster) log [DBG] : reconnect by client.1794668 192.168.200.30:0/2985278080 after 0.00800016 -988>
2019-11-12 09:20:16.702 7fe885a11700 1 -- 192.168.200.19:6800/1460470921 <== client.1794662 192.168.200.30:0/522103062 3 ==== client_reconnect(1 caps) v3 ==== 0+0+98 (0 0 2460232887) 0x5574f1199440 con 0x5574f11dc600 -988>
2019-11-12 09:20:16.702 7fe888216700 1 -- 192.168.200.19:6800/1460470921 >> - conn(0x5574f11dd200 :6800 s=STATE_ACCEPTING pgs=0 cs=0 l=0)._process_connection sd=44 - -988>
2019-11-12 09:20:16.702 7fe885a11700 1 -- 192.168.200.19:6800/1460470921 --> 192.168.200.30:0/522103062 -- client_session(open) v3 -- 0x5574ef7a6900 con 0 -988>
2019-11-12 09:20:16.702 7fe887a15700 1 -- 192.168.200.19:6800/1460470921 >> - conn(0x5574f11dd800 :6800 s=STATE_ACCEPTING pgs=0 cs=0 l=0)._process_connection sd=45 - -988>
2019-11-12 09:20:16.702 7fe885a11700 0 log_channel(cluster) log [DBG] : reconnect by client.1794662 192.168.200.30:0/522103062 after 0.00800016 -988>
2019-11-12 09:20:16.702 7fe885a11700 1 -- 192.168.200.19:6800/1460470921 <== client.1794665 192.168.200.30:0/3506497893 2 ==== client_request(client.1794665:22975 lookup #0x10001344421/bookmarks
2019-11-12 08:26:09.157921 RETRY=70 caller_uid=33, caller_gid=33{}) v2 ==== 131+0+0 (1022837727 0 0) 0x5574f11f1800 con 0x5574f11dcc00 -988>
2019-11-12 09:20:16.702 7fe885a11700 3 mds.0.server not active yet, waiting -988>
2019-11-12 09:20:16.702 7fe885a11700 1 -- 192.168.200.19:6800/1460470921 <== client.1793737 192.168.200.31:0/2398232289 2 ==== client_request(client.1793737:19856 getattr pAs #0x100013b1606/db
2019-11-12 09:18:41.418572 RETRY=1 caller_uid=1000, caller_gid=1000{}) v2 ==== 124+0+0 (564909887 0 0) 0x5574f11fb800 con 0x5574ef85ea00 -988>
2019-11-12 09:20:16.702 7fe885a11700 3 mds.0.server not active yet, waiting -988>
2019-11-12 09:20:16.702 7fe887a15700 2 -- 192.168.200.19:6800/1460470921 >> 192.168.200.15:0/4201708698 conn(0x5574f11dd800 :6800 s=STATE_ACCEPTING_WAIT_SEQ pgs=4244 cs=1 l=0).handle_connect_msg accept write reply msg done -988>
2019-11-12 09:20:16.702 7fe885a11700 1 -- 192.168.200.19:6800/1460470921 <== client.1794521 192.168.200.31:0/1453103486 4 ==== client_request(client.1794521:96224 lookup #0x100013ad07a/eula.txt
2019-11-12 08:37:28.357363 RETRY=55 caller_uid=1000, caller_gid=1000{}) v2 ==== 130+0+0 (2539636667 0 0) 0x5574f06cf500 con 0x5574ef85f600 -988>
2019-11-12 09:20:16.702 7fe885a11700 3 mds.0.server not active yet, waiting -988>
2019-11-12 09:20:16.702 7fe888216700 2 -- 192.168.200.19:6800/1460470921 >> 192.168.200.15:0/1656050499 conn(0x5574f11dd200 :6800 s=STATE_ACCEPTING_WAIT_SEQ pgs=4953 cs=1 l=0).handle_connect_msg accept write reply msg done -988>
2019-11-12 09:20:16.702 7fe885a11700 1 -- 192.168.200.19:6800/1460470921 <== client.1794665 192.168.200.30:0/3506497893 3 ==== client_request(client.1794665:23185 lookup #0x10001344421/bookmarks
2019-11-12 08:48:12.519545 RETRY=41 caller_uid=33, caller_gid=33{}) v2 ==== 131+0+0 (3472455810 0 0) 0x5574f11f1b00 con 0x5574f11dcc00 -988>
2019-11-12 09:20:16.702 7fe885a11700 3 mds.0.server not active yet, waiting -988>
2019-11-12 09:20:16.702 7fe885a11700 1 -- 192.168.200.19:6800/1460470921 <== client.1793737 192.168.200.31:0/2398232289 3 ==== client_reconnect(10 caps) v3 ==== 0+0+972 (0 0 3487394893) 0x5574f1198000 con 0x5574ef85ea00 -988>
2019-11-12 09:20:16.702 7fe885a11700 1 -- 192.168.200.19:6800/1460470921 --> 192.168.200.31:0/2398232289 -- client_session(open) v3 -- 0x5574f1199440 con 0 -988>
2019-11-12 09:20:16.702 7fe885a11700 0 log_channel(cluster) log [DBG] : reconnect by client.1793737 192.168.200.31:0/2398232289 after 0.00800016 -988>
2019-11-12 09:20:16.702 7fe887a15700 2 -- 192.168.200.19:6800/1460470921 >> 192.168.200.15:0/4201708698 conn(0x5574f11dd800 :6800 s=STATE_ACCEPTING_WAIT_SEQ pgs=4244 cs=1 l=0)._process_connection accept get newly_acked_seq 0 -988>
2019-11-12 09:20:16.702 7fe888216700 2 -- 192.168.200.19:6800/1460470921 >> 192.168.200.15:0/1656050499 conn(0x5574f11dd200 :6800 s=STATE_ACCEPTING_WAIT_SEQ pgs=4953 cs=1 l=0)._process_connection accept get newly_acked_seq 0 -988>
2019-11-12 09:20:16.702 7fe885a11700 1 -- 192.168.200.19:6800/1460470921 <== client.1794521 192.168.200.31:0/1453103486 5 ==== client_request(client.1794521:96226 lookup #0x100013ad07a/eula.txt
2019-11-12 08:44:11.084864 RETRY=47 caller_uid=1000, caller_gid=1000{}) v2 ==== 130+0+0 (2901537372 0 0) 0x5574f06cf800 con 0x5574ef85f600 -988>
2019-11-12 09:20:16.702 7fe885a11700 3 mds.0.server not active yet, waiting -988>
2019-11-12 09:20:16.702 7fe885a11700 1 -- 192.168.200.19:6800/1460470921 <== client.1794665 192.168.200.30:0/3506497893 4 ==== client_request(client.1794665:23218 open #0x10001346b3e/.htaccess
2019-11-12 08:57:40.980883 RETRY=35 caller_uid=33, caller_gid=33{}) v2 ==== 131+0+0 (134929482 0 0) 0x5574f11fa000 con 0x5574f11dcc00 -988>
2019-11-12 09:20:16.702 7fe885a11700 3 mds.0.server not active yet, waiting -988>
2019-11-12 09:20:16.702 7fe885a11700 1 -- 192.168.200.19:6800/1460470921 <== client.1794521 192.168.200.31:0/1453103486 6 ==== client_request(client.1794521:96227 lookup #0x100013ad07a/eula.txt
2019-11-12 08:45:24.114219 RETRY=45 caller_uid=1000, caller_gid=1000{}) v2 ==== 130+0+0 (2220845138 0 0) 0x5574f06cfb00 con 0x5574ef85f600 -988>
2019-11-12 09:20:16.702 7fe885a11700 3 mds.0.server not active yet, waiting -988>
2019-11-12 09:20:16.702 7fe885a11700 1 -- 192.168.200.19:6800/1460470921 <== client.1794665 192.168.200.30:0/3506497893 5 ==== client_request(client.1794665:23345 getattr As #0x1000133e06d
2019-11-12 09:18:35.453545 RETRY=1 caller_uid=33, caller_gid=33{}) v2 ==== 122+0+0 (3291907751 0 0) 0x5574f11fa300 con 0x5574f11dcc00 -988>
2019-11-12 09:20:16.702 7fe885a11700 3 mds.0.server not active yet, waiting -988>
2019-11-12 09:20:16.702 7fe888216700 5 -- 192.168.200.19:6800/1460470921 >> 192.168.200.15:0/1656050499 conn(0x5574f11dd200 :6800 s=STATE_OPEN_MESSAGE_READ_FOOTER_AND_DISPATCH pgs=4953 cs=1 l=0). rx client.1793728 seq 1 0x5574f06cef00 client_request(client.1793728:9470 lookup #0x1000136753a/2tld.inc.local
2019-11-12 09:18:41.416884 RETRY=1 caller_uid=0, caller_gid=0{}) v2 -988>
2019-11-12 09:20:16.702 7fe887a15700 5 -- 192.168.200.19:6800/1460470921 >> 192.168.200.15:0/4201708698 conn(0x5574f11dd800 :6800 s=STATE_OPEN_MESSAGE_READ_FOOTER_AND_DISPATCH pgs=4244 cs=1 l=0). rx client.1793815 seq 1 0x5574f11fb200 client_request(client.1793815:22873 rename #0x30000015ba9/20160904_113956.jpg #0x30000015ba9/.20160904_113956.jpg.NIh764
2019-11-10 15:46:08.760660 RETRY=113 caller_uid=0, caller_gid=0{}) v2 -988>
2019-11-12 09:20:16.702 7fe885a11700 1 -- 192.168.200.19:6800/1460470921 <== client.1794521 192.168.200.31:0/1453103486 7 ==== client_request(client.1794521:96230 lookup #0x100013ad07a/eula.txt
2019-11-12 08:57:57.351991 RETRY=34 caller_uid=1000, caller_gid=1000{}) v2 ==== 130+0+0 (305688313 0 0) 0x5574f11f0000 con 0x5574ef85f600 -988>
2019-11-12 09:20:16.702 7fe885a11700 3 mds.0.server not active yet, waiting -988>
2019-11-12 09:20:16.702 7fe885a11700 1 -- 192.168.200.19:6800/1460470921 <== client.1794665 192.168.200.30:0/3506497893 6 ==== client_request(client.1794665:23346 lookup #0x1000133e06d/index.php
2019-11-12 09:18:40.585629 RETRY=1 caller_uid=33, caller_gid=33{}) v2 ==== 131+0+0 (873794425 0 0) 0x5574f11fa600 con 0x5574f11dcc00 -988>
2019-11-12 09:20:16.702 7fe888216700 5 -- 192.168.200.19:6800/1460470921 >> 192.168.200.15:0/1656050499 conn(0x5574f11dd200 :6800 s=STATE_OPEN_MESSAGE_READ_FOOTER_AND_DISPATCH pgs=4953 cs=1 l=0). rx client.1793728 seq 2 0x5574f1208000 client_request(client.1793728:9471 lookup #0x1000136753a/mime_types.inc.local
2019-11-12 09:18:41.416884 RETRY=1 caller_uid=0, caller_gid=0{}) v2 -988>
2019-11-12 09:20:16.702 7fe885a11700 3 mds.0.server not active yet, waiting -988>
2019-11-12 09:20:16.702 7fe887a15700 5 -- 192.168.200.19:6800/1460470921 >> 192.168.200.15:0/4201708698 conn(0x5574f11dd800 :6800 s=STATE_OPEN_MESSAGE_READ_FOOTER_AND_DISPATCH pgs=4244 cs=1 l=0). rx client.1793815 seq 2 0x5574ef52b680 client_reconnect(7 caps) v3 -988>
2019-11-12 09:20:16.702 7fe885a11700 1 -- 192.168.200.19:6800/1460470921 <== client.1793728 192.168.200.15:0/1656050499 1 ==== client_request(client.1793728:9470 lookup #0x1000136753a/2tld.inc.local
2019-11-12 09:18:41.416884 RETRY=1 caller_uid=0, caller_gid=0{}) v2 ==== 136+0+0 (3106383072 0 0) 0x5574f06cef00 con 0x5574f11dd200 -988>
2019-11-12 09:20:16.702 7fe885a11700 3 mds.0.server not active yet, waiting -988>
2019-11-12 09:20:16.702 7fe888216700 5 -- 192.168.200.19:6800/1460470921 >> 192.168.200.15:0/1656050499 conn(0x5574f11dd200 :6800 s=STATE_OPEN_MESSAGE_READ_FOOTER_AND_DISPATCH pgs=4953 cs=1 l=0). rx client.1793728 seq 3 0x5574f1208300 client_request(client.1793728:9472 lookup #0x1000136753a/spf_dkim_whitelist.inc.local
2019-11-12 09:18:41.416884 RETRY=1 caller_uid=0, caller_gid=0{}) v2 -988>
2019-11-12 09:20:16.702 7fe885a11700 1 -- 192.168.200.19:6800/1460470921 <== client.1793815 192.168.200.15:0/4201708698 1 ==== client_request(client.1793815:22873 rename #0x30000015ba9/20160904_113956.jpg #0x30000015ba9/.20160904_113956.jpg.NIh764
2019-11-10 15:46:08.760660 RETRY=113 caller_uid=0, caller_gid=0{}) v2 ==== 168+0+0 (1137596064 0 0) 0x5574f11fb200 con 0x5574f11dd800 -988>
2019-11-12 09:20:16.702 7fe885a11700 3 mds.0.server not active yet, waiting -988>
2019-11-12 09:20:16.702 7fe888216700 5 -- 192.168.200.19:6800/1460470921 >> 192.168.200.15:0/1656050499 conn(0x5574f11dd200 :6800 s=STATE_OPEN_MESSAGE_READ_FOOTER_AND_DISPATCH pgs=4953 cs=1 l=0). rx client.1793728 seq 4 0x5574f1208600 client_request(client.1793728:9473 lookup #0x1000136753a/surbl-whitelist.inc.local
2019-11-12 09:18:41.736891 RETRY=1 caller_uid=0, caller_gid=0{}) v2 -988>
2019-11-12 09:20:16.702 7fe885a11700 1 -- 192.168.200.19:6800/1460470921 <== client.1794521 192.168.200.31:0/1453103486 8 ==== client_request(client.1794521:96231 lookup #0x100013ad07a/eula.txt
2019-11-12 08:59:14.149366 RETRY=30 caller_uid=1000, caller_gid=1000{}) v2 ==== 130+0+0 (791300380 0 0) 0x5574f11f0300 con 0x5574ef85f600 -988>
2019-11-12 09:20:16.702 7fe885a11700 3 mds.0.server not active yet, waiting -988>
2019-11-12 09:20:16.702 7fe888216700 5 -- 192.168.200.19:6800/1460470921 >> 192.168.200.15:0/1656050499 conn(0x5574f11dd200 :6800 s=STATE_OPEN_MESSAGE_READ_FOOTER_AND_DISPATCH pgs=4953 cs=1 l=0). rx client.1793728 seq 5 0x5574f1208900 client_request(client.1793728:9474 getattr As #0x1000136753a
2019-11-12 09:19:29.005938 RETRY=1 caller_uid=0, caller_gid=0{}) v2 -988>
2019-11-12 09:20:16.702 7fe888216700 5 -- 192.168.200.19:6800/1460470921 >> 192.168.200.15:0/1656050499 conn(0x5574f11dd200 :6800 s=STATE_OPEN_MESSAGE_READ_FOOTER_AND_DISPATCH pgs=4953 cs=1 l=0). rx client.1793728 seq 6 0x5574f1199680 client_reconnect(10 caps) v3 -988>
2019-11-12 09:20:16.702 7fe885a11700 1 -- 192.168.200.19:6800/1460470921 <== client.1794665 192.168.200.30:0/3506497893 7 ==== client_request(client.1794665:23347 lookup #0x10001346679/public
2019-11-12 09:18:41.409643 RETRY=1 caller_uid=33, caller_gid=33{}) v2 ==== 128+0+0 (1953170597 0 0) 0x5574f11fa900 con 0x5574f11dcc00 -988>
2019-11-12 09:20:16.702 7fe885a11700 3 mds.0.server not active yet, waiting -988>
2019-11-12 09:20:16.702 7fe885a11700 1 -- 192.168.200.19:6800/1460470921 <== client.1793728 192.168.200.15:0/1656050499 2 ==== client_request(client.1793728:9471 lookup #0x1000136753a/mime_types.inc.local
2019-11-12 09:18:41.416884 RETRY=1 caller_uid=0, caller_gid=0{}) v2 ==== 142+0+0 (3893675223 0 0) 0x5574f1208000 con 0x5574f11dd200 -988>
2019-11-12 09:20:16.702 7fe885a11700 3 mds.0.server not active yet, waiting -988>
2019-11-12 09:20:16.702 7fe885a11700 1 -- 192.168.200.19:6800/1460470921 <== client.1793815 192.168.200.15:0/4201708698 2 ==== client_reconnect(7 caps) v3 ==== 0+0+660 (0 0 427299514) 0x5574ef52b680 con 0x5574f11dd800 -988>
2019-11-12 09:20:16.702 7fe885a11700 1 -- 192.168.200.19:6800/1460470921 --> 192.168.200.15:0/4201708698 -- client_session(open) v3 -- 0x5574f1198000 con 0 -988>
2019-11-12 09:20:16.706 7fe885a11700 0 log_channel(cluster) log [DBG] : reconnect by client.1793815 192.168.200.15:0/4201708698 after 0.00800016 -988>
2019-11-12 09:20:16.706 7fe885a11700 1 -- 192.168.200.19:6800/1460470921 <== client.1794521 192.168.200.31:0/1453103486 9 ==== client_request(client.1794521:96232 lookup #0x100013ad07a/eula.txt
2019-11-12 09:05:30.072151 RETRY=10 caller_uid=1000, caller_gid=1000{}) v2 ==== 130+0+0 (3260212025 0 0) 0x5574f11f0600 con 0x5574ef85f600 -988>
2019-11-12 09:20:16.706 7fe885a11700 3 mds.0.server not active yet, waiting -988>
2019-11-12 09:20:16.706 7fe885a11700 1 -- 192.168.200.19:6800/1460470921 <== client.1794665 192.168.200.30:0/3506497893 8 ==== client_request(client.1794665:23348 lookup #0x1000134691b/autoload.php
2019-11-12 09:18:41.409643 RETRY=1 caller_uid=33, caller_gid=33{}) v2 ==== 134+0+0 (2222831593 0 0) 0x5574f11fac00 con 0x5574f11dcc00 -988>
2019-11-12 09:20:16.706 7fe885a11700 3 mds.0.server not active yet, waiting -988>
2019-11-12 09:20:16.706 7fe885a11700 1 -- 192.168.200.19:6800/1460470921 <== client.1793728 192.168.200.15:0/1656050499 3 ==== client_request(client.1793728:9472 lookup #0x1000136753a/spf_dkim_whitelist.inc.local
2019-11-12 09:18:41.416884 RETRY=1 caller_uid=0, caller_gid=0{}) v2 ==== 150+0+0 (3844774369 0 0) 0x5574f1208300 con 0x5574f11dd200 -988>
2019-11-12 09:20:16.706 7fe885a11700 3 mds.0.server not active yet, waiting -988>
2019-11-12 09:20:16.706 7fe885a11700 1 -- 192.168.200.19:6800/1460470921 <== client.1794521 192.168.200.31:0/1453103486 10 ==== client_request(client.1794521:96233 lookup #0x100013ad07a/eula.txt
2019-11-12 09:06:44.117495 RETRY=8 caller_uid=1000, caller_gid=1000{}) v2 ==== 130+0+0 (1788368277 0 0) 0x5574f11f0900 con 0x5574ef85f600 -988>
2019-11-12 09:20:16.706 7fe885a11700 3 mds.0.server not active yet, waiting -988>
2019-11-12 09:20:16.706 7fe885a11700 1 -- 192.168.200.19:6800/1460470921 <== client.1794665 192.168.200.30:0/3506497893 9 ==== client_request(client.1794665:23349 lookup #0x10001346679/private
2019-11-12 09:18:41.457643 RETRY=1 caller_uid=33, caller_gid=33{}) v2 ==== 129+0+0 (575778027 0 0) 0x5574f11faf00 con 0x5574f11dcc00 -988>
2019-11-12 09:20:16.706 7fe885a11700 3 mds.0.server not active yet, waiting -988>
2019-11-12 09:20:16.706 7fe885a11700 1 -- 192.168.200.19:6800/1460470921 <== client.1793728 192.168.200.15:0/1656050499 4 ==== client_request(client.1793728:9473 lookup #0x1000136753a/surbl-whitelist.inc.local
2019-11-12 09:18:41.736891 RETRY=1 caller_uid=0, caller_gid=0{}) v2 ==== 147+0+0 (166254165 0 0) 0x5574f1208600 con 0x5574f11dd200 -988>
2019-11-12 09:20:16.706 7fe885a11700 3 mds.0.server not active yet, waiting -988>
2019-11-12 09:20:16.706 7fe885a11700 1 -- 192.168.200.19:6800/1460470921 <== client.1794521 192.168.200.31:0/1453103486 11 ==== client_request(client.1794521:96236 lookup #0x100013ad07a/eula.txt
2019-11-12 09:17:08.464874 RETRY=2 caller_uid=1000, caller_gid=1000{}) v2 ==== 130+0+0 (2076245363 0 0) 0x5574f11f0c00 con 0x5574ef85f600 -988>
2019-11-12 09:20:16.706 7fe885a11700 3 mds.0.server not active yet, waiting -988>
2019-11-12 09:20:16.706 7fe885a11700 1 -- 192.168.200.19:6800/1460470921 <== client.1794665 192.168.200.30:0/3506497893 10 ==== client_reconnect(8 caps) v3 ==== 0+0+631 (0 0 907812246) 0x5574ef864000 con 0x5574f11dcc00 -988>
2019-11-12 09:20:16.706 7fe885a11700 1 -- 192.168.200.19:6800/1460470921 --> 192.168.200.30:0/3506497893 -- client_session(open) v3 -- 0x5574ef52b680 con 0 -988>
2019-11-12 09:20:16.706 7fe885a11700 0 log_channel(cluster) log [DBG] : reconnect by client.1794665 192.168.200.30:0/3506497893 after 0.0120002 -988>
2019-11-12 09:20:16.706 7fe885a11700 1 -- 192.168.200.19:6800/1460470921 <== client.1793728 192.168.200.15:0/1656050499 5 ==== client_request(client.1793728:9474 getattr As #0x1000136753a
2019-11-12 09:19:29.005938 RETRY=1 caller_uid=0, caller_gid=0{}) v2 ==== 122+0+0 (4065490981 0 0) 0x5574f1208900 con 0x5574f11dd200 -988>
2019-11-12 09:20:16.706 7fe885a11700 3 mds.0.server not active yet, waiting -988>
2019-11-12 09:20:16.706 7fe885a11700 1 -- 192.168.200.19:6800/1460470921 <== client.1794521 192.168.200.31:0/1453103486 12 ==== client_request(client.1794521:96238 lookup #0x100013ad07a/eula.txt
2019-11-12 09:18:43.942618 RETRY=1 caller_uid=1000, caller_gid=1000{}) v2 ==== 130+0+0 (1427172407 0 0) 0x5574f11f0f00 con 0x5574ef85f600 -988>
2019-11-12 09:20:16.706 7fe885a11700 3 mds.0.server not active yet, waiting -988>
2019-11-12 09:20:16.706 7fe885a11700 1 -- 192.168.200.19:6800/1460470921 <== client.1793728 192.168.200.15:0/1656050499 6 ==== client_reconnect(10 caps) v3 ==== 0+0+1051 (0 0 3070811223) 0x5574f1199680 con 0x5574f11dd200 -988>
2019-11-12 09:20:16.706 7fe885a11700 1 -- 192.168.200.19:6800/1460470921 --> 192.168.200.15:0/1656050499 -- client_session(open) v3 -- 0x5574ef864000 con 0 -988>
2019-11-12 09:20:16.706 7fe885a11700 0 log_channel(cluster) log [DBG] : reconnect by client.1793728 192.168.200.15:0/1656050499 after 0.0120002 -988>
2019-11-12 09:20:16.706 7fe885a11700 1 -- 192.168.200.19:6800/1460470921 <== client.1794521 192.168.200.31:0/1453103486 13 ==== client_request(client.1794521:96239 getattr As #0x100013ad07a
2019-11-12 09:19:36.755583 RETRY=1 caller_uid=0, caller_gid=0{}) v2 ==== 122+0+0 (376921402 0 0) 0x5574f11f1200 con 0x5574ef85f600 -988>
2019-11-12 09:20:16.706 7fe885a11700 3 mds.0.server not active yet, waiting -988>
2019-11-12 09:20:16.706 7fe885a11700 1 -- 192.168.200.19:6800/1460470921 <== client.1794521 192.168.200.31:0/1453103486 14 ==== client_reconnect(1 caps) v3 ==== 0+0+98 (0 0 1282897092) 0x5574ef864240 con 0x5574ef85f600 -988>
2019-11-12 09:20:16.706 7fe885a11700 1 -- 192.168.200.19:6800/1460470921 --> 192.168.200.31:0/1453103486 -- client_session(open) v3 -- 0x5574f1199680 con 0 -988>
2019-11-12 09:20:16.706 7fe885a11700 0 log_channel(cluster) log [DBG] : reconnect by client.1794521 192.168.200.31:0/1453103486 after 0.0120002 -988>
2019-11-12 09:20:16.706 7fe885a11700 1 mds.0.56303 reconnect_done -988>
2019-11-12 09:20:16.706 7fe885a11700 3 mds.0.56303 request_state up:rejoin -988>
2019-11-12 09:20:16.706 7fe885a11700 5 mds.beacon.k8s-node-02 set_want_state: up:reconnect -> up:rejoin -988>
2019-11-12 09:20:16.706 7fe885a11700 5 mds.beacon.k8s-node-02 Sending beacon up:rejoin seq 6 -988>
2019-11-12 09:20:16.706 7fe885a11700 10 monclient: _send_mon_message to mon.k8s-node-00 at 192.168.200.15:6789/0 -988>
2019-11-12 09:20:16.706 7fe885a11700 1 -- 192.168.200.19:6800/1460470921 --> 192.168.200.15:6789/0 -- mdsbeacon(1849248/k8s-node-02 up:rejoin seq 6 v56304) v7 -- 0x5574f1216000 con 0 -988>
2019-11-12 09:20:17.710 7fe888216700 5 -- 192.168.200.19:6800/1460470921 >> 192.168.200.15:6789/0 conn(0x5574ef700c00 :-1 s=STATE_OPEN_MESSAGE_READ_FOOTER_AND_DISPATCH pgs=15927 cs=1 l=1). rx mon.0 seq 18 0x5574ef864000 mdsmap(e 56305) v1 -988>
2019-11-12 09:20:17.710 7fe885a11700 1 -- 192.168.200.19:6800/1460470921 <== mon.0 192.168.200.15:6789/0 18 ==== mdsmap(e 56305) v1 ==== 655+0+0 (1964398294 0 0) 0x5574ef864000 con 0x5574ef700c00 -988>
2019-11-12 09:20:17.710 7fe885a11700 1 mds.k8s-node-02 Updating MDS map to version 56305 from mon.0 -988>
2019-11-12 09:20:17.710 7fe885a11700 1 mds.0.56303 handle_mds_map i am now mds.0.56303 -988>
2019-11-12 09:20:17.710 7fe885a11700 1 mds.0.56303 handle_mds_map state change up:reconnect --> up:rejoin -988>
2019-11-12 09:20:17.710 7fe885a11700 1 mds.0.56303 rejoin_start -988>
2019-11-12 09:20:17.710 7fe888216700 5 -- 192.168.200.19:6800/1460470921 >> 192.168.200.15:6789/0 conn(0x5574ef700c00 :-1 s=STATE_OPEN_MESSAGE_READ_FOOTER_AND_DISPATCH pgs=15927 cs=1 l=1). rx mon.0 seq 19 0x5574f1216000 mdsbeacon(1849248/k8s-node-02 up:rejoin seq 6 v56305) v7 -988>
2019-11-12 09:20:17.710 7fe888216700 1 -- 192.168.200.19:6800/1460470921 <== mon.0 192.168.200.15:6789/0 19 ==== mdsbeacon(1849248/k8s-node-02 up:rejoin seq 6 v56305) v7 ==== 136+0+0 (4245662320 0 0) 0x5574f1216000 con 0x5574ef700c00 -988>
2019-11-12 09:20:17.710 7fe885a11700 1 -- 192.168.200.19:6800/1460470921 --> 192.168.200.15:6805/24523 -- osd_op(unknown.0.56303:71 6.3f 6:ff5b34d6:::1.00000000:head [omap-get-header,omap-get-vals,getxattr parent] snapc 0=[] ondisk+read+known_if_redirected+full_force e28661) v8 -- 0x5574ef810b00 con 0 -988>
2019-11-12 09:20:17.710 7fe888216700 5 mds.beacon.k8s-node-02 received beacon reply up:rejoin seq 6 rtt 1.00402 -988>
2019-11-12 09:20:17.710 7fe885a11700 1 -- 192.168.200.19:6800/1460470921 --> 192.168.200.15:6805/24523 -- osd_op(unknown.0.56303:72 6.5e 6:7a303e59:::1000001a3c6.00000000:head [omap-get-header,omap-get-vals,getxattr parent] snapc 0=[] ondisk+read+known_if_redirected+full_force e28661) v8 -- 0x5574ef810840 con 0 -988>
2019-11-12 09:20:17.714 7fe885a11700 1 -- 192.168.200.19:6800/1460470921 --> 192.168.200.15:6805/24523 -- osd_op(unknown.0.56303:73 6.b 6:d0f90662:::1000001eb17.00000000:head [omap-get-header,omap-get-vals,getxattr parent] snapc 0=[] ondisk+read+known_if_redirected+full_force e28661) v8 -- 0x5574ef811b80 con 0 -988>
2019-11-12 09:20:17.714 7fe885a11700 1 -- 192.168.200.19:6800/1460470921 --> 192.168.200.15:6805/24523 -- osd_op(unknown.0.56303:74 6.56 6:6bacae67:::1000001ffea.00000000:head [omap-get-header,omap-get-vals,getxattr parent] snapc 0=[] ondisk+read+known_if_redirected+full_force e28661) v8 -- 0x5574f17f02c0 con 0 -988>
2019-11-12 09:20:17.714 7fe885a11700 1 -- 192.168.200.19:6800/1460470921 --> 192.168.200.17:6806/20250 -- osd_op(unknown.0.56303:75 6.1e 6:7992850e:::1000133e06d.00000000:head [omap-get-header,omap-get-vals,getxattr parent] snapc 0=[] ondisk+read+known_if_redirected+full_force e28661) v8 -- 0x5574f12262c0 con 0 -988>
2019-11-12 09:20:17.714 7fe885a11700 1 -- 192.168.200.19:6800/1460470921 --> 192.168.200.17:6802/19981 -- osd_op(unknown.0.56303:76 6.46 6:62644040:::10001366c72.00000000:head [omap-get-header,omap-get-vals,getxattr parent] snapc 0=[] ondisk+read+known_if_redirected+full_force e28661) v8 -- 0x5574f1226840 con 0 -988>
2019-11-12 09:20:17.714 7fe885a11700 1 -- 192.168.200.19:6800/1460470921 --> 192.168.200.15:6805/24523 -- osd_op(unknown.0.56303:77 6.5b 6:db1def57:::10001367140.00000000:head [omap-get-header,omap-get-vals,getxattr parent] snapc 0=[] ondisk+read+known_if_redirected+full_force e28661) v8 -- 0x5574f1226dc0 con 0 -988>
2019-11-12 09:20:17.714 7fe885a11700 1 -- 192.168.200.19:6800/1460470921 --> 192.168.200.15:6805/24523 -- osd_op(unknown.0.56303:78 6.43 6:c26089c3:::100013671a4.00000000:head [omap-get-header,omap-get-vals,getxattr parent] snapc 0=[] ondisk+read+known_if_redirected+full_force e28661) v8 -- 0x5574f17f0dc0 con 0 -988>
2019-11-12 09:20:17.714 7fe885a11700 1 -- 192.168.200.19:6800/1460470921 --> 192.168.200.19:6801/12021 -- osd_op(unknown.0.56303:79 6.1c 6:38b3e7b3:::1000136753a.00000000:head [omap-get-header,omap-get-vals,getxattr parent] snapc 0=[] ondisk+read+known_if_redirected+full_force e28661) v8 -- 0x5574ef7ad600 con 0 -988>
2019-11-12 09:20:17.714 7fe885a11700 1 -- 192.168.200.19:6800/1460470921 --> 192.168.200.19:6805/12258 -- osd_op(unknown.0.56303:80 6.34 6:2c8bdca0:::100013ad077.00000000:head [omap-get-header,omap-get-vals,getxattr parent] snapc 0=[] ondisk+read+known_if_redirected+full_force e28661) v8 -- 0x5574ef7fd340 con 0 -988>
2019-11-12 09:20:17.714 7fe885a11700 1 -- 192.168.200.19:6800/1460470921 --> 192.168.200.19:6801/12021 -- osd_op(unknown.0.56303:81 6.50 6:0a153a6f:::100013ad078.00000000:head [omap-get-header,omap-get-vals,getxattr parent] snapc 0=[] ondisk+read+known_if_redirected+full_force e28661) v8 -- 0x5574ef7fd600 con 0 -988>
2019-11-12 09:20:17.714 7fe885a11700 1 -- 192.168.200.19:6800/1460470921 --> 192.168.200.17:6806/20250 -- osd_op(unknown.0.56303:82 6.26 6:66061dfa:::100013ad079.00000000:head [omap-get-header,omap-get-vals,getxattr parent] snapc 0=[] ondisk+read+known_if_redirected+full_force e28661) v8 -- 0x5574f1226580 con 0 -988>
2019-11-12 09:20:17.714 7fe885a11700 1 -- 192.168.200.19:6800/1460470921 --> 192.168.200.19:6805/12258 -- osd_op(unknown.0.56303:83 6.3d 6:bfa6ab4a:::100013b1605.00000000:head [omap-get-header,omap-get-vals,getxattr parent] snapc 0=[] ondisk+read+known_if_redirected+full_force e28661) v8 -- 0x5574f1227340 con 0 -988>
2019-11-12 09:20:17.714 7fe885a11700 1 -- 192.168.200.19:6800/1460470921 --> 192.168.200.15:6805/24523 -- osd_op(unknown.0.56303:84 6.43 6:c3272da7:::100013b1606.00000000:head [omap-get-header,omap-get-vals,getxattr parent] snapc 0=[] ondisk+read+known_if_redirected+full_force e28661) v8 -- 0x5574f17f0000 con 0 -988>
2019-11-12 09:20:17.714 7fe885a11700 1 -- 192.168.200.19:6800/1460470921 --> 192.168.200.19:6805/12258 -- osd_op(unknown.0.56303:85 6.2c 6:36da4b25:::100013b1607.00000000:head [omap-get-header,omap-get-vals,getxattr parent] snapc 0=[] ondisk+read+known_if_redirected+full_force e28661) v8 -- 0x5574f17f0840 con 0 -988>
2019-11-12 09:20:17.714 7fe885a11700 1 -- 192.168.200.19:6800/1460470921 --> 192.168.200.17:6806/20250 -- osd_op(unknown.0.56303:86 6.55 6:abaeca41:::30000015b82.00000000:head [omap-get-header,omap-get-vals,getxattr parent] snapc 0=[] ondisk+read+known_if_redirected+full_force e28661) v8 -- 0x5574f17f1b80 con 0 -988>
2019-11-12 09:20:17.714 7fe885a11700 1 -- 192.168.200.19:6800/1460470921 --> 192.168.200.15:6805/24523 -- osd_op(unknown.0.56303:87 6.4 6:20b05573:::30000015ba9.00000000:head [omap-get-header,omap-get-vals,getxattr parent] snapc 0=[] ondisk+read+known_if_redirected+full_force e28661) v8 -- 0x5574f12278c0 con 0 -988>
2019-11-12 09:20:17.714 7fe885a11700 1 mds.0.56303 rejoin_joint_start -988>
2019-11-12 09:20:17.714 7fe888a17700 5 -- 192.168.200.19:6800/1460470921 >> 192.168.200.15:6805/24523 conn(0x5574ef702a00 :-1 s=STATE_OPEN_MESSAGE_READ_FOOTER_AND_DISPATCH pgs=11977 cs=1 l=1). rx osd.1 seq 21 0x5574ef7fd600 osd_op_reply(71 1.00000000 [omap-get-header,omap-get-vals,getxattr (30)] v0'0 uv79171 ondisk = 0) v8 -988>
2019-11-12 09:20:17.714 7fe888216700 5 -- 192.168.200.19:6800/1460470921 >> 192.168.200.19:6805/12258 conn(0x5574ef703000 :-1 s=STATE_OPEN_MESSAGE_READ_FOOTER_AND_DISPATCH pgs=12849 cs=1 l=1). rx osd.5 seq 33 0x5574f1227340 osd_op_reply(80 100013ad077.00000000 [omap-get-header,omap-get-vals,getxattr (69)] v0'0 uv78120 ondisk = 0) v8 -988>
2019-11-12 09:20:17.714 7fe888216700 1 -- 192.168.200.19:6800/1460470921 <== osd.5 192.168.200.19:6805/12258 33 ==== osd_op_reply(80 100013ad077.00000000 [omap-get-header,omap-get-vals,getxattr (69)] v0'0 uv78120 ondisk = 0) v8 ==== 248+0+827 (1746941155 0 2754020800) 0x5574f1227340 con 0x5574ef703000 -988>
2019-11-12 09:20:17.714 7fe888a17700 1 -- 192.168.200.19:6800/1460470921 <== osd.1 192.168.200.15:6805/24523 21 ==== osd_op_reply(71 1.00000000 [omap-get-header,omap-get-vals,getxattr (30)] v0'0 uv79171 ondisk = 0) v8 ==== 238+0+17357 (3984365710 0 1328600032) 0x5574ef7fd600 con 0x5574ef702a00 -988>
2019-11-12 09:20:17.714 7fe888216700 5 -- 192.168.200.19:6800/1460470921 >> 192.168.200.19:6805/12258 conn(0x5574ef703000 :-1 s=STATE_OPEN_MESSAGE_READ_FOOTER_AND_DISPATCH pgs=12849 cs=1 l=1). rx osd.5 seq 34 0x5574f17f1080 osd_op_reply(83 100013b1605.00000000 [omap-get-header,omap-get-vals,getxattr (131)] v0'0 uv88597 ondisk = 0) v8 -988>
2019-11-12 09:20:17.714 7fe888216700 1 -- 192.168.200.19:6800/1460470921 <== osd.5 192.168.200.19:6805/12258 34 ==== osd_op_reply(83 100013b1605.00000000 [omap-get-header,omap-get-vals,getxattr (131)] v0'0 uv88597 ondisk = 0) v8 ==== 248+0+898 (279877274 0 277830296) 0x5574f17f1080 con 0x5574ef703000 -988>
2019-11-12 09:20:17.718 7fe888216700 5 -- 192.168.200.19:6800/1460470921 >> 192.168.200.17:6802/19981 conn(0x5574ef85c600 :-1 s=STATE_OPEN_MESSAGE_READ_FOOTER_AND_DISPATCH pgs=5834 cs=1 l=1). rx osd.2 seq 2 0x5574f17f0840 osd_op_reply(76 10001366c72.00000000 [omap-get-header,omap-get-vals,getxattr (135)] v0'0 uv41822 ondisk = 0) v8 -988>
2019-11-12 09:20:17.718 7fe888216700 1 -- 192.168.200.19:6800/1460470921 <== osd.2 192.168.200.17:6802/19981 2 ==== osd_op_reply(76 10001366c72.00000000 [omap-get-header,omap-get-vals,getxattr (135)] v0'0 uv41822 ondisk = 0) v8 ==== 248+0+6454 (1231371730 0 289533519) 0x5574f17f0840 con 0x5574ef85c600 -988>
2019-11-12 09:20:17.718 7fe887a15700 5 -- 192.168.200.19:6800/1460470921 >> 192.168.200.17:6806/20250 conn(0x5574ef703600 :-1 s=STATE_OPEN_MESSAGE_READ_FOOTER_AND_DISPATCH pgs=16763 cs=1 l=1). rx osd.4 seq 15 0x5574f17f1b80 osd_op_reply(75 1000133e06d.00000000 [omap-get-header,omap-get-vals,getxattr (95)] v0'0 uv32888 ondisk = 0) v8 -988>
2019-11-12 09:20:17.718 7fe887a15700 1 -- 192.168.200.19:6800/1460470921 <== osd.4 192.168.200.17:6806/20250 15 ==== osd_op_reply(75 1000133e06d.00000000 [omap-get-header,omap-get-vals,getxattr (95)] v0'0 uv32888 ondisk = 0) v8 ==== 248+0+13413 (2612537738 0 1454472965) 0x5574f17f1b80 con 0x5574ef703600 -988>
2019-11-12 09:20:17.718 7fe887a15700 5 -- 192.168.200.19:6800/1460470921 >> 192.168.200.17:6806/20250 conn(0x5574ef703600 :-1 s=STATE_OPEN_MESSAGE_READ_FOOTER_AND_DISPATCH pgs=16763 cs=1 l=1). rx osd.4 seq 16 0x5574f1227600 osd_op_reply(82 100013ad079.00000000 [omap-get-header,omap-get-vals,getxattr (65)] v0'0 uv79212 ondisk = 0) v8 -988>
2019-11-12 09:20:17.718 7fe887a15700 1 -- 192.168.200.19:6800/1460470921 <== osd.4 192.168.200.17:6806/20250 16 ==== osd_op_reply(82 100013ad079.00000000 [omap-get-header,omap-get-vals,getxattr (65)] v0'0 uv79212 ondisk = 0) v8 ==== 248+0+823 (707074122 0 2606661828) 0x5574f1227600 con 0x5574ef703600 -988>
2019-11-12 09:20:17.718 7fe887a15700 5 -- 192.168.200.19:6800/1460470921 >> 192.168.200.17:6806/20250 conn(0x5574ef703600 :-1 s=STATE_OPEN_MESSAGE_READ_FOOTER_AND_DISPATCH pgs=16763 cs=1 l=1). rx osd.4 seq 17 0x5574f17f1b80 osd_op_reply(86 30000015b82.00000000 [omap-get-header,omap-get-vals,getxattr (122)] v0'0 uv118734 ondisk = 0) v8 -988>
2019-11-12 09:20:17.718 7fe887a15700 1 -- 192.168.200.19:6800/1460470921 <== osd.4 192.168.200.17:6806/20250 17 ==== osd_op_reply(86 30000015b82.00000000 [omap-get-header,omap-get-vals,getxattr (122)] v0'0 uv118734 ondisk = 0) v8 ==== 248+0+8987 (973910231 0 4267468738) 0x5574f17f1b80 con 0x5574ef703600 -988>
2019-11-12 09:20:17.718 7fe888a17700 5 -- 192.168.200.19:6800/1460470921 >> 192.168.200.15:6805/24523 conn(0x5574ef702a00 :-1 s=STATE_OPEN_MESSAGE_READ_FOOTER_AND_DISPATCH pgs=11977 cs=1 l=1). rx osd.1 seq 22 0x5574ef7fcb00 osd_op_reply(72 1000001a3c6.00000000 [omap-get-header,omap-get-vals,getxattr (65)] v0'0 uv46880 ondisk = 0) v8 -988>
2019-11-12 09:20:17.718 7fe888a17700 1 -- 192.168.200.19:6800/1460470921 <== osd.1 192.168.200.15:6805/24523 22 ==== osd_op_reply(72 1000001a3c6.00000000 [omap-get-header,omap-get-vals,getxattr (65)] v0'0 uv46880 ondisk = 0) v8 ==== 248+0+2748 (2985602565 0 4230017078) 0x5574ef7fcb00 con 0x5574ef702a00 -988>
2019-11-12 09:20:17.718 7fe888a17700 5 -- 192.168.200.19:6800/1460470921 >> 192.168.200.15:6805/24523 conn(0x5574ef702a00 :-1 s=STATE_OPEN_MESSAGE_READ_FOOTER_AND_DISPATCH pgs=11977 cs=1 l=1). rx osd.1 seq 23 0x5574ef7fd600 osd_op_reply(73 1000001eb17.00000000 [omap-get-header,omap-get-vals,getxattr (64)] v0'0 uv42866 ondisk = 0) v8 -988>
2019-11-12 09:20:17.718 7fe888a17700 1 -- 192.168.200.19:6800/1460470921 <== osd.1 192.168.200.15:6805/24523 23 ==== osd_op_reply(73 1000001eb17.00000000 [omap-get-header,omap-get-vals,getxattr (64)] v0'0 uv42866 ondisk = 0) v8 ==== 248+0+10888 (2827186539 0 1783259961) 0x5574ef7fd600 con 0x5574ef702a00 -988>
2019-11-12 09:20:17.718 7fe888a17700 5 -- 192.168.200.19:6800/1460470921 >> 192.168.200.19:6801/12021 conn(0x5574ef85c000 :-1 s=STATE_OPEN_MESSAGE_READ_FOOTER_AND_DISPATCH pgs=8677 cs=1 l=1). rx osd.3 seq 4 0x5574ef7fcb00 osd_op_reply(79 1000136753a.00000000 [omap-get-header,omap-get-vals,getxattr (252)] v0'0 uv26176 ondisk = 0) v8 -988>
2019-11-12 09:20:17.718 7fe888a17700 1 -- 192.168.200.19:6800/1460470921 <== osd.3 192.168.200.19:6801/12021 4 ==== osd_op_reply(79 1000136753a.00000000 [omap-get-header,omap-get-vals,getxattr (252)] v0'0 uv26176 ondisk = 0) v8 ==== 248+0+8987 (2899305789 0 1668207579) 0x5574ef7fcb00 con 0x5574ef85c000 -988>
2019-11-12 09:20:17.718 7fe888216700 5 -- 192.168.200.19:6800/1460470921 >> 192.168.200.19:6805/12258 conn(0x5574ef703000 :-1 s=STATE_OPEN_MESSAGE_READ_FOOTER_AND_DISPATCH pgs=12849 cs=1 l=1). rx osd.5 seq 35 0x5574f17f0580 osd_op_reply(85 100013b1607.00000000 [omap-get-header,omap-get-vals,getxattr (198)] v0'0 uv59900 ondisk = 0) v8 -988>
2019-11-12 09:20:17.718 7fe888216700 1 -- 192.168.200.19:6800/1460470921 <== osd.5 192.168.200.19:6805/12258 35 ==== osd_op_reply(85 100013b1607.00000000 [omap-get-header,omap-get-vals,getxattr (198)] v0'0 uv59900 ondisk = 0) v8 ==== 248+0+3465 (1835850951 0 2096249374) 0x5574f17f0580 con 0x5574ef703000 -988>
2019-11-12 09:20:17.722 7fe888a17700 5 -- 192.168.200.19:6800/1460470921 >> 192.168.200.15:6805/24523 conn(0x5574ef702a00 :-1 s=STATE_OPEN_MESSAGE_READ_FOOTER_AND_DISPATCH pgs=11977 cs=1 l=1). rx osd.1 seq 24 0x5574ef7fd600 osd_op_reply(74 1000001ffea.00000000 [omap-get-header,omap-get-vals,getxattr (94)] v0'0 uv35408 ondisk = 0) v8 -988>
2019-11-12 09:20:17.722 7fe888a17700 1 -- 192.168.200.19:6800/1460470921 <== osd.1 192.168.200.15:6805/24523 24 ==== osd_op_reply(74 1000001ffea.00000000 [omap-get-header,omap-get-vals,getxattr (94)] v0'0 uv35408 ondisk = 0) v8 ==== 248+0+6097 (4183812923 0 414254997) 0x5574ef7fd600 con 0x5574ef702a00 -988>
2019-11-12 09:20:17.722 7fe888a17700 5 -- 192.168.200.19:6800/1460470921 >> 192.168.200.15:6805/24523 conn(0x5574ef702a00 :-1 s=STATE_OPEN_MESSAGE_READ_FOOTER_AND_DISPATCH pgs=11977 cs=1 l=1). rx osd.1 seq 25 0x5574ef7fcb00 osd_op_reply(77 10001367140.00000000 [omap-get-header,omap-get-vals,getxattr (220)] v0'0 uv35518 ondisk = 0) v8 -988>
2019-11-12 09:20:17.722 7fe888a17700 1 -- 192.168.200.19:6800/1460470921 <== osd.1 192.168.200.15:6805/24523 25 ==== osd_op_reply(77 10001367140.00000000 [omap-get-header,omap-get-vals,getxattr (220)] v0'0 uv35518 ondisk = 0) v8 ==== 248+0+3876 (2555161273 0 2568948404) 0x5574ef7fcb00 con 0x5574ef702a00 -988>
2019-11-12 09:20:17.722 7fe888a17700 5 -- 192.168.200.19:6800/1460470921 >> 192.168.200.15:6805/24523 conn(0x5574ef702a00 :-1 s=STATE_OPEN_MESSAGE_READ_FOOTER_AND_DISPATCH pgs=11977 cs=1 l=1). rx osd.1 seq 26 0x5574ef7fd600 osd_op_reply(78 100013671a4.00000000 [omap-get-header,omap-get-vals,getxattr (255)] v0'0 uv40089 ondisk = 0) v8 -988>
2019-11-12 09:20:17.722 7fe888a17700 1 -- 192.168.200.19:6800/1460470921 <== osd.1 192.168.200.15:6805/24523 26 ==== osd_op_reply(78 100013671a4.00000000 [omap-get-header,omap-get-vals,getxattr (255)] v0'0 uv40089 ondisk = 0) v8 ==== 248+0+4869 (3204699989 0 451091004) 0x5574ef7fd600 con 0x5574ef702a00 -988>
2019-11-12 09:20:17.722 7fe888a17700 5 -- 192.168.200.19:6800/1460470921 >> 192.168.200.15:6805/24523 conn(0x5574ef702a00 :-1 s=STATE_OPEN_MESSAGE_READ_FOOTER_AND_DISPATCH pgs=11977 cs=1 l=1). rx osd.1 seq 27 0x5574ef7fcb00 osd_op_reply(87 30000015ba9.00000000 [omap-get-header,omap-get-vals,getxattr (150)] v0'0 uv38565 ondisk = 0) v8 -988>
2019-11-12 09:20:17.722 7fe888a17700 1 -- 192.168.200.19:6800/1460470921 <== osd.1 192.168.200.15:6805/24523 27 ==== osd_op_reply(87 30000015ba9.00000000 [omap-get-header,omap-get-vals,getxattr (150)] v0'0 uv38565 ondisk = 0) v8 ==== 248+0+8319 (3722796679 0 2297239757) 0x5574ef7fcb00 con 0x5574ef702a00 -988>
2019-11-12 09:20:17.722 7fe888a17700 5 -- 192.168.200.19:6800/1460470921 >> 192.168.200.15:6805/24523 conn(0x5574ef702a00 :-1 s=STATE_OPEN_MESSAGE_READ_FOOTER_AND_DISPATCH pgs=11977 cs=1 l=1). rx osd.1 seq 28 0x5574ef7fd600 osd_op_reply(84 100013b1606.00000000 [omap-get-header,omap-get-vals,getxattr (170)] v0'0 uv40065 ondisk = 0) v8 -988>
2019-11-12 09:20:17.722 7fe888a17700 1 -- 192.168.200.19:6800/1460470921 <== osd.1 192.168.200.15:6805/24523 28 ==== osd_op_reply(84 100013b1606.00000000 [omap-get-header,omap-get-vals,getxattr (170)] v0'0 uv40065 ondisk = 0) v8 ==== 248+0+2386 (1036785619 0 3151859934) 0x5574ef7fd600 con 0x5574ef702a00 -988>
2019-11-12 09:20:17.722 7fe888a17700 5 -- 192.168.200.19:6800/1460470921 >> 192.168.200.19:6801/12021 conn(0x5574ef85c000 :-1 s=STATE_OPEN_MESSAGE_READ_FOOTER_AND_DISPATCH pgs=8677 cs=1 l=1). rx osd.3 seq 5 0x5574ef7fcb00 osd_op_reply(81 100013ad078.00000000 [omap-get-header,omap-get-vals,getxattr (95)] v0'0 uv23726 ondisk = 0) v8 -988>
2019-11-12 09:20:17.722 7fe888a17700 1 -- 192.168.200.19:6800/1460470921 <== osd.3 192.168.200.19:6801/12021 5 ==== osd_op_reply(81 100013ad078.00000000 [omap-get-header,omap-get-vals,getxattr (95)] v0'0 uv23726 ondisk = 0) v8 ==== 248+0+11231 (1837921862 0 549299108) 0x5574ef7fcb00 con 0x5574ef85c000 -988>
2019-11-12 09:20:17.726 7fe87e779700 5 mds.0.log _submit_thread 33239061177~772 : ESessions 14 opens cmapv 78165 -988>
2019-11-12 09:20:17.730 7fe87e779700 1 -- 192.168.200.19:6800/1460470921 --> 192.168.200.15:6805/24523 -- osd_op(unknown.0.56303:88 6.9 6:916b6fb1:::200.00001ef4:head [write 3396281~792] snapc 0=[] ondisk+write+known_if_redirected+full_force e28661) v8 -- 0x5574ef810b00 con 0 -988>
2019-11-12 09:20:17.730 7fe87e779700 1 -- 192.168.200.19:6800/1460470921 --> 192.168.200.15:6805/24523 -- osd_op(unknown.0.56303:89 6.14 6:292cf221:::200.00000000:head [writefull 0~90] snapc 0=[] ondisk+write+known_if_redirected+full_force e28661) v8 -- 0x5574ef810000 con 0 -988>
2019-11-12 09:20:17.742 7fe888a17700 5 -- 192.168.200.19:6800/1460470921 >> 192.168.200.15:6805/24523 conn(0x5574ef702a00 :-1 s=STATE_OPEN_MESSAGE_READ_FOOTER_AND_DISPATCH pgs=11977 cs=1 l=1). rx osd.1 seq 29 0x5574ef810000 osd_op_reply(88 200.00001ef4 [write 3396281~792] v28661'43317 uv43317 ondisk = 0) v8 -988>
2019-11-12 09:20:17.742 7fe888a17700 1 -- 192.168.200.19:6800/1460470921 <== osd.1 192.168.200.15:6805/24523 29 ==== osd_op_reply(88 200.00001ef4 [write 3396281~792] v28661'43317 uv43317 ondisk = 0) v8 ==== 156+0+0 (124758417 0 0) 0x5574ef810000 con 0x5574ef702a00 -988>
2019-11-12 09:20:17.746 7fe888a17700 5 -- 192.168.200.19:6800/1460470921 >> 192.168.200.15:6805/24523 conn(0x5574ef702a00 :-1 s=STATE_OPEN_MESSAGE_READ_FOOTER_AND_DISPATCH pgs=11977 cs=1 l=1). rx osd.1 seq 30 0x5574ef810000 osd_op_reply(89 200.00000000 [writefull 0~90] v28661'1334402 uv1334402 ondisk = 0) v8 -988>
2019-11-12 09:20:17.746 7fe888a17700 1 -- 192.168.200.19:6800/1460470921 <== osd.1 192.168.200.15:6805/24523 30 ==== osd_op_reply(89 200.00000000 [writefull 0~90] v28661'1334402 uv1334402 ondisk = 0) v8 ==== 156+0+0 (2410142955 0 0) 0x5574ef810000 con 0x5574ef702a00 -988>
2019-11-12 09:20:17.766 7fe87f77b700 1 -- 192.168.200.19:6800/1460470921 --> 192.168.200.32:0/3593333399 -- client_snap(update split=0x3 tracelen=48) v1 -- 0x5574ef567b80 con 0 -988>
2019-11-12 09:20:17.766 7fe87f77b700 1 -- 192.168.200.19:6800/1460470921 --> 192.168.200.15:0/1656050499 -- client_snap(update split=0x3 tracelen=48) v1 -- 0x5574f1189b80 con 0 -988>
2019-11-12 09:20:17.766 7fe87f77b700 1 -- 192.168.200.19:6800/1460470921 --> 192.168.200.31:0/2398232289 -- client_snap(update split=0x3 tracelen=48) v1 -- 0x5574f1189900 con 0 -988>
2019-11-12 09:20:17.766 7fe87f77b700 1 -- 192.168.200.19:6800/1460470921 --> 192.168.200.15:0/4201708698 -- client_snap(update split=0x3 tracelen=48) v1 -- 0x5574f1189680 con 0 -988>
2019-11-12 09:20:17.766 7fe87f77b700 1 -- 192.168.200.19:6800/1460470921 --> 192.168.200.30:0/232332927 -- client_snap(update split=0x3 tracelen=48) v1 -- 0x5574f1189400 con 0 -988>
2019-11-12 09:20:17.766 7fe87f77b700 1 -- 192.168.200.19:6800/1460470921 --> 192.168.200.31:0/1453103486 -- client_snap(update split=0x3 tracelen=48) v1 -- 0x5574f1189180 con 0 -988>
2019-11-12 09:20:17.766 7fe87f77b700 1 -- 192.168.200.19:6800/1460470921 --> 192.168.200.30:0/522103062 -- client_snap(update split=0x3 tracelen=48) v1 -- 0x5574f1188f00 con 0 -988>
2019-11-12 09:20:17.766 7fe87f77b700 1 -- 192.168.200.19:6800/1460470921 --> 192.168.200.30:0/3506497893 -- client_snap(update split=0x3 tracelen=48) v1 -- 0x5574f1188c80 con 0 -988>
2019-11-12 09:20:17.766 7fe87f77b700 1 -- 192.168.200.19:6800/1460470921 --> 192.168.200.30:0/2985278080 -- client_snap(update split=0x3 tracelen=48) v1 -- 0x5574f1188a00 con 0 -988>
2019-11-12 09:20:17.766 7fe87f77b700 1 -- 192.168.200.19:6800/1460470921 --> 192.168.200.17:0/3102681411 -- client_snap(update split=0x3 tracelen=48) v1 -- 0x5574f0744000 con 0 -988>
2019-11-12 09:20:17.766 7fe87f77b700 1 -- 192.168.200.19:6800/1460470921 --> 192.168.200.19:0/2796926812 -- client_snap(update split=0x3 tracelen=48) v1 -- 0x5574f0744280 con 0 -988>
2019-11-12 09:20:17.766 7fe87f77b700 1 -- 192.168.200.19:6800/1460470921 --> 192.168.200.32:0/2855972843 -- client_snap(update split=0x3 tracelen=48) v1 -- 0x5574f0744500 con 0 -988>
2019-11-12 09:20:17.766 7fe87f77b700 1 -- 192.168.200.19:6800/1460470921 --> 192.168.200.31:0/3544368504 -- client_snap(update split=0x3 tracelen=48) v1 -- 0x5574f0744780 con 0 -988>
2019-11-12 09:20:17.766 7fe87f77b700 1 -- 192.168.200.19:6800/1460470921 --> 192.168.200.30:0/979484066 -- client_snap(update split=0x3 tracelen=48) v1 -- 0x5574f0744a00 con 0 -988>
2019-11-12 09:20:17.766 7fe87f77b700 1 mds.0.56303 rejoin_done -988>
2019-11-12 09:20:17.774 7fe87f77b700 3 mds.0.56303 request_state up:active -988>
2019-11-12 09:20:17.774 7fe87f77b700 5 mds.beacon.k8s-node-02 set_want_state: up:rejoin -> up:active -988>
2019-11-12 09:20:17.774 7fe87f77b700 5 mds.beacon.k8s-node-02 Sending beacon up:active seq 7 -988>
2019-11-12 09:20:17.774 7fe87f77b700 10 monclient: _send_mon_message to mon.k8s-node-00 at 192.168.200.15:6789/0 -988>
2019-11-12 09:20:17.774 7fe87f77b700 1 -- 192.168.200.19:6800/1460470921 --> 192.168.200.15:6789/0 -- mdsbeacon(1849248/k8s-node-02 up:active seq 7 v56305) v7 -- 0x5574ef80ee00 con 0 -988>
2019-11-12 09:20:17.774 7fe87f77b700 1 -- 192.168.200.19:6800/1460470921 --> 192.168.200.17:6806/20250 -- osd_op(unknown.0.56303:90 6.17 6:e9c7ff81:::200.00001ec2:head [delete] snapc 0=[] ondisk+write+known_if_redirected+full_force e28661) v8 -- 0x5574ef811340 con 0 -988>
2019-11-12 09:20:17.774 7fe87f77b700 1 -- 192.168.200.19:6800/1460470921 --> 192.168.200.15:6805/24523 -- osd_op(unknown.0.56303:91 6.42 6:424fe295:::200.00001ec3:head [delete] snapc 0=[] ondisk+write+known_if_redirected+full_force e28661) v8 -- 0x5574f1226000 con 0 -988>
2019-11-12 09:20:17.794 7fe887a15700 5 -- 192.168.200.19:6800/1460470921 >> 192.168.200.17:6806/20250 conn(0x5574ef703600 :-1 s=STATE_OPEN_MESSAGE_READ_FOOTER_AND_DISPATCH pgs=16763 cs=1 l=1). rx osd.4 seq 18 0x5574ef811340 osd_op_reply(90 200.00001ec2 [delete] v28661'36036 uv35960 ondisk = -2 ((2) No such file or directory)) v8 -988>
2019-11-12 09:20:17.794 7fe887a15700 1 -- 192.168.200.19:6800/1460470921 <== osd.4 192.168.200.17:6806/20250 18 ==== osd_op_reply(90 200.00001ec2 [delete] v28661'36036 uv35960 ondisk = -2 ((2) No such file or directory)) v8 ==== 156+0+0 (1025874436 0 0) 0x5574ef811340 con 0x5574ef703600 -988>
2019-11-12 09:20:17.802 7fe888a17700 5 -- 192.168.200.19:6800/1460470921 >> 192.168.200.15:6805/24523 conn(0x5574ef702a00 :-1 s=STATE_OPEN_MESSAGE_READ_FOOTER_AND_DISPATCH pgs=11977 cs=1 l=1). rx osd.1 seq 31 0x5574f1226000 osd_op_reply(91 200.00001ec3 [delete] v28661'35871 uv35683 ondisk = -2 ((2) No such file or directory)) v8 -988>
2019-11-12 09:20:17.802 7fe888a17700 1 -- 192.168.200.19:6800/1460470921 <== osd.1 192.168.200.15:6805/24523 31 ==== osd_op_reply(91 200.00001ec3 [delete] v28661'35871 uv35683 ondisk = -2 ((2) No such file or directory)) v8 ==== 156+0+0 (1997661384 0 0) 0x5574f1226000 con 0x5574ef702a00 -988>
2019-11-12 09:20:18.095 7fe887a15700 5 -- 192.168.200.19:6800/1460470921 >> 192.168.200.30:0/232332927 conn(0x5574ef85e400 :6800 s=STATE_OPEN_MESSAGE_READ_FOOTER_AND_DISPATCH pgs=4212 cs=1 l=0). rx client.1793818 seq 2 0x5574ef7a6240 client_session(request_renewcaps seq 28283) -988>
2019-11-12 09:20:18.095 7fe885a11700 1 -- 192.168.200.19:6800/1460470921 <== client.1793818 192.168.200.30:0/232332927 2 ==== client_session(request_renewcaps seq 28283) ==== 28+0+0 (422215383 0 0) 0x5574ef7a6240 con 0x5574ef85e400 -988>
2019-11-12 09:20:18.095 7fe885a11700 3 mds.0.server handle_client_session client_session(request_renewcaps seq 28283) from client.1793818 -988>
2019-11-12 09:20:18.095 7fe885a11700 1 -- 192.168.200.19:6800/1460470921 --> 192.168.200.30:0/232332927 -- client_session(renewcaps seq 28283) v3 -- 0x5574ef864000 con 0 -988>
2019-11-12 09:20:18.751 7fe883783700 1 -- 192.168.200.19:6800/1460470921 --> 192.168.200.17:6800/91 -- mgrreport(unknown.k8s-node-02 +0-0 packed 1374) v6 -- 0x5574f06ce300 con 0 -988>
2019-11-12 09:20:18.779 7fe888216700 5 -- 192.168.200.19:6800/1460470921 >> 192.168.200.15:6789/0 conn(0x5574ef700c00 :-1 s=STATE_OPEN_MESSAGE_READ_FOOTER_AND_DISPATCH pgs=15927 cs=1 l=1). rx mon.0 seq 20 0x5574f122d680 mdsmap(e 56306) v1 -988>
2019-11-12 09:20:18.779 7fe885a11700 1 -- 192.168.200.19:6800/1460470921 <== mon.0 192.168.200.15:6789/0 20 ==== mdsmap(e 56306) v1 ==== 655+0+0 (3582797354 0 0) 0x5574f122d680 con 0x5574ef700c00 -988>
2019-11-12 09:20:18.779 7fe885a11700 1 mds.k8s-node-02 Updating MDS map to version 56306 from mon.0 -988>
2019-11-12 09:20:18.779 7fe885a11700 1 mds.0.56303 handle_mds_map i am now mds.0.56303 -988>
2019-11-12 09:20:18.779 7fe885a11700 1 mds.0.56303 handle_mds_map state change up:rejoin --> up:active -988>
2019-11-12 09:20:18.779 7fe885a11700 1 mds.0.56303 recovery_done -- successful recovery! -988>
2019-11-12 09:20:18.779 7fe885a11700 1 -- 192.168.200.19:6800/1460470921 --> 192.168.200.17:6806/20250 -- osd_op(unknown.0.56303:92 6.33 6:cd5a64a3:::100.00000000:head [omap-get-header,omap-get-vals,getxattr parent] snapc 0=[] ondisk+read+known_if_redirected+full_force e28661) v8 -- 0x5574f17f02c0 con 0 -988>
2019-11-12 09:20:18.779 7fe885a11700 1 mds.0.56303 active_start -988>
2019-11-12 09:20:18.779 7fe888216700 5 -- 192.168.200.19:6800/1460470921 >> 192.168.200.15:6789/0 conn(0x5574ef700c00 :-1 s=STATE_OPEN_MESSAGE_READ_FOOTER_AND_DISPATCH pgs=15927 cs=1 l=1). rx mon.0 seq 21 0x5574ef80ee00 mdsbeacon(1849248/k8s-node-02 up:active seq 7 v56306) v7 -988>
2019-11-12 09:20:18.779 7fe888216700 1 -- 192.168.200.19:6800/1460470921 <== mon.0 192.168.200.15:6789/0 21 ==== mdsbeacon(1849248/k8s-node-02 up:active seq 7 v56306) v7 ==== 136+0+0 (2666966931 0 0) 0x5574ef80ee00 con 0x5574ef700c00 -988>
2019-11-12 09:20:18.779 7fe888216700 5 mds.beacon.k8s-node-02 received beacon reply up:active seq 7 rtt 1.00402 -988>
2019-11-12 09:20:18.779 7fe887a15700 5 -- 192.168.200.19:6800/1460470921 >> 192.168.200.17:6806/20250 conn(0x5574ef703600 :-1 s=STATE_OPEN_MESSAGE_READ_FOOTER_AND_DISPATCH pgs=16763 cs=1 l=1). rx osd.4 seq 19 0x5574f17f02c0 osd_op_reply(92 100.00000000 [omap-get-header,omap-get-vals,getxattr (30)] v0'0 uv82450 ondisk = 0) v8 -988>
2019-11-12 09:20:18.779 7fe887a15700 1 -- 192.168.200.19:6800/1460470921 <== osd.4 192.168.200.17:6806/20250 19 ==== osd_op_reply(92 100.00000000 [omap-get-header,omap-get-vals,getxattr (30)] v0'0 uv82450 ondisk = 0) v8 ==== 240+0+5119 (3401304057 0 3700237336) 0x5574f17f02c0 con 0x5574ef703600 -988>
2019-11-12 09:20:18.783 7fe888216700 5 -- 192.168.200.19:6800/1460470921 >> 192.168.200.15:0/1656050499 conn(0x5574f11dd200 :6800 s=STATE_OPEN_MESSAGE_READ_FOOTER_AND_DISPATCH pgs=4953 cs=1 l=0). rx client.1793728 seq 7 0x5574ef5da480 client_caps(flush ino 0x1000136718a 2423 seq 0 tid 12993 caps=pAsxLsXsxFsxcrwb dirty=Fw wanted=pAsxXsxFsxcrwb follows 1 size 797696/0 mtime
2019-11-12 09:13:00.157329 xattrs(v=18446744071802044689 l=0)) v10 -988>
